192.168.11.136 - - [25/Jun/2025:09:14:26 +0800] "GET /eHR/css/jqueryui/themes/redmond/images/ui-bg_inset-hard_100_fcfdfd_1x100.png HTTP/1.1" 200 88 "http://192.168.1.83:8088/eHR/css/jqueryui/themes/redmond/jquery.ui.theme.css" "Mozilla/5.0 (Windows NT 10.0; Win64; x64; rv:139.0) Gecko/20100101 Firefox/139.0"
192.168.11.136 - - [25/Jun/2025:09:14:26 +0800] "GET /eHR/css/jqueryui/themes/redmond/images/ui-bg_inset-hard_100_fcfdfd_1x100.png HTTP/1.1" 200 88
192.168.11.136 - - [25/Jun/2025:09:14:27 +0800] "GET /eHR/img/layout/resizable-w.gif HTTP/1.1" 200 368 "http://192.168.1.83:8088/eHR/css/layout/layout.min.css" "Mozilla/5.0 (Windows NT 10.0; Win64; x64; rv:139.0) Gecko/20100101 Firefox/139.0"
192.168.11.136 - - [25/Jun/2025:09:14:27 +0800] "GET /eHR/img/layout/resizable-w.gif HTTP/1.1" 200 368
192.168.11.136 - - [25/Jun/2025:09:14:27 +0800] "GET /eHR/css/jqueryui/themes/redmond/images/ui-icons_217bc0_256x240.png HTTP/1.1" 200 4369 "http://192.168.1.83:8088/eHR/css/jqueryui/themes/redmond/jquery.ui.theme.css" "Mozilla/5.0 (Windows NT 10.0; Win64; x64; rv:139.0) Gecko/20100101 Firefox/139.0"
192.168.11.136 - - [25/Jun/2025:09:14:27 +0800] "GET /eHR/css/jqueryui/themes/redmond/images/ui-icons_217bc0_256x240.png HTTP/1.1" 200 4369
192.168.11.136 - - [25/Jun/2025:09:14:26 +0800] "GET /eHR/ess/redirect.php?scriptname=ESNH000 HTTP/1.1" 200 9919 "http://192.168.1.83:8088/eHR/ess/redirect.php" "Mozilla/5.0 (Windows NT 10.0; Win64; x64; rv:139.0) Gecko/20100101 Firefox/139.0"
192.168.11.136 - - [25/Jun/2025:09:14:26 +0800] "GET /eHR/ess/redirect.php?scriptname=ESNH000 HTTP/1.1" 200 9919
192.168.11.136 - - [25/Jun/2025:09:14:27 +0800] "GET /eHR/js/i18n/ui.datepicker-zh-CN.min.js HTTP/1.1" 200 697 "http://192.168.1.83:8088/eHR/ess/redirect.php?scriptname=ESNH000" "Mozilla/5.0 (Windows NT 10.0; Win64; x64; rv:139.0) Gecko/20100101 Firefox/139.0"
192.168.11.136 - - [25/Jun/2025:09:14:27 +0800] "GET /eHR/js/i18n/ui.datepicker-zh-CN.min.js HTTP/1.1" 200 697
192.168.11.136 - - [25/Jun/2025:09:14:29 +0800] "GET /eHR/css/jqueryui/themes/redmond/images/ui-icons_f9bd01_256x240.png HTTP/1.1" 200 4369 "http://192.168.1.83:8088/eHR/css/jqueryui/themes/redmond/jquery.ui.theme.css" "Mozilla/5.0 (Windows NT 10.0; Win64; x64; rv:139.0) Gecko/20100101 Firefox/139.0"
192.168.11.136 - - [25/Jun/2025:09:14:29 +0800] "GET /eHR/css/jqueryui/themes/redmond/images/ui-icons_f9bd01_256x240.png HTTP/1.1" 200 4369
192.168.11.136 - - [25/Jun/2025:09:14:31 +0800] "GET /eHR/ess/redirect.php?scriptname=ESNE001&appdesc=%E6%89%B9%E9%87%8F%E5%8A%A0%E7%8F%AD%E7%94%B3%E8%AF%B7 HTTP/1.1" 200 15271 "http://192.168.1.83:8088/eHR/ess/redirect.php" "Mozilla/5.0 (Windows NT 10.0; Win64; x64; rv:139.0) Gecko/20100101 Firefox/139.0"
192.168.11.136 - - [25/Jun/2025:09:14:31 +0800] "GET /eHR/ess/redirect.php?scriptname=ESNE001&appdesc=%E6%89%B9%E9%87%8F%E5%8A%A0%E7%8F%AD%E7%94%B3%E8%AF%B7 HTTP/1.1" 200 15271
192.168.11.136 - - [25/Jun/2025:09:14:31 +0800] "GET /eHR/css/jqueryui/themes/redmond/images/ui-bg_gloss-wave_55_5c9ccc_500x100.png HTTP/1.1" 200 3457 "http://192.168.1.83:8088/eHR/css/jqueryui/themes/redmond/jquery.ui.theme.css" "Mozilla/5.0 (Windows NT 10.0; Win64; x64; rv:139.0) Gecko/20100101 Firefox/139.0"
192.168.11.136 - - [25/Jun/2025:09:14:31 +0800] "GET /eHR/css/jqueryui/themes/redmond/images/ui-bg_gloss-wave_55_5c9ccc_500x100.png HTTP/1.1" 200 3457
192.168.11.136 - - [25/Jun/2025:09:14:31 +0800] "GET /eHR/img/date.png HTTP/1.1" 200 626 "http://192.168.1.83:8088/eHR/ess/redirect.php?scriptname=ESNE001&appdesc=%E6%89%B9%E9%87%8F%E5%8A%A0%E7%8F%AD%E7%94%B3%E8%AF%B7" "Mozilla/5.0 (Windows NT 10.0; Win64; x64; rv:139.0) Gecko/20100101 Firefox/139.0"
192.168.11.136 - - [25/Jun/2025:09:14:31 +0800] "GET /eHR/img/date.png HTTP/1.1" 200 626
192.168.11.136 - - [25/Jun/2025:09:14:33 +0800] "GET /eHR/css/jqueryui/themes/redmond/images/ui-icons_d8e7f3_256x240.png HTTP/1.1" 200 4369 "http://192.168.1.83:8088/eHR/css/jqueryui/themes/redmond/jquery.ui.theme.css" "Mozilla/5.0 (Windows NT 10.0; Win64; x64; rv:139.0) Gecko/20100101 Firefox/139.0"
192.168.11.136 - - [25/Jun/2025:09:14:33 +0800] "GET /eHR/css/jqueryui/themes/redmond/images/ui-icons_d8e7f3_256x240.png HTTP/1.1" 200 4369
192.168.11.136 - - [25/Jun/2025:09:14:33 +0800] "GET /eHR/css/jqueryui/themes/redmond/images/ui-bg_flat_55_fbec88_40x100.png HTTP/1.1" 200 182 "http://192.168.1.83:8088/eHR/css/jqueryui/themes/redmond/jquery.ui.theme.css" "Mozilla/5.0 (Windows NT 10.0; Win64; x64; rv:139.0) Gecko/20100101 Firefox/139.0"
192.168.11.136 - - [25/Jun/2025:09:14:33 +0800] "GET /eHR/css/jqueryui/themes/redmond/images/ui-bg_flat_55_fbec88_40x100.png HTTP/1.1" 200 182
192.168.11.89 - - [25/Jun/2025:09:14:38 +0800] "GET /eHR/ess/redirect.php?scriptname=ESNE002&appdesc=%E6%89%B9%E9%87%8F%E8%AF%B7%E5%81%87%E7%94%B3%E8%AF%B7 HTTP/1.1" 200 22190 "http://192.168.1.83:8088/eHR/ess/redirect.php" "Mozilla/5.0 (Windows NT 6.1; Win64; x64) AppleWebKit/537.36 (KHTML, like Gecko) Chrome/105.0.0.0 Safari/537.36"
192.168.11.89 - - [25/Jun/2025:09:14:38 +0800] "GET /eHR/ess/redirect.php?scriptname=ESNE002&appdesc=%E6%89%B9%E9%87%8F%E8%AF%B7%E5%81%87%E7%94%B3%E8%AF%B7 HTTP/1.1" 200 22190
192.168.11.148 - - [25/Jun/2025:09:14:41 +0800] "GET /eHR/css/jqueryui/themes/redmond/images/ui-bg_flat_55_fbec88_40x100.png HTTP/1.1" 200 182 "http://192.168.1.83:8088/eHR/css/jqueryui/themes/redmond/jquery.ui.theme.css" "Mozilla/5.0 (Windows NT 10.0; Win64; x64; rv:139.0) Gecko/20100101 Firefox/139.0"
192.168.11.148 - - [25/Jun/2025:09:14:41 +0800] "GET /eHR/css/jqueryui/themes/redmond/images/ui-bg_flat_55_fbec88_40x100.png HTTP/1.1" 200 182
192.168.11.148 - - [25/Jun/2025:09:14:41 +0800] "GET /eHR/css/jqueryui/themes/redmond/images/ui-icons_2e83ff_256x240.png HTTP/1.1" 200 4369 "http://192.168.1.83:8088/eHR/css/jqueryui/themes/redmond/jquery.ui.theme.css" "Mozilla/5.0 (Windows NT 10.0; Win64; x64; rv:139.0) Gecko/20100101 Firefox/139.0"
192.168.11.148 - - [25/Jun/2025:09:14:41 +0800] "GET /eHR/css/jqueryui/themes/redmond/images/ui-icons_2e83ff_256x240.png HTTP/1.1" 200 4369
192.168.11.148 - - [25/Jun/2025:09:14:37 +0800] "POST /eHR/ess/redirect.php?scriptname=ESNE007&appdesc=%E5%8A%A0%E7%8F%AD%E7%94%B3%E8%AF%B7%E6%B1%87%E5%85%A5 HTTP/1.1" 200 13797 "http://192.168.1.83:8088/eHR/ess/redirect.php?scriptname=ESNE007&appdesc=%E5%8A%A0%E7%8F%AD%E7%94%B3%E8%AF%B7%E6%B1%87%E5%85%A5" "Mozilla/5.0 (Windows NT 10.0; Win64; x64; rv:139.0) Gecko/20100101 Firefox/139.0"
192.168.11.148 - - [25/Jun/2025:09:14:37 +0800] "POST /eHR/ess/redirect.php?scriptname=ESNE007&appdesc=%E5%8A%A0%E7%8F%AD%E7%94%B3%E8%AF%B7%E6%B1%87%E5%85%A5 HTTP/1.1" 200 13797
192.168.11.148 - - [25/Jun/2025:09:14:45 +0800] "GET /eHR/img/cancel.png HTTP/1.1" 200 1230 "http://192.168.1.83:8088/eHR/ess/redirect.php?scriptname=ESNE023&appdesc=%E5%8A%A0%E7%8F%AD%E6%B1%87%E5%85%A5%E7%BB%93%E6%9E%9C%E6%9F%A5%E8%AF%A2" "Mozilla/5.0 (Windows NT 10.0; Win64; x64; rv:139.0) Gecko/20100101 Firefox/139.0"
192.168.11.148 - - [25/Jun/2025:09:14:45 +0800] "GET /eHR/img/cancel.png HTTP/1.1" 200 1230
192.168.11.148 - - [25/Jun/2025:09:14:45 +0800] "GET /eHR/img/pe.png HTTP/1.1" 200 1268 "http://192.168.1.83:8088/eHR/ess/redirect.php?scriptname=ESNE023&appdesc=%E5%8A%A0%E7%8F%AD%E6%B1%87%E5%85%A5%E7%BB%93%E6%9E%9C%E6%9F%A5%E8%AF%A2" "Mozilla/5.0 (Windows NT 10.0; Win64; x64; rv:139.0) Gecko/20100101 Firefox/139.0"
192.168.11.148 - - [25/Jun/2025:09:14:45 +0800] "GET /eHR/img/pe.png HTTP/1.1" 200 1268
192.168.11.148 - - [25/Jun/2025:09:14:44 +0800] "GET /eHR/ess/redirect.php?scriptname=ESNE023&appdesc=%E5%8A%A0%E7%8F%AD%E6%B1%87%E5%85%A5%E7%BB%93%E6%9E%9C%E6%9F%A5%E8%AF%A2 HTTP/1.1" 200 44887 "http://192.168.1.83:8088/eHR/ess/redirect.php" "Mozilla/5.0 (Windows NT 10.0; Win64; x64; rv:139.0) Gecko/20100101 Firefox/139.0"
192.168.11.148 - - [25/Jun/2025:09:14:44 +0800] "GET /eHR/ess/redirect.php?scriptname=ESNE023&appdesc=%E5%8A%A0%E7%8F%AD%E6%B1%87%E5%85%A5%E7%BB%93%E6%9E%9C%E6%9F%A5%E8%AF%A2 HTTP/1.1" 200 44887
192.168.11.148 - - [25/Jun/2025:09:14:47 +0800] "GET /eHR/ess/redirect.php?scriptname=ESNE023&appdesc=%E5%8A%A0%E7%8F%AD%E6%B1%87%E5%85%A5%E7%BB%93%E6%9E%9C%E6%9F%A5%E8%AF%A2 HTTP/1.1" 200 44887 "http://192.168.1.83:8088/eHR/ess/redirect.php" "Mozilla/5.0 (Windows NT 10.0; Win64; x64; rv:139.0) Gecko/20100101 Firefox/139.0"
192.168.11.148 - - [25/Jun/2025:09:14:47 +0800] "GET /eHR/ess/redirect.php?scriptname=ESNE023&appdesc=%E5%8A%A0%E7%8F%AD%E6%B1%87%E5%85%A5%E7%BB%93%E6%9E%9C%E6%9F%A5%E8%AF%A2 HTTP/1.1" 200 44887
192.168.11.148 - - [25/Jun/2025:09:14:55 +0800] "GET /eHR/ess/redirect.php?scriptname=ESNE023&appdesc=%E5%8A%A0%E7%8F%AD%E6%B1%87%E5%85%A5%E7%BB%93%E6%9E%9C%E6%9F%A5%E8%AF%A2 HTTP/1.1" 200 44687 "http://192.168.1.83:8088/eHR/ess/redirect.php" "Mozilla/5.0 (Windows NT 10.0; Win64; x64; rv:139.0) Gecko/20100101 Firefox/139.0"
192.168.11.148 - - [25/Jun/2025:09:14:55 +0800] "GET /eHR/ess/redirect.php?scriptname=ESNE023&appdesc=%E5%8A%A0%E7%8F%AD%E6%B1%87%E5%85%A5%E7%BB%93%E6%9E%9C%E6%9F%A5%E8%AF%A2 HTTP/1.1" 200 44687
192.168.11.89 - - [25/Jun/2025:09:15:09 +0800] "GET /eHR/ess/redirect.php?scriptname=emp_lov&openW=Y&rand=0.36069903568097583 HTTP/1.1" 200 8816 "http://192.168.1.83:8088/eHR/ess/redirect.php?scriptname=ESNE002&appdesc=%E6%89%B9%E9%87%8F%E8%AF%B7%E5%81%87%E7%94%B3%E8%AF%B7" "Mozilla/5.0 (Windows NT 6.1; Win64; x64) AppleWebKit/537.36 (KHTML, like Gecko) Chrome/105.0.0.0 Safari/537.36"
192.168.11.89 - - [25/Jun/2025:09:15:09 +0800] "GET /eHR/ess/redirect.php?scriptname=emp_lov&openW=Y&rand=0.36069903568097583 HTTP/1.1" 200 8816
192.168.11.136 - - [25/Jun/2025:09:15:10 +0800] "GET /eHR/ess/redirect.php?scriptname=emp_lov&openW=Y&rand=0.14077524479268622 HTTP/1.1" 200 8900 "http://192.168.1.83:8088/eHR/ess/redirect.php?scriptname=ESNE001&appdesc=%E6%89%B9%E9%87%8F%E5%8A%A0%E7%8F%AD%E7%94%B3%E8%AF%B7" "Mozilla/5.0 (Windows NT 10.0; Win64; x64; rv:139.0) Gecko/20100101 Firefox/139.0"
192.168.11.136 - - [25/Jun/2025:09:15:10 +0800] "GET /eHR/ess/redirect.php?scriptname=emp_lov&openW=Y&rand=0.14077524479268622 HTTP/1.1" 200 8900
192.168.11.89 - - [25/Jun/2025:09:15:14 +0800] "POST /eHR/ess/redirect.php?scriptname=emp_lov&openW=Y&rand=0.36069903568097583 HTTP/1.1" 200 10990 "http://192.168.1.83:8088/eHR/ess/redirect.php?scriptname=emp_lov&openW=Y&rand=0.36069903568097583" "Mozilla/5.0 (Windows NT 6.1; Win64; x64) AppleWebKit/537.36 (KHTML, like Gecko) Chrome/105.0.0.0 Safari/537.36"
192.168.11.89 - - [25/Jun/2025:09:15:14 +0800] "POST /eHR/ess/redirect.php?scriptname=emp_lov&openW=Y&rand=0.36069903568097583 HTTP/1.1" 200 10990
192.168.11.89 - - [25/Jun/2025:09:15:19 +0800] "POST /eHR/ess/redirect.php?scriptname=ESNE002&appdesc=%E6%89%B9%E9%87%8F%E8%AF%B7%E5%81%87%E7%94%B3%E8%AF%B7 HTTP/1.1" 200 4195 "http://192.168.1.83:8088/eHR/ess/redirect.php?scriptname=ESNE002&appdesc=%E6%89%B9%E9%87%8F%E8%AF%B7%E5%81%87%E7%94%B3%E8%AF%B7" "Mozilla/5.0 (Windows NT 6.1; Win64; x64) AppleWebKit/537.36 (KHTML, like Gecko) Chrome/105.0.0.0 Safari/537.36"
192.168.11.89 - - [25/Jun/2025:09:15:19 +0800] "POST /eHR/ess/redirect.php?scriptname=ESNE002&appdesc=%E6%89%B9%E9%87%8F%E8%AF%B7%E5%81%87%E7%94%B3%E8%AF%B7 HTTP/1.1" 200 4195
192.168.11.136 - - [25/Jun/2025:09:15:15 +0800] "POST /eHR/ess/redirect.php?scriptname=emp_lov&openW=Y&rand=0.14077524479268622 HTTP/1.1" 200 24188 "http://192.168.1.83:8088/eHR/ess/redirect.php?scriptname=emp_lov&openW=Y&rand=0.14077524479268622" "Mozilla/5.0 (Windows NT 10.0; Win64; x64; rv:139.0) Gecko/20100101 Firefox/139.0"
192.168.11.136 - - [25/Jun/2025:09:15:15 +0800] "POST /eHR/ess/redirect.php?scriptname=emp_lov&openW=Y&rand=0.14077524479268622 HTTP/1.1" 200 24188
192.168.11.136 - - [25/Jun/2025:09:15:32 +0800] "POST /eHR/ess/redirect.php?scriptname=ESNE001&appdesc=%E6%89%B9%E9%87%8F%E5%8A%A0%E7%8F%AD%E7%94%B3%E8%AF%B7 HTTP/1.1" 200 4071 "http://192.168.1.83:8088/eHR/ess/redirect.php?scriptname=ESNE001&appdesc=%E6%89%B9%E9%87%8F%E5%8A%A0%E7%8F%AD%E7%94%B3%E8%AF%B7" "Mozilla/5.0 (Windows NT 10.0; Win64; x64; rv:139.0) Gecko/20100101 Firefox/139.0"
192.168.11.136 - - [25/Jun/2025:09:15:32 +0800] "POST /eHR/ess/redirect.php?scriptname=ESNE001&appdesc=%E6%89%B9%E9%87%8F%E5%8A%A0%E7%8F%AD%E7%94%B3%E8%AF%B7 HTTP/1.1" 200 4071
192.168.11.136 - - [25/Jun/2025:09:15:33 +0800] "GET /eHR/css/jqueryui/themes/redmond/images/ui-icons_2e83ff_256x240.png HTTP/1.1" 200 4369 "http://192.168.1.83:8088/eHR/css/jqueryui/themes/redmond/jquery.ui.theme.css" "Mozilla/5.0 (Windows NT 10.0; Win64; x64; rv:139.0) Gecko/20100101 Firefox/139.0"
192.168.11.136 - - [25/Jun/2025:09:15:33 +0800] "GET /eHR/css/jqueryui/themes/redmond/images/ui-icons_2e83ff_256x240.png HTTP/1.1" 200 4369
192.168.11.136 - - [25/Jun/2025:09:15:33 +0800] "GET /eHR/img/Y.png HTTP/1.1" 200 1084 "http://192.168.1.83:8088/eHR/ess/redirect.php?scriptname=ESNE001&appdesc=%E6%89%B9%E9%87%8F%E5%8A%A0%E7%8F%AD%E7%94%B3%E8%AF%B7" "Mozilla/5.0 (Windows NT 10.0; Win64; x64; rv:139.0) Gecko/20100101 Firefox/139.0"
192.168.11.136 - - [25/Jun/2025:09:15:33 +0800] "GET /eHR/img/Y.png HTTP/1.1" 200 1084
192.168.11.136 - - [25/Jun/2025:09:15:36 +0800] "GET /eHR/ess/redirect.php?scriptname=ESNE001&appdesc=%E6%89%B9%E9%87%8F%E5%8A%A0%E7%8F%AD%E7%94%B3%E8%AF%B7 HTTP/1.1" 200 15271 "http://192.168.1.83:8088/eHR/ess/redirect.php" "Mozilla/5.0 (Windows NT 10.0; Win64; x64; rv:139.0) Gecko/20100101 Firefox/139.0"
192.168.11.136 - - [25/Jun/2025:09:15:36 +0800] "GET /eHR/ess/redirect.php?scriptname=ESNE001&appdesc=%E6%89%B9%E9%87%8F%E5%8A%A0%E7%8F%AD%E7%94%B3%E8%AF%B7 HTTP/1.1" 200 15271
100.64.0.1 - - [25/Jun/2025:09:15:41 +0800] "GET / HTTP/1.1" 200 439 "-" "curl/7.81.0"
100.64.0.1 - - [25/Jun/2025:09:15:41 +0800] "GET / HTTP/1.1" 200 439
192.168.11.136 - - [25/Jun/2025:09:16:02 +0800] "GET /eHR/ess/redirect.php?scriptname=emp_lov&openW=Y&rand=0.4117630564777457 HTTP/1.1" 200 8900 "http://192.168.1.83:8088/eHR/ess/redirect.php?scriptname=ESNE001&appdesc=%E6%89%B9%E9%87%8F%E5%8A%A0%E7%8F%AD%E7%94%B3%E8%AF%B7" "Mozilla/5.0 (Windows NT 10.0; Win64; x64; rv:139.0) Gecko/20100101 Firefox/139.0"
192.168.11.136 - - [25/Jun/2025:09:16:02 +0800] "GET /eHR/ess/redirect.php?scriptname=emp_lov&openW=Y&rand=0.4117630564777457 HTTP/1.1" 200 8900
192.168.11.136 - - [25/Jun/2025:09:16:09 +0800] "POST /eHR/ess/redirect.php?scriptname=emp_lov&openW=Y&rand=0.4117630564777457 HTTP/1.1" 200 24188 "http://192.168.1.83:8088/eHR/ess/redirect.php?scriptname=emp_lov&openW=Y&rand=0.4117630564777457" "Mozilla/5.0 (Windows NT 10.0; Win64; x64; rv:139.0) Gecko/20100101 Firefox/139.0"
192.168.11.136 - - [25/Jun/2025:09:16:09 +0800] "POST /eHR/ess/redirect.php?scriptname=emp_lov&openW=Y&rand=0.4117630564777457 HTTP/1.1" 200 24188
192.168.11.136 - - [25/Jun/2025:09:16:41 +0800] "POST /eHR/ess/redirect.php?scriptname=ESNE001&appdesc=%E6%89%B9%E9%87%8F%E5%8A%A0%E7%8F%AD%E7%94%B3%E8%AF%B7 HTTP/1.1" 302 - "http://192.168.1.83:8088/eHR/ess/redirect.php?scriptname=ESNE001&appdesc=%E6%89%B9%E9%87%8F%E5%8A%A0%E7%8F%AD%E7%94%B3%E8%AF%B7" "Mozilla/5.0 (Windows NT 10.0; Win64; x64; rv:139.0) Gecko/20100101 Firefox/139.0"
192.168.11.136 - - [25/Jun/2025:09:16:41 +0800] "POST /eHR/ess/redirect.php?scriptname=ESNE001&appdesc=%E6%89%B9%E9%87%8F%E5%8A%A0%E7%8F%AD%E7%94%B3%E8%AF%B7 HTTP/1.1" 302 -
192.168.11.136 - - [25/Jun/2025:09:16:42 +0800] "GET /eHR/ess/redirect.php?scriptname=page_success&msgtxt=%E6%82%A8%E7%9A%84%E5%8A%A0%E7%8F%AD%E7%94%B3%E8%AB%8B%E5%B7%B2%E6%88%90%E5%8A%9F%E6%8F%90%E4%BA%A4%E5%BE%8C%E5%8F%B0%E8%99%95%E7%90%86.%3Cbr%3E%E6%82%A8%E5%8F%AF%E4%BB%A5%E5%9C%A8%3Ca+href%3D%22..%2Fess%2Fredirect.php%3Fscriptname%3DESNE023%26requestno%3D129747%22%3E%E9%80%99%E8%A3%A1%3C%2Fa%3E%E6%9F%A5%E7%9C%8B%E7%94%B3%E8%AB%8B%E8%99%95%E7%90%86%E7%B5%90%E6%9E%9C.%3Cbr%3E%E6%89%B9%E6%AC%A1%E8%99%9F%E7%82%BA%3A129747&target=iframe HTTP/1.1" 200 3251 "http://192.168.1.83:8088/eHR/ess/redirect.php?scriptname=ESNE001&appdesc=%E6%89%B9%E9%87%8F%E5%8A%A0%E7%8F%AD%E7%94%B3%E8%AF%B7" "Mozilla/5.0 (Windows NT 10.0; Win64; x64; rv:139.0) Gecko/20100101 Firefox/139.0"
192.168.11.136 - - [25/Jun/2025:09:16:42 +0800] "GET /eHR/ess/redirect.php?scriptname=page_success&msgtxt=%E6%82%A8%E7%9A%84%E5%8A%A0%E7%8F%AD%E7%94%B3%E8%AB%8B%E5%B7%B2%E6%88%90%E5%8A%9F%E6%8F%90%E4%BA%A4%E5%BE%8C%E5%8F%B0%E8%99%95%E7%90%86.%3Cbr%3E%E6%82%A8%E5%8F%AF%E4%BB%A5%E5%9C%A8%3Ca+href%3D%22..%2Fess%2Fredirect.php%3Fscriptname%3DESNE023%26requestno%3D129747%22%3E%E9%80%99%E8%A3%A1%3C%2Fa%3E%E6%9F%A5%E7%9C%8B%E7%94%B3%E8%AB%8B%E8%99%95%E7%90%86%E7%B5%90%E6%9E%9C.%3Cbr%3E%E6%89%B9%E6%AC%A1%E8%99%9F%E7%82%BA%3A129747&target=iframe HTTP/1.1" 200 3251
192.168.11.136 - - [25/Jun/2025:09:16:43 +0800] "GET /eHR/img/success.png HTTP/1.1" 200 1084 "http://192.168.1.83:8088/eHR/ess/redirect.php?scriptname=page_success&msgtxt=%E6%82%A8%E7%9A%84%E5%8A%A0%E7%8F%AD%E7%94%B3%E8%AB%8B%E5%B7%B2%E6%88%90%E5%8A%9F%E6%8F%90%E4%BA%A4%E5%BE%8C%E5%8F%B0%E8%99%95%E7%90%86.%3Cbr%3E%E6%82%A8%E5%8F%AF%E4%BB%A5%E5%9C%A8%3Ca+href%3D%22..%2Fess%2Fredirect.php%3Fscriptname%3DESNE023%26requestno%3D129747%22%3E%E9%80%99%E8%A3%A1%3C%2Fa%3E%E6%9F%A5%E7%9C%8B%E7%94%B3%E8%AB%8B%E8%99%95%E7%90%86%E7%B5%90%E6%9E%9C.%3Cbr%3E%E6%89%B9%E6%AC%A1%E8%99%9F%E7%82%BA%3A129747&target=iframe" "Mozilla/5.0 (Windows NT 10.0; Win64; x64; rv:139.0) Gecko/20100101 Firefox/139.0"
192.168.11.136 - - [25/Jun/2025:09:16:43 +0800] "GET /eHR/img/success.png HTTP/1.1" 200 1084
192.168.11.136 - - [25/Jun/2025:09:16:46 +0800] "GET /eHR/ess/redirect.php?scriptname=ESNE003&appdesc=%E6%89%B9%E9%87%8F%E5%8A%A0%E7%8F%AD%E6%9F%A5%E8%AF%A2 HTTP/1.1" 200 7833 "http://192.168.1.83:8088/eHR/ess/redirect.php" "Mozilla/5.0 (Windows NT 10.0; Win64; x64; rv:139.0) Gecko/20100101 Firefox/139.0"
192.168.11.136 - - [25/Jun/2025:09:16:46 +0800] "GET /eHR/ess/redirect.php?scriptname=ESNE003&appdesc=%E6%89%B9%E9%87%8F%E5%8A%A0%E7%8F%AD%E6%9F%A5%E8%AF%A2 HTTP/1.1" 200 7833
192.168.11.136 - - [25/Jun/2025:09:16:54 +0800] "GET /eHR/img/cancel.png HTTP/1.1" 200 1230 "http://192.168.1.83:8088/eHR/ess/redirect.php?scriptname=ESNE003&appdesc=%E6%89%B9%E9%87%8F%E5%8A%A0%E7%8F%AD%E6%9F%A5%E8%AF%A2" "Mozilla/5.0 (Windows NT 10.0; Win64; x64; rv:139.0) Gecko/20100101 Firefox/139.0"
192.168.11.136 - - [25/Jun/2025:09:16:54 +0800] "GET /eHR/img/cancel.png HTTP/1.1" 200 1230
192.168.11.136 - - [25/Jun/2025:09:16:54 +0800] "GET /eHR/img/pe.png HTTP/1.1" 200 1268 "http://192.168.1.83:8088/eHR/ess/redirect.php?scriptname=ESNE003&appdesc=%E6%89%B9%E9%87%8F%E5%8A%A0%E7%8F%AD%E6%9F%A5%E8%AF%A2" "Mozilla/5.0 (Windows NT 10.0; Win64; x64; rv:139.0) Gecko/20100101 Firefox/139.0"
192.168.11.136 - - [25/Jun/2025:09:16:54 +0800] "GET /eHR/img/pe.png HTTP/1.1" 200 1268
192.168.11.136 - - [25/Jun/2025:09:16:52 +0800] "POST /eHR/ess/redirect.php?scriptname=ESNE003&appdesc=%E6%89%B9%E9%87%8F%E5%8A%A0%E7%8F%AD%E6%9F%A5%E8%AF%A2 HTTP/1.1" 200 23398 "http://192.168.1.83:8088/eHR/ess/redirect.php?scriptname=ESNE003&appdesc=%E6%89%B9%E9%87%8F%E5%8A%A0%E7%8F%AD%E6%9F%A5%E8%AF%A2" "Mozilla/5.0 (Windows NT 10.0; Win64; x64; rv:139.0) Gecko/20100101 Firefox/139.0"
192.168.11.136 - - [25/Jun/2025:09:16:52 +0800] "POST /eHR/ess/redirect.php?scriptname=ESNE003&appdesc=%E6%89%B9%E9%87%8F%E5%8A%A0%E7%8F%AD%E6%9F%A5%E8%AF%A2 HTTP/1.1" 200 23398
100.64.0.1 - - [25/Jun/2025:09:17:59 +0800] "GET / HTTP/1.1" 200 439 "-" "curl/7.81.0"
100.64.0.1 - - [25/Jun/2025:09:17:59 +0800] "GET / HTTP/1.1" 200 439
192.168.11.148 - - [25/Jun/2025:09:19:05 +0800] "GET /eHR/ess/redirect.php?scriptname=ESNE001&appdesc=%E6%89%B9%E9%87%8F%E5%8A%A0%E7%8F%AD%E7%94%B3%E8%AF%B7 HTTP/1.1" 200 15271 "http://192.168.1.83:8088/eHR/ess/redirect.php" "Mozilla/5.0 (Windows NT 10.0; Win64; x64; rv:139.0) Gecko/20100101 Firefox/139.0"
192.168.11.148 - - [25/Jun/2025:09:19:05 +0800] "GET /eHR/ess/redirect.php?scriptname=ESNE001&appdesc=%E6%89%B9%E9%87%8F%E5%8A%A0%E7%8F%AD%E7%94%B3%E8%AF%B7 HTTP/1.1" 200 15271
192.168.11.148 - - [25/Jun/2025:09:19:06 +0800] "GET /eHR/img/date.png HTTP/1.1" 200 626 "http://192.168.1.83:8088/eHR/ess/redirect.php?scriptname=ESNE001&appdesc=%E6%89%B9%E9%87%8F%E5%8A%A0%E7%8F%AD%E7%94%B3%E8%AF%B7" "Mozilla/5.0 (Windows NT 10.0; Win64; x64; rv:139.0) Gecko/20100101 Firefox/139.0"
192.168.11.148 - - [25/Jun/2025:09:19:06 +0800] "GET /eHR/img/date.png HTTP/1.1" 200 626
192.168.11.148 - - [25/Jun/2025:09:19:24 +0800] "GET /eHR/ess/redirect.php?scriptname=emp_lov&openW=Y&rand=0.8901326213058905 HTTP/1.1" 200 9888 "http://192.168.1.83:8088/eHR/ess/redirect.php?scriptname=ESNE001&appdesc=%E6%89%B9%E9%87%8F%E5%8A%A0%E7%8F%AD%E7%94%B3%E8%AF%B7" "Mozilla/5.0 (Windows NT 10.0; Win64; x64; rv:139.0) Gecko/20100101 Firefox/139.0"
192.168.11.148 - - [25/Jun/2025:09:19:24 +0800] "GET /eHR/ess/redirect.php?scriptname=emp_lov&openW=Y&rand=0.8901326213058905 HTTP/1.1" 200 9888
192.168.11.148 - - [25/Jun/2025:09:19:31 +0800] "POST /eHR/ess/redirect.php?scriptname=emp_lov&openW=Y&rand=0.8901326213058905 HTTP/1.1" 200 12051 "http://192.168.1.83:8088/eHR/ess/redirect.php?scriptname=emp_lov&openW=Y&rand=0.8901326213058905" "Mozilla/5.0 (Windows NT 10.0; Win64; x64; rv:139.0) Gecko/20100101 Firefox/139.0"
192.168.11.148 - - [25/Jun/2025:09:19:31 +0800] "POST /eHR/ess/redirect.php?scriptname=emp_lov&openW=Y&rand=0.8901326213058905 HTTP/1.1" 200 12051
192.168.11.148 - - [25/Jun/2025:09:19:37 +0800] "POST /eHR/ess/redirect.php?scriptname=ESNE001&appdesc=%E6%89%B9%E9%87%8F%E5%8A%A0%E7%8F%AD%E7%94%B3%E8%AF%B7 HTTP/1.1" 200 4056 "http://192.168.1.83:8088/eHR/ess/redirect.php?scriptname=ESNE001&appdesc=%E6%89%B9%E9%87%8F%E5%8A%A0%E7%8F%AD%E7%94%B3%E8%AF%B7" "Mozilla/5.0 (Windows NT 10.0; Win64; x64; rv:139.0) Gecko/20100101 Firefox/139.0"
192.168.11.148 - - [25/Jun/2025:09:19:37 +0800] "POST /eHR/ess/redirect.php?scriptname=ESNE001&appdesc=%E6%89%B9%E9%87%8F%E5%8A%A0%E7%8F%AD%E7%94%B3%E8%AF%B7 HTTP/1.1" 200 4056
192.168.11.148 - - [25/Jun/2025:09:19:38 +0800] "GET /eHR/img/Y.png HTTP/1.1" 200 1084 "http://192.168.1.83:8088/eHR/ess/redirect.php?scriptname=ESNE001&appdesc=%E6%89%B9%E9%87%8F%E5%8A%A0%E7%8F%AD%E7%94%B3%E8%AF%B7" "Mozilla/5.0 (Windows NT 10.0; Win64; x64; rv:139.0) Gecko/20100101 Firefox/139.0"
192.168.11.148 - - [25/Jun/2025:09:19:38 +0800] "GET /eHR/img/Y.png HTTP/1.1" 200 1084
192.168.132.60 - - [25/Jun/2025:09:20:23 +0800] "GET /eHR/ess/index.php?action=logout HTTP/1.1" 200 8826 "-" "Mozilla/5.0 (Windows NT 10.0; Win64; x64; rv:139.0) Gecko/20100101 Firefox/139.0"
192.168.132.60 - - [25/Jun/2025:09:20:23 +0800] "GET /eHR/ess/index.php?action=logout HTTP/1.1" 200 8826
192.168.11.89 - - [25/Jun/2025:09:20:41 +0800] "GET /eHR/ess/redirect.php?scriptname=ESNE001&appdesc=%E6%89%B9%E9%87%8F%E5%8A%A0%E7%8F%AD%E7%94%B3%E8%AF%B7 HTTP/1.1" 200 15271 "http://192.168.1.83:8088/eHR/ess/redirect.php" "Mozilla/5.0 (Windows NT 6.1; Win64; x64) AppleWebKit/537.36 (KHTML, like Gecko) Chrome/105.0.0.0 Safari/537.36"
192.168.11.89 - - [25/Jun/2025:09:20:41 +0800] "GET /eHR/ess/redirect.php?scriptname=ESNE001&appdesc=%E6%89%B9%E9%87%8F%E5%8A%A0%E7%8F%AD%E7%94%B3%E8%AF%B7 HTTP/1.1" 200 15271
192.168.132.60 - - [25/Jun/2025:09:20:37 +0800] "POST /eHR/ess/includes/login.php HTTP/1.1" 302 - "http://hcp.maglayers.com.cn:8088/eHR/ess/index.php?action=logout" "Mozilla/5.0 (Windows NT 10.0; Win64; x64; rv:139.0) Gecko/20100101 Firefox/139.0"
192.168.132.60 - - [25/Jun/2025:09:20:37 +0800] "POST /eHR/ess/includes/login.php HTTP/1.1" 302 -
192.168.132.60 - - [25/Jun/2025:09:20:42 +0800] "GET /eHR/ess/redirect.php HTTP/1.1" 200 9206 "http://hcp.maglayers.com.cn:8088/eHR/ess/index.php?action=logout" "Mozilla/5.0 (Windows NT 10.0; Win64; x64; rv:139.0) Gecko/20100101 Firefox/139.0"
192.168.132.60 - - [25/Jun/2025:09:20:42 +0800] "GET /eHR/ess/redirect.php HTTP/1.1" 200 9206
192.168.132.60 - - [25/Jun/2025:09:20:43 +0800] "GET /eHR/ess/redirect.php?scriptname=ESNH000 HTTP/1.1" 200 10222 "http://hcp.maglayers.com.cn:8088/eHR/ess/redirect.php" "Mozilla/5.0 (Windows NT 10.0; Win64; x64; rv:139.0) Gecko/20100101 Firefox/139.0"
192.168.132.60 - - [25/Jun/2025:09:20:43 +0800] "GET /eHR/ess/redirect.php?scriptname=ESNH000 HTTP/1.1" 200 10222
192.168.11.89 - - [25/Jun/2025:09:20:45 +0800] "GET /eHR/ess/redirect.php?scriptname=ESNE004&appdesc=%E6%89%B9%E9%87%8F%E8%AF%B7%E5%81%87%E6%9F%A5%E8%AF%A2 HTTP/1.1" 200 8605 "http://192.168.1.83:8088/eHR/ess/redirect.php" "Mozilla/5.0 (Windows NT 6.1; Win64; x64) AppleWebKit/537.36 (KHTML, like Gecko) Chrome/105.0.0.0 Safari/537.36"
192.168.11.89 - - [25/Jun/2025:09:20:45 +0800] "GET /eHR/ess/redirect.php?scriptname=ESNE004&appdesc=%E6%89%B9%E9%87%8F%E8%AF%B7%E5%81%87%E6%9F%A5%E8%AF%A2 HTTP/1.1" 200 8605
192.168.132.60 - - [25/Jun/2025:09:20:46 +0800] "GET /eHR/mgr/redirect.php?scriptname=MDNH105&appdesc=%E5%8A%A0%E7%8F%AD%E5%BE%85%E7%AD%BE HTTP/1.1" 200 52066 "http://hcp.maglayers.com.cn:8088/eHR/ess/redirect.php?scriptname=ESNH000" "Mozilla/5.0 (Windows NT 10.0; Win64; x64; rv:139.0) Gecko/20100101 Firefox/139.0"
192.168.132.60 - - [25/Jun/2025:09:20:46 +0800] "GET /eHR/mgr/redirect.php?scriptname=MDNH105&appdesc=%E5%8A%A0%E7%8F%AD%E5%BE%85%E7%AD%BE HTTP/1.1" 200 52066
192.168.11.148 - - [25/Jun/2025:09:20:48 +0800] "GET /eHR/ess/index.php?action=logout HTTP/1.1" 200 8826 "-" "Mozilla/5.0 (Windows NT 10.0; Win64; x64; rv:139.0) Gecko/20100101 Firefox/139.0"
192.168.11.148 - - [25/Jun/2025:09:20:48 +0800] "GET /eHR/ess/index.php?action=logout HTTP/1.1" 200 8826
192.168.11.89 - - [25/Jun/2025:09:20:52 +0800] "POST /eHR/ess/redirect.php?scriptname=ESNE004&appdesc=%E6%89%B9%E9%87%8F%E8%AF%B7%E5%81%87%E6%9F%A5%E8%AF%A2 HTTP/1.1" 200 52784 "http://192.168.1.83:8088/eHR/ess/redirect.php?scriptname=ESNE004&appdesc=%E6%89%B9%E9%87%8F%E8%AF%B7%E5%81%87%E6%9F%A5%E8%AF%A2" "Mozilla/5.0 (Windows NT 6.1; Win64; x64) AppleWebKit/537.36 (KHTML, like Gecko) Chrome/105.0.0.0 Safari/537.36"
192.168.11.89 - - [25/Jun/2025:09:20:52 +0800] "POST /eHR/ess/redirect.php?scriptname=ESNE004&appdesc=%E6%89%B9%E9%87%8F%E8%AF%B7%E5%81%87%E6%9F%A5%E8%AF%A2 HTTP/1.1" 200 52784
192.168.11.148 - - [25/Jun/2025:09:20:51 +0800] "POST /eHR/ess/includes/login.php HTTP/1.1" 302 - "http://192.168.1.83:8088/eHR/ess/index.php?action=logout" "Mozilla/5.0 (Windows NT 10.0; Win64; x64; rv:139.0) Gecko/20100101 Firefox/139.0"
192.168.11.148 - - [25/Jun/2025:09:20:51 +0800] "POST /eHR/ess/includes/login.php HTTP/1.1" 302 -
192.168.11.148 - - [25/Jun/2025:09:20:57 +0800] "GET /eHR/ess/redirect.php HTTP/1.1" 200 9206 "http://192.168.1.83:8088/eHR/ess/index.php?action=logout" "Mozilla/5.0 (Windows NT 10.0; Win64; x64; rv:139.0) Gecko/20100101 Firefox/139.0"
192.168.11.148 - - [25/Jun/2025:09:20:57 +0800] "GET /eHR/ess/redirect.php HTTP/1.1" 200 9206
192.168.11.148 - - [25/Jun/2025:09:20:57 +0800] "GET /eHR/ess/redirect.php?scriptname=ESNH000 HTTP/1.1" 200 10222 "http://192.168.1.83:8088/eHR/ess/redirect.php" "Mozilla/5.0 (Windows NT 10.0; Win64; x64; rv:139.0) Gecko/20100101 Firefox/139.0"
192.168.11.148 - - [25/Jun/2025:09:20:57 +0800] "GET /eHR/ess/redirect.php?scriptname=ESNH000 HTTP/1.1" 200 10222
192.168.11.148 - - [25/Jun/2025:09:21:02 +0800] "GET /eHR/ess/redirect.php?scriptname=ESNH003&appdesc=%E8%AF%B7%E5%81%87%E7%AD%BE%E6%A0%B8 HTTP/1.1" 302 - "http://192.168.1.83:8088/eHR/ess/redirect.php" "Mozilla/5.0 (Windows NT 10.0; Win64; x64; rv:139.0) Gecko/20100101 Firefox/139.0"
192.168.11.148 - - [25/Jun/2025:09:21:02 +0800] "GET /eHR/ess/redirect.php?scriptname=ESNH003&appdesc=%E8%AF%B7%E5%81%87%E7%AD%BE%E6%A0%B8 HTTP/1.1" 302 -
192.168.11.148 - - [25/Jun/2025:09:21:02 +0800] "GET /eHR/mgr/redirect.php?scriptname=MDNH104&appdesc=%E8%AF%B7%E5%81%87%E7%AD%BE%E6%A0%B8 HTTP/1.1" 200 7257 "http://192.168.1.83:8088/eHR/ess/redirect.php" "Mozilla/5.0 (Windows NT 10.0; Win64; x64; rv:139.0) Gecko/20100101 Firefox/139.0"
192.168.11.148 - - [25/Jun/2025:09:21:02 +0800] "GET /eHR/mgr/redirect.php?scriptname=MDNH104&appdesc=%E8%AF%B7%E5%81%87%E7%AD%BE%E6%A0%B8 HTTP/1.1" 200 7257
192.168.11.148 - - [25/Jun/2025:09:21:03 +0800] "GET /eHR/css/default.css HTTP/1.1" 304 - "http://192.168.1.83:8088/eHR/mgr/redirect.php?scriptname=MDNH104&appdesc=%E8%AF%B7%E5%81%87%E7%AD%BE%E6%A0%B8" "Mozilla/5.0 (Windows NT 10.0; Win64; x64; rv:139.0) Gecko/20100101 Firefox/139.0"
192.168.11.148 - - [25/Jun/2025:09:21:03 +0800] "GET /eHR/css/default.css HTTP/1.1" 304 -
192.168.11.148 - - [25/Jun/2025:09:21:05 +0800] "GET /eHR/ess/redirect.php?scriptname=ESNH004&appdesc=%E5%8A%A0%E7%8F%AD%E7%AD%BE%E6%A0%B8 HTTP/1.1" 302 - "http://192.168.1.83:8088/eHR/ess/redirect.php" "Mozilla/5.0 (Windows NT 10.0; Win64; x64; rv:139.0) Gecko/20100101 Firefox/139.0"
192.168.11.148 - - [25/Jun/2025:09:21:05 +0800] "GET /eHR/ess/redirect.php?scriptname=ESNH004&appdesc=%E5%8A%A0%E7%8F%AD%E7%AD%BE%E6%A0%B8 HTTP/1.1" 302 -
192.168.11.148 - - [25/Jun/2025:09:21:05 +0800] "GET /eHR/mgr/redirect.php?scriptname=MDNH105&appdesc=%E5%8A%A0%E7%8F%AD%E7%AD%BE%E6%A0%B8 HTTP/1.1" 200 52066 "http://192.168.1.83:8088/eHR/ess/redirect.php" "Mozilla/5.0 (Windows NT 10.0; Win64; x64; rv:139.0) Gecko/20100101 Firefox/139.0"
192.168.11.148 - - [25/Jun/2025:09:21:05 +0800] "GET /eHR/mgr/redirect.php?scriptname=MDNH105&appdesc=%E5%8A%A0%E7%8F%AD%E7%AD%BE%E6%A0%B8 HTTP/1.1" 200 52066
192.168.132.60 - - [25/Jun/2025:09:21:15 +0800] "POST /eHR/mgr/redirect.php?scriptname=MDNH105&appdesc=%E5%8A%A0%E7%8F%AD%E5%BE%85%E7%AD%BE HTTP/1.1" 302 - "http://hcp.maglayers.com.cn:8088/eHR/mgr/redirect.php?scriptname=MDNH105&appdesc=%E5%8A%A0%E7%8F%AD%E5%BE%85%E7%AD%BE" "Mozilla/5.0 (Windows NT 10.0; Win64; x64; rv:139.0) Gecko/20100101 Firefox/139.0"
192.168.132.60 - - [25/Jun/2025:09:21:15 +0800] "POST /eHR/mgr/redirect.php?scriptname=MDNH105&appdesc=%E5%8A%A0%E7%8F%AD%E5%BE%85%E7%AD%BE HTTP/1.1" 302 -
192.168.132.60 - - [25/Jun/2025:09:21:15 +0800] "GET /eHR/mgr/redirect.php?scriptname=page_success&msgtxt=%E6%82%A8%E7%9A%84%E7%B0%BD%E6%A0%B8%EF%BC%8C%E5%B7%B2%E6%88%90%E5%8A%9F%E6%8F%90%E4%BA%A4%E5%88%B0%E5%BE%8C%E5%8F%B0%E8%99%95%E7%90%86.%3Cbr%3E%E6%82%A8%E5%8F%AF%E4%BB%A5%E7%82%B9%3Ca+href%3D%22..%2Fess%2Fredirect.php%3Fscriptname%3DESNH100%26requestno%3D129748%22%3E%E9%80%99%E8%A3%A1%3C%2Fa%3E%E6%9F%A5%E7%9C%8B%E7%B0%BD%E6%A0%B8%E7%B5%90%E6%9E%9C%E3%80%82%3Cbr%3E%E6%89%B9%E6%AC%A1%E8%99%9F%3A129748&target=iframe HTTP/1.1" 302 - "http://hcp.maglayers.com.cn:8088/eHR/mgr/redirect.php?scriptname=MDNH105&appdesc=%E5%8A%A0%E7%8F%AD%E5%BE%85%E7%AD%BE" "Mozilla/5.0 (Windows NT 10.0; Win64; x64; rv:139.0) Gecko/20100101 Firefox/139.0"
192.168.132.60 - - [25/Jun/2025:09:21:15 +0800] "GET /eHR/mgr/redirect.php?scriptname=page_success&msgtxt=%E6%82%A8%E7%9A%84%E7%B0%BD%E6%A0%B8%EF%BC%8C%E5%B7%B2%E6%88%90%E5%8A%9F%E6%8F%90%E4%BA%A4%E5%88%B0%E5%BE%8C%E5%8F%B0%E8%99%95%E7%90%86.%3Cbr%3E%E6%82%A8%E5%8F%AF%E4%BB%A5%E7%82%B9%3Ca+href%3D%22..%2Fess%2Fredirect.php%3Fscriptname%3DESNH100%26requestno%3D129748%22%3E%E9%80%99%E8%A3%A1%3C%2Fa%3E%E6%9F%A5%E7%9C%8B%E7%B0%BD%E6%A0%B8%E7%B5%90%E6%9E%9C%E3%80%82%3Cbr%3E%E6%89%B9%E6%AC%A1%E8%99%9F%3A129748&target=iframe HTTP/1.1" 302 -
192.168.11.148 - - [25/Jun/2025:09:21:15 +0800] "POST /eHR/mgr/redirect.php?scriptname=MDNH105&appdesc=%E5%8A%A0%E7%8F%AD%E7%AD%BE%E6%A0%B8 HTTP/1.1" 302 - "http://192.168.1.83:8088/eHR/mgr/redirect.php?scriptname=MDNH105&appdesc=%E5%8A%A0%E7%8F%AD%E7%AD%BE%E6%A0%B8" "Mozilla/5.0 (Windows NT 10.0; Win64; x64; rv:139.0) Gecko/20100101 Firefox/139.0"
192.168.11.148 - - [25/Jun/2025:09:21:15 +0800] "POST /eHR/mgr/redirect.php?scriptname=MDNH105&appdesc=%E5%8A%A0%E7%8F%AD%E7%AD%BE%E6%A0%B8 HTTP/1.1" 302 -
192.168.11.148 - - [25/Jun/2025:09:21:16 +0800] "GET /eHR/mgr/redirect.php?scriptname=page_success&msgtxt=%E6%82%A8%E7%9A%84%E7%B0%BD%E6%A0%B8%EF%BC%8C%E5%B7%B2%E6%88%90%E5%8A%9F%E6%8F%90%E4%BA%A4%E5%88%B0%E5%BE%8C%E5%8F%B0%E8%99%95%E7%90%86.%3Cbr%3E%E6%82%A8%E5%8F%AF%E4%BB%A5%E7%82%B9%3Ca+href%3D%22..%2Fess%2Fredirect.php%3Fscriptname%3DESNH100%26requestno%3D129749%22%3E%E9%80%99%E8%A3%A1%3C%2Fa%3E%E6%9F%A5%E7%9C%8B%E7%B0%BD%E6%A0%B8%E7%B5%90%E6%9E%9C%E3%80%82%3Cbr%3E%E6%89%B9%E6%AC%A1%E8%99%9F%3A129749&target=iframe HTTP/1.1" 302 - "http://192.168.1.83:8088/eHR/mgr/redirect.php?scriptname=MDNH105&appdesc=%E5%8A%A0%E7%8F%AD%E7%AD%BE%E6%A0%B8" "Mozilla/5.0 (Windows NT 10.0; Win64; x64; rv:139.0) Gecko/20100101 Firefox/139.0"
192.168.11.148 - - [25/Jun/2025:09:21:16 +0800] "GET /eHR/mgr/redirect.php?scriptname=page_success&msgtxt=%E6%82%A8%E7%9A%84%E7%B0%BD%E6%A0%B8%EF%BC%8C%E5%B7%B2%E6%88%90%E5%8A%9F%E6%8F%90%E4%BA%A4%E5%88%B0%E5%BE%8C%E5%8F%B0%E8%99%95%E7%90%86.%3Cbr%3E%E6%82%A8%E5%8F%AF%E4%BB%A5%E7%82%B9%3Ca+href%3D%22..%2Fess%2Fredirect.php%3Fscriptname%3DESNH100%26requestno%3D129749%22%3E%E9%80%99%E8%A3%A1%3C%2Fa%3E%E6%9F%A5%E7%9C%8B%E7%B0%BD%E6%A0%B8%E7%B5%90%E6%9E%9C%E3%80%82%3Cbr%3E%E6%89%B9%E6%AC%A1%E8%99%9F%3A129749&target=iframe HTTP/1.1" 302 -
192.168.11.89 - - [25/Jun/2025:09:21:15 +0800] "GET /eHR/ess/redirect.php?scriptname=ESNE004&action=delete&leave_flowseqno=114043 HTTP/1.1" 302 - "http://192.168.1.83:8088/eHR/ess/redirect.php?scriptname=ESNE004&appdesc=%E6%89%B9%E9%87%8F%E8%AF%B7%E5%81%87%E6%9F%A5%E8%AF%A2" "Mozilla/5.0 (Windows NT 6.1; Win64; x64) AppleWebKit/537.36 (KHTML, like Gecko) Chrome/105.0.0.0 Safari/537.36"
192.168.11.89 - - [25/Jun/2025:09:21:15 +0800] "GET /eHR/ess/redirect.php?scriptname=ESNE004&action=delete&leave_flowseqno=114043 HTTP/1.1" 302 -
192.168.132.60 - - [25/Jun/2025:09:21:16 +0800] "GET /eHR/mgr/redirect.php?scriptname=page_error&msgtxt=%3Ch3%3EHTTP+404+-+Page+not+found%3C%2Fh3%3E%3Cbr%3E%3Cstrong%3EFile+Name%3A%3C%2Fstrong%3Epage_success%3Cbr%2F%3E%3Cstrong%3EApplication+Name%3C%2Fstrong%3E%3A&target=iframe HTTP/1.1" 302 - "http://hcp.maglayers.com.cn:8088/eHR/mgr/redirect.php?scriptname=MDNH105&appdesc=%E5%8A%A0%E7%8F%AD%E5%BE%85%E7%AD%BE" "Mozilla/5.0 (Windows NT 10.0; Win64; x64; rv:139.0) Gecko/20100101 Firefox/139.0"
192.168.132.60 - - [25/Jun/2025:09:21:16 +0800] "GET /eHR/mgr/redirect.php?scriptname=page_error&msgtxt=%3Ch3%3EHTTP+404+-+Page+not+found%3C%2Fh3%3E%3Cbr%3E%3Cstrong%3EFile+Name%3A%3C%2Fstrong%3Epage_success%3Cbr%2F%3E%3Cstrong%3EApplication+Name%3C%2Fstrong%3E%3A&target=iframe HTTP/1.1" 302 -
192.168.11.148 - - [25/Jun/2025:09:21:16 +0800] "GET /eHR/mgr/redirect.php?scriptname=page_error&msgtxt=%3Ch3%3EHTTP+404+-+Page+not+found%3C%2Fh3%3E%3Cbr%3E%3Cstrong%3EFile+Name%3A%3C%2Fstrong%3Epage_success%3Cbr%2F%3E%3Cstrong%3EApplication+Name%3C%2Fstrong%3E%3A&target=iframe HTTP/1.1" 302 - "http://192.168.1.83:8088/eHR/mgr/redirect.php?scriptname=MDNH105&appdesc=%E5%8A%A0%E7%8F%AD%E7%AD%BE%E6%A0%B8" "Mozilla/5.0 (Windows NT 10.0; Win64; x64; rv:139.0) Gecko/20100101 Firefox/139.0"
192.168.11.148 - - [25/Jun/2025:09:21:16 +0800] "GET /eHR/mgr/redirect.php?scriptname=page_error&msgtxt=%3Ch3%3EHTTP+404+-+Page+not+found%3C%2Fh3%3E%3Cbr%3E%3Cstrong%3EFile+Name%3A%3C%2Fstrong%3Epage_success%3Cbr%2F%3E%3Cstrong%3EApplication+Name%3C%2Fstrong%3E%3A&target=iframe HTTP/1.1" 302 -
192.168.132.60 - - [25/Jun/2025:09:21:16 +0800] "GET /eHR/mgr/redirect.php?scriptname=page_error&msgtxt=%3Ch3%3EHTTP+404+-+Page+not+found%3C%2Fh3%3E%3Cbr%3E%3Cstrong%3EFile+Name%3A%3C%2Fstrong%3Epage_error%3Cbr%2F%3E%3Cstrong%3EApplication+Name%3C%2Fstrong%3E%3A&target=iframe HTTP/1.1" 302 - "http://hcp.maglayers.com.cn:8088/eHR/mgr/redirect.php?scriptname=MDNH105&appdesc=%E5%8A%A0%E7%8F%AD%E5%BE%85%E7%AD%BE" "Mozilla/5.0 (Windows NT 10.0; Win64; x64; rv:139.0) Gecko/20100101 Firefox/139.0"
192.168.132.60 - - [25/Jun/2025:09:21:16 +0800] "GET /eHR/mgr/redirect.php?scriptname=page_error&msgtxt=%3Ch3%3EHTTP+404+-+Page+not+found%3C%2Fh3%3E%3Cbr%3E%3Cstrong%3EFile+Name%3A%3C%2Fstrong%3Epage_error%3Cbr%2F%3E%3Cstrong%3EApplication+Name%3C%2Fstrong%3E%3A&target=iframe HTTP/1.1" 302 -
192.168.11.148 - - [25/Jun/2025:09:21:16 +0800] "GET /eHR/mgr/redirect.php?scriptname=page_error&msgtxt=%3Ch3%3EHTTP+404+-+Page+not+found%3C%2Fh3%3E%3Cbr%3E%3Cstrong%3EFile+Name%3A%3C%2Fstrong%3Epage_error%3Cbr%2F%3E%3Cstrong%3EApplication+Name%3C%2Fstrong%3E%3A&target=iframe HTTP/1.1" 302 - "http://192.168.1.83:8088/eHR/mgr/redirect.php?scriptname=MDNH105&appdesc=%E5%8A%A0%E7%8F%AD%E7%AD%BE%E6%A0%B8" "Mozilla/5.0 (Windows NT 10.0; Win64; x64; rv:139.0) Gecko/20100101 Firefox/139.0"
192.168.11.148 - - [25/Jun/2025:09:21:16 +0800] "GET /eHR/mgr/redirect.php?scriptname=page_error&msgtxt=%3Ch3%3EHTTP+404+-+Page+not+found%3C%2Fh3%3E%3Cbr%3E%3Cstrong%3EFile+Name%3A%3C%2Fstrong%3Epage_error%3Cbr%2F%3E%3Cstrong%3EApplication+Name%3C%2Fstrong%3E%3A&target=iframe HTTP/1.1" 302 -
192.168.11.89 - - [25/Jun/2025:09:21:16 +0800] "GET /eHR/ess/redirect.php?scriptname=page_success&msgtxt=%E5%96%AE%E8%99%9F%3A114043+%E7%9A%84%E7%94%B3%E8%AB%8B%E5%96%AE%E5%88%AA%E9%99%A4%E6%88%90%E5%8A%9F.&target=iframe HTTP/1.1" 200 3104 "http://192.168.1.83:8088/eHR/ess/redirect.php?scriptname=ESNE004&appdesc=%E6%89%B9%E9%87%8F%E8%AF%B7%E5%81%87%E6%9F%A5%E8%AF%A2" "Mozilla/5.0 (Windows NT 6.1; Win64; x64) AppleWebKit/537.36 (KHTML, like Gecko) Chrome/105.0.0.0 Safari/537.36"
192.168.11.89 - - [25/Jun/2025:09:21:16 +0800] "GET /eHR/ess/redirect.php?scriptname=page_success&msgtxt=%E5%96%AE%E8%99%9F%3A114043+%E7%9A%84%E7%94%B3%E8%AB%8B%E5%96%AE%E5%88%AA%E9%99%A4%E6%88%90%E5%8A%9F.&target=iframe HTTP/1.1" 200 3104
192.168.132.60 - - [25/Jun/2025:09:21:16 +0800] "GET /eHR/mgr/redirect.php?scriptname=page_error&msgtxt=%3Ch3%3EHTTP+404+-+Page+not+found%3C%2Fh3%3E%3Cbr%3E%3Cstrong%3EFile+Name%3A%3C%2Fstrong%3Epage_error%3Cbr%2F%3E%3Cstrong%3EApplication+Name%3C%2Fstrong%3E%3A&target=iframe HTTP/1.1" 302 - "http://hcp.maglayers.com.cn:8088/eHR/mgr/redirect.php?scriptname=MDNH105&appdesc=%E5%8A%A0%E7%8F%AD%E5%BE%85%E7%AD%BE" "Mozilla/5.0 (Windows NT 10.0; Win64; x64; rv:139.0) Gecko/20100101 Firefox/139.0"
192.168.132.60 - - [25/Jun/2025:09:21:16 +0800] "GET /eHR/mgr/redirect.php?scriptname=page_error&msgtxt=%3Ch3%3EHTTP+404+-+Page+not+found%3C%2Fh3%3E%3Cbr%3E%3Cstrong%3EFile+Name%3A%3C%2Fstrong%3Epage_error%3Cbr%2F%3E%3Cstrong%3EApplication+Name%3C%2Fstrong%3E%3A&target=iframe HTTP/1.1" 302 -
192.168.11.148 - - [25/Jun/2025:09:21:16 +0800] "GET /eHR/mgr/redirect.php?scriptname=page_error&msgtxt=%3Ch3%3EHTTP+404+-+Page+not+found%3C%2Fh3%3E%3Cbr%3E%3Cstrong%3EFile+Name%3A%3C%2Fstrong%3Epage_error%3Cbr%2F%3E%3Cstrong%3EApplication+Name%3C%2Fstrong%3E%3A&target=iframe HTTP/1.1" 302 - "http://192.168.1.83:8088/eHR/mgr/redirect.php?scriptname=MDNH105&appdesc=%E5%8A%A0%E7%8F%AD%E7%AD%BE%E6%A0%B8" "Mozilla/5.0 (Windows NT 10.0; Win64; x64; rv:139.0) Gecko/20100101 Firefox/139.0"
192.168.11.148 - - [25/Jun/2025:09:21:16 +0800] "GET /eHR/mgr/redirect.php?scriptname=page_error&msgtxt=%3Ch3%3EHTTP+404+-+Page+not+found%3C%2Fh3%3E%3Cbr%3E%3Cstrong%3EFile+Name%3A%3C%2Fstrong%3Epage_error%3Cbr%2F%3E%3Cstrong%3EApplication+Name%3C%2Fstrong%3E%3A&target=iframe HTTP/1.1" 302 -
192.168.11.148 - - [25/Jun/2025:09:21:16 +0800] "GET /eHR/mgr/redirect.php?scriptname=page_error&msgtxt=%3Ch3%3EHTTP+404+-+Page+not+found%3C%2Fh3%3E%3Cbr%3E%3Cstrong%3EFile+Name%3A%3C%2Fstrong%3Epage_error%3Cbr%2F%3E%3Cstrong%3EApplication+Name%3C%2Fstrong%3E%3A&target=iframe HTTP/1.1" 302 - "http://192.168.1.83:8088/eHR/mgr/redirect.php?scriptname=MDNH105&appdesc=%E5%8A%A0%E7%8F%AD%E7%AD%BE%E6%A0%B8" "Mozilla/5.0 (Windows NT 10.0; Win64; x64; rv:139.0) Gecko/20100101 Firefox/139.0"
192.168.11.148 - - [25/Jun/2025:09:21:16 +0800] "GET /eHR/mgr/redirect.php?scriptname=page_error&msgtxt=%3Ch3%3EHTTP+404+-+Page+not+found%3C%2Fh3%3E%3Cbr%3E%3Cstrong%3EFile+Name%3A%3C%2Fstrong%3Epage_error%3Cbr%2F%3E%3Cstrong%3EApplication+Name%3C%2Fstrong%3E%3A&target=iframe HTTP/1.1" 302 -
192.168.132.60 - - [25/Jun/2025:09:21:17 +0800] "GET /eHR/mgr/redirect.php?scriptname=page_error&msgtxt=%3Ch3%3EHTTP+404+-+Page+not+found%3C%2Fh3%3E%3Cbr%3E%3Cstrong%3EFile+Name%3A%3C%2Fstrong%3Epage_error%3Cbr%2F%3E%3Cstrong%3EApplication+Name%3C%2Fstrong%3E%3A&target=iframe HTTP/1.1" 302 - "http://hcp.maglayers.com.cn:8088/eHR/mgr/redirect.php?scriptname=MDNH105&appdesc=%E5%8A%A0%E7%8F%AD%E5%BE%85%E7%AD%BE" "Mozilla/5.0 (Windows NT 10.0; Win64; x64; rv:139.0) Gecko/20100101 Firefox/139.0"
192.168.132.60 - - [25/Jun/2025:09:21:17 +0800] "GET /eHR/mgr/redirect.php?scriptname=page_error&msgtxt=%3Ch3%3EHTTP+404+-+Page+not+found%3C%2Fh3%3E%3Cbr%3E%3Cstrong%3EFile+Name%3A%3C%2Fstrong%3Epage_error%3Cbr%2F%3E%3Cstrong%3EApplication+Name%3C%2Fstrong%3E%3A&target=iframe HTTP/1.1" 302 -
192.168.11.148 - - [25/Jun/2025:09:21:17 +0800] "GET /eHR/mgr/redirect.php?scriptname=page_error&msgtxt=%3Ch3%3EHTTP+404+-+Page+not+found%3C%2Fh3%3E%3Cbr%3E%3Cstrong%3EFile+Name%3A%3C%2Fstrong%3Epage_error%3Cbr%2F%3E%3Cstrong%3EApplication+Name%3C%2Fstrong%3E%3A&target=iframe HTTP/1.1" 302 - "http://192.168.1.83:8088/eHR/mgr/redirect.php?scriptname=MDNH105&appdesc=%E5%8A%A0%E7%8F%AD%E7%AD%BE%E6%A0%B8" "Mozilla/5.0 (Windows NT 10.0; Win64; x64; rv:139.0) Gecko/20100101 Firefox/139.0"
192.168.11.148 - - [25/Jun/2025:09:21:17 +0800] "GET /eHR/mgr/redirect.php?scriptname=page_error&msgtxt=%3Ch3%3EHTTP+404+-+Page+not+found%3C%2Fh3%3E%3Cbr%3E%3Cstrong%3EFile+Name%3A%3C%2Fstrong%3Epage_error%3Cbr%2F%3E%3Cstrong%3EApplication+Name%3C%2Fstrong%3E%3A&target=iframe HTTP/1.1" 302 -
192.168.132.60 - - [25/Jun/2025:09:21:17 +0800] "GET /eHR/mgr/redirect.php?scriptname=page_error&msgtxt=%3Ch3%3EHTTP+404+-+Page+not+found%3C%2Fh3%3E%3Cbr%3E%3Cstrong%3EFile+Name%3A%3C%2Fstrong%3Epage_error%3Cbr%2F%3E%3Cstrong%3EApplication+Name%3C%2Fstrong%3E%3A&target=iframe HTTP/1.1" 302 - "http://hcp.maglayers.com.cn:8088/eHR/mgr/redirect.php?scriptname=MDNH105&appdesc=%E5%8A%A0%E7%8F%AD%E5%BE%85%E7%AD%BE" "Mozilla/5.0 (Windows NT 10.0; Win64; x64; rv:139.0) Gecko/20100101 Firefox/139.0"
192.168.132.60 - - [25/Jun/2025:09:21:17 +0800] "GET /eHR/mgr/redirect.php?scriptname=page_error&msgtxt=%3Ch3%3EHTTP+404+-+Page+not+found%3C%2Fh3%3E%3Cbr%3E%3Cstrong%3EFile+Name%3A%3C%2Fstrong%3Epage_error%3Cbr%2F%3E%3Cstrong%3EApplication+Name%3C%2Fstrong%3E%3A&target=iframe HTTP/1.1" 302 -
192.168.11.148 - - [25/Jun/2025:09:21:17 +0800] "GET /eHR/mgr/redirect.php?scriptname=page_error&msgtxt=%3Ch3%3EHTTP+404+-+Page+not+found%3C%2Fh3%3E%3Cbr%3E%3Cstrong%3EFile+Name%3A%3C%2Fstrong%3Epage_error%3Cbr%2F%3E%3Cstrong%3EApplication+Name%3C%2Fstrong%3E%3A&target=iframe HTTP/1.1" 302 - "http://192.168.1.83:8088/eHR/mgr/redirect.php?scriptname=MDNH105&appdesc=%E5%8A%A0%E7%8F%AD%E7%AD%BE%E6%A0%B8" "Mozilla/5.0 (Windows NT 10.0; Win64; x64; rv:139.0) Gecko/20100101 Firefox/139.0"
192.168.11.148 - - [25/Jun/2025:09:21:17 +0800] "GET /eHR/mgr/redirect.php?scriptname=page_error&msgtxt=%3Ch3%3EHTTP+404+-+Page+not+found%3C%2Fh3%3E%3Cbr%3E%3Cstrong%3EFile+Name%3A%3C%2Fstrong%3Epage_error%3Cbr%2F%3E%3Cstrong%3EApplication+Name%3C%2Fstrong%3E%3A&target=iframe HTTP/1.1" 302 -
192.168.132.60 - - [25/Jun/2025:09:21:17 +0800] "GET /eHR/mgr/redirect.php?scriptname=page_error&msgtxt=%3Ch3%3EHTTP+404+-+Page+not+found%3C%2Fh3%3E%3Cbr%3E%3Cstrong%3EFile+Name%3A%3C%2Fstrong%3Epage_error%3Cbr%2F%3E%3Cstrong%3EApplication+Name%3C%2Fstrong%3E%3A&target=iframe HTTP/1.1" 302 - "http://hcp.maglayers.com.cn:8088/eHR/mgr/redirect.php?scriptname=MDNH105&appdesc=%E5%8A%A0%E7%8F%AD%E5%BE%85%E7%AD%BE" "Mozilla/5.0 (Windows NT 10.0; Win64; x64; rv:139.0) Gecko/20100101 Firefox/139.0"
192.168.132.60 - - [25/Jun/2025:09:21:17 +0800] "GET /eHR/mgr/redirect.php?scriptname=page_error&msgtxt=%3Ch3%3EHTTP+404+-+Page+not+found%3C%2Fh3%3E%3Cbr%3E%3Cstrong%3EFile+Name%3A%3C%2Fstrong%3Epage_error%3Cbr%2F%3E%3Cstrong%3EApplication+Name%3C%2Fstrong%3E%3A&target=iframe HTTP/1.1" 302 -
192.168.11.148 - - [25/Jun/2025:09:21:17 +0800] "GET /eHR/mgr/redirect.php?scriptname=page_error&msgtxt=%3Ch3%3EHTTP+404+-+Page+not+found%3C%2Fh3%3E%3Cbr%3E%3Cstrong%3EFile+Name%3A%3C%2Fstrong%3Epage_error%3Cbr%2F%3E%3Cstrong%3EApplication+Name%3C%2Fstrong%3E%3A&target=iframe HTTP/1.1" 302 - "http://192.168.1.83:8088/eHR/mgr/redirect.php?scriptname=MDNH105&appdesc=%E5%8A%A0%E7%8F%AD%E7%AD%BE%E6%A0%B8" "Mozilla/5.0 (Windows NT 10.0; Win64; x64; rv:139.0) Gecko/20100101 Firefox/139.0"
192.168.11.148 - - [25/Jun/2025:09:21:17 +0800] "GET /eHR/mgr/redirect.php?scriptname=page_error&msgtxt=%3Ch3%3EHTTP+404+-+Page+not+found%3C%2Fh3%3E%3Cbr%3E%3Cstrong%3EFile+Name%3A%3C%2Fstrong%3Epage_error%3Cbr%2F%3E%3Cstrong%3EApplication+Name%3C%2Fstrong%3E%3A&target=iframe HTTP/1.1" 302 -
192.168.11.148 - - [25/Jun/2025:09:21:18 +0800] "GET /eHR/mgr/redirect.php?scriptname=page_error&msgtxt=%3Ch3%3EHTTP+404+-+Page+not+found%3C%2Fh3%3E%3Cbr%3E%3Cstrong%3EFile+Name%3A%3C%2Fstrong%3Epage_error%3Cbr%2F%3E%3Cstrong%3EApplication+Name%3C%2Fstrong%3E%3A&target=iframe HTTP/1.1" 302 - "http://192.168.1.83:8088/eHR/mgr/redirect.php?scriptname=MDNH105&appdesc=%E5%8A%A0%E7%8F%AD%E7%AD%BE%E6%A0%B8" "Mozilla/5.0 (Windows NT 10.0; Win64; x64; rv:139.0) Gecko/20100101 Firefox/139.0"
192.168.11.148 - - [25/Jun/2025:09:21:18 +0800] "GET /eHR/mgr/redirect.php?scriptname=page_error&msgtxt=%3Ch3%3EHTTP+404+-+Page+not+found%3C%2Fh3%3E%3Cbr%3E%3Cstrong%3EFile+Name%3A%3C%2Fstrong%3Epage_error%3Cbr%2F%3E%3Cstrong%3EApplication+Name%3C%2Fstrong%3E%3A&target=iframe HTTP/1.1" 302 -
192.168.132.60 - - [25/Jun/2025:09:21:18 +0800] "GET /eHR/mgr/redirect.php?scriptname=page_error&msgtxt=%3Ch3%3EHTTP+404+-+Page+not+found%3C%2Fh3%3E%3Cbr%3E%3Cstrong%3EFile+Name%3A%3C%2Fstrong%3Epage_error%3Cbr%2F%3E%3Cstrong%3EApplication+Name%3C%2Fstrong%3E%3A&target=iframe HTTP/1.1" 302 - "http://hcp.maglayers.com.cn:8088/eHR/mgr/redirect.php?scriptname=MDNH105&appdesc=%E5%8A%A0%E7%8F%AD%E5%BE%85%E7%AD%BE" "Mozilla/5.0 (Windows NT 10.0; Win64; x64; rv:139.0) Gecko/20100101 Firefox/139.0"
192.168.132.60 - - [25/Jun/2025:09:21:18 +0800] "GET /eHR/mgr/redirect.php?scriptname=page_error&msgtxt=%3Ch3%3EHTTP+404+-+Page+not+found%3C%2Fh3%3E%3Cbr%3E%3Cstrong%3EFile+Name%3A%3C%2Fstrong%3Epage_error%3Cbr%2F%3E%3Cstrong%3EApplication+Name%3C%2Fstrong%3E%3A&target=iframe HTTP/1.1" 302 -
192.168.11.148 - - [25/Jun/2025:09:21:18 +0800] "GET /eHR/mgr/redirect.php?scriptname=page_error&msgtxt=%3Ch3%3EHTTP+404+-+Page+not+found%3C%2Fh3%3E%3Cbr%3E%3Cstrong%3EFile+Name%3A%3C%2Fstrong%3Epage_error%3Cbr%2F%3E%3Cstrong%3EApplication+Name%3C%2Fstrong%3E%3A&target=iframe HTTP/1.1" 302 - "http://192.168.1.83:8088/eHR/mgr/redirect.php?scriptname=MDNH105&appdesc=%E5%8A%A0%E7%8F%AD%E7%AD%BE%E6%A0%B8" "Mozilla/5.0 (Windows NT 10.0; Win64; x64; rv:139.0) Gecko/20100101 Firefox/139.0"
192.168.11.148 - - [25/Jun/2025:09:21:18 +0800] "GET /eHR/mgr/redirect.php?scriptname=page_error&msgtxt=%3Ch3%3EHTTP+404+-+Page+not+found%3C%2Fh3%3E%3Cbr%3E%3Cstrong%3EFile+Name%3A%3C%2Fstrong%3Epage_error%3Cbr%2F%3E%3Cstrong%3EApplication+Name%3C%2Fstrong%3E%3A&target=iframe HTTP/1.1" 302 -
192.168.132.60 - - [25/Jun/2025:09:21:18 +0800] "GET /eHR/mgr/redirect.php?scriptname=page_error&msgtxt=%3Ch3%3EHTTP+404+-+Page+not+found%3C%2Fh3%3E%3Cbr%3E%3Cstrong%3EFile+Name%3A%3C%2Fstrong%3Epage_error%3Cbr%2F%3E%3Cstrong%3EApplication+Name%3C%2Fstrong%3E%3A&target=iframe HTTP/1.1" 302 - "http://hcp.maglayers.com.cn:8088/eHR/mgr/redirect.php?scriptname=MDNH105&appdesc=%E5%8A%A0%E7%8F%AD%E5%BE%85%E7%AD%BE" "Mozilla/5.0 (Windows NT 10.0; Win64; x64; rv:139.0) Gecko/20100101 Firefox/139.0"
192.168.132.60 - - [25/Jun/2025:09:21:18 +0800] "GET /eHR/mgr/redirect.php?scriptname=page_error&msgtxt=%3Ch3%3EHTTP+404+-+Page+not+found%3C%2Fh3%3E%3Cbr%3E%3Cstrong%3EFile+Name%3A%3C%2Fstrong%3Epage_error%3Cbr%2F%3E%3Cstrong%3EApplication+Name%3C%2Fstrong%3E%3A&target=iframe HTTP/1.1" 302 -
192.168.11.148 - - [25/Jun/2025:09:21:18 +0800] "GET /eHR/mgr/redirect.php?scriptname=page_error&msgtxt=%3Ch3%3EHTTP+404+-+Page+not+found%3C%2Fh3%3E%3Cbr%3E%3Cstrong%3EFile+Name%3A%3C%2Fstrong%3Epage_error%3Cbr%2F%3E%3Cstrong%3EApplication+Name%3C%2Fstrong%3E%3A&target=iframe HTTP/1.1" 302 - "http://192.168.1.83:8088/eHR/mgr/redirect.php?scriptname=MDNH105&appdesc=%E5%8A%A0%E7%8F%AD%E7%AD%BE%E6%A0%B8" "Mozilla/5.0 (Windows NT 10.0; Win64; x64; rv:139.0) Gecko/20100101 Firefox/139.0"
192.168.11.148 - - [25/Jun/2025:09:21:18 +0800] "GET /eHR/mgr/redirect.php?scriptname=page_error&msgtxt=%3Ch3%3EHTTP+404+-+Page+not+found%3C%2Fh3%3E%3Cbr%3E%3Cstrong%3EFile+Name%3A%3C%2Fstrong%3Epage_error%3Cbr%2F%3E%3Cstrong%3EApplication+Name%3C%2Fstrong%3E%3A&target=iframe HTTP/1.1" 302 -
192.168.132.60 - - [25/Jun/2025:09:21:18 +0800] "GET /eHR/mgr/redirect.php?scriptname=page_error&msgtxt=%3Ch3%3EHTTP+404+-+Page+not+found%3C%2Fh3%3E%3Cbr%3E%3Cstrong%3EFile+Name%3A%3C%2Fstrong%3Epage_error%3Cbr%2F%3E%3Cstrong%3EApplication+Name%3C%2Fstrong%3E%3A&target=iframe HTTP/1.1" 302 - "http://hcp.maglayers.com.cn:8088/eHR/mgr/redirect.php?scriptname=MDNH105&appdesc=%E5%8A%A0%E7%8F%AD%E5%BE%85%E7%AD%BE" "Mozilla/5.0 (Windows NT 10.0; Win64; x64; rv:139.0) Gecko/20100101 Firefox/139.0"
192.168.132.60 - - [25/Jun/2025:09:21:18 +0800] "GET /eHR/mgr/redirect.php?scriptname=page_error&msgtxt=%3Ch3%3EHTTP+404+-+Page+not+found%3C%2Fh3%3E%3Cbr%3E%3Cstrong%3EFile+Name%3A%3C%2Fstrong%3Epage_error%3Cbr%2F%3E%3Cstrong%3EApplication+Name%3C%2Fstrong%3E%3A&target=iframe HTTP/1.1" 302 -
192.168.11.148 - - [25/Jun/2025:09:21:18 +0800] "GET /eHR/mgr/redirect.php?scriptname=page_error&msgtxt=%3Ch3%3EHTTP+404+-+Page+not+found%3C%2Fh3%3E%3Cbr%3E%3Cstrong%3EFile+Name%3A%3C%2Fstrong%3Epage_error%3Cbr%2F%3E%3Cstrong%3EApplication+Name%3C%2Fstrong%3E%3A&target=iframe HTTP/1.1" 302 - "http://192.168.1.83:8088/eHR/mgr/redirect.php?scriptname=MDNH105&appdesc=%E5%8A%A0%E7%8F%AD%E7%AD%BE%E6%A0%B8" "Mozilla/5.0 (Windows NT 10.0; Win64; x64; rv:139.0) Gecko/20100101 Firefox/139.0"
192.168.11.148 - - [25/Jun/2025:09:21:18 +0800] "GET /eHR/mgr/redirect.php?scriptname=page_error&msgtxt=%3Ch3%3EHTTP+404+-+Page+not+found%3C%2Fh3%3E%3Cbr%3E%3Cstrong%3EFile+Name%3A%3C%2Fstrong%3Epage_error%3Cbr%2F%3E%3Cstrong%3EApplication+Name%3C%2Fstrong%3E%3A&target=iframe HTTP/1.1" 302 -
