192.168.12.66 - - [26/May/2025:14:21:09 +0800] "POST /eHR/ess/includes/login.php HTTP/1.1" 302 - "http://192.168.1.83:8088/eHR/ess/index.php?action=logout" "Mozilla/5.0 (Windows NT 10.0; Win64; x64; rv:138.0) Gecko/20100101 Firefox/138.0"
192.168.12.66 - - [26/May/2025:14:21:09 +0800] "POST /eHR/ess/includes/login.php HTTP/1.1" 302 -
192.168.12.66 - - [26/May/2025:14:21:14 +0800] "GET /eHR/ess/redirect.php HTTP/1.1" 200 7220 "http://192.168.1.83:8088/eHR/ess/index.php?action=logout" "Mozilla/5.0 (Windows NT 10.0; Win64; x64; rv:138.0) Gecko/20100101 Firefox/138.0"
192.168.12.66 - - [26/May/2025:14:21:14 +0800] "GET /eHR/ess/redirect.php HTTP/1.1" 200 7220
192.168.12.66 - - [26/May/2025:14:21:15 +0800] "GET /eHR/ess/redirect.php?scriptname=ESNH000 HTTP/1.1" 200 10222
192.168.12.66 - - [26/May/2025:14:21:15 +0800] "GET /eHR/ess/redirect.php?scriptname=ESNH000 HTTP/1.1" 200 10222 "http://192.168.1.83:8088/eHR/ess/redirect.php" "Mozilla/5.0 (Windows NT 10.0; Win64; x64; rv:138.0) Gecko/20100101 Firefox/138.0"
192.168.12.66 - - [26/May/2025:14:21:17 +0800] "GET /eHR/mgr/redirect.php?scriptname=MDNH105&appdesc=%E5%8A%A0%E7%8F%AD%E5%BE%85%E7%AD%BE HTTP/1.1" 200 1018057 "http://192.168.1.83:8088/eHR/ess/redirect.php?scriptname=ESNH000" "Mozilla/5.0 (Windows NT 10.0; Win64; x64; rv:138.0) Gecko/20100101 Firefox/138.0"
192.168.12.66 - - [26/May/2025:14:21:17 +0800] "GET /eHR/mgr/redirect.php?scriptname=MDNH105&appdesc=%E5%8A%A0%E7%8F%AD%E5%BE%85%E7%AD%BE HTTP/1.1" 200 1018057
192.168.12.66 - - [26/May/2025:14:21:29 +0800] "POST /eHR/mgr/redirect.php?scriptname=MDNH105&appdesc=%E5%8A%A0%E7%8F%AD%E5%BE%85%E7%AD%BE HTTP/1.1" 302 - "http://192.168.1.83:8088/eHR/mgr/redirect.php?scriptname=MDNH105&appdesc=%E5%8A%A0%E7%8F%AD%E5%BE%85%E7%AD%BE" "Mozilla/5.0 (Windows NT 10.0; Win64; x64; rv:138.0) Gecko/20100101 Firefox/138.0"
192.168.12.66 - - [26/May/2025:14:21:29 +0800] "POST /eHR/mgr/redirect.php?scriptname=MDNH105&appdesc=%E5%8A%A0%E7%8F%AD%E5%BE%85%E7%AD%BE HTTP/1.1" 302 -
192.168.12.66 - - [26/May/2025:14:21:37 +0800] "GET /eHR/mgr/redirect.php?scriptname=page_success&msgtxt=%E6%82%A8%E7%9A%84%E7%B0%BD%E6%A0%B8%EF%BC%8C%E5%B7%B2%E6%88%90%E5%8A%9F%E6%8F%90%E4%BA%A4%E5%88%B0%E5%BE%8C%E5%8F%B0%E8%99%95%E7%90%86.%3Cbr%3E%E6%82%A8%E5%8F%AF%E4%BB%A5%E7%82%B9%3Ca+href%3D%22..%2Fess%2Fredirect.php%3Fscriptname%3DESNH100%26requestno%3D129226%22%3E%E9%80%99%E8%A3%A1%3C%2Fa%3E%E6%9F%A5%E7%9C%8B%E7%B0%BD%E6%A0%B8%E7%B5%90%E6%9E%9C%E3%80%82%3Cbr%3E%E6%89%B9%E6%AC%A1%E8%99%9F%3A129226&target=iframe HTTP/1.1" 302 - "http://192.168.1.83:8088/eHR/mgr/redirect.php?scriptname=MDNH105&appdesc=%E5%8A%A0%E7%8F%AD%E5%BE%85%E7%AD%BE" "Mozilla/5.0 (Windows NT 10.0; Win64; x64; rv:138.0) Gecko/20100101 Firefox/138.0"
192.168.12.66 - - [26/May/2025:14:21:37 +0800] "GET /eHR/mgr/redirect.php?scriptname=page_success&msgtxt=%E6%82%A8%E7%9A%84%E7%B0%BD%E6%A0%B8%EF%BC%8C%E5%B7%B2%E6%88%90%E5%8A%9F%E6%8F%90%E4%BA%A4%E5%88%B0%E5%BE%8C%E5%8F%B0%E8%99%95%E7%90%86.%3Cbr%3E%E6%82%A8%E5%8F%AF%E4%BB%A5%E7%82%B9%3Ca+href%3D%22..%2Fess%2Fredirect.php%3Fscriptname%3DESNH100%26requestno%3D129226%22%3E%E9%80%99%E8%A3%A1%3C%2Fa%3E%E6%9F%A5%E7%9C%8B%E7%B0%BD%E6%A0%B8%E7%B5%90%E6%9E%9C%E3%80%82%3Cbr%3E%E6%89%B9%E6%AC%A1%E8%99%9F%3A129226&target=iframe HTTP/1.1" 302 -
192.168.11.104 - - [26/May/2025:14:21:37 +0800] "GET /eHR/ess/redirect.php?scriptname=assistant_overtime_apply_search&dept_seqno=4180&flowstatus=02&whoami=admin HTTP/1.1" 200 55475
192.168.11.104 - - [26/May/2025:14:21:37 +0800] "GET /eHR/ess/redirect.php?scriptname=assistant_overtime_apply_search&dept_seqno=4180&flowstatus=02&whoami=admin HTTP/1.1" 200 55475 "http://192.168.1.83:8088/eHR/ess/redirect.php?scriptname=ESNF000&appdesc=%E6%B5%81%E7%A8%8B%E7%AE%A1%E7%90%86" "Mozilla/4.0 (compatible; MSIE 7.0; Windows NT 10.0; WOW64; Trident/7.0; .NET4.0C; .NET4.0E)"
192.168.12.66 - - [26/May/2025:14:21:38 +0800] "GET /eHR/mgr/redirect.php?scriptname=page_error&msgtxt=%3Ch3%3EHTTP+404+-+Page+not+found%3C%2Fh3%3E%3Cbr%3E%3Cstrong%3EFile+Name%3A%3C%2Fstrong%3Epage_success%3Cbr%2F%3E%3Cstrong%3EApplication+Name%3C%2Fstrong%3E%3A&target=iframe HTTP/1.1" 302 -
192.168.12.66 - - [26/May/2025:14:21:38 +0800] "GET /eHR/mgr/redirect.php?scriptname=page_error&msgtxt=%3Ch3%3EHTTP+404+-+Page+not+found%3C%2Fh3%3E%3Cbr%3E%3Cstrong%3EFile+Name%3A%3C%2Fstrong%3Epage_success%3Cbr%2F%3E%3Cstrong%3EApplication+Name%3C%2Fstrong%3E%3A&target=iframe HTTP/1.1" 302 - "http://192.168.1.83:8088/eHR/mgr/redirect.php?scriptname=MDNH105&appdesc=%E5%8A%A0%E7%8F%AD%E5%BE%85%E7%AD%BE" "Mozilla/5.0 (Windows NT 10.0; Win64; x64; rv:138.0) Gecko/20100101 Firefox/138.0"
192.168.12.66 - - [26/May/2025:14:21:38 +0800] "GET /eHR/mgr/redirect.php?scriptname=page_error&msgtxt=%3Ch3%3EHTTP+404+-+Page+not+found%3C%2Fh3%3E%3Cbr%3E%3Cstrong%3EFile+Name%3A%3C%2Fstrong%3Epage_error%3Cbr%2F%3E%3Cstrong%3EApplication+Name%3C%2Fstrong%3E%3A&target=iframe HTTP/1.1" 302 -
192.168.12.66 - - [26/May/2025:14:21:38 +0800] "GET /eHR/mgr/redirect.php?scriptname=page_error&msgtxt=%3Ch3%3EHTTP+404+-+Page+not+found%3C%2Fh3%3E%3Cbr%3E%3Cstrong%3EFile+Name%3A%3C%2Fstrong%3Epage_error%3Cbr%2F%3E%3Cstrong%3EApplication+Name%3C%2Fstrong%3E%3A&target=iframe HTTP/1.1" 302 - "http://192.168.1.83:8088/eHR/mgr/redirect.php?scriptname=MDNH105&appdesc=%E5%8A%A0%E7%8F%AD%E5%BE%85%E7%AD%BE" "Mozilla/5.0 (Windows NT 10.0; Win64; x64; rv:138.0) Gecko/20100101 Firefox/138.0"
192.168.12.66 - - [26/May/2025:14:21:38 +0800] "GET /eHR/mgr/redirect.php?scriptname=page_error&msgtxt=%3Ch3%3EHTTP+404+-+Page+not+found%3C%2Fh3%3E%3Cbr%3E%3Cstrong%3EFile+Name%3A%3C%2Fstrong%3Epage_error%3Cbr%2F%3E%3Cstrong%3EApplication+Name%3C%2Fstrong%3E%3A&target=iframe HTTP/1.1" 302 -
192.168.12.66 - - [26/May/2025:14:21:38 +0800] "GET /eHR/mgr/redirect.php?scriptname=page_error&msgtxt=%3Ch3%3EHTTP+404+-+Page+not+found%3C%2Fh3%3E%3Cbr%3E%3Cstrong%3EFile+Name%3A%3C%2Fstrong%3Epage_error%3Cbr%2F%3E%3Cstrong%3EApplication+Name%3C%2Fstrong%3E%3A&target=iframe HTTP/1.1" 302 - "http://192.168.1.83:8088/eHR/mgr/redirect.php?scriptname=MDNH105&appdesc=%E5%8A%A0%E7%8F%AD%E5%BE%85%E7%AD%BE" "Mozilla/5.0 (Windows NT 10.0; Win64; x64; rv:138.0) Gecko/20100101 Firefox/138.0"
192.168.12.66 - - [26/May/2025:14:21:38 +0800] "GET /eHR/mgr/redirect.php?scriptname=page_error&msgtxt=%3Ch3%3EHTTP+404+-+Page+not+found%3C%2Fh3%3E%3Cbr%3E%3Cstrong%3EFile+Name%3A%3C%2Fstrong%3Epage_error%3Cbr%2F%3E%3Cstrong%3EApplication+Name%3C%2Fstrong%3E%3A&target=iframe HTTP/1.1" 302 -
192.168.12.66 - - [26/May/2025:14:21:38 +0800] "GET /eHR/mgr/redirect.php?scriptname=page_error&msgtxt=%3Ch3%3EHTTP+404+-+Page+not+found%3C%2Fh3%3E%3Cbr%3E%3Cstrong%3EFile+Name%3A%3C%2Fstrong%3Epage_error%3Cbr%2F%3E%3Cstrong%3EApplication+Name%3C%2Fstrong%3E%3A&target=iframe HTTP/1.1" 302 - "http://192.168.1.83:8088/eHR/mgr/redirect.php?scriptname=MDNH105&appdesc=%E5%8A%A0%E7%8F%AD%E5%BE%85%E7%AD%BE" "Mozilla/5.0 (Windows NT 10.0; Win64; x64; rv:138.0) Gecko/20100101 Firefox/138.0"
192.168.12.66 - - [26/May/2025:14:21:38 +0800] "GET /eHR/mgr/redirect.php?scriptname=page_error&msgtxt=%3Ch3%3EHTTP+404+-+Page+not+found%3C%2Fh3%3E%3Cbr%3E%3Cstrong%3EFile+Name%3A%3C%2Fstrong%3Epage_error%3Cbr%2F%3E%3Cstrong%3EApplication+Name%3C%2Fstrong%3E%3A&target=iframe HTTP/1.1" 302 -
192.168.12.66 - - [26/May/2025:14:21:38 +0800] "GET /eHR/mgr/redirect.php?scriptname=page_error&msgtxt=%3Ch3%3EHTTP+404+-+Page+not+found%3C%2Fh3%3E%3Cbr%3E%3Cstrong%3EFile+Name%3A%3C%2Fstrong%3Epage_error%3Cbr%2F%3E%3Cstrong%3EApplication+Name%3C%2Fstrong%3E%3A&target=iframe HTTP/1.1" 302 - "http://192.168.1.83:8088/eHR/mgr/redirect.php?scriptname=MDNH105&appdesc=%E5%8A%A0%E7%8F%AD%E5%BE%85%E7%AD%BE" "Mozilla/5.0 (Windows NT 10.0; Win64; x64; rv:138.0) Gecko/20100101 Firefox/138.0"
192.168.12.66 - - [26/May/2025:14:21:38 +0800] "GET /eHR/mgr/redirect.php?scriptname=page_error&msgtxt=%3Ch3%3EHTTP+404+-+Page+not+found%3C%2Fh3%3E%3Cbr%3E%3Cstrong%3EFile+Name%3A%3C%2Fstrong%3Epage_error%3Cbr%2F%3E%3Cstrong%3EApplication+Name%3C%2Fstrong%3E%3A&target=iframe HTTP/1.1" 302 - "http://192.168.1.83:8088/eHR/mgr/redirect.php?scriptname=MDNH105&appdesc=%E5%8A%A0%E7%8F%AD%E5%BE%85%E7%AD%BE" "Mozilla/5.0 (Windows NT 10.0; Win64; x64; rv:138.0) Gecko/20100101 Firefox/138.0"
192.168.12.66 - - [26/May/2025:14:21:38 +0800] "GET /eHR/mgr/redirect.php?scriptname=page_error&msgtxt=%3Ch3%3EHTTP+404+-+Page+not+found%3C%2Fh3%3E%3Cbr%3E%3Cstrong%3EFile+Name%3A%3C%2Fstrong%3Epage_error%3Cbr%2F%3E%3Cstrong%3EApplication+Name%3C%2Fstrong%3E%3A&target=iframe HTTP/1.1" 302 -
192.168.12.66 - - [26/May/2025:14:21:39 +0800] "GET /eHR/mgr/redirect.php?scriptname=page_error&msgtxt=%3Ch3%3EHTTP+404+-+Page+not+found%3C%2Fh3%3E%3Cbr%3E%3Cstrong%3EFile+Name%3A%3C%2Fstrong%3Epage_error%3Cbr%2F%3E%3Cstrong%3EApplication+Name%3C%2Fstrong%3E%3A&target=iframe HTTP/1.1" 302 - "http://192.168.1.83:8088/eHR/mgr/redirect.php?scriptname=MDNH105&appdesc=%E5%8A%A0%E7%8F%AD%E5%BE%85%E7%AD%BE" "Mozilla/5.0 (Windows NT 10.0; Win64; x64; rv:138.0) Gecko/20100101 Firefox/138.0"
192.168.12.66 - - [26/May/2025:14:21:39 +0800] "GET /eHR/mgr/redirect.php?scriptname=page_error&msgtxt=%3Ch3%3EHTTP+404+-+Page+not+found%3C%2Fh3%3E%3Cbr%3E%3Cstrong%3EFile+Name%3A%3C%2Fstrong%3Epage_error%3Cbr%2F%3E%3Cstrong%3EApplication+Name%3C%2Fstrong%3E%3A&target=iframe HTTP/1.1" 302 -
192.168.12.66 - - [26/May/2025:14:21:39 +0800] "GET /eHR/mgr/redirect.php?scriptname=page_error&msgtxt=%3Ch3%3EHTTP+404+-+Page+not+found%3C%2Fh3%3E%3Cbr%3E%3Cstrong%3EFile+Name%3A%3C%2Fstrong%3Epage_error%3Cbr%2F%3E%3Cstrong%3EApplication+Name%3C%2Fstrong%3E%3A&target=iframe HTTP/1.1" 302 -
192.168.12.66 - - [26/May/2025:14:21:39 +0800] "GET /eHR/mgr/redirect.php?scriptname=page_error&msgtxt=%3Ch3%3EHTTP+404+-+Page+not+found%3C%2Fh3%3E%3Cbr%3E%3Cstrong%3EFile+Name%3A%3C%2Fstrong%3Epage_error%3Cbr%2F%3E%3Cstrong%3EApplication+Name%3C%2Fstrong%3E%3A&target=iframe HTTP/1.1" 302 - "http://192.168.1.83:8088/eHR/mgr/redirect.php?scriptname=MDNH105&appdesc=%E5%8A%A0%E7%8F%AD%E5%BE%85%E7%AD%BE" "Mozilla/5.0 (Windows NT 10.0; Win64; x64; rv:138.0) Gecko/20100101 Firefox/138.0"
192.168.12.66 - - [26/May/2025:14:21:39 +0800] "GET /eHR/mgr/redirect.php?scriptname=page_error&msgtxt=%3Ch3%3EHTTP+404+-+Page+not+found%3C%2Fh3%3E%3Cbr%3E%3Cstrong%3EFile+Name%3A%3C%2Fstrong%3Epage_error%3Cbr%2F%3E%3Cstrong%3EApplication+Name%3C%2Fstrong%3E%3A&target=iframe HTTP/1.1" 302 - "http://192.168.1.83:8088/eHR/mgr/redirect.php?scriptname=MDNH105&appdesc=%E5%8A%A0%E7%8F%AD%E5%BE%85%E7%AD%BE" "Mozilla/5.0 (Windows NT 10.0; Win64; x64; rv:138.0) Gecko/20100101 Firefox/138.0"
192.168.12.66 - - [26/May/2025:14:21:39 +0800] "GET /eHR/mgr/redirect.php?scriptname=page_error&msgtxt=%3Ch3%3EHTTP+404+-+Page+not+found%3C%2Fh3%3E%3Cbr%3E%3Cstrong%3EFile+Name%3A%3C%2Fstrong%3Epage_error%3Cbr%2F%3E%3Cstrong%3EApplication+Name%3C%2Fstrong%3E%3A&target=iframe HTTP/1.1" 302 -
192.168.12.66 - - [26/May/2025:14:21:39 +0800] "GET /eHR/mgr/redirect.php?scriptname=page_error&msgtxt=%3Ch3%3EHTTP+404+-+Page+not+found%3C%2Fh3%3E%3Cbr%3E%3Cstrong%3EFile+Name%3A%3C%2Fstrong%3Epage_error%3Cbr%2F%3E%3Cstrong%3EApplication+Name%3C%2Fstrong%3E%3A&target=iframe HTTP/1.1" 302 -
192.168.12.66 - - [26/May/2025:14:21:39 +0800] "GET /eHR/mgr/redirect.php?scriptname=page_error&msgtxt=%3Ch3%3EHTTP+404+-+Page+not+found%3C%2Fh3%3E%3Cbr%3E%3Cstrong%3EFile+Name%3A%3C%2Fstrong%3Epage_error%3Cbr%2F%3E%3Cstrong%3EApplication+Name%3C%2Fstrong%3E%3A&target=iframe HTTP/1.1" 302 - "http://192.168.1.83:8088/eHR/mgr/redirect.php?scriptname=MDNH105&appdesc=%E5%8A%A0%E7%8F%AD%E5%BE%85%E7%AD%BE" "Mozilla/5.0 (Windows NT 10.0; Win64; x64; rv:138.0) Gecko/20100101 Firefox/138.0"
192.168.12.66 - - [26/May/2025:14:21:39 +0800] "GET /eHR/mgr/redirect.php?scriptname=page_error&msgtxt=%3Ch3%3EHTTP+404+-+Page+not+found%3C%2Fh3%3E%3Cbr%3E%3Cstrong%3EFile+Name%3A%3C%2Fstrong%3Epage_error%3Cbr%2F%3E%3Cstrong%3EApplication+Name%3C%2Fstrong%3E%3A&target=iframe HTTP/1.1" 302 -
192.168.12.66 - - [26/May/2025:14:21:39 +0800] "GET /eHR/mgr/redirect.php?scriptname=page_error&msgtxt=%3Ch3%3EHTTP+404+-+Page+not+found%3C%2Fh3%3E%3Cbr%3E%3Cstrong%3EFile+Name%3A%3C%2Fstrong%3Epage_error%3Cbr%2F%3E%3Cstrong%3EApplication+Name%3C%2Fstrong%3E%3A&target=iframe HTTP/1.1" 302 - "http://192.168.1.83:8088/eHR/mgr/redirect.php?scriptname=MDNH105&appdesc=%E5%8A%A0%E7%8F%AD%E5%BE%85%E7%AD%BE" "Mozilla/5.0 (Windows NT 10.0; Win64; x64; rv:138.0) Gecko/20100101 Firefox/138.0"
192.168.12.66 - - [26/May/2025:14:21:40 +0800] "GET /eHR/mgr/redirect.php?scriptname=page_error&msgtxt=%3Ch3%3EHTTP+404+-+Page+not+found%3C%2Fh3%3E%3Cbr%3E%3Cstrong%3EFile+Name%3A%3C%2Fstrong%3Epage_error%3Cbr%2F%3E%3Cstrong%3EApplication+Name%3C%2Fstrong%3E%3A&target=iframe HTTP/1.1" 302 - "http://192.168.1.83:8088/eHR/mgr/redirect.php?scriptname=MDNH105&appdesc=%E5%8A%A0%E7%8F%AD%E5%BE%85%E7%AD%BE" "Mozilla/5.0 (Windows NT 10.0; Win64; x64; rv:138.0) Gecko/20100101 Firefox/138.0"
192.168.12.66 - - [26/May/2025:14:21:40 +0800] "GET /eHR/mgr/redirect.php?scriptname=page_error&msgtxt=%3Ch3%3EHTTP+404+-+Page+not+found%3C%2Fh3%3E%3Cbr%3E%3Cstrong%3EFile+Name%3A%3C%2Fstrong%3Epage_error%3Cbr%2F%3E%3Cstrong%3EApplication+Name%3C%2Fstrong%3E%3A&target=iframe HTTP/1.1" 302 -
192.168.11.104 - - [26/May/2025:14:21:39 +0800] "GET /eHR/ess/redirect.php?scriptname=ESNF000&appdesc=%E6%B5%81%E7%A8%8B%E7%AE%A1%E7%90%86 HTTP/1.1" 200 28204
192.168.11.104 - - [26/May/2025:14:21:39 +0800] "GET /eHR/ess/redirect.php?scriptname=ESNF000&appdesc=%E6%B5%81%E7%A8%8B%E7%AE%A1%E7%90%86 HTTP/1.1" 200 28204 "http://192.168.1.83:8088/eHR/ess/redirect.php" "Mozilla/4.0 (compatible; MSIE 7.0; Windows NT 10.0; WOW64; Trident/7.0; .NET4.0C; .NET4.0E)"
192.168.12.66 - - [26/May/2025:14:21:40 +0800] "GET /eHR/mgr/redirect.php?scriptname=page_error&msgtxt=%3Ch3%3EHTTP+404+-+Page+not+found%3C%2Fh3%3E%3Cbr%3E%3Cstrong%3EFile+Name%3A%3C%2Fstrong%3Epage_error%3Cbr%2F%3E%3Cstrong%3EApplication+Name%3C%2Fstrong%3E%3A&target=iframe HTTP/1.1" 302 - "http://192.168.1.83:8088/eHR/mgr/redirect.php?scriptname=MDNH105&appdesc=%E5%8A%A0%E7%8F%AD%E5%BE%85%E7%AD%BE" "Mozilla/5.0 (Windows NT 10.0; Win64; x64; rv:138.0) Gecko/20100101 Firefox/138.0"
192.168.12.66 - - [26/May/2025:14:21:40 +0800] "GET /eHR/mgr/redirect.php?scriptname=page_error&msgtxt=%3Ch3%3EHTTP+404+-+Page+not+found%3C%2Fh3%3E%3Cbr%3E%3Cstrong%3EFile+Name%3A%3C%2Fstrong%3Epage_error%3Cbr%2F%3E%3Cstrong%3EApplication+Name%3C%2Fstrong%3E%3A&target=iframe HTTP/1.1" 302 -
192.168.12.66 - - [26/May/2025:14:21:40 +0800] "GET /eHR/mgr/redirect.php?scriptname=page_error&msgtxt=%3Ch3%3EHTTP+404+-+Page+not+found%3C%2Fh3%3E%3Cbr%3E%3Cstrong%3EFile+Name%3A%3C%2Fstrong%3Epage_error%3Cbr%2F%3E%3Cstrong%3EApplication+Name%3C%2Fstrong%3E%3A&target=iframe HTTP/1.1" 302 -
192.168.12.66 - - [26/May/2025:14:21:40 +0800] "GET /eHR/mgr/redirect.php?scriptname=page_error&msgtxt=%3Ch3%3EHTTP+404+-+Page+not+found%3C%2Fh3%3E%3Cbr%3E%3Cstrong%3EFile+Name%3A%3C%2Fstrong%3Epage_error%3Cbr%2F%3E%3Cstrong%3EApplication+Name%3C%2Fstrong%3E%3A&target=iframe HTTP/1.1" 302 - "http://192.168.1.83:8088/eHR/mgr/redirect.php?scriptname=MDNH105&appdesc=%E5%8A%A0%E7%8F%AD%E5%BE%85%E7%AD%BE" "Mozilla/5.0 (Windows NT 10.0; Win64; x64; rv:138.0) Gecko/20100101 Firefox/138.0"
192.168.12.66 - - [26/May/2025:14:21:40 +0800] "GET /eHR/mgr/redirect.php?scriptname=page_error&msgtxt=%3Ch3%3EHTTP+404+-+Page+not+found%3C%2Fh3%3E%3Cbr%3E%3Cstrong%3EFile+Name%3A%3C%2Fstrong%3Epage_error%3Cbr%2F%3E%3Cstrong%3EApplication+Name%3C%2Fstrong%3E%3A&target=iframe HTTP/1.1" 302 -
192.168.12.66 - - [26/May/2025:14:21:40 +0800] "GET /eHR/mgr/redirect.php?scriptname=page_error&msgtxt=%3Ch3%3EHTTP+404+-+Page+not+found%3C%2Fh3%3E%3Cbr%3E%3Cstrong%3EFile+Name%3A%3C%2Fstrong%3Epage_error%3Cbr%2F%3E%3Cstrong%3EApplication+Name%3C%2Fstrong%3E%3A&target=iframe HTTP/1.1" 302 - "http://192.168.1.83:8088/eHR/mgr/redirect.php?scriptname=MDNH105&appdesc=%E5%8A%A0%E7%8F%AD%E5%BE%85%E7%AD%BE" "Mozilla/5.0 (Windows NT 10.0; Win64; x64; rv:138.0) Gecko/20100101 Firefox/138.0"
192.168.12.66 - - [26/May/2025:14:21:40 +0800] "GET /eHR/mgr/redirect.php?scriptname=page_error&msgtxt=%3Ch3%3EHTTP+404+-+Page+not+found%3C%2Fh3%3E%3Cbr%3E%3Cstrong%3EFile+Name%3A%3C%2Fstrong%3Epage_error%3Cbr%2F%3E%3Cstrong%3EApplication+Name%3C%2Fstrong%3E%3A&target=iframe HTTP/1.1" 302 -
192.168.12.66 - - [26/May/2025:14:21:40 +0800] "GET /eHR/mgr/redirect.php?scriptname=page_error&msgtxt=%3Ch3%3EHTTP+404+-+Page+not+found%3C%2Fh3%3E%3Cbr%3E%3Cstrong%3EFile+Name%3A%3C%2Fstrong%3Epage_error%3Cbr%2F%3E%3Cstrong%3EApplication+Name%3C%2Fstrong%3E%3A&target=iframe HTTP/1.1" 302 - "http://192.168.1.83:8088/eHR/mgr/redirect.php?scriptname=MDNH105&appdesc=%E5%8A%A0%E7%8F%AD%E5%BE%85%E7%AD%BE" "Mozilla/5.0 (Windows NT 10.0; Win64; x64; rv:138.0) Gecko/20100101 Firefox/138.0"
192.168.12.66 - - [26/May/2025:14:21:41 +0800] "GET /eHR/mgr/redirect.php?scriptname=page_error&msgtxt=%3Ch3%3EHTTP+404+-+Page+not+found%3C%2Fh3%3E%3Cbr%3E%3Cstrong%3EFile+Name%3A%3C%2Fstrong%3Epage_error%3Cbr%2F%3E%3Cstrong%3EApplication+Name%3C%2Fstrong%3E%3A&target=iframe HTTP/1.1" 302 -
192.168.12.66 - - [26/May/2025:14:21:41 +0800] "GET /eHR/mgr/redirect.php?scriptname=page_error&msgtxt=%3Ch3%3EHTTP+404+-+Page+not+found%3C%2Fh3%3E%3Cbr%3E%3Cstrong%3EFile+Name%3A%3C%2Fstrong%3Epage_error%3Cbr%2F%3E%3Cstrong%3EApplication+Name%3C%2Fstrong%3E%3A&target=iframe HTTP/1.1" 302 - "http://192.168.1.83:8088/eHR/mgr/redirect.php?scriptname=MDNH105&appdesc=%E5%8A%A0%E7%8F%AD%E5%BE%85%E7%AD%BE" "Mozilla/5.0 (Windows NT 10.0; Win64; x64; rv:138.0) Gecko/20100101 Firefox/138.0"
192.168.12.66 - - [26/May/2025:14:21:41 +0800] "GET /eHR/mgr/redirect.php?scriptname=page_error&msgtxt=%3Ch3%3EHTTP+404+-+Page+not+found%3C%2Fh3%3E%3Cbr%3E%3Cstrong%3EFile+Name%3A%3C%2Fstrong%3Epage_error%3Cbr%2F%3E%3Cstrong%3EApplication+Name%3C%2Fstrong%3E%3A&target=iframe HTTP/1.1" 302 -
192.168.12.66 - - [26/May/2025:14:21:41 +0800] "GET /eHR/mgr/redirect.php?scriptname=page_error&msgtxt=%3Ch3%3EHTTP+404+-+Page+not+found%3C%2Fh3%3E%3Cbr%3E%3Cstrong%3EFile+Name%3A%3C%2Fstrong%3Epage_error%3Cbr%2F%3E%3Cstrong%3EApplication+Name%3C%2Fstrong%3E%3A&target=iframe HTTP/1.1" 302 - "http://192.168.1.83:8088/eHR/mgr/redirect.php?scriptname=MDNH105&appdesc=%E5%8A%A0%E7%8F%AD%E5%BE%85%E7%AD%BE" "Mozilla/5.0 (Windows NT 10.0; Win64; x64; rv:138.0) Gecko/20100101 Firefox/138.0"
192.168.12.66 - - [26/May/2025:14:21:41 +0800] "GET /eHR/mgr/redirect.php?scriptname=page_error&msgtxt=%3Ch3%3EHTTP+404+-+Page+not+found%3C%2Fh3%3E%3Cbr%3E%3Cstrong%3EFile+Name%3A%3C%2Fstrong%3Epage_error%3Cbr%2F%3E%3Cstrong%3EApplication+Name%3C%2Fstrong%3E%3A&target=iframe HTTP/1.1" 302 -
192.168.12.66 - - [26/May/2025:14:21:41 +0800] "GET /eHR/mgr/redirect.php?scriptname=page_error&msgtxt=%3Ch3%3EHTTP+404+-+Page+not+found%3C%2Fh3%3E%3Cbr%3E%3Cstrong%3EFile+Name%3A%3C%2Fstrong%3Epage_error%3Cbr%2F%3E%3Cstrong%3EApplication+Name%3C%2Fstrong%3E%3A&target=iframe HTTP/1.1" 302 - "http://192.168.1.83:8088/eHR/mgr/redirect.php?scriptname=MDNH105&appdesc=%E5%8A%A0%E7%8F%AD%E5%BE%85%E7%AD%BE" "Mozilla/5.0 (Windows NT 10.0; Win64; x64; rv:138.0) Gecko/20100101 Firefox/138.0"
192.168.12.66 - - [26/May/2025:14:21:43 +0800] "GET /eHR/ess/redirect.php?scriptname=ESNH003&appdesc=%E8%AF%B7%E5%81%87%E7%AD%BE%E6%A0%B8 HTTP/1.1" 302 - "http://192.168.1.83:8088/eHR/ess/redirect.php" "Mozilla/5.0 (Windows NT 10.0; Win64; x64; rv:138.0) Gecko/20100101 Firefox/138.0"
192.168.12.66 - - [26/May/2025:14:21:43 +0800] "GET /eHR/ess/redirect.php?scriptname=ESNH003&appdesc=%E8%AF%B7%E5%81%87%E7%AD%BE%E6%A0%B8 HTTP/1.1" 302 -
192.168.12.66 - - [26/May/2025:14:21:44 +0800] "GET /eHR/mgr/redirect.php?scriptname=MDNH104&appdesc=%E8%AF%B7%E5%81%87%E7%AD%BE%E6%A0%B8 HTTP/1.1" 200 7256 "http://192.168.1.83:8088/eHR/ess/redirect.php" "Mozilla/5.0 (Windows NT 10.0; Win64; x64; rv:138.0) Gecko/20100101 Firefox/138.0"
192.168.12.66 - - [26/May/2025:14:21:44 +0800] "GET /eHR/mgr/redirect.php?scriptname=MDNH104&appdesc=%E8%AF%B7%E5%81%87%E7%AD%BE%E6%A0%B8 HTTP/1.1" 200 7256
192.168.12.66 - - [26/May/2025:14:21:45 +0800] "GET /eHR/ess/redirect.php?scriptname=ESNH004&appdesc=%E5%8A%A0%E7%8F%AD%E7%AD%BE%E6%A0%B8 HTTP/1.1" 302 - "http://192.168.1.83:8088/eHR/ess/redirect.php" "Mozilla/5.0 (Windows NT 10.0; Win64; x64; rv:138.0) Gecko/20100101 Firefox/138.0"
192.168.12.66 - - [26/May/2025:14:21:45 +0800] "GET /eHR/ess/redirect.php?scriptname=ESNH004&appdesc=%E5%8A%A0%E7%8F%AD%E7%AD%BE%E6%A0%B8 HTTP/1.1" 302 -
192.168.12.66 - - [26/May/2025:14:21:45 +0800] "GET /eHR/mgr/redirect.php?scriptname=MDNH105&appdesc=%E5%8A%A0%E7%8F%AD%E7%AD%BE%E6%A0%B8 HTTP/1.1" 200 6702
192.168.12.66 - - [26/May/2025:14:21:45 +0800] "GET /eHR/mgr/redirect.php?scriptname=MDNH105&appdesc=%E5%8A%A0%E7%8F%AD%E7%AD%BE%E6%A0%B8 HTTP/1.1" 200 6702 "http://192.168.1.83:8088/eHR/ess/redirect.php" "Mozilla/5.0 (Windows NT 10.0; Win64; x64; rv:138.0) Gecko/20100101 Firefox/138.0"
192.168.11.104 - - [26/May/2025:14:21:45 +0800] "GET /eHR/ess/redirect.php?scriptname=assistant_overtime_apply_search&dept_seqno=4354&flowstatus=01&whoami=admin HTTP/1.1" 200 55475
192.168.11.104 - - [26/May/2025:14:21:45 +0800] "GET /eHR/ess/redirect.php?scriptname=assistant_overtime_apply_search&dept_seqno=4354&flowstatus=01&whoami=admin HTTP/1.1" 200 55475 "http://192.168.1.83:8088/eHR/ess/redirect.php?scriptname=ESNF000&appdesc=%E6%B5%81%E7%A8%8B%E7%AE%A1%E7%90%86" "Mozilla/4.0 (compatible; MSIE 7.0; Windows NT 10.0; WOW64; Trident/7.0; .NET4.0C; .NET4.0E)"
192.168.12.66 - - [26/May/2025:14:21:47 +0800] "GET /eHR/ess/index.php?action=logout HTTP/1.1" 200 8826 "http://192.168.1.83:8088/eHR/ess/redirect.php" "Mozilla/5.0 (Windows NT 10.0; Win64; x64; rv:138.0) Gecko/20100101 Firefox/138.0"
192.168.12.66 - - [26/May/2025:14:21:47 +0800] "GET /eHR/ess/index.php?action=logout HTTP/1.1" 200 8826
192.168.11.104 - - [26/May/2025:14:21:48 +0800] "GET /eHR/ess/redirect.php?scriptname=ESNF000&appdesc=%E6%B5%81%E7%A8%8B%E7%AE%A1%E7%90%86 HTTP/1.1" 200 28204
192.168.11.104 - - [26/May/2025:14:21:48 +0800] "GET /eHR/ess/redirect.php?scriptname=ESNF000&appdesc=%E6%B5%81%E7%A8%8B%E7%AE%A1%E7%90%86 HTTP/1.1" 200 28204 "http://192.168.1.83:8088/eHR/ess/redirect.php" "Mozilla/4.0 (compatible; MSIE 7.0; Windows NT 10.0; WOW64; Trident/7.0; .NET4.0C; .NET4.0E)"
192.168.11.104 - - [26/May/2025:14:21:55 +0800] "GET /eHR/ess/redirect.php?scriptname=ESNH000 HTTP/1.1" 200 9918 "http://192.168.1.83:8088/eHR/ess/redirect.php" "Mozilla/4.0 (compatible; MSIE 7.0; Windows NT 10.0; WOW64; Trident/7.0; .NET4.0C; .NET4.0E)"
192.168.11.104 - - [26/May/2025:14:21:55 +0800] "GET /eHR/ess/redirect.php?scriptname=ESNH000 HTTP/1.1" 200 9918
192.168.12.66 - - [26/May/2025:14:21:53 +0800] "POST /eHR/ess/includes/login.php HTTP/1.1" 302 - "http://192.168.1.83:8088/eHR/ess/index.php?action=logout" "Mozilla/5.0 (Windows NT 10.0; Win64; x64; rv:138.0) Gecko/20100101 Firefox/138.0"
192.168.12.66 - - [26/May/2025:14:21:53 +0800] "POST /eHR/ess/includes/login.php HTTP/1.1" 302 -
192.168.12.66 - - [26/May/2025:14:21:58 +0800] "GET /eHR/ess/redirect.php HTTP/1.1" 200 7220
192.168.12.66 - - [26/May/2025:14:21:58 +0800] "GET /eHR/ess/redirect.php HTTP/1.1" 200 7220 "http://192.168.1.83:8088/eHR/ess/index.php?action=logout" "Mozilla/5.0 (Windows NT 10.0; Win64; x64; rv:138.0) Gecko/20100101 Firefox/138.0"
192.168.12.66 - - [26/May/2025:14:21:59 +0800] "GET /eHR/ess/redirect.php?scriptname=ESNH000 HTTP/1.1" 200 9918 "http://192.168.1.83:8088/eHR/ess/redirect.php" "Mozilla/5.0 (Windows NT 10.0; Win64; x64; rv:138.0) Gecko/20100101 Firefox/138.0"
192.168.12.66 - - [26/May/2025:14:21:59 +0800] "GET /eHR/ess/redirect.php?scriptname=ESNH000 HTTP/1.1" 200 9918
192.168.12.66 - - [26/May/2025:14:22:02 +0800] "GET /eHR/ess/index.php?action=logout HTTP/1.1" 200 8826 "http://192.168.1.83:8088/eHR/ess/redirect.php" "Mozilla/5.0 (Windows NT 10.0; Win64; x64; rv:138.0) Gecko/20100101 Firefox/138.0"
192.168.12.66 - - [26/May/2025:14:22:02 +0800] "GET /eHR/ess/index.php?action=logout HTTP/1.1" 200 8826
192.168.12.66 - - [26/May/2025:14:22:05 +0800] "POST /eHR/ess/includes/login.php HTTP/1.1" 302 - "http://192.168.1.83:8088/eHR/ess/index.php?action=logout" "Mozilla/5.0 (Windows NT 10.0; Win64; x64; rv:138.0) Gecko/20100101 Firefox/138.0"
192.168.12.66 - - [26/May/2025:14:22:05 +0800] "POST /eHR/ess/includes/login.php HTTP/1.1" 302 -
192.168.12.66 - - [26/May/2025:14:22:10 +0800] "GET /eHR/ess/redirect.php HTTP/1.1" 200 8929 "http://192.168.1.83:8088/eHR/ess/index.php?action=logout" "Mozilla/5.0 (Windows NT 10.0; Win64; x64; rv:138.0) Gecko/20100101 Firefox/138.0"
192.168.12.66 - - [26/May/2025:14:22:10 +0800] "GET /eHR/ess/redirect.php HTTP/1.1" 200 8929
192.168.12.66 - - [26/May/2025:14:22:11 +0800] "GET /eHR/ess/redirect.php?scriptname=ESNH000 HTTP/1.1" 200 9956
192.168.12.66 - - [26/May/2025:14:22:11 +0800] "GET /eHR/ess/redirect.php?scriptname=ESNH000 HTTP/1.1" 200 9956 "http://192.168.1.83:8088/eHR/ess/redirect.php" "Mozilla/5.0 (Windows NT 10.0; Win64; x64; rv:138.0) Gecko/20100101 Firefox/138.0"
192.168.11.104 - - [26/May/2025:14:22:13 +0800] "GET /eHR/ess/redirect.php?scriptname=ESNF000&appdesc=%E6%B5%81%E7%A8%8B%E7%AE%A1%E7%90%86 HTTP/1.1" 200 28204
192.168.11.104 - - [26/May/2025:14:22:13 +0800] "GET /eHR/ess/redirect.php?scriptname=ESNF000&appdesc=%E6%B5%81%E7%A8%8B%E7%AE%A1%E7%90%86 HTTP/1.1" 200 28204 "http://192.168.1.83:8088/eHR/ess/redirect.php" "Mozilla/4.0 (compatible; MSIE 7.0; Windows NT 10.0; WOW64; Trident/7.0; .NET4.0C; .NET4.0E)"
192.168.12.66 - - [26/May/2025:14:22:14 +0800] "GET /eHR/ess/redirect.php?scriptname=ESNE004&appdesc=%E6%89%B9%E9%87%8F%E8%AF%B7%E5%81%87%E6%9F%A5%E8%AF%A2 HTTP/1.1" 200 39147
192.168.12.66 - - [26/May/2025:14:22:14 +0800] "GET /eHR/ess/redirect.php?scriptname=ESNE004&appdesc=%E6%89%B9%E9%87%8F%E8%AF%B7%E5%81%87%E6%9F%A5%E8%AF%A2 HTTP/1.1" 200 39147 "http://192.168.1.83:8088/eHR/ess/redirect.php" "Mozilla/5.0 (Windows NT 10.0; Win64; x64; rv:138.0) Gecko/20100101 Firefox/138.0"
192.168.12.66 - - [26/May/2025:14:22:19 +0800] "POST /eHR/ess/redirect.php?scriptname=ESNE004&appdesc=%E6%89%B9%E9%87%8F%E8%AF%B7%E5%81%87%E6%9F%A5%E8%AF%A2 HTTP/1.1" 200 68828 "http://192.168.1.83:8088/eHR/ess/redirect.php?scriptname=ESNE004&appdesc=%E6%89%B9%E9%87%8F%E8%AF%B7%E5%81%87%E6%9F%A5%E8%AF%A2" "Mozilla/5.0 (Windows NT 10.0; Win64; x64; rv:138.0) Gecko/20100101 Firefox/138.0"
192.168.12.66 - - [26/May/2025:14:22:19 +0800] "POST /eHR/ess/redirect.php?scriptname=ESNE004&appdesc=%E6%89%B9%E9%87%8F%E8%AF%B7%E5%81%87%E6%9F%A5%E8%AF%A2 HTTP/1.1" 200 68828
192.168.11.104 - - [26/May/2025:14:22:29 +0800] "GET /eHR/ess/redirect.php?scriptname=ESNH000 HTTP/1.1" 200 9918 "http://192.168.1.83:8088/eHR/ess/redirect.php" "Mozilla/4.0 (compatible; MSIE 7.0; Windows NT 10.0; WOW64; Trident/7.0; .NET4.0C; .NET4.0E)"
192.168.11.104 - - [26/May/2025:14:22:29 +0800] "GET /eHR/ess/redirect.php?scriptname=ESNH000 HTTP/1.1" 200 9918
192.168.11.104 - - [26/May/2025:14:22:31 +0800] "GET /eHR/ess/index.php?lang=ZHT&companyno=3913&loginerror=The+user+name+does+not+exist. HTTP/1.1" 200 9006
192.168.11.104 - - [26/May/2025:14:22:31 +0800] "GET /eHR/ess/index.php?lang=ZHT&companyno=3913&loginerror=The+user+name+does+not+exist. HTTP/1.1" 200 9006 "http://192.168.1.83:8088/eHR/ess/index.php?lang=ZHT" "Mozilla/4.0 (compatible; MSIE 7.0; Windows NT 10.0; WOW64; Trident/7.0; .NET4.0C; .NET4.0E)"
192.168.12.66 - - [26/May/2025:14:22:34 +0800] "GET /eHR/ess/redirect.php?scriptname=ESNE004&appdesc=%E6%89%B9%E9%87%8F%E8%AF%B7%E5%81%87%E6%9F%A5%E8%AF%A2 HTTP/1.1" 200 39147 "http://192.168.1.83:8088/eHR/ess/redirect.php" "Mozilla/5.0 (Windows NT 10.0; Win64; x64; rv:138.0) Gecko/20100101 Firefox/138.0"
192.168.12.66 - - [26/May/2025:14:22:34 +0800] "GET /eHR/ess/redirect.php?scriptname=ESNE004&appdesc=%E6%89%B9%E9%87%8F%E8%AF%B7%E5%81%87%E6%9F%A5%E8%AF%A2 HTTP/1.1" 200 39147
192.168.12.66 - - [26/May/2025:14:22:35 +0800] "GET /eHR/ess/redirect.php?scriptname=ESNE003&appdesc=%E6%89%B9%E9%87%8F%E5%8A%A0%E7%8F%AD%E6%9F%A5%E8%AF%A2 HTTP/1.1" 200 38057
192.168.12.66 - - [26/May/2025:14:22:35 +0800] "GET /eHR/ess/redirect.php?scriptname=ESNE003&appdesc=%E6%89%B9%E9%87%8F%E5%8A%A0%E7%8F%AD%E6%9F%A5%E8%AF%A2 HTTP/1.1" 200 38057 "http://192.168.1.83:8088/eHR/ess/redirect.php" "Mozilla/5.0 (Windows NT 10.0; Win64; x64; rv:138.0) Gecko/20100101 Firefox/138.0"
192.168.12.66 - - [26/May/2025:14:22:38 +0800] "POST /eHR/ess/redirect.php?scriptname=ESNE003&appdesc=%E6%89%B9%E9%87%8F%E5%8A%A0%E7%8F%AD%E6%9F%A5%E8%AF%A2 HTTP/1.1" 200 43454 "http://192.168.1.83:8088/eHR/ess/redirect.php?scriptname=ESNE003&appdesc=%E6%89%B9%E9%87%8F%E5%8A%A0%E7%8F%AD%E6%9F%A5%E8%AF%A2" "Mozilla/5.0 (Windows NT 10.0; Win64; x64; rv:138.0) Gecko/20100101 Firefox/138.0"
192.168.12.66 - - [26/May/2025:14:22:38 +0800] "POST /eHR/ess/redirect.php?scriptname=ESNE003&appdesc=%E6%89%B9%E9%87%8F%E5%8A%A0%E7%8F%AD%E6%9F%A5%E8%AF%A2 HTTP/1.1" 200 43454
192.168.11.104 - - [26/May/2025:14:22:35 +0800] "POST /eHR/ess/includes/login.php HTTP/1.1" 302 - "http://192.168.1.83:8088/eHR/ess/index.php?lang=ZHT&companyno=3913&loginerror=The+user+name+does+not+exist." "Mozilla/4.0 (compatible; MSIE 7.0; Windows NT 10.0; WOW64; Trident/7.0; .NET4.0C; .NET4.0E)"
192.168.11.104 - - [26/May/2025:14:22:35 +0800] "POST /eHR/ess/includes/login.php HTTP/1.1" 302 -
192.168.11.104 - - [26/May/2025:14:22:40 +0800] "GET /eHR/ess/redirect.php HTTP/1.1" 200 20116 "http://192.168.1.83:8088/eHR/ess/index.php?lang=ZHT&companyno=3913&loginerror=The+user+name+does+not+exist." "Mozilla/4.0 (compatible; MSIE 7.0; Windows NT 10.0; WOW64; Trident/7.0; .NET4.0C; .NET4.0E)"
192.168.11.104 - - [26/May/2025:14:22:40 +0800] "GET /eHR/ess/redirect.php HTTP/1.1" 200 20116
192.168.12.66 - - [26/May/2025:14:22:41 +0800] "POST /eHR/ess/redirect.php?scriptname=view_flowchart&action=view_flowchart&apply_type=overtime&flow_seqno=1253501 HTTP/1.1" 200 5298 "http://192.168.1.83:8088/eHR/ess/redirect.php" "Mozilla/5.0 (Windows NT 10.0; Win64; x64; rv:138.0) Gecko/20100101 Firefox/138.0"
192.168.12.66 - - [26/May/2025:14:22:41 +0800] "POST /eHR/ess/redirect.php?scriptname=view_flowchart&action=view_flowchart&apply_type=overtime&flow_seqno=1253501 HTTP/1.1" 200 5298
192.168.12.66 - - [26/May/2025:14:22:42 +0800] "GET /eHR/css/jqueryui/themes/redmond/images/ui-bg_flat_0_aaaaaa_40x100.png HTTP/1.1" 200 180 "http://192.168.1.83:8088/eHR/css/jqueryui/themes/redmond/jquery.ui.theme.css" "Mozilla/5.0 (Windows NT 10.0; Win64; x64; rv:138.0) Gecko/20100101 Firefox/138.0"
192.168.12.66 - - [26/May/2025:14:22:42 +0800] "GET /eHR/css/jqueryui/themes/redmond/images/ui-bg_flat_0_aaaaaa_40x100.png HTTP/1.1" 200 180
192.168.12.66 - - [26/May/2025:14:22:42 +0800] "GET /eHR/css/jqueryui/themes/redmond/images/ui-icons_469bdd_256x240.png HTTP/1.1" 200 4369 "http://192.168.1.83:8088/eHR/css/jqueryui/themes/redmond/jquery.ui.theme.css" "Mozilla/5.0 (Windows NT 10.0; Win64; x64; rv:138.0) Gecko/20100101 Firefox/138.0"
192.168.12.66 - - [26/May/2025:14:22:42 +0800] "GET /eHR/css/jqueryui/themes/redmond/images/ui-icons_469bdd_256x240.png HTTP/1.1" 200 4369
192.168.12.66 - - [26/May/2025:14:22:42 +0800] "GET /eHR/img/workflow/start.png HTTP/1.1" 200 2344
192.168.12.66 - - [26/May/2025:14:22:42 +0800] "GET /eHR/img/workflow/start.png HTTP/1.1" 200 2344 "http://192.168.1.83:8088/eHR/ess/redirect.php" "Mozilla/5.0 (Windows NT 10.0; Win64; x64; rv:138.0) Gecko/20100101 Firefox/138.0"
192.168.12.66 - - [26/May/2025:14:22:42 +0800] "GET /eHR/img/workflow/process.png HTTP/1.1" 200 2728
192.168.12.66 - - [26/May/2025:14:22:42 +0800] "GET /eHR/img/workflow/process.png HTTP/1.1" 200 2728 "http://192.168.1.83:8088/eHR/ess/redirect.php" "Mozilla/5.0 (Windows NT 10.0; Win64; x64; rv:138.0) Gecko/20100101 Firefox/138.0"
192.168.12.66 - - [26/May/2025:14:22:42 +0800] "GET /eHR/img/workflow/user_sign_unknown.png HTTP/1.1" 200 2737 "http://192.168.1.83:8088/eHR/ess/redirect.php" "Mozilla/5.0 (Windows NT 10.0; Win64; x64; rv:138.0) Gecko/20100101 Firefox/138.0"
192.168.12.66 - - [26/May/2025:14:22:42 +0800] "GET /eHR/img/workflow/user_sign_unknown.png HTTP/1.1" 200 2737
192.168.12.66 - - [26/May/2025:14:22:42 +0800] "GET /eHR/img/workflow/end.png HTTP/1.1" 200 2726 "http://192.168.1.83:8088/eHR/ess/redirect.php" "Mozilla/5.0 (Windows NT 10.0; Win64; x64; rv:138.0) Gecko/20100101 Firefox/138.0"
192.168.12.66 - - [26/May/2025:14:22:42 +0800] "GET /eHR/img/workflow/end.png HTTP/1.1" 200 2726
192.168.11.104 - - [26/May/2025:14:22:41 +0800] "GET /eHR/ess/redirect.php?scriptname=ESNH000 HTTP/1.1" 200 9918
192.168.11.104 - - [26/May/2025:14:22:41 +0800] "GET /eHR/ess/redirect.php?scriptname=ESNH000 HTTP/1.1" 200 9918 "http://192.168.1.83:8088/eHR/ess/redirect.php" "Mozilla/4.0 (compatible; MSIE 7.0; Windows NT 10.0; WOW64; Trident/7.0; .NET4.0C; .NET4.0E)"
192.168.12.66 - - [26/May/2025:14:22:46 +0800] "POST /eHR/ess/redirect.php?scriptname=ESNE003&appdesc=%E6%89%B9%E9%87%8F%E5%8A%A0%E7%8F%AD%E6%9F%A5%E8%AF%A2 HTTP/1.1" 200 120744 "http://192.168.1.83:8088/eHR/ess/redirect.php?scriptname=ESNE003&appdesc=%E6%89%B9%E9%87%8F%E5%8A%A0%E7%8F%AD%E6%9F%A5%E8%AF%A2" "Mozilla/5.0 (Windows NT 10.0; Win64; x64; rv:138.0) Gecko/20100101 Firefox/138.0"
192.168.12.66 - - [26/May/2025:14:22:46 +0800] "POST /eHR/ess/redirect.php?scriptname=ESNE003&appdesc=%E6%89%B9%E9%87%8F%E5%8A%A0%E7%8F%AD%E6%9F%A5%E8%AF%A2 HTTP/1.1" 200 120744
192.168.12.66 - - [26/May/2025:14:22:51 +0800] "POST /eHR/ess/redirect.php?scriptname=view_flowchart&action=view_flowchart&apply_type=overtime&flow_seqno=1253804 HTTP/1.1" 200 5615 "http://192.168.1.83:8088/eHR/ess/redirect.php" "Mozilla/5.0 (Windows NT 10.0; Win64; x64; rv:138.0) Gecko/20100101 Firefox/138.0"
192.168.12.66 - - [26/May/2025:14:22:51 +0800] "POST /eHR/ess/redirect.php?scriptname=view_flowchart&action=view_flowchart&apply_type=overtime&flow_seqno=1253804 HTTP/1.1" 200 5615
192.168.12.66 - - [26/May/2025:14:22:52 +0800] "GET /eHR/img/workflow/end_approve.png HTTP/1.1" 200 2362
192.168.12.66 - - [26/May/2025:14:22:52 +0800] "GET /eHR/img/workflow/end_approve.png HTTP/1.1" 200 2362 "http://192.168.1.83:8088/eHR/ess/redirect.php" "Mozilla/5.0 (Windows NT 10.0; Win64; x64; rv:138.0) Gecko/20100101 Firefox/138.0"
192.168.12.66 - - [26/May/2025:14:22:52 +0800] "GET /eHR/img/workflow/user_sign_approve_key.png HTTP/1.1" 200 3099
192.168.12.66 - - [26/May/2025:14:22:52 +0800] "GET /eHR/img/workflow/user_sign_approve_key.png HTTP/1.1" 200 3099 "http://192.168.1.83:8088/eHR/ess/redirect.php" "Mozilla/5.0 (Windows NT 10.0; Win64; x64; rv:138.0) Gecko/20100101 Firefox/138.0"
192.168.11.104 - - [26/May/2025:14:22:59 +0800] "GET /eHR/ess/redirect.php?scriptname=ESNF000&appdesc=%E6%B5%81%E7%A8%8B%E7%AE%A1%E7%90%86 HTTP/1.1" 200 28204 "http://192.168.1.83:8088/eHR/ess/redirect.php" "Mozilla/4.0 (compatible; MSIE 7.0; Windows NT 10.0; WOW64; Trident/7.0; .NET4.0C; .NET4.0E)"
192.168.11.104 - - [26/May/2025:14:22:59 +0800] "GET /eHR/ess/redirect.php?scriptname=ESNF000&appdesc=%E6%B5%81%E7%A8%8B%E7%AE%A1%E7%90%86 HTTP/1.1" 200 28204
192.168.12.66 - - [26/May/2025:14:22:59 +0800] "POST /eHR/ess/redirect.php?scriptname=ESNE003&appdesc=%E6%89%B9%E9%87%8F%E5%8A%A0%E7%8F%AD%E6%9F%A5%E8%AF%A2 HTTP/1.1" 200 82376
192.168.12.66 - - [26/May/2025:14:22:59 +0800] "POST /eHR/ess/redirect.php?scriptname=ESNE003&appdesc=%E6%89%B9%E9%87%8F%E5%8A%A0%E7%8F%AD%E6%9F%A5%E8%AF%A2 HTTP/1.1" 200 82376 "http://192.168.1.83:8088/eHR/ess/redirect.php?scriptname=ESNE003&appdesc=%E6%89%B9%E9%87%8F%E5%8A%A0%E7%8F%AD%E6%9F%A5%E8%AF%A2" "Mozilla/5.0 (Windows NT 10.0; Win64; x64; rv:138.0) Gecko/20100101 Firefox/138.0"
192.168.12.66 - - [26/May/2025:14:23:05 +0800] "POST /eHR/ess/redirect.php?scriptname=view_flowchart&action=view_flowchart&apply_type=overtime&flow_seqno=1253802 HTTP/1.1" 200 5602 "http://192.168.1.83:8088/eHR/ess/redirect.php" "Mozilla/5.0 (Windows NT 10.0; Win64; x64; rv:138.0) Gecko/20100101 Firefox/138.0"
192.168.12.66 - - [26/May/2025:14:23:05 +0800] "POST /eHR/ess/redirect.php?scriptname=view_flowchart&action=view_flowchart&apply_type=overtime&flow_seqno=1253802 HTTP/1.1" 200 5602
192.168.12.66 - - [26/May/2025:14:23:05 +0800] "GET /eHR/img/workflow/user_sign_unknown_key.png HTTP/1.1" 200 3101
192.168.12.66 - - [26/May/2025:14:23:05 +0800] "GET /eHR/img/workflow/user_sign_unknown_key.png HTTP/1.1" 200 3101 "http://192.168.1.83:8088/eHR/ess/redirect.php" "Mozilla/5.0 (Windows NT 10.0; Win64; x64; rv:138.0) Gecko/20100101 Firefox/138.0"
192.168.12.66 - - [26/May/2025:14:23:13 +0800] "GET /eHR/ess/index.php?action=logout HTTP/1.1" 200 8826 "http://192.168.1.83:8088/eHR/ess/redirect.php" "Mozilla/5.0 (Windows NT 10.0; Win64; x64; rv:138.0) Gecko/20100101 Firefox/138.0"
192.168.12.66 - - [26/May/2025:14:23:13 +0800] "GET /eHR/ess/index.php?action=logout HTTP/1.1" 200 8826
192.168.12.66 - - [26/May/2025:14:23:21 +0800] "POST /eHR/ess/includes/login.php HTTP/1.1" 302 - "http://192.168.1.83:8088/eHR/ess/index.php?action=logout" "Mozilla/5.0 (Windows NT 10.0; Win64; x64; rv:138.0) Gecko/20100101 Firefox/138.0"
192.168.12.66 - - [26/May/2025:14:23:21 +0800] "POST /eHR/ess/includes/login.php HTTP/1.1" 302 -
192.168.12.66 - - [26/May/2025:14:23:27 +0800] "GET /eHR/ess/redirect.php HTTP/1.1" 200 9510
192.168.12.66 - - [26/May/2025:14:23:27 +0800] "GET /eHR/ess/redirect.php HTTP/1.1" 200 9510 "http://192.168.1.83:8088/eHR/ess/index.php?action=logout" "Mozilla/5.0 (Windows NT 10.0; Win64; x64; rv:138.0) Gecko/20100101 Firefox/138.0"
192.168.12.66 - - [26/May/2025:14:23:28 +0800] "GET /eHR/ess/redirect.php?scriptname=ESNH000 HTTP/1.1" 200 10221 "http://192.168.1.83:8088/eHR/ess/redirect.php" "Mozilla/5.0 (Windows NT 10.0; Win64; x64; rv:138.0) Gecko/20100101 Firefox/138.0"
192.168.12.66 - - [26/May/2025:14:23:28 +0800] "GET /eHR/ess/redirect.php?scriptname=ESNH000 HTTP/1.1" 200 10221
192.168.12.66 - - [26/May/2025:14:23:30 +0800] "GET /eHR/mgr/redirect.php?scriptname=MDNH105&appdesc=%E5%8A%A0%E7%8F%AD%E5%BE%85%E7%AD%BE HTTP/1.1" 200 140285 "http://192.168.1.83:8088/eHR/ess/redirect.php?scriptname=ESNH000" "Mozilla/5.0 (Windows NT 10.0; Win64; x64; rv:138.0) Gecko/20100101 Firefox/138.0"
192.168.12.66 - - [26/May/2025:14:23:30 +0800] "GET /eHR/mgr/redirect.php?scriptname=MDNH105&appdesc=%E5%8A%A0%E7%8F%AD%E5%BE%85%E7%AD%BE HTTP/1.1" 200 140285
192.168.12.66 - - [26/May/2025:14:23:36 +0800] "POST /eHR/mgr/redirect.php?scriptname=MDNH105&appdesc=%E5%8A%A0%E7%8F%AD%E5%BE%85%E7%AD%BE HTTP/1.1" 302 - "http://192.168.1.83:8088/eHR/mgr/redirect.php?scriptname=MDNH105&appdesc=%E5%8A%A0%E7%8F%AD%E5%BE%85%E7%AD%BE" "Mozilla/5.0 (Windows NT 10.0; Win64; x64; rv:138.0) Gecko/20100101 Firefox/138.0"
192.168.12.66 - - [26/May/2025:14:23:36 +0800] "POST /eHR/mgr/redirect.php?scriptname=MDNH105&appdesc=%E5%8A%A0%E7%8F%AD%E5%BE%85%E7%AD%BE HTTP/1.1" 302 -
192.168.12.66 - - [26/May/2025:14:23:38 +0800] "GET /eHR/mgr/redirect.php?scriptname=page_success&msgtxt=%E6%82%A8%E7%9A%84%E7%B0%BD%E6%A0%B8%EF%BC%8C%E5%B7%B2%E6%88%90%E5%8A%9F%E6%8F%90%E4%BA%A4%E5%88%B0%E5%BE%8C%E5%8F%B0%E8%99%95%E7%90%86.%3Cbr%3E%E6%82%A8%E5%8F%AF%E4%BB%A5%E7%82%B9%3Ca+href%3D%22..%2Fess%2Fredirect.php%3Fscriptname%3DESNH100%26requestno%3D129227%22%3E%E9%80%99%E8%A3%A1%3C%2Fa%3E%E6%9F%A5%E7%9C%8B%E7%B0%BD%E6%A0%B8%E7%B5%90%E6%9E%9C%E3%80%82%3Cbr%3E%E6%89%B9%E6%AC%A1%E8%99%9F%3A129227&target=iframe HTTP/1.1" 302 - "http://192.168.1.83:8088/eHR/mgr/redirect.php?scriptname=MDNH105&appdesc=%E5%8A%A0%E7%8F%AD%E5%BE%85%E7%AD%BE" "Mozilla/5.0 (Windows NT 10.0; Win64; x64; rv:138.0) Gecko/20100101 Firefox/138.0"
192.168.12.66 - - [26/May/2025:14:23:38 +0800] "GET /eHR/mgr/redirect.php?scriptname=page_success&msgtxt=%E6%82%A8%E7%9A%84%E7%B0%BD%E6%A0%B8%EF%BC%8C%E5%B7%B2%E6%88%90%E5%8A%9F%E6%8F%90%E4%BA%A4%E5%88%B0%E5%BE%8C%E5%8F%B0%E8%99%95%E7%90%86.%3Cbr%3E%E6%82%A8%E5%8F%AF%E4%BB%A5%E7%82%B9%3Ca+href%3D%22..%2Fess%2Fredirect.php%3Fscriptname%3DESNH100%26requestno%3D129227%22%3E%E9%80%99%E8%A3%A1%3C%2Fa%3E%E6%9F%A5%E7%9C%8B%E7%B0%BD%E6%A0%B8%E7%B5%90%E6%9E%9C%E3%80%82%3Cbr%3E%E6%89%B9%E6%AC%A1%E8%99%9F%3A129227&target=iframe HTTP/1.1" 302 -
192.168.12.66 - - [26/May/2025:14:23:38 +0800] "GET /eHR/mgr/redirect.php?scriptname=page_error&msgtxt=%3Ch3%3EHTTP+404+-+Page+not+found%3C%2Fh3%3E%3Cbr%3E%3Cstrong%3EFile+Name%3A%3C%2Fstrong%3Epage_success%3Cbr%2F%3E%3Cstrong%3EApplication+Name%3C%2Fstrong%3E%3A&target=iframe HTTP/1.1" 302 - "http://192.168.1.83:8088/eHR/mgr/redirect.php?scriptname=MDNH105&appdesc=%E5%8A%A0%E7%8F%AD%E5%BE%85%E7%AD%BE" "Mozilla/5.0 (Windows NT 10.0; Win64; x64; rv:138.0) Gecko/20100101 Firefox/138.0"
192.168.12.66 - - [26/May/2025:14:23:38 +0800] "GET /eHR/mgr/redirect.php?scriptname=page_error&msgtxt=%3Ch3%3EHTTP+404+-+Page+not+found%3C%2Fh3%3E%3Cbr%3E%3Cstrong%3EFile+Name%3A%3C%2Fstrong%3Epage_success%3Cbr%2F%3E%3Cstrong%3EApplication+Name%3C%2Fstrong%3E%3A&target=iframe HTTP/1.1" 302 -
192.168.12.66 - - [26/May/2025:14:23:38 +0800] "GET /eHR/mgr/redirect.php?scriptname=page_error&msgtxt=%3Ch3%3EHTTP+404+-+Page+not+found%3C%2Fh3%3E%3Cbr%3E%3Cstrong%3EFile+Name%3A%3C%2Fstrong%3Epage_error%3Cbr%2F%3E%3Cstrong%3EApplication+Name%3C%2Fstrong%3E%3A&target=iframe HTTP/1.1" 302 - "http://192.168.1.83:8088/eHR/mgr/redirect.php?scriptname=MDNH105&appdesc=%E5%8A%A0%E7%8F%AD%E5%BE%85%E7%AD%BE" "Mozilla/5.0 (Windows NT 10.0; Win64; x64; rv:138.0) Gecko/20100101 Firefox/138.0"
192.168.12.66 - - [26/May/2025:14:23:38 +0800] "GET /eHR/mgr/redirect.php?scriptname=page_error&msgtxt=%3Ch3%3EHTTP+404+-+Page+not+found%3C%2Fh3%3E%3Cbr%3E%3Cstrong%3EFile+Name%3A%3C%2Fstrong%3Epage_error%3Cbr%2F%3E%3Cstrong%3EApplication+Name%3C%2Fstrong%3E%3A&target=iframe HTTP/1.1" 302 -
192.168.12.66 - - [26/May/2025:14:23:38 +0800] "GET /eHR/mgr/redirect.php?scriptname=page_error&msgtxt=%3Ch3%3EHTTP+404+-+Page+not+found%3C%2Fh3%3E%3Cbr%3E%3Cstrong%3EFile+Name%3A%3C%2Fstrong%3Epage_error%3Cbr%2F%3E%3Cstrong%3EApplication+Name%3C%2Fstrong%3E%3A&target=iframe HTTP/1.1" 302 - "http://192.168.1.83:8088/eHR/mgr/redirect.php?scriptname=MDNH105&appdesc=%E5%8A%A0%E7%8F%AD%E5%BE%85%E7%AD%BE" "Mozilla/5.0 (Windows NT 10.0; Win64; x64; rv:138.0) Gecko/20100101 Firefox/138.0"
192.168.12.66 - - [26/May/2025:14:23:38 +0800] "GET /eHR/mgr/redirect.php?scriptname=page_error&msgtxt=%3Ch3%3EHTTP+404+-+Page+not+found%3C%2Fh3%3E%3Cbr%3E%3Cstrong%3EFile+Name%3A%3C%2Fstrong%3Epage_error%3Cbr%2F%3E%3Cstrong%3EApplication+Name%3C%2Fstrong%3E%3A&target=iframe HTTP/1.1" 302 -
192.168.12.66 - - [26/May/2025:14:23:38 +0800] "GET /eHR/mgr/redirect.php?scriptname=page_error&msgtxt=%3Ch3%3EHTTP+404+-+Page+not+found%3C%2Fh3%3E%3Cbr%3E%3Cstrong%3EFile+Name%3A%3C%2Fstrong%3Epage_error%3Cbr%2F%3E%3Cstrong%3EApplication+Name%3C%2Fstrong%3E%3A&target=iframe HTTP/1.1" 302 - "http://192.168.1.83:8088/eHR/mgr/redirect.php?scriptname=MDNH105&appdesc=%E5%8A%A0%E7%8F%AD%E5%BE%85%E7%AD%BE" "Mozilla/5.0 (Windows NT 10.0; Win64; x64; rv:138.0) Gecko/20100101 Firefox/138.0"
192.168.12.66 - - [26/May/2025:14:23:38 +0800] "GET /eHR/mgr/redirect.php?scriptname=page_error&msgtxt=%3Ch3%3EHTTP+404+-+Page+not+found%3C%2Fh3%3E%3Cbr%3E%3Cstrong%3EFile+Name%3A%3C%2Fstrong%3Epage_error%3Cbr%2F%3E%3Cstrong%3EApplication+Name%3C%2Fstrong%3E%3A&target=iframe HTTP/1.1" 302 -
192.168.12.66 - - [26/May/2025:14:23:38 +0800] "GET /eHR/mgr/redirect.php?scriptname=page_error&msgtxt=%3Ch3%3EHTTP+404+-+Page+not+found%3C%2Fh3%3E%3Cbr%3E%3Cstrong%3EFile+Name%3A%3C%2Fstrong%3Epage_error%3Cbr%2F%3E%3Cstrong%3EApplication+Name%3C%2Fstrong%3E%3A&target=iframe HTTP/1.1" 302 -
192.168.12.66 - - [26/May/2025:14:23:38 +0800] "GET /eHR/mgr/redirect.php?scriptname=page_error&msgtxt=%3Ch3%3EHTTP+404+-+Page+not+found%3C%2Fh3%3E%3Cbr%3E%3Cstrong%3EFile+Name%3A%3C%2Fstrong%3Epage_error%3Cbr%2F%3E%3Cstrong%3EApplication+Name%3C%2Fstrong%3E%3A&target=iframe HTTP/1.1" 302 - "http://192.168.1.83:8088/eHR/mgr/redirect.php?scriptname=MDNH105&appdesc=%E5%8A%A0%E7%8F%AD%E5%BE%85%E7%AD%BE" "Mozilla/5.0 (Windows NT 10.0; Win64; x64; rv:138.0) Gecko/20100101 Firefox/138.0"
192.168.12.66 - - [26/May/2025:14:23:39 +0800] "GET /eHR/mgr/redirect.php?scriptname=page_error&msgtxt=%3Ch3%3EHTTP+404+-+Page+not+found%3C%2Fh3%3E%3Cbr%3E%3Cstrong%3EFile+Name%3A%3C%2Fstrong%3Epage_error%3Cbr%2F%3E%3Cstrong%3EApplication+Name%3C%2Fstrong%3E%3A&target=iframe HTTP/1.1" 302 -
192.168.12.66 - - [26/May/2025:14:23:39 +0800] "GET /eHR/mgr/redirect.php?scriptname=page_error&msgtxt=%3Ch3%3EHTTP+404+-+Page+not+found%3C%2Fh3%3E%3Cbr%3E%3Cstrong%3EFile+Name%3A%3C%2Fstrong%3Epage_error%3Cbr%2F%3E%3Cstrong%3EApplication+Name%3C%2Fstrong%3E%3A&target=iframe HTTP/1.1" 302 - "http://192.168.1.83:8088/eHR/mgr/redirect.php?scriptname=MDNH105&appdesc=%E5%8A%A0%E7%8F%AD%E5%BE%85%E7%AD%BE" "Mozilla/5.0 (Windows NT 10.0; Win64; x64; rv:138.0) Gecko/20100101 Firefox/138.0"
192.168.12.66 - - [26/May/2025:14:23:39 +0800] "GET /eHR/mgr/redirect.php?scriptname=page_error&msgtxt=%3Ch3%3EHTTP+404+-+Page+not+found%3C%2Fh3%3E%3Cbr%3E%3Cstrong%3EFile+Name%3A%3C%2Fstrong%3Epage_error%3Cbr%2F%3E%3Cstrong%3EApplication+Name%3C%2Fstrong%3E%3A&target=iframe HTTP/1.1" 302 -
192.168.12.66 - - [26/May/2025:14:23:39 +0800] "GET /eHR/mgr/redirect.php?scriptname=page_error&msgtxt=%3Ch3%3EHTTP+404+-+Page+not+found%3C%2Fh3%3E%3Cbr%3E%3Cstrong%3EFile+Name%3A%3C%2Fstrong%3Epage_error%3Cbr%2F%3E%3Cstrong%3EApplication+Name%3C%2Fstrong%3E%3A&target=iframe HTTP/1.1" 302 - "http://192.168.1.83:8088/eHR/mgr/redirect.php?scriptname=MDNH105&appdesc=%E5%8A%A0%E7%8F%AD%E5%BE%85%E7%AD%BE" "Mozilla/5.0 (Windows NT 10.0; Win64; x64; rv:138.0) Gecko/20100101 Firefox/138.0"
192.168.12.66 - - [26/May/2025:14:23:39 +0800] "GET /eHR/mgr/redirect.php?scriptname=page_error&msgtxt=%3Ch3%3EHTTP+404+-+Page+not+found%3C%2Fh3%3E%3Cbr%3E%3Cstrong%3EFile+Name%3A%3C%2Fstrong%3Epage_error%3Cbr%2F%3E%3Cstrong%3EApplication+Name%3C%2Fstrong%3E%3A&target=iframe HTTP/1.1" 302 - "http://192.168.1.83:8088/eHR/mgr/redirect.php?scriptname=MDNH105&appdesc=%E5%8A%A0%E7%8F%AD%E5%BE%85%E7%AD%BE" "Mozilla/5.0 (Windows NT 10.0; Win64; x64; rv:138.0) Gecko/20100101 Firefox/138.0"
192.168.12.66 - - [26/May/2025:14:23:39 +0800] "GET /eHR/mgr/redirect.php?scriptname=page_error&msgtxt=%3Ch3%3EHTTP+404+-+Page+not+found%3C%2Fh3%3E%3Cbr%3E%3Cstrong%3EFile+Name%3A%3C%2Fstrong%3Epage_error%3Cbr%2F%3E%3Cstrong%3EApplication+Name%3C%2Fstrong%3E%3A&target=iframe HTTP/1.1" 302 -
192.168.12.66 - - [26/May/2025:14:23:39 +0800] "GET /eHR/mgr/redirect.php?scriptname=page_error&msgtxt=%3Ch3%3EHTTP+404+-+Page+not+found%3C%2Fh3%3E%3Cbr%3E%3Cstrong%3EFile+Name%3A%3C%2Fstrong%3Epage_error%3Cbr%2F%3E%3Cstrong%3EApplication+Name%3C%2Fstrong%3E%3A&target=iframe HTTP/1.1" 302 -
192.168.12.66 - - [26/May/2025:14:23:39 +0800] "GET /eHR/mgr/redirect.php?scriptname=page_error&msgtxt=%3Ch3%3EHTTP+404+-+Page+not+found%3C%2Fh3%3E%3Cbr%3E%3Cstrong%3EFile+Name%3A%3C%2Fstrong%3Epage_error%3Cbr%2F%3E%3Cstrong%3EApplication+Name%3C%2Fstrong%3E%3A&target=iframe HTTP/1.1" 302 - "http://192.168.1.83:8088/eHR/mgr/redirect.php?scriptname=MDNH105&appdesc=%E5%8A%A0%E7%8F%AD%E5%BE%85%E7%AD%BE" "Mozilla/5.0 (Windows NT 10.0; Win64; x64; rv:138.0) Gecko/20100101 Firefox/138.0"
192.168.12.66 - - [26/May/2025:14:23:39 +0800] "GET /eHR/mgr/redirect.php?scriptname=page_error&msgtxt=%3Ch3%3EHTTP+404+-+Page+not+found%3C%2Fh3%3E%3Cbr%3E%3Cstrong%3EFile+Name%3A%3C%2Fstrong%3Epage_error%3Cbr%2F%3E%3Cstrong%3EApplication+Name%3C%2Fstrong%3E%3A&target=iframe HTTP/1.1" 302 -
192.168.12.66 - - [26/May/2025:14:23:39 +0800] "GET /eHR/mgr/redirect.php?scriptname=page_error&msgtxt=%3Ch3%3EHTTP+404+-+Page+not+found%3C%2Fh3%3E%3Cbr%3E%3Cstrong%3EFile+Name%3A%3C%2Fstrong%3Epage_error%3Cbr%2F%3E%3Cstrong%3EApplication+Name%3C%2Fstrong%3E%3A&target=iframe HTTP/1.1" 302 - "http://192.168.1.83:8088/eHR/mgr/redirect.php?scriptname=MDNH105&appdesc=%E5%8A%A0%E7%8F%AD%E5%BE%85%E7%AD%BE" "Mozilla/5.0 (Windows NT 10.0; Win64; x64; rv:138.0) Gecko/20100101 Firefox/138.0"
192.168.12.66 - - [26/May/2025:14:23:40 +0800] "GET /eHR/mgr/redirect.php?scriptname=page_error&msgtxt=%3Ch3%3EHTTP+404+-+Page+not+found%3C%2Fh3%3E%3Cbr%3E%3Cstrong%3EFile+Name%3A%3C%2Fstrong%3Epage_error%3Cbr%2F%3E%3Cstrong%3EApplication+Name%3C%2Fstrong%3E%3A&target=iframe HTTP/1.1" 302 -
192.168.12.66 - - [26/May/2025:14:23:40 +0800] "GET /eHR/mgr/redirect.php?scriptname=page_error&msgtxt=%3Ch3%3EHTTP+404+-+Page+not+found%3C%2Fh3%3E%3Cbr%3E%3Cstrong%3EFile+Name%3A%3C%2Fstrong%3Epage_error%3Cbr%2F%3E%3Cstrong%3EApplication+Name%3C%2Fstrong%3E%3A&target=iframe HTTP/1.1" 302 - "http://192.168.1.83:8088/eHR/mgr/redirect.php?scriptname=MDNH105&appdesc=%E5%8A%A0%E7%8F%AD%E5%BE%85%E7%AD%BE" "Mozilla/5.0 (Windows NT 10.0; Win64; x64; rv:138.0) Gecko/20100101 Firefox/138.0"
192.168.12.66 - - [26/May/2025:14:23:40 +0800] "GET /eHR/mgr/redirect.php?scriptname=page_error&msgtxt=%3Ch3%3EHTTP+404+-+Page+not+found%3C%2Fh3%3E%3Cbr%3E%3Cstrong%3EFile+Name%3A%3C%2Fstrong%3Epage_error%3Cbr%2F%3E%3Cstrong%3EApplication+Name%3C%2Fstrong%3E%3A&target=iframe HTTP/1.1" 302 -
192.168.12.66 - - [26/May/2025:14:23:40 +0800] "GET /eHR/mgr/redirect.php?scriptname=page_error&msgtxt=%3Ch3%3EHTTP+404+-+Page+not+found%3C%2Fh3%3E%3Cbr%3E%3Cstrong%3EFile+Name%3A%3C%2Fstrong%3Epage_error%3Cbr%2F%3E%3Cstrong%3EApplication+Name%3C%2Fstrong%3E%3A&target=iframe HTTP/1.1" 302 - "http://192.168.1.83:8088/eHR/mgr/redirect.php?scriptname=MDNH105&appdesc=%E5%8A%A0%E7%8F%AD%E5%BE%85%E7%AD%BE" "Mozilla/5.0 (Windows NT 10.0; Win64; x64; rv:138.0) Gecko/20100101 Firefox/138.0"
192.168.12.66 - - [26/May/2025:14:23:40 +0800] "GET /eHR/mgr/redirect.php?scriptname=page_error&msgtxt=%3Ch3%3EHTTP+404+-+Page+not+found%3C%2Fh3%3E%3Cbr%3E%3Cstrong%3EFile+Name%3A%3C%2Fstrong%3Epage_error%3Cbr%2F%3E%3Cstrong%3EApplication+Name%3C%2Fstrong%3E%3A&target=iframe HTTP/1.1" 302 - "http://192.168.1.83:8088/eHR/mgr/redirect.php?scriptname=MDNH105&appdesc=%E5%8A%A0%E7%8F%AD%E5%BE%85%E7%AD%BE" "Mozilla/5.0 (Windows NT 10.0; Win64; x64; rv:138.0) Gecko/20100101 Firefox/138.0"
