192.168.1.1 - - [22/May/2025:08:41:24 +0800] "GET /eHR/mgr/redirect.php?scriptname=MDNH104&appdesc=%E8%AF%B7%E5%81%87%E5%BE%85%E7%AD%BE HTTP/1.1" 200 12099
192.168.1.1 - - [22/May/2025:08:41:31 +0800] "POST /eHR/mgr/redirect.php?scriptname=MDNH104&appdesc=%E8%AF%B7%E5%81%87%E5%BE%85%E7%AD%BE HTTP/1.1" 200 3999 "http://192.168.1.83:8088/eHR/mgr/redirect.php?scriptname=MDNH104&appdesc=%E8%AF%B7%E5%81%87%E5%BE%85%E7%AD%BE" "Mozilla/5.0 (Windows NT 6.2; Win64; x64) AppleWebKit/537.36 (KHTML, like Gecko) Chrome/105.0.0.0 Safari/537.36"
192.168.1.1 - - [22/May/2025:08:41:31 +0800] "POST /eHR/mgr/redirect.php?scriptname=MDNH104&appdesc=%E8%AF%B7%E5%81%87%E5%BE%85%E7%AD%BE HTTP/1.1" 200 3999
100.64.0.1 - - [22/May/2025:08:42:12 +0800] "\x03" 501 203 "-" "-"
100.64.0.1 - - [22/May/2025:08:42:12 +0800] "\x03" 501 203
100.64.0.1 - - [22/May/2025:08:42:40 +0800] "GET /Diagnostics.asp HTTP/1.1" 404 213 "-" "Mozilla/5.0 (X11; Ubuntu; Linux x86_64; rv:71.0) Gecko/20100101 Firefox/71.0"
100.64.0.1 - - [22/May/2025:08:42:40 +0800] "GET /Diagnostics.asp HTTP/1.1" 404 213
100.64.0.1 - - [22/May/2025:08:43:08 +0800] "\x16\x03\x01" 501 205 "-" "-"
100.64.0.1 - - [22/May/2025:08:43:08 +0800] "\x16\x03\x01" 501 205
100.64.0.1 - - [22/May/2025:08:43:09 +0800] "\x16\x03\x01" 501 205 "-" "-"
100.64.0.1 - - [22/May/2025:08:43:09 +0800] "\x16\x03\x01" 501 205
100.64.0.1 - - [22/May/2025:08:43:37 +0800] "GET /Diagnostics.asp HTTP/1.1" 404 213 "-" "Mozilla/5.0 (X11; Ubuntu; Linux x86_64; rv:71.0) Gecko/20100101 Firefox/71.0"
100.64.0.1 - - [22/May/2025:08:43:37 +0800] "GET /Diagnostics.asp HTTP/1.1" 404 213
192.168.11.133 - - [22/May/2025:08:47:04 +0800] "GET /eHR/ess/redirect.php HTTP/1.1" 302 121 "-" "Mozilla/5.0 (Windows NT 6.2; Win64; x64) AppleWebKit/537.36 (KHTML, like Gecko) Chrome/105.0.0.0 Safari/537.36"
192.168.11.133 - - [22/May/2025:08:47:04 +0800] "GET /eHR/ess/redirect.php HTTP/1.1" 302 121
192.168.11.133 - - [22/May/2025:08:47:05 +0800] "GET /eHR/ess/index.php?action=logout HTTP/1.1" 200 8826 "-" "Mozilla/5.0 (Windows NT 6.2; Win64; x64) AppleWebKit/537.36 (KHTML, like Gecko) Chrome/105.0.0.0 Safari/537.36"
192.168.11.133 - - [22/May/2025:08:47:05 +0800] "GET /eHR/ess/index.php?action=logout HTTP/1.1" 200 8826
192.168.11.133 - - [22/May/2025:08:47:08 +0800] "POST /eHR/ess/includes/login.php HTTP/1.1" 302 - "http://192.168.1.83:8088/eHR/ess/index.php?action=logout" "Mozilla/5.0 (Windows NT 6.2; Win64; x64) AppleWebKit/537.36 (KHTML, like Gecko) Chrome/105.0.0.0 Safari/537.36"
192.168.11.133 - - [22/May/2025:08:47:08 +0800] "POST /eHR/ess/includes/login.php HTTP/1.1" 302 -
192.168.11.133 - - [22/May/2025:08:47:14 +0800] "GET /eHR/ess/redirect.php HTTP/1.1" 200 8926 "http://192.168.1.83:8088/eHR/ess/index.php?action=logout" "Mozilla/5.0 (Windows NT 6.2; Win64; x64) AppleWebKit/537.36 (KHTML, like Gecko) Chrome/105.0.0.0 Safari/537.36"
192.168.11.133 - - [22/May/2025:08:47:14 +0800] "GET /eHR/ess/redirect.php HTTP/1.1" 200 8926
192.168.11.133 - - [22/May/2025:08:47:15 +0800] "GET /eHR/ess/redirect.php?scriptname=ESNH000 HTTP/1.1" 200 9918 "http://192.168.1.83:8088/eHR/ess/redirect.php" "Mozilla/5.0 (Windows NT 6.2; Win64; x64) AppleWebKit/537.36 (KHTML, like Gecko) Chrome/105.0.0.0 Safari/537.36"
192.168.11.133 - - [22/May/2025:08:47:15 +0800] "GET /eHR/ess/redirect.php?scriptname=ESNH000 HTTP/1.1" 200 9918
192.168.11.133 - - [22/May/2025:08:47:18 +0800] "GET /eHR/ess/redirect.php?scriptname=ESNE003&appdesc=%E6%89%B9%E9%87%8F%E5%8A%A0%E7%8F%AD%E6%9F%A5%E8%AF%A2 HTTP/1.1" 200 7969 "http://192.168.1.83:8088/eHR/ess/redirect.php" "Mozilla/5.0 (Windows NT 6.2; Win64; x64) AppleWebKit/537.36 (KHTML, like Gecko) Chrome/105.0.0.0 Safari/537.36"
192.168.11.133 - - [22/May/2025:08:47:18 +0800] "GET /eHR/ess/redirect.php?scriptname=ESNE003&appdesc=%E6%89%B9%E9%87%8F%E5%8A%A0%E7%8F%AD%E6%9F%A5%E8%AF%A2 HTTP/1.1" 200 7969
192.168.11.133 - - [22/May/2025:08:47:21 +0800] "POST /eHR/ess/redirect.php?scriptname=ESNE003&appdesc=%E6%89%B9%E9%87%8F%E5%8A%A0%E7%8F%AD%E6%9F%A5%E8%AF%A2 HTTP/1.1" 200 166143 "http://192.168.1.83:8088/eHR/ess/redirect.php?scriptname=ESNE003&appdesc=%E6%89%B9%E9%87%8F%E5%8A%A0%E7%8F%AD%E6%9F%A5%E8%AF%A2" "Mozilla/5.0 (Windows NT 6.2; Win64; x64) AppleWebKit/537.36 (KHTML, like Gecko) Chrome/105.0.0.0 Safari/537.36"
192.168.11.133 - - [22/May/2025:08:47:21 +0800] "POST /eHR/ess/redirect.php?scriptname=ESNE003&appdesc=%E6%89%B9%E9%87%8F%E5%8A%A0%E7%8F%AD%E6%9F%A5%E8%AF%A2 HTTP/1.1" 200 166143
192.168.11.68 - - [22/May/2025:08:52:03 +0800] "GET /eHR/ess/redirect.php?scriptname=emp_lov&openW=Y&rand=0.014050292610574555 HTTP/1.1" 302 - "-" "Mozilla/5.0 (Windows NT 10.0; Win64; x64; rv:138.0) Gecko/20100101 Firefox/138.0"
192.168.11.68 - - [22/May/2025:08:52:03 +0800] "GET /eHR/ess/redirect.php?scriptname=emp_lov&openW=Y&rand=0.014050292610574555 HTTP/1.1" 302 -
192.168.11.68 - - [22/May/2025:08:52:04 +0800] "GET /eHR/ess HTTP/1.1" 301 241 "-" "Mozilla/5.0 (Windows NT 10.0; Win64; x64; rv:138.0) Gecko/20100101 Firefox/138.0"
192.168.11.68 - - [22/May/2025:08:52:04 +0800] "GET /eHR/ess HTTP/1.1" 301 241
192.168.11.68 - - [22/May/2025:08:52:04 +0800] "GET /eHR/ess/ HTTP/1.1" 200 8826
192.168.11.68 - - [22/May/2025:08:52:04 +0800] "GET /eHR/ess/ HTTP/1.1" 200 8826 "-" "Mozilla/5.0 (Windows NT 10.0; Win64; x64; rv:138.0) Gecko/20100101 Firefox/138.0"
192.168.11.68 - - [22/May/2025:08:52:04 +0800] "GET /eHR/img/logo.gif HTTP/1.1" 200 3837 "http://192.168.1.83:8088/eHR/ess/" "Mozilla/5.0 (Windows NT 10.0; Win64; x64; rv:138.0) Gecko/20100101 Firefox/138.0"
192.168.11.68 - - [22/May/2025:08:52:04 +0800] "GET /eHR/img/logo.gif HTTP/1.1" 200 3837
192.168.11.68 - - [22/May/2025:08:52:04 +0800] "GET /eHR/css/jqueryui/themes/redmond/jquery.ui.base.css HTTP/1.1" 200 427 "http://192.168.1.83:8088/eHR/css/jqueryui/themes/redmond/jquery.ui.all.css" "Mozilla/5.0 (Windows NT 10.0; Win64; x64; rv:138.0) Gecko/20100101 Firefox/138.0"
192.168.11.68 - - [22/May/2025:08:52:04 +0800] "GET /eHR/css/jqueryui/themes/redmond/jquery.ui.base.css HTTP/1.1" 200 427
192.168.11.68 - - [22/May/2025:08:52:04 +0800] "GET /eHR/js/i18n/ui.datepicker-zh-TW.min.js HTTP/1.1" 304 - "http://192.168.1.83:8088/eHR/ess/" "Mozilla/5.0 (Windows NT 10.0; Win64; x64; rv:138.0) Gecko/20100101 Firefox/138.0"
192.168.11.68 - - [22/May/2025:08:52:04 +0800] "GET /eHR/js/i18n/ui.datepicker-zh-TW.min.js HTTP/1.1" 304 -
192.168.11.68 - - [22/May/2025:08:52:04 +0800] "GET /eHR/img/loginbg.gif HTTP/1.1" 200 7026 "http://192.168.1.83:8088/eHR/ess/" "Mozilla/5.0 (Windows NT 10.0; Win64; x64; rv:138.0) Gecko/20100101 Firefox/138.0"
192.168.11.68 - - [22/May/2025:08:52:04 +0800] "GET /eHR/img/loginbg.gif HTTP/1.1" 200 7026
192.168.11.68 - - [22/May/2025:08:52:04 +0800] "GET /eHR/img/index_banner_2.jpg HTTP/1.1" 200 45216 "http://192.168.1.83:8088/eHR/ess/" "Mozilla/5.0 (Windows NT 10.0; Win64; x64; rv:138.0) Gecko/20100101 Firefox/138.0"
192.168.11.68 - - [22/May/2025:08:52:04 +0800] "GET /eHR/img/index_banner_2.jpg HTTP/1.1" 200 45216
192.168.11.68 - - [22/May/2025:08:52:04 +0800] "GET /eHR/img/img1.jpg HTTP/1.1" 200 33358 "http://192.168.1.83:8088/eHR/ess/" "Mozilla/5.0 (Windows NT 10.0; Win64; x64; rv:138.0) Gecko/20100101 Firefox/138.0"
192.168.11.68 - - [22/May/2025:08:52:04 +0800] "GET /eHR/img/img1.jpg HTTP/1.1" 200 33358
192.168.11.68 - - [22/May/2025:08:52:04 +0800] "GET /eHR/css/jqueryui/themes/redmond/images/ui-bg_glass_85_dfeffc_1x400.png HTTP/1.1" 200 123 "http://192.168.1.83:8088/eHR/css/jqueryui/themes/redmond/jquery.ui.theme.css" "Mozilla/5.0 (Windows NT 10.0; Win64; x64; rv:138.0) Gecko/20100101 Firefox/138.0"
192.168.11.68 - - [22/May/2025:08:52:04 +0800] "GET /eHR/css/jqueryui/themes/redmond/images/ui-bg_glass_85_dfeffc_1x400.png HTTP/1.1" 200 123
192.168.11.133 - - [22/May/2025:08:52:04 +0800] "GET /eHR/ess/redirect.php?scriptname=ESNE001&appdesc=%E6%89%B9%E9%87%8F%E5%8A%A0%E7%8F%AD%E7%94%B3%E8%AF%B7 HTTP/1.1" 200 15271 "http://192.168.1.83:8088/eHR/ess/redirect.php" "Mozilla/5.0 (Windows NT 6.2; Win64; x64) AppleWebKit/537.36 (KHTML, like Gecko) Chrome/105.0.0.0 Safari/537.36"
192.168.11.133 - - [22/May/2025:08:52:04 +0800] "GET /eHR/ess/redirect.php?scriptname=ESNE001&appdesc=%E6%89%B9%E9%87%8F%E5%8A%A0%E7%8F%AD%E7%94%B3%E8%AF%B7 HTTP/1.1" 200 15271
192.168.11.68 - - [22/May/2025:08:52:07 +0800] "GET /eHR/css/jqueryui/themes/redmond/images/ui-bg_glass_75_d0e5f5_1x400.png HTTP/1.1" 200 124 "http://192.168.1.83:8088/eHR/css/jqueryui/themes/redmond/jquery.ui.theme.css" "Mozilla/5.0 (Windows NT 10.0; Win64; x64; rv:138.0) Gecko/20100101 Firefox/138.0"
192.168.11.68 - - [22/May/2025:08:52:07 +0800] "GET /eHR/css/jqueryui/themes/redmond/images/ui-bg_glass_75_d0e5f5_1x400.png HTTP/1.1" 200 124
192.168.11.68 - - [22/May/2025:08:52:08 +0800] "GET /eHR/css/jqueryui/themes/redmond/images/ui-bg_inset-hard_100_f5f8f9_1x100.png HTTP/1.1" 200 104 "http://192.168.1.83:8088/eHR/css/jqueryui/themes/redmond/jquery.ui.theme.css" "Mozilla/5.0 (Windows NT 10.0; Win64; x64; rv:138.0) Gecko/20100101 Firefox/138.0"
192.168.11.68 - - [22/May/2025:08:52:08 +0800] "GET /eHR/css/jqueryui/themes/redmond/images/ui-bg_inset-hard_100_f5f8f9_1x100.png HTTP/1.1" 200 104
192.168.11.68 - - [22/May/2025:08:52:08 +0800] "POST /eHR/ess/includes/login.php HTTP/1.1" 302 - "http://192.168.1.83:8088/eHR/ess/" "Mozilla/5.0 (Windows NT 10.0; Win64; x64; rv:138.0) Gecko/20100101 Firefox/138.0"
192.168.11.68 - - [22/May/2025:08:52:08 +0800] "POST /eHR/ess/includes/login.php HTTP/1.1" 302 -
192.168.11.68 - - [22/May/2025:08:52:13 +0800] "GET /eHR/ess/redirect.php HTTP/1.1" 200 8926 "http://192.168.1.83:8088/eHR/ess/" "Mozilla/5.0 (Windows NT 10.0; Win64; x64; rv:138.0) Gecko/20100101 Firefox/138.0"
192.168.11.68 - - [22/May/2025:08:52:13 +0800] "GET /eHR/ess/redirect.php HTTP/1.1" 200 8926
192.168.11.68 - - [22/May/2025:08:52:14 +0800] "GET /eHR/img/icon_obj.png HTTP/1.1" 200 3270 "http://192.168.1.83:8088/eHR/ess/redirect.php" "Mozilla/5.0 (Windows NT 10.0; Win64; x64; rv:138.0) Gecko/20100101 Firefox/138.0"
192.168.11.68 - - [22/May/2025:08:52:14 +0800] "GET /eHR/img/icon_obj.png HTTP/1.1" 200 3270
192.168.11.68 - - [22/May/2025:08:52:14 +0800] "GET /eHR/css/layout/layout.min.css HTTP/1.1" 304 - "http://192.168.1.83:8088/eHR/ess/redirect.php" "Mozilla/5.0 (Windows NT 10.0; Win64; x64; rv:138.0) Gecko/20100101 Firefox/138.0"
192.168.11.68 - - [22/May/2025:08:52:14 +0800] "GET /eHR/css/layout/layout.min.css HTTP/1.1" 304 -
192.168.11.68 - - [22/May/2025:08:52:14 +0800] "GET /eHR/img/icon_help.png HTTP/1.1" 200 3588 "http://192.168.1.83:8088/eHR/ess/redirect.php" "Mozilla/5.0 (Windows NT 10.0; Win64; x64; rv:138.0) Gecko/20100101 Firefox/138.0"
192.168.11.68 - - [22/May/2025:08:52:14 +0800] "GET /eHR/img/icon_help.png HTTP/1.1" 200 3588
192.168.11.68 - - [22/May/2025:08:52:14 +0800] "GET /eHR/img/icon_jd.png HTTP/1.1" 200 3186 "http://192.168.1.83:8088/eHR/ess/redirect.php" "Mozilla/5.0 (Windows NT 10.0; Win64; x64; rv:138.0) Gecko/20100101 Firefox/138.0"
192.168.11.68 - - [22/May/2025:08:52:14 +0800] "GET /eHR/img/icon_jd.png HTTP/1.1" 200 3186
192.168.11.68 - - [22/May/2025:08:52:14 +0800] "GET /eHR/img/icon_about.png HTTP/1.1" 200 3493 "http://192.168.1.83:8088/eHR/ess/redirect.php" "Mozilla/5.0 (Windows NT 10.0; Win64; x64; rv:138.0) Gecko/20100101 Firefox/138.0"
192.168.11.68 - - [22/May/2025:08:52:14 +0800] "GET /eHR/img/icon_about.png HTTP/1.1" 200 3493
192.168.11.68 - - [22/May/2025:08:52:14 +0800] "GET /eHR/js/jquery.cookie.min.js HTTP/1.1" 304 - "http://192.168.1.83:8088/eHR/ess/redirect.php" "Mozilla/5.0 (Windows NT 10.0; Win64; x64; rv:138.0) Gecko/20100101 Firefox/138.0"
192.168.11.68 - - [22/May/2025:08:52:14 +0800] "GET /eHR/js/jquery.cookie.min.js HTTP/1.1" 304 -
192.168.11.68 - - [22/May/2025:08:52:14 +0800] "GET /eHR/img/human.png HTTP/1.1" 200 26107 "http://192.168.1.83:8088/eHR/css/layout/layout.min.css" "Mozilla/5.0 (Windows NT 10.0; Win64; x64; rv:138.0) Gecko/20100101 Firefox/138.0"
192.168.11.68 - - [22/May/2025:08:52:14 +0800] "GET /eHR/img/human.png HTTP/1.1" 200 26107
192.168.11.68 - - [22/May/2025:08:52:14 +0800] "GET /eHR/img/icon_exit.png HTTP/1.1" 200 3607 "http://192.168.1.83:8088/eHR/ess/redirect.php" "Mozilla/5.0 (Windows NT 10.0; Win64; x64; rv:138.0) Gecko/20100101 Firefox/138.0"
192.168.11.68 - - [22/May/2025:08:52:14 +0800] "GET /eHR/img/icon_exit.png HTTP/1.1" 200 3607
192.168.11.68 - - [22/May/2025:08:52:14 +0800] "GET /eHR/img/ess-logo.png HTTP/1.1" 200 9030 "http://192.168.1.83:8088/eHR/css/layout/layout.min.css" "Mozilla/5.0 (Windows NT 10.0; Win64; x64; rv:138.0) Gecko/20100101 Firefox/138.0"
192.168.11.68 - - [22/May/2025:08:52:14 +0800] "GET /eHR/img/ess-logo.png HTTP/1.1" 200 9030
192.168.11.68 - - [22/May/2025:08:52:14 +0800] "GET /eHR/js/jquery.layout.min-1.2.0.js HTTP/1.1" 304 -
192.168.11.68 - - [22/May/2025:08:52:14 +0800] "GET /eHR/js/jquery.layout.min-1.2.0.js HTTP/1.1" 304 - "http://192.168.1.83:8088/eHR/ess/redirect.php" "Mozilla/5.0 (Windows NT 10.0; Win64; x64; rv:138.0) Gecko/20100101 Firefox/138.0"
192.168.11.68 - - [22/May/2025:08:52:14 +0800] "GET /eHR/img/Person.png HTTP/1.1" 200 960 "http://192.168.1.83:8088/eHR/ess/redirect.php" "Mozilla/5.0 (Windows NT 10.0; Win64; x64; rv:138.0) Gecko/20100101 Firefox/138.0"
192.168.11.68 - - [22/May/2025:08:52:14 +0800] "GET /eHR/img/Person.png HTTP/1.1" 200 960
192.168.11.68 - - [22/May/2025:08:52:14 +0800] "GET /eHR/img/layout/toggle-lt.gif HTTP/1.1" 200 871 "http://192.168.1.83:8088/eHR/css/layout/layout.min.css" "Mozilla/5.0 (Windows NT 10.0; Win64; x64; rv:138.0) Gecko/20100101 Firefox/138.0"
192.168.11.68 - - [22/May/2025:08:52:14 +0800] "GET /eHR/img/layout/toggle-lt.gif HTTP/1.1" 200 871
192.168.11.68 - - [22/May/2025:08:52:14 +0800] "GET /eHR/css/jqueryui/themes/redmond/images/ui-icons_6da8d5_256x240.png HTTP/1.1" 200 4369 "http://192.168.1.83:8088/eHR/css/jqueryui/themes/redmond/jquery.ui.theme.css" "Mozilla/5.0 (Windows NT 10.0; Win64; x64; rv:138.0) Gecko/20100101 Firefox/138.0"
192.168.11.68 - - [22/May/2025:08:52:14 +0800] "GET /eHR/css/jqueryui/themes/redmond/images/ui-icons_6da8d5_256x240.png HTTP/1.1" 200 4369
192.168.11.68 - - [22/May/2025:08:52:14 +0800] "GET /eHR/css/jqueryui/themes/redmond/images/ui-bg_inset-hard_100_fcfdfd_1x100.png HTTP/1.1" 200 88 "http://192.168.1.83:8088/eHR/css/jqueryui/themes/redmond/jquery.ui.theme.css" "Mozilla/5.0 (Windows NT 10.0; Win64; x64; rv:138.0) Gecko/20100101 Firefox/138.0"
192.168.11.68 - - [22/May/2025:08:52:14 +0800] "GET /eHR/css/jqueryui/themes/redmond/images/ui-bg_inset-hard_100_fcfdfd_1x100.png HTTP/1.1" 200 88
192.168.11.68 - - [22/May/2025:08:52:15 +0800] "GET /eHR/css/jqueryui/themes/redmond/images/ui-icons_217bc0_256x240.png HTTP/1.1" 200 4369 "http://192.168.1.83:8088/eHR/css/jqueryui/themes/redmond/jquery.ui.theme.css" "Mozilla/5.0 (Windows NT 10.0; Win64; x64; rv:138.0) Gecko/20100101 Firefox/138.0"
192.168.11.68 - - [22/May/2025:08:52:15 +0800] "GET /eHR/css/jqueryui/themes/redmond/images/ui-icons_217bc0_256x240.png HTTP/1.1" 200 4369
192.168.11.68 - - [22/May/2025:08:52:14 +0800] "GET /eHR/ess/redirect.php?scriptname=ESNH000 HTTP/1.1" 200 9918 "http://192.168.1.83:8088/eHR/ess/redirect.php" "Mozilla/5.0 (Windows NT 10.0; Win64; x64; rv:138.0) Gecko/20100101 Firefox/138.0"
192.168.11.68 - - [22/May/2025:08:52:14 +0800] "GET /eHR/ess/redirect.php?scriptname=ESNH000 HTTP/1.1" 200 9918
192.168.11.68 - - [22/May/2025:08:52:15 +0800] "GET /eHR/css/jqueryui/themes/redmond/images/ui-icons_f9bd01_256x240.png HTTP/1.1" 200 4369 "http://192.168.1.83:8088/eHR/css/jqueryui/themes/redmond/jquery.ui.theme.css" "Mozilla/5.0 (Windows NT 10.0; Win64; x64; rv:138.0) Gecko/20100101 Firefox/138.0"
192.168.11.68 - - [22/May/2025:08:52:15 +0800] "GET /eHR/css/jqueryui/themes/redmond/images/ui-icons_f9bd01_256x240.png HTTP/1.1" 200 4369
192.168.11.68 - - [22/May/2025:08:52:17 +0800] "GET /eHR/ess/redirect.php?scriptname=ESNE001&appdesc=%E6%89%B9%E9%87%8F%E5%8A%A0%E7%8F%AD%E7%94%B3%E8%AF%B7 HTTP/1.1" 200 15271 "http://192.168.1.83:8088/eHR/ess/redirect.php" "Mozilla/5.0 (Windows NT 10.0; Win64; x64; rv:138.0) Gecko/20100101 Firefox/138.0"
192.168.11.68 - - [22/May/2025:08:52:17 +0800] "GET /eHR/ess/redirect.php?scriptname=ESNE001&appdesc=%E6%89%B9%E9%87%8F%E5%8A%A0%E7%8F%AD%E7%94%B3%E8%AF%B7 HTTP/1.1" 200 15271
192.168.11.68 - - [22/May/2025:08:52:18 +0800] "GET /eHR/img/date.png HTTP/1.1" 200 626 "http://192.168.1.83:8088/eHR/ess/redirect.php?scriptname=ESNE001&appdesc=%E6%89%B9%E9%87%8F%E5%8A%A0%E7%8F%AD%E7%94%B3%E8%AF%B7" "Mozilla/5.0 (Windows NT 10.0; Win64; x64; rv:138.0) Gecko/20100101 Firefox/138.0"
192.168.11.68 - - [22/May/2025:08:52:18 +0800] "GET /eHR/img/date.png HTTP/1.1" 200 626
192.168.11.68 - - [22/May/2025:08:52:18 +0800] "GET /eHR/css/jqueryui/themes/redmond/images/ui-bg_gloss-wave_55_5c9ccc_500x100.png HTTP/1.1" 200 3457
192.168.11.68 - - [22/May/2025:08:52:18 +0800] "GET /eHR/css/jqueryui/themes/redmond/images/ui-bg_gloss-wave_55_5c9ccc_500x100.png HTTP/1.1" 200 3457 "http://192.168.1.83:8088/eHR/css/jqueryui/themes/redmond/jquery.ui.theme.css" "Mozilla/5.0 (Windows NT 10.0; Win64; x64; rv:138.0) Gecko/20100101 Firefox/138.0"
192.168.11.68 - - [22/May/2025:08:52:18 +0800] "GET /eHR/img/layout/resizable-w.gif HTTP/1.1" 200 368 "http://192.168.1.83:8088/eHR/css/layout/layout.min.css" "Mozilla/5.0 (Windows NT 10.0; Win64; x64; rv:138.0) Gecko/20100101 Firefox/138.0"
192.168.11.68 - - [22/May/2025:08:52:18 +0800] "GET /eHR/img/layout/resizable-w.gif HTTP/1.1" 200 368
192.168.11.68 - - [22/May/2025:08:52:20 +0800] "GET /eHR/css/jqueryui/themes/redmond/images/ui-icons_d8e7f3_256x240.png HTTP/1.1" 200 4369 "http://192.168.1.83:8088/eHR/css/jqueryui/themes/redmond/jquery.ui.theme.css" "Mozilla/5.0 (Windows NT 10.0; Win64; x64; rv:138.0) Gecko/20100101 Firefox/138.0"
192.168.11.68 - - [22/May/2025:08:52:20 +0800] "GET /eHR/css/jqueryui/themes/redmond/images/ui-icons_d8e7f3_256x240.png HTTP/1.1" 200 4369
192.168.11.68 - - [22/May/2025:08:52:20 +0800] "GET /eHR/css/jqueryui/themes/redmond/images/ui-bg_flat_55_fbec88_40x100.png HTTP/1.1" 200 182 "http://192.168.1.83:8088/eHR/css/jqueryui/themes/redmond/jquery.ui.theme.css" "Mozilla/5.0 (Windows NT 10.0; Win64; x64; rv:138.0) Gecko/20100101 Firefox/138.0"
192.168.11.68 - - [22/May/2025:08:52:20 +0800] "GET /eHR/css/jqueryui/themes/redmond/images/ui-bg_flat_55_fbec88_40x100.png HTTP/1.1" 200 182
192.168.11.133 - - [22/May/2025:08:52:26 +0800] "GET /eHR/ess/redirect.php?scriptname=emp_lov&openW=Y&rand=0.37161166940248047 HTTP/1.1" 200 8728 "http://192.168.1.83:8088/eHR/ess/redirect.php?scriptname=ESNE001&appdesc=%E6%89%B9%E9%87%8F%E5%8A%A0%E7%8F%AD%E7%94%B3%E8%AF%B7" "Mozilla/5.0 (Windows NT 6.2; Win64; x64) AppleWebKit/537.36 (KHTML, like Gecko) Chrome/105.0.0.0 Safari/537.36"
192.168.11.133 - - [22/May/2025:08:52:26 +0800] "GET /eHR/ess/redirect.php?scriptname=emp_lov&openW=Y&rand=0.37161166940248047 HTTP/1.1" 200 8728
192.168.11.133 - - [22/May/2025:08:52:30 +0800] "POST /eHR/ess/redirect.php?scriptname=emp_lov&openW=Y&rand=0.37161166940248047 HTTP/1.1" 200 14146 "http://192.168.1.83:8088/eHR/ess/redirect.php?scriptname=emp_lov&openW=Y&rand=0.37161166940248047" "Mozilla/5.0 (Windows NT 6.2; Win64; x64) AppleWebKit/537.36 (KHTML, like Gecko) Chrome/105.0.0.0 Safari/537.36"
192.168.11.133 - - [22/May/2025:08:52:30 +0800] "POST /eHR/ess/redirect.php?scriptname=emp_lov&openW=Y&rand=0.37161166940248047 HTTP/1.1" 200 14146
192.168.11.133 - - [22/May/2025:08:52:33 +0800] "POST /eHR/ess/redirect.php?scriptname=ESNE001&appdesc=%E6%89%B9%E9%87%8F%E5%8A%A0%E7%8F%AD%E7%94%B3%E8%AF%B7 HTTP/1.1" 200 4065 "http://192.168.1.83:8088/eHR/ess/redirect.php?scriptname=ESNE001&appdesc=%E6%89%B9%E9%87%8F%E5%8A%A0%E7%8F%AD%E7%94%B3%E8%AF%B7" "Mozilla/5.0 (Windows NT 6.2; Win64; x64) AppleWebKit/537.36 (KHTML, like Gecko) Chrome/105.0.0.0 Safari/537.36"
192.168.11.133 - - [22/May/2025:08:52:33 +0800] "POST /eHR/ess/redirect.php?scriptname=ESNE001&appdesc=%E6%89%B9%E9%87%8F%E5%8A%A0%E7%8F%AD%E7%94%B3%E8%AF%B7 HTTP/1.1" 200 4065
192.168.11.133 - - [22/May/2025:08:52:36 +0800] "GET /eHR/ess/redirect.php?scriptname=ESNE001&appdesc=%E6%89%B9%E9%87%8F%E5%8A%A0%E7%8F%AD%E7%94%B3%E8%AF%B7 HTTP/1.1" 200 15271 "http://192.168.1.83:8088/eHR/ess/redirect.php" "Mozilla/5.0 (Windows NT 6.2; Win64; x64) AppleWebKit/537.36 (KHTML, like Gecko) Chrome/105.0.0.0 Safari/537.36"
192.168.11.133 - - [22/May/2025:08:52:36 +0800] "GET /eHR/ess/redirect.php?scriptname=ESNE001&appdesc=%E6%89%B9%E9%87%8F%E5%8A%A0%E7%8F%AD%E7%94%B3%E8%AF%B7 HTTP/1.1" 200 15271
192.168.11.133 - - [22/May/2025:08:52:49 +0800] "GET /eHR/ess/redirect.php?scriptname=emp_lov&openW=Y&rand=0.5600075003212934 HTTP/1.1" 200 8728 "http://192.168.1.83:8088/eHR/ess/redirect.php?scriptname=ESNE001&appdesc=%E6%89%B9%E9%87%8F%E5%8A%A0%E7%8F%AD%E7%94%B3%E8%AF%B7" "Mozilla/5.0 (Windows NT 6.2; Win64; x64) AppleWebKit/537.36 (KHTML, like Gecko) Chrome/105.0.0.0 Safari/537.36"
192.168.11.133 - - [22/May/2025:08:52:49 +0800] "GET /eHR/ess/redirect.php?scriptname=emp_lov&openW=Y&rand=0.5600075003212934 HTTP/1.1" 200 8728
192.168.11.68 - - [22/May/2025:08:52:51 +0800] "GET /eHR/ess/redirect.php?scriptname=emp_lov&openW=Y&rand=0.2563584742417364 HTTP/1.1" 200 8988 "http://192.168.1.83:8088/eHR/ess/redirect.php?scriptname=ESNE001&appdesc=%E6%89%B9%E9%87%8F%E5%8A%A0%E7%8F%AD%E7%94%B3%E8%AF%B7" "Mozilla/5.0 (Windows NT 10.0; Win64; x64; rv:138.0) Gecko/20100101 Firefox/138.0"
192.168.11.68 - - [22/May/2025:08:52:51 +0800] "GET /eHR/ess/redirect.php?scriptname=emp_lov&openW=Y&rand=0.2563584742417364 HTTP/1.1" 200 8988
192.168.11.133 - - [22/May/2025:08:52:52 +0800] "POST /eHR/ess/redirect.php?scriptname=emp_lov&openW=Y&rand=0.5600075003212934 HTTP/1.1" 200 14146 "http://192.168.1.83:8088/eHR/ess/redirect.php?scriptname=emp_lov&openW=Y&rand=0.5600075003212934" "Mozilla/5.0 (Windows NT 6.2; Win64; x64) AppleWebKit/537.36 (KHTML, like Gecko) Chrome/105.0.0.0 Safari/537.36"
192.168.11.133 - - [22/May/2025:08:52:52 +0800] "POST /eHR/ess/redirect.php?scriptname=emp_lov&openW=Y&rand=0.5600075003212934 HTTP/1.1" 200 14146
192.168.11.133 - - [22/May/2025:08:52:56 +0800] "POST /eHR/ess/redirect.php?scriptname=ESNE001&appdesc=%E6%89%B9%E9%87%8F%E5%8A%A0%E7%8F%AD%E7%94%B3%E8%AF%B7 HTTP/1.1" 200 4065 "http://192.168.1.83:8088/eHR/ess/redirect.php?scriptname=ESNE001&appdesc=%E6%89%B9%E9%87%8F%E5%8A%A0%E7%8F%AD%E7%94%B3%E8%AF%B7" "Mozilla/5.0 (Windows NT 6.2; Win64; x64) AppleWebKit/537.36 (KHTML, like Gecko) Chrome/105.0.0.0 Safari/537.36"
192.168.11.133 - - [22/May/2025:08:52:56 +0800] "POST /eHR/ess/redirect.php?scriptname=ESNE001&appdesc=%E6%89%B9%E9%87%8F%E5%8A%A0%E7%8F%AD%E7%94%B3%E8%AF%B7 HTTP/1.1" 200 4065
192.168.11.133 - - [22/May/2025:08:52:58 +0800] "GET /eHR/ess/redirect.php?scriptname=ESNE003&appdesc=%E6%89%B9%E9%87%8F%E5%8A%A0%E7%8F%AD%E6%9F%A5%E8%AF%A2 HTTP/1.1" 200 7969 "http://192.168.1.83:8088/eHR/ess/redirect.php" "Mozilla/5.0 (Windows NT 6.2; Win64; x64) AppleWebKit/537.36 (KHTML, like Gecko) Chrome/105.0.0.0 Safari/537.36"
192.168.11.133 - - [22/May/2025:08:52:58 +0800] "GET /eHR/ess/redirect.php?scriptname=ESNE003&appdesc=%E6%89%B9%E9%87%8F%E5%8A%A0%E7%8F%AD%E6%9F%A5%E8%AF%A2 HTTP/1.1" 200 7969
192.168.11.68 - - [22/May/2025:08:52:53 +0800] "POST /eHR/ess/redirect.php?scriptname=emp_lov&openW=Y&rand=0.2563584742417364 HTTP/1.1" 200 27493
192.168.11.68 - - [22/May/2025:08:52:53 +0800] "POST /eHR/ess/redirect.php?scriptname=emp_lov&openW=Y&rand=0.2563584742417364 HTTP/1.1" 200 27493 "http://192.168.1.83:8088/eHR/ess/redirect.php?scriptname=emp_lov&openW=Y&rand=0.2563584742417364" "Mozilla/5.0 (Windows NT 10.0; Win64; x64; rv:138.0) Gecko/20100101 Firefox/138.0"
192.168.11.133 - - [22/May/2025:08:53:05 +0800] "POST /eHR/ess/redirect.php?scriptname=ESNE003&appdesc=%E6%89%B9%E9%87%8F%E5%8A%A0%E7%8F%AD%E6%9F%A5%E8%AF%A2 HTTP/1.1" 200 166608 "http://192.168.1.83:8088/eHR/ess/redirect.php?scriptname=ESNE003&appdesc=%E6%89%B9%E9%87%8F%E5%8A%A0%E7%8F%AD%E6%9F%A5%E8%AF%A2" "Mozilla/5.0 (Windows NT 6.2; Win64; x64) AppleWebKit/537.36 (KHTML, like Gecko) Chrome/105.0.0.0 Safari/537.36"
192.168.11.133 - - [22/May/2025:08:53:05 +0800] "POST /eHR/ess/redirect.php?scriptname=ESNE003&appdesc=%E6%89%B9%E9%87%8F%E5%8A%A0%E7%8F%AD%E6%9F%A5%E8%AF%A2 HTTP/1.1" 200 166608
192.168.182.95 - - [22/May/2025:08:53:35 +0800] "GET /eHR/ess/redirect.php HTTP/1.1" 302 - "-" "Mozilla/5.0 (Windows NT 6.2; Win64; x64) AppleWebKit/537.36 (KHTML, like Gecko) Chrome/105.0.0.0 Safari/537.36"
192.168.182.95 - - [22/May/2025:08:53:35 +0800] "GET /eHR/ess/redirect.php HTTP/1.1" 302 -
192.168.182.95 - - [22/May/2025:08:53:35 +0800] "GET /eHR/ess/index.php?action=logout HTTP/1.1" 200 8826
192.168.182.95 - - [22/May/2025:08:53:35 +0800] "GET /eHR/ess/index.php?action=logout HTTP/1.1" 200 8826 "-" "Mozilla/5.0 (Windows NT 6.2; Win64; x64) AppleWebKit/537.36 (KHTML, like Gecko) Chrome/105.0.0.0 Safari/537.36"
192.168.182.95 - - [22/May/2025:08:53:43 +0800] "POST /eHR/ess/includes/login.php HTTP/1.1" 302 - "http://192.168.1.83:8088/eHR/ess/index.php?action=logout" "Mozilla/5.0 (Windows NT 6.2; Win64; x64) AppleWebKit/537.36 (KHTML, like Gecko) Chrome/105.0.0.0 Safari/537.36"
192.168.182.95 - - [22/May/2025:08:53:43 +0800] "POST /eHR/ess/includes/login.php HTTP/1.1" 302 -
192.168.182.95 - - [22/May/2025:08:53:48 +0800] "GET /eHR/ess/redirect.php HTTP/1.1" 200 9206 "http://192.168.1.83:8088/eHR/ess/index.php?action=logout" "Mozilla/5.0 (Windows NT 6.2; Win64; x64) AppleWebKit/537.36 (KHTML, like Gecko) Chrome/105.0.0.0 Safari/537.36"
192.168.182.95 - - [22/May/2025:08:53:48 +0800] "GET /eHR/ess/redirect.php HTTP/1.1" 200 9206
192.168.182.95 - - [22/May/2025:08:53:49 +0800] "GET /eHR/ess/redirect.php?scriptname=ESNH000 HTTP/1.1" 200 10490 "http://192.168.1.83:8088/eHR/ess/redirect.php" "Mozilla/5.0 (Windows NT 6.2; Win64; x64) AppleWebKit/537.36 (KHTML, like Gecko) Chrome/105.0.0.0 Safari/537.36"
192.168.182.95 - - [22/May/2025:08:53:49 +0800] "GET /eHR/ess/redirect.php?scriptname=ESNH000 HTTP/1.1" 200 10490
192.168.11.64 - - [22/May/2025:08:53:51 +0800] "GET /eHR/ess/index.php?action=logout HTTP/1.1" 200 8826
192.168.11.64 - - [22/May/2025:08:53:51 +0800] "GET /eHR/ess/index.php?action=logout HTTP/1.1" 200 8826 "-" "Mozilla/5.0 (Windows NT 6.1; Win64; x64) AppleWebKit/537.36 (KHTML, like Gecko) Chrome/105.0.0.0 Safari/537.36"
192.168.182.95 - - [22/May/2025:08:53:53 +0800] "GET /eHR/ess/redirect.php?scriptname=ESNH003&appdesc=%E8%AF%B7%E5%81%87%E7%AD%BE%E6%A0%B8 HTTP/1.1" 302 - "http://192.168.1.83:8088/eHR/ess/redirect.php" "Mozilla/5.0 (Windows NT 6.2; Win64; x64) AppleWebKit/537.36 (KHTML, like Gecko) Chrome/105.0.0.0 Safari/537.36"
192.168.182.95 - - [22/May/2025:08:53:53 +0800] "GET /eHR/ess/redirect.php?scriptname=ESNH003&appdesc=%E8%AF%B7%E5%81%87%E7%AD%BE%E6%A0%B8 HTTP/1.1" 302 -
192.168.182.95 - - [22/May/2025:08:53:54 +0800] "GET /eHR/mgr/redirect.php?scriptname=MDNH104&appdesc=%E8%AF%B7%E5%81%87%E7%AD%BE%E6%A0%B8 HTTP/1.1" 200 12241 "http://192.168.1.83:8088/eHR/ess/redirect.php" "Mozilla/5.0 (Windows NT 6.2; Win64; x64) AppleWebKit/537.36 (KHTML, like Gecko) Chrome/105.0.0.0 Safari/537.36"
192.168.182.95 - - [22/May/2025:08:53:54 +0800] "GET /eHR/mgr/redirect.php?scriptname=MDNH104&appdesc=%E8%AF%B7%E5%81%87%E7%AD%BE%E6%A0%B8 HTTP/1.1" 200 12241
192.168.11.68 - - [22/May/2025:08:53:55 +0800] "POST /eHR/ess/redirect.php?scriptname=ESNE001&appdesc=%E6%89%B9%E9%87%8F%E5%8A%A0%E7%8F%AD%E7%94%B3%E8%AF%B7 HTTP/1.1" 200 4488 "http://192.168.1.83:8088/eHR/ess/redirect.php?scriptname=ESNE001&appdesc=%E6%89%B9%E9%87%8F%E5%8A%A0%E7%8F%AD%E7%94%B3%E8%AF%B7" "Mozilla/5.0 (Windows NT 10.0; Win64; x64; rv:138.0) Gecko/20100101 Firefox/138.0"
192.168.11.68 - - [22/May/2025:08:53:55 +0800] "POST /eHR/ess/redirect.php?scriptname=ESNE001&appdesc=%E6%89%B9%E9%87%8F%E5%8A%A0%E7%8F%AD%E7%94%B3%E8%AF%B7 HTTP/1.1" 200 4488
192.168.11.68 - - [22/May/2025:08:53:57 +0800] "GET /eHR/img/Y.png HTTP/1.1" 200 1084 "http://192.168.1.83:8088/eHR/ess/redirect.php?scriptname=ESNE001&appdesc=%E6%89%B9%E9%87%8F%E5%8A%A0%E7%8F%AD%E7%94%B3%E8%AF%B7" "Mozilla/5.0 (Windows NT 10.0; Win64; x64; rv:138.0) Gecko/20100101 Firefox/138.0"
192.168.11.68 - - [22/May/2025:08:53:57 +0800] "GET /eHR/img/Y.png HTTP/1.1" 200 1084
192.168.11.68 - - [22/May/2025:08:53:57 +0800] "GET /eHR/css/jqueryui/themes/redmond/images/ui-icons_2e83ff_256x240.png HTTP/1.1" 200 4369 "http://192.168.1.83:8088/eHR/css/jqueryui/themes/redmond/jquery.ui.theme.css" "Mozilla/5.0 (Windows NT 10.0; Win64; x64; rv:138.0) Gecko/20100101 Firefox/138.0"
192.168.11.68 - - [22/May/2025:08:53:57 +0800] "GET /eHR/css/jqueryui/themes/redmond/images/ui-icons_2e83ff_256x240.png HTTP/1.1" 200 4369
192.168.11.64 - - [22/May/2025:08:53:53 +0800] "POST /eHR/ess/includes/login.php HTTP/1.1" 302 - "http://192.168.1.83:8088/eHR/ess/index.php?action=logout" "Mozilla/5.0 (Windows NT 6.1; Win64; x64) AppleWebKit/537.36 (KHTML, like Gecko) Chrome/105.0.0.0 Safari/537.36"
192.168.11.64 - - [22/May/2025:08:53:53 +0800] "POST /eHR/ess/includes/login.php HTTP/1.1" 302 -
192.168.11.64 - - [22/May/2025:08:53:58 +0800] "GET /eHR/ess/redirect.php HTTP/1.1" 200 8929 "http://192.168.1.83:8088/eHR/ess/index.php?action=logout" "Mozilla/5.0 (Windows NT 6.1; Win64; x64) AppleWebKit/537.36 (KHTML, like Gecko) Chrome/105.0.0.0 Safari/537.36"
192.168.11.64 - - [22/May/2025:08:53:58 +0800] "GET /eHR/ess/redirect.php HTTP/1.1" 200 8929
192.168.11.64 - - [22/May/2025:08:53:59 +0800] "GET /eHR/ess/redirect.php?scriptname=ESNH000 HTTP/1.1" 200 9977 "http://192.168.1.83:8088/eHR/ess/redirect.php" "Mozilla/5.0 (Windows NT 6.1; Win64; x64) AppleWebKit/537.36 (KHTML, like Gecko) Chrome/105.0.0.0 Safari/537.36"
192.168.11.64 - - [22/May/2025:08:53:59 +0800] "GET /eHR/ess/redirect.php?scriptname=ESNH000 HTTP/1.1" 200 9977
192.168.11.68 - - [22/May/2025:08:54:00 +0800] "GET /eHR/ess/redirect.php?scriptname=ESNE001&appdesc=%E6%89%B9%E9%87%8F%E5%8A%A0%E7%8F%AD%E7%94%B3%E8%AF%B7 HTTP/1.1" 200 15271 "http://192.168.1.83:8088/eHR/ess/redirect.php" "Mozilla/5.0 (Windows NT 10.0; Win64; x64; rv:138.0) Gecko/20100101 Firefox/138.0"
192.168.11.68 - - [22/May/2025:08:54:00 +0800] "GET /eHR/ess/redirect.php?scriptname=ESNE001&appdesc=%E6%89%B9%E9%87%8F%E5%8A%A0%E7%8F%AD%E7%94%B3%E8%AF%B7 HTTP/1.1" 200 15271
192.168.11.133 - - [22/May/2025:08:54:06 +0800] "GET /eHR/ess/redirect.php?scriptname=ESNE001&appdesc=%E6%89%B9%E9%87%8F%E5%8A%A0%E7%8F%AD%E7%94%B3%E8%AF%B7 HTTP/1.1" 200 15271 "http://192.168.1.83:8088/eHR/ess/redirect.php" "Mozilla/5.0 (Windows NT 6.2; Win64; x64) AppleWebKit/537.36 (KHTML, like Gecko) Chrome/105.0.0.0 Safari/537.36"
192.168.11.133 - - [22/May/2025:08:54:06 +0800] "GET /eHR/ess/redirect.php?scriptname=ESNE001&appdesc=%E6%89%B9%E9%87%8F%E5%8A%A0%E7%8F%AD%E7%94%B3%E8%AF%B7 HTTP/1.1" 200 15271
192.168.11.64 - - [22/May/2025:08:54:07 +0800] "GET /eHR/ess/redirect.php?scriptname=ESNE002&appdesc=%E6%89%B9%E9%87%8F%E8%AF%B7%E5%81%87%E7%94%B3%E8%AF%B7 HTTP/1.1" 200 22190 "http://192.168.1.83:8088/eHR/ess/redirect.php" "Mozilla/5.0 (Windows NT 6.1; Win64; x64) AppleWebKit/537.36 (KHTML, like Gecko) Chrome/105.0.0.0 Safari/537.36"
192.168.11.64 - - [22/May/2025:08:54:07 +0800] "GET /eHR/ess/redirect.php?scriptname=ESNE002&appdesc=%E6%89%B9%E9%87%8F%E8%AF%B7%E5%81%87%E7%94%B3%E8%AF%B7 HTTP/1.1" 200 22190
192.168.182.95 - - [22/May/2025:08:54:09 +0800] "POST /eHR/mgr/redirect.php?scriptname=MDNH104&appdesc=%E8%AF%B7%E5%81%87%E7%AD%BE%E6%A0%B8 HTTP/1.1" 200 4139 "http://192.168.1.83:8088/eHR/mgr/redirect.php?scriptname=MDNH104&appdesc=%E8%AF%B7%E5%81%87%E7%AD%BE%E6%A0%B8" "Mozilla/5.0 (Windows NT 6.2; Win64; x64) AppleWebKit/537.36 (KHTML, like Gecko) Chrome/105.0.0.0 Safari/537.36"
192.168.182.95 - - [22/May/2025:08:54:09 +0800] "POST /eHR/mgr/redirect.php?scriptname=MDNH104&appdesc=%E8%AF%B7%E5%81%87%E7%AD%BE%E6%A0%B8 HTTP/1.1" 200 4139
192.168.182.95 - - [22/May/2025:08:54:11 +0800] "GET /eHR/ess/redirect.php?scriptname=ESNH004&appdesc=%E5%8A%A0%E7%8F%AD%E7%AD%BE%E6%A0%B8 HTTP/1.1" 302 - "http://192.168.1.83:8088/eHR/ess/redirect.php" "Mozilla/5.0 (Windows NT 6.2; Win64; x64) AppleWebKit/537.36 (KHTML, like Gecko) Chrome/105.0.0.0 Safari/537.36"
192.168.182.95 - - [22/May/2025:08:54:11 +0800] "GET /eHR/ess/redirect.php?scriptname=ESNH004&appdesc=%E5%8A%A0%E7%8F%AD%E7%AD%BE%E6%A0%B8 HTTP/1.1" 302 -
192.168.182.95 - - [22/May/2025:08:54:11 +0800] "GET /eHR/mgr/redirect.php?scriptname=MDNH105&appdesc=%E5%8A%A0%E7%8F%AD%E7%AD%BE%E6%A0%B8 HTTP/1.1" 200 171634 "http://192.168.1.83:8088/eHR/ess/redirect.php" "Mozilla/5.0 (Windows NT 6.2; Win64; x64) AppleWebKit/537.36 (KHTML, like Gecko) Chrome/105.0.0.0 Safari/537.36"
192.168.182.95 - - [22/May/2025:08:54:11 +0800] "GET /eHR/mgr/redirect.php?scriptname=MDNH105&appdesc=%E5%8A%A0%E7%8F%AD%E7%AD%BE%E6%A0%B8 HTTP/1.1" 200 171634
192.168.11.64 - - [22/May/2025:08:54:20 +0800] "GET /eHR/ess/redirect.php?scriptname=emp_lov&openW=Y&rand=0.851658538277368 HTTP/1.1" 200 13560 "http://192.168.1.83:8088/eHR/ess/redirect.php?scriptname=ESNE002&appdesc=%E6%89%B9%E9%87%8F%E8%AF%B7%E5%81%87%E7%94%B3%E8%AF%B7" "Mozilla/5.0 (Windows NT 6.1; Win64; x64) AppleWebKit/537.36 (KHTML, like Gecko) Chrome/105.0.0.0 Safari/537.36"
192.168.11.64 - - [22/May/2025:08:54:20 +0800] "GET /eHR/ess/redirect.php?scriptname=emp_lov&openW=Y&rand=0.851658538277368 HTTP/1.1" 200 13560
192.168.11.133 - - [22/May/2025:08:54:21 +0800] "GET /eHR/ess/redirect.php?scriptname=emp_lov&openW=Y&rand=0.8435419476453705 HTTP/1.1" 200 8728 "http://192.168.1.83:8088/eHR/ess/redirect.php?scriptname=ESNE001&appdesc=%E6%89%B9%E9%87%8F%E5%8A%A0%E7%8F%AD%E7%94%B3%E8%AF%B7" "Mozilla/5.0 (Windows NT 6.2; Win64; x64) AppleWebKit/537.36 (KHTML, like Gecko) Chrome/105.0.0.0 Safari/537.36"
192.168.11.133 - - [22/May/2025:08:54:21 +0800] "GET /eHR/ess/redirect.php?scriptname=emp_lov&openW=Y&rand=0.8435419476453705 HTTP/1.1" 200 8728
192.168.182.95 - - [22/May/2025:08:54:22 +0800] "POST /eHR/mgr/redirect.php?scriptname=MDNH105&appdesc=%E5%8A%A0%E7%8F%AD%E7%AD%BE%E6%A0%B8 HTTP/1.1" 302 - "http://192.168.1.83:8088/eHR/mgr/redirect.php?scriptname=MDNH105&appdesc=%E5%8A%A0%E7%8F%AD%E7%AD%BE%E6%A0%B8" "Mozilla/5.0 (Windows NT 6.2; Win64; x64) AppleWebKit/537.36 (KHTML, like Gecko) Chrome/105.0.0.0 Safari/537.36"
192.168.182.95 - - [22/May/2025:08:54:22 +0800] "POST /eHR/mgr/redirect.php?scriptname=MDNH105&appdesc=%E5%8A%A0%E7%8F%AD%E7%AD%BE%E6%A0%B8 HTTP/1.1" 302 -
192.168.182.95 - - [22/May/2025:08:54:24 +0800] "GET /eHR/mgr/redirect.php?scriptname=page_success&msgtxt=%E6%82%A8%E7%9A%84%E7%B0%BD%E6%A0%B8%EF%BC%8C%E5%B7%B2%E6%88%90%E5%8A%9F%E6%8F%90%E4%BA%A4%E5%88%B0%E5%BE%8C%E5%8F%B0%E8%99%95%E7%90%86.%3Cbr%3E%E6%82%A8%E5%8F%AF%E4%BB%A5%E7%82%B9%3Ca+href%3D%22..%2Fess%2Fredirect.php%3Fscriptname%3DESNH100%26requestno%3D129114%22%3E%E9%80%99%E8%A3%A1%3C%2Fa%3E%E6%9F%A5%E7%9C%8B%E7%B0%BD%E6%A0%B8%E7%B5%90%E6%9E%9C%E3%80%82%3Cbr%3E%E6%89%B9%E6%AC%A1%E8%99%9F%3A129114&target=iframe HTTP/1.1" 302 - "http://192.168.1.83:8088/eHR/mgr/redirect.php?scriptname=MDNH105&appdesc=%E5%8A%A0%E7%8F%AD%E7%AD%BE%E6%A0%B8" "Mozilla/5.0 (Windows NT 6.2; Win64; x64) AppleWebKit/537.36 (KHTML, like Gecko) Chrome/105.0.0.0 Safari/537.36"
192.168.182.95 - - [22/May/2025:08:54:24 +0800] "GET /eHR/mgr/redirect.php?scriptname=page_success&msgtxt=%E6%82%A8%E7%9A%84%E7%B0%BD%E6%A0%B8%EF%BC%8C%E5%B7%B2%E6%88%90%E5%8A%9F%E6%8F%90%E4%BA%A4%E5%88%B0%E5%BE%8C%E5%8F%B0%E8%99%95%E7%90%86.%3Cbr%3E%E6%82%A8%E5%8F%AF%E4%BB%A5%E7%82%B9%3Ca+href%3D%22..%2Fess%2Fredirect.php%3Fscriptname%3DESNH100%26requestno%3D129114%22%3E%E9%80%99%E8%A3%A1%3C%2Fa%3E%E6%9F%A5%E7%9C%8B%E7%B0%BD%E6%A0%B8%E7%B5%90%E6%9E%9C%E3%80%82%3Cbr%3E%E6%89%B9%E6%AC%A1%E8%99%9F%3A129114&target=iframe HTTP/1.1" 302 -
192.168.182.95 - - [22/May/2025:08:54:25 +0800] "GET /eHR/mgr/redirect.php?scriptname=page_error&msgtxt=%3Ch3%3EHTTP+404+-+Page+not+found%3C%2Fh3%3E%3Cbr%3E%3Cstrong%3EFile+Name%3A%3C%2Fstrong%3Epage_success%3Cbr%2F%3E%3Cstrong%3EApplication+Name%3C%2Fstrong%3E%3A&target=iframe HTTP/1.1" 302 - "http://192.168.1.83:8088/eHR/mgr/redirect.php?scriptname=MDNH105&appdesc=%E5%8A%A0%E7%8F%AD%E7%AD%BE%E6%A0%B8" "Mozilla/5.0 (Windows NT 6.2; Win64; x64) AppleWebKit/537.36 (KHTML, like Gecko) Chrome/105.0.0.0 Safari/537.36"
192.168.182.95 - - [22/May/2025:08:54:25 +0800] "GET /eHR/mgr/redirect.php?scriptname=page_error&msgtxt=%3Ch3%3EHTTP+404+-+Page+not+found%3C%2Fh3%3E%3Cbr%3E%3Cstrong%3EFile+Name%3A%3C%2Fstrong%3Epage_success%3Cbr%2F%3E%3Cstrong%3EApplication+Name%3C%2Fstrong%3E%3A&target=iframe HTTP/1.1" 302 -
192.168.182.95 - - [22/May/2025:08:54:25 +0800] "GET /eHR/mgr/redirect.php?scriptname=page_error&msgtxt=%3Ch3%3EHTTP+404+-+Page+not+found%3C%2Fh3%3E%3Cbr%3E%3Cstrong%3EFile+Name%3A%3C%2Fstrong%3Epage_error%3Cbr%2F%3E%3Cstrong%3EApplication+Name%3C%2Fstrong%3E%3A&target=iframe HTTP/1.1" 302 -
192.168.182.95 - - [22/May/2025:08:54:25 +0800] "GET /eHR/mgr/redirect.php?scriptname=page_error&msgtxt=%3Ch3%3EHTTP+404+-+Page+not+found%3C%2Fh3%3E%3Cbr%3E%3Cstrong%3EFile+Name%3A%3C%2Fstrong%3Epage_error%3Cbr%2F%3E%3Cstrong%3EApplication+Name%3C%2Fstrong%3E%3A&target=iframe HTTP/1.1" 302 - "http://192.168.1.83:8088/eHR/mgr/redirect.php?scriptname=MDNH105&appdesc=%E5%8A%A0%E7%8F%AD%E7%AD%BE%E6%A0%B8" "Mozilla/5.0 (Windows NT 6.2; Win64; x64) AppleWebKit/537.36 (KHTML, like Gecko) Chrome/105.0.0.0 Safari/537.36"
192.168.182.95 - - [22/May/2025:08:54:25 +0800] "GET /eHR/mgr/redirect.php?scriptname=page_error&msgtxt=%3Ch3%3EHTTP+404+-+Page+not+found%3C%2Fh3%3E%3Cbr%3E%3Cstrong%3EFile+Name%3A%3C%2Fstrong%3Epage_error%3Cbr%2F%3E%3Cstrong%3EApplication+Name%3C%2Fstrong%3E%3A&target=iframe HTTP/1.1" 302 - "http://192.168.1.83:8088/eHR/mgr/redirect.php?scriptname=MDNH105&appdesc=%E5%8A%A0%E7%8F%AD%E7%AD%BE%E6%A0%B8" "Mozilla/5.0 (Windows NT 6.2; Win64; x64) AppleWebKit/537.36 (KHTML, like Gecko) Chrome/105.0.0.0 Safari/537.36"
192.168.182.95 - - [22/May/2025:08:54:25 +0800] "GET /eHR/mgr/redirect.php?scriptname=page_error&msgtxt=%3Ch3%3EHTTP+404+-+Page+not+found%3C%2Fh3%3E%3Cbr%3E%3Cstrong%3EFile+Name%3A%3C%2Fstrong%3Epage_error%3Cbr%2F%3E%3Cstrong%3EApplication+Name%3C%2Fstrong%3E%3A&target=iframe HTTP/1.1" 302 -
192.168.182.95 - - [22/May/2025:08:54:25 +0800] "GET /eHR/mgr/redirect.php?scriptname=page_error&msgtxt=%3Ch3%3EHTTP+404+-+Page+not+found%3C%2Fh3%3E%3Cbr%3E%3Cstrong%3EFile+Name%3A%3C%2Fstrong%3Epage_error%3Cbr%2F%3E%3Cstrong%3EApplication+Name%3C%2Fstrong%3E%3A&target=iframe HTTP/1.1" 302 -
192.168.182.95 - - [22/May/2025:08:54:25 +0800] "GET /eHR/mgr/redirect.php?scriptname=page_error&msgtxt=%3Ch3%3EHTTP+404+-+Page+not+found%3C%2Fh3%3E%3Cbr%3E%3Cstrong%3EFile+Name%3A%3C%2Fstrong%3Epage_error%3Cbr%2F%3E%3Cstrong%3EApplication+Name%3C%2Fstrong%3E%3A&target=iframe HTTP/1.1" 302 - "http://192.168.1.83:8088/eHR/mgr/redirect.php?scriptname=MDNH105&appdesc=%E5%8A%A0%E7%8F%AD%E7%AD%BE%E6%A0%B8" "Mozilla/5.0 (Windows NT 6.2; Win64; x64) AppleWebKit/537.36 (KHTML, like Gecko) Chrome/105.0.0.0 Safari/537.36"
192.168.182.95 - - [22/May/2025:08:54:26 +0800] "GET /eHR/mgr/redirect.php?scriptname=page_error&msgtxt=%3Ch3%3EHTTP+404+-+Page+not+found%3C%2Fh3%3E%3Cbr%3E%3Cstrong%3EFile+Name%3A%3C%2Fstrong%3Epage_error%3Cbr%2F%3E%3Cstrong%3EApplication+Name%3C%2Fstrong%3E%3A&target=iframe HTTP/1.1" 302 -
192.168.182.95 - - [22/May/2025:08:54:26 +0800] "GET /eHR/mgr/redirect.php?scriptname=page_error&msgtxt=%3Ch3%3EHTTP+404+-+Page+not+found%3C%2Fh3%3E%3Cbr%3E%3Cstrong%3EFile+Name%3A%3C%2Fstrong%3Epage_error%3Cbr%2F%3E%3Cstrong%3EApplication+Name%3C%2Fstrong%3E%3A&target=iframe HTTP/1.1" 302 - "http://192.168.1.83:8088/eHR/mgr/redirect.php?scriptname=MDNH105&appdesc=%E5%8A%A0%E7%8F%AD%E7%AD%BE%E6%A0%B8" "Mozilla/5.0 (Windows NT 6.2; Win64; x64) AppleWebKit/537.36 (KHTML, like Gecko) Chrome/105.0.0.0 Safari/537.36"
192.168.11.133 - - [22/May/2025:08:54:25 +0800] "POST /eHR/ess/redirect.php?scriptname=emp_lov&openW=Y&rand=0.8435419476453705 HTTP/1.1" 200 14146 "http://192.168.1.83:8088/eHR/ess/redirect.php?scriptname=emp_lov&openW=Y&rand=0.8435419476453705" "Mozilla/5.0 (Windows NT 6.2; Win64; x64) AppleWebKit/537.36 (KHTML, like Gecko) Chrome/105.0.0.0 Safari/537.36"
192.168.11.133 - - [22/May/2025:08:54:25 +0800] "POST /eHR/ess/redirect.php?scriptname=emp_lov&openW=Y&rand=0.8435419476453705 HTTP/1.1" 200 14146
192.168.182.95 - - [22/May/2025:08:54:26 +0800] "GET /eHR/mgr/redirect.php?scriptname=page_error&msgtxt=%3Ch3%3EHTTP+404+-+Page+not+found%3C%2Fh3%3E%3Cbr%3E%3Cstrong%3EFile+Name%3A%3C%2Fstrong%3Epage_error%3Cbr%2F%3E%3Cstrong%3EApplication+Name%3C%2Fstrong%3E%3A&target=iframe HTTP/1.1" 302 -
192.168.182.95 - - [22/May/2025:08:54:26 +0800] "GET /eHR/mgr/redirect.php?scriptname=page_error&msgtxt=%3Ch3%3EHTTP+404+-+Page+not+found%3C%2Fh3%3E%3Cbr%3E%3Cstrong%3EFile+Name%3A%3C%2Fstrong%3Epage_error%3Cbr%2F%3E%3Cstrong%3EApplication+Name%3C%2Fstrong%3E%3A&target=iframe HTTP/1.1" 302 - "http://192.168.1.83:8088/eHR/mgr/redirect.php?scriptname=MDNH105&appdesc=%E5%8A%A0%E7%8F%AD%E7%AD%BE%E6%A0%B8" "Mozilla/5.0 (Windows NT 6.2; Win64; x64) AppleWebKit/537.36 (KHTML, like Gecko) Chrome/105.0.0.0 Safari/537.36"
192.168.11.64 - - [22/May/2025:08:54:26 +0800] "POST /eHR/ess/redirect.php?scriptname=emp_lov&openW=Y&rand=0.851658538277368 HTTP/1.1" 200 15741
192.168.11.64 - - [22/May/2025:08:54:26 +0800] "POST /eHR/ess/redirect.php?scriptname=emp_lov&openW=Y&rand=0.851658538277368 HTTP/1.1" 200 15741 "http://192.168.1.83:8088/eHR/ess/redirect.php?scriptname=emp_lov&openW=Y&rand=0.851658538277368" "Mozilla/5.0 (Windows NT 6.1; Win64; x64) AppleWebKit/537.36 (KHTML, like Gecko) Chrome/105.0.0.0 Safari/537.36"
192.168.182.95 - - [22/May/2025:08:54:26 +0800] "GET /eHR/mgr/redirect.php?scriptname=page_error&msgtxt=%3Ch3%3EHTTP+404+-+Page+not+found%3C%2Fh3%3E%3Cbr%3E%3Cstrong%3EFile+Name%3A%3C%2Fstrong%3Epage_error%3Cbr%2F%3E%3Cstrong%3EApplication+Name%3C%2Fstrong%3E%3A&target=iframe HTTP/1.1" 302 - "http://192.168.1.83:8088/eHR/mgr/redirect.php?scriptname=MDNH105&appdesc=%E5%8A%A0%E7%8F%AD%E7%AD%BE%E6%A0%B8" "Mozilla/5.0 (Windows NT 6.2; Win64; x64) AppleWebKit/537.36 (KHTML, like Gecko) Chrome/105.0.0.0 Safari/537.36"
192.168.182.95 - - [22/May/2025:08:54:26 +0800] "GET /eHR/mgr/redirect.php?scriptname=page_error&msgtxt=%3Ch3%3EHTTP+404+-+Page+not+found%3C%2Fh3%3E%3Cbr%3E%3Cstrong%3EFile+Name%3A%3C%2Fstrong%3Epage_error%3Cbr%2F%3E%3Cstrong%3EApplication+Name%3C%2Fstrong%3E%3A&target=iframe HTTP/1.1" 302 -
192.168.182.95 - - [22/May/2025:08:54:26 +0800] "GET /eHR/mgr/redirect.php?scriptname=page_error&msgtxt=%3Ch3%3EHTTP+404+-+Page+not+found%3C%2Fh3%3E%3Cbr%3E%3Cstrong%3EFile+Name%3A%3C%2Fstrong%3Epage_error%3Cbr%2F%3E%3Cstrong%3EApplication+Name%3C%2Fstrong%3E%3A&target=iframe HTTP/1.1" 302 -
192.168.182.95 - - [22/May/2025:08:54:26 +0800] "GET /eHR/mgr/redirect.php?scriptname=page_error&msgtxt=%3Ch3%3EHTTP+404+-+Page+not+found%3C%2Fh3%3E%3Cbr%3E%3Cstrong%3EFile+Name%3A%3C%2Fstrong%3Epage_error%3Cbr%2F%3E%3Cstrong%3EApplication+Name%3C%2Fstrong%3E%3A&target=iframe HTTP/1.1" 302 - "http://192.168.1.83:8088/eHR/mgr/redirect.php?scriptname=MDNH105&appdesc=%E5%8A%A0%E7%8F%AD%E7%AD%BE%E6%A0%B8" "Mozilla/5.0 (Windows NT 6.2; Win64; x64) AppleWebKit/537.36 (KHTML, like Gecko) Chrome/105.0.0.0 Safari/537.36"
192.168.182.95 - - [22/May/2025:08:54:27 +0800] "GET /eHR/mgr/redirect.php?scriptname=page_error&msgtxt=%3Ch3%3EHTTP+404+-+Page+not+found%3C%2Fh3%3E%3Cbr%3E%3Cstrong%3EFile+Name%3A%3C%2Fstrong%3Epage_error%3Cbr%2F%3E%3Cstrong%3EApplication+Name%3C%2Fstrong%3E%3A&target=iframe HTTP/1.1" 302 -
192.168.182.95 - - [22/May/2025:08:54:27 +0800] "GET /eHR/mgr/redirect.php?scriptname=page_error&msgtxt=%3Ch3%3EHTTP+404+-+Page+not+found%3C%2Fh3%3E%3Cbr%3E%3Cstrong%3EFile+Name%3A%3C%2Fstrong%3Epage_error%3Cbr%2F%3E%3Cstrong%3EApplication+Name%3C%2Fstrong%3E%3A&target=iframe HTTP/1.1" 302 - "http://192.168.1.83:8088/eHR/mgr/redirect.php?scriptname=MDNH105&appdesc=%E5%8A%A0%E7%8F%AD%E7%AD%BE%E6%A0%B8" "Mozilla/5.0 (Windows NT 6.2; Win64; x64) AppleWebKit/537.36 (KHTML, like Gecko) Chrome/105.0.0.0 Safari/537.36"
192.168.182.95 - - [22/May/2025:08:54:27 +0800] "GET /eHR/mgr/redirect.php?scriptname=page_error&msgtxt=%3Ch3%3EHTTP+404+-+Page+not+found%3C%2Fh3%3E%3Cbr%3E%3Cstrong%3EFile+Name%3A%3C%2Fstrong%3Epage_error%3Cbr%2F%3E%3Cstrong%3EApplication+Name%3C%2Fstrong%3E%3A&target=iframe HTTP/1.1" 302 - "http://192.168.1.83:8088/eHR/mgr/redirect.php?scriptname=MDNH105&appdesc=%E5%8A%A0%E7%8F%AD%E7%AD%BE%E6%A0%B8" "Mozilla/5.0 (Windows NT 6.2; Win64; x64) AppleWebKit/537.36 (KHTML, like Gecko) Chrome/105.0.0.0 Safari/537.36"
192.168.182.95 - - [22/May/2025:08:54:27 +0800] "GET /eHR/mgr/redirect.php?scriptname=page_error&msgtxt=%3Ch3%3EHTTP+404+-+Page+not+found%3C%2Fh3%3E%3Cbr%3E%3Cstrong%3EFile+Name%3A%3C%2Fstrong%3Epage_error%3Cbr%2F%3E%3Cstrong%3EApplication+Name%3C%2Fstrong%3E%3A&target=iframe HTTP/1.1" 302 -
192.168.182.95 - - [22/May/2025:08:54:27 +0800] "GET /eHR/mgr/redirect.php?scriptname=page_error&msgtxt=%3Ch3%3EHTTP+404+-+Page+not+found%3C%2Fh3%3E%3Cbr%3E%3Cstrong%3EFile+Name%3A%3C%2Fstrong%3Epage_error%3Cbr%2F%3E%3Cstrong%3EApplication+Name%3C%2Fstrong%3E%3A&target=iframe HTTP/1.1" 302 -
192.168.182.95 - - [22/May/2025:08:54:27 +0800] "GET /eHR/mgr/redirect.php?scriptname=page_error&msgtxt=%3Ch3%3EHTTP+404+-+Page+not+found%3C%2Fh3%3E%3Cbr%3E%3Cstrong%3EFile+Name%3A%3C%2Fstrong%3Epage_error%3Cbr%2F%3E%3Cstrong%3EApplication+Name%3C%2Fstrong%3E%3A&target=iframe HTTP/1.1" 302 - "http://192.168.1.83:8088/eHR/mgr/redirect.php?scriptname=MDNH105&appdesc=%E5%8A%A0%E7%8F%AD%E7%AD%BE%E6%A0%B8" "Mozilla/5.0 (Windows NT 6.2; Win64; x64) AppleWebKit/537.36 (KHTML, like Gecko) Chrome/105.0.0.0 Safari/537.36"
192.168.182.95 - - [22/May/2025:08:54:27 +0800] "GET /eHR/mgr/redirect.php?scriptname=page_error&msgtxt=%3Ch3%3EHTTP+404+-+Page+not+found%3C%2Fh3%3E%3Cbr%3E%3Cstrong%3EFile+Name%3A%3C%2Fstrong%3Epage_error%3Cbr%2F%3E%3Cstrong%3EApplication+Name%3C%2Fstrong%3E%3A&target=iframe HTTP/1.1" 302 - "http://192.168.1.83:8088/eHR/mgr/redirect.php?scriptname=MDNH105&appdesc=%E5%8A%A0%E7%8F%AD%E7%AD%BE%E6%A0%B8" "Mozilla/5.0 (Windows NT 6.2; Win64; x64) AppleWebKit/537.36 (KHTML, like Gecko) Chrome/105.0.0.0 Safari/537.36"
192.168.182.95 - - [22/May/2025:08:54:27 +0800] "GET /eHR/mgr/redirect.php?scriptname=page_error&msgtxt=%3Ch3%3EHTTP+404+-+Page+not+found%3C%2Fh3%3E%3Cbr%3E%3Cstrong%3EFile+Name%3A%3C%2Fstrong%3Epage_error%3Cbr%2F%3E%3Cstrong%3EApplication+Name%3C%2Fstrong%3E%3A&target=iframe HTTP/1.1" 302 -
192.168.182.95 - - [22/May/2025:08:54:28 +0800] "GET /eHR/mgr/redirect.php?scriptname=page_error&msgtxt=%3Ch3%3EHTTP+404+-+Page+not+found%3C%2Fh3%3E%3Cbr%3E%3Cstrong%3EFile+Name%3A%3C%2Fstrong%3Epage_error%3Cbr%2F%3E%3Cstrong%3EApplication+Name%3C%2Fstrong%3E%3A&target=iframe HTTP/1.1" 302 - "http://192.168.1.83:8088/eHR/mgr/redirect.php?scriptname=MDNH105&appdesc=%E5%8A%A0%E7%8F%AD%E7%AD%BE%E6%A0%B8" "Mozilla/5.0 (Windows NT 6.2; Win64; x64) AppleWebKit/537.36 (KHTML, like Gecko) Chrome/105.0.0.0 Safari/537.36"
192.168.182.95 - - [22/May/2025:08:54:28 +0800] "GET /eHR/mgr/redirect.php?scriptname=page_error&msgtxt=%3Ch3%3EHTTP+404+-+Page+not+found%3C%2Fh3%3E%3Cbr%3E%3Cstrong%3EFile+Name%3A%3C%2Fstrong%3Epage_error%3Cbr%2F%3E%3Cstrong%3EApplication+Name%3C%2Fstrong%3E%3A&target=iframe HTTP/1.1" 302 -
192.168.182.95 - - [22/May/2025:08:54:28 +0800] "GET /eHR/mgr/redirect.php?scriptname=page_error&msgtxt=%3Ch3%3EHTTP+404+-+Page+not+found%3C%2Fh3%3E%3Cbr%3E%3Cstrong%3EFile+Name%3A%3C%2Fstrong%3Epage_error%3Cbr%2F%3E%3Cstrong%3EApplication+Name%3C%2Fstrong%3E%3A&target=iframe HTTP/1.1" 302 -
192.168.182.95 - - [22/May/2025:08:54:28 +0800] "GET /eHR/mgr/redirect.php?scriptname=page_error&msgtxt=%3Ch3%3EHTTP+404+-+Page+not+found%3C%2Fh3%3E%3Cbr%3E%3Cstrong%3EFile+Name%3A%3C%2Fstrong%3Epage_error%3Cbr%2F%3E%3Cstrong%3EApplication+Name%3C%2Fstrong%3E%3A&target=iframe HTTP/1.1" 302 - "http://192.168.1.83:8088/eHR/mgr/redirect.php?scriptname=MDNH105&appdesc=%E5%8A%A0%E7%8F%AD%E7%AD%BE%E6%A0%B8" "Mozilla/5.0 (Windows NT 6.2; Win64; x64) AppleWebKit/537.36 (KHTML, like Gecko) Chrome/105.0.0.0 Safari/537.36"
192.168.182.95 - - [22/May/2025:08:54:28 +0800] "GET /eHR/mgr/redirect.php?scriptname=page_error&msgtxt=%3Ch3%3EHTTP+404+-+Page+not+found%3C%2Fh3%3E%3Cbr%3E%3Cstrong%3EFile+Name%3A%3C%2Fstrong%3Epage_error%3Cbr%2F%3E%3Cstrong%3EApplication+Name%3C%2Fstrong%3E%3A&target=iframe HTTP/1.1" 302 - "http://192.168.1.83:8088/eHR/mgr/redirect.php?scriptname=MDNH105&appdesc=%E5%8A%A0%E7%8F%AD%E7%AD%BE%E6%A0%B8" "Mozilla/5.0 (Windows NT 6.2; Win64; x64) AppleWebKit/537.36 (KHTML, like Gecko) Chrome/105.0.0.0 Safari/537.36"
192.168.182.95 - - [22/May/2025:08:54:28 +0800] "GET /eHR/mgr/redirect.php?scriptname=page_error&msgtxt=%3Ch3%3EHTTP+404+-+Page+not+found%3C%2Fh3%3E%3Cbr%3E%3Cstrong%3EFile+Name%3A%3C%2Fstrong%3Epage_error%3Cbr%2F%3E%3Cstrong%3EApplication+Name%3C%2Fstrong%3E%3A&target=iframe HTTP/1.1" 302 -
192.168.182.95 - - [22/May/2025:08:54:28 +0800] "GET /eHR/mgr/redirect.php?scriptname=page_error&msgtxt=%3Ch3%3EHTTP+404+-+Page+not+found%3C%2Fh3%3E%3Cbr%3E%3Cstrong%3EFile+Name%3A%3C%2Fstrong%3Epage_error%3Cbr%2F%3E%3Cstrong%3EApplication+Name%3C%2Fstrong%3E%3A&target=iframe HTTP/1.1" 302 - "http://192.168.1.83:8088/eHR/mgr/redirect.php?scriptname=MDNH105&appdesc=%E5%8A%A0%E7%8F%AD%E7%AD%BE%E6%A0%B8" "Mozilla/5.0 (Windows NT 6.2; Win64; x64) AppleWebKit/537.36 (KHTML, like Gecko) Chrome/105.0.0.0 Safari/537.36"
192.168.182.95 - - [22/May/2025:08:54:28 +0800] "GET /eHR/mgr/redirect.php?scriptname=page_error&msgtxt=%3Ch3%3EHTTP+404+-+Page+not+found%3C%2Fh3%3E%3Cbr%3E%3Cstrong%3EFile+Name%3A%3C%2Fstrong%3Epage_error%3Cbr%2F%3E%3Cstrong%3EApplication+Name%3C%2Fstrong%3E%3A&target=iframe HTTP/1.1" 302 -
