192.168.11.80 - - [21/May/2025:18:34:15 +0800] "GET /eHR/mgr/redirect.php?scriptname=page_error&msgtxt=%3Ch3%3EHTTP+404+-+Page+not+found%3C%2Fh3%3E%3Cbr%3E%3Cstrong%3EFile+Name%3A%3C%2Fstrong%3Epage_error%3Cbr%2F%3E%3Cstrong%3EApplication+Name%3C%2Fstrong%3E%3A&target=iframe HTTP/1.1" 302 - "http://192.168.1.83:8088/eHR/mgr/redirect.php?scriptname=MDNH105&appdesc=%E5%8A%A0%E7%8F%AD%E5%BE%85%E7%AD%BE" "Mozilla/5.0 (Windows NT 6.2; Win64; x64) AppleWebKit/537.36 (KHTML, like Gecko) Chrome/105.0.0.0 Safari/537.36"
192.168.11.80 - - [21/May/2025:18:34:16 +0800] "GET /eHR/mgr/redirect.php?scriptname=page_error&msgtxt=%3Ch3%3EHTTP+404+-+Page+not+found%3C%2Fh3%3E%3Cbr%3E%3Cstrong%3EFile+Name%3A%3C%2Fstrong%3Epage_error%3Cbr%2F%3E%3Cstrong%3EApplication+Name%3C%2Fstrong%3E%3A&target=iframe HTTP/1.1" 302 - "http://192.168.1.83:8088/eHR/mgr/redirect.php?scriptname=MDNH105&appdesc=%E5%8A%A0%E7%8F%AD%E5%BE%85%E7%AD%BE" "Mozilla/5.0 (Windows NT 6.2; Win64; x64) AppleWebKit/537.36 (KHTML, like Gecko) Chrome/105.0.0.0 Safari/537.36"
192.168.11.80 - - [21/May/2025:18:34:16 +0800] "GET /eHR/mgr/redirect.php?scriptname=page_error&msgtxt=%3Ch3%3EHTTP+404+-+Page+not+found%3C%2Fh3%3E%3Cbr%3E%3Cstrong%3EFile+Name%3A%3C%2Fstrong%3Epage_error%3Cbr%2F%3E%3Cstrong%3EApplication+Name%3C%2Fstrong%3E%3A&target=iframe HTTP/1.1" 302 -
192.168.11.80 - - [21/May/2025:18:34:17 +0800] "GET /eHR/mgr/redirect.php?scriptname=page_error&msgtxt=%3Ch3%3EHTTP+404+-+Page+not+found%3C%2Fh3%3E%3Cbr%3E%3Cstrong%3EFile+Name%3A%3C%2Fstrong%3Epage_error%3Cbr%2F%3E%3Cstrong%3EApplication+Name%3C%2Fstrong%3E%3A&target=iframe HTTP/1.1" 302 -
192.168.11.80 - - [21/May/2025:18:34:17 +0800] "GET /eHR/mgr/redirect.php?scriptname=page_error&msgtxt=%3Ch3%3EHTTP+404+-+Page+not+found%3C%2Fh3%3E%3Cbr%3E%3Cstrong%3EFile+Name%3A%3C%2Fstrong%3Epage_error%3Cbr%2F%3E%3Cstrong%3EApplication+Name%3C%2Fstrong%3E%3A&target=iframe HTTP/1.1" 302 - "http://192.168.1.83:8088/eHR/mgr/redirect.php?scriptname=MDNH105&appdesc=%E5%8A%A0%E7%8F%AD%E5%BE%85%E7%AD%BE" "Mozilla/5.0 (Windows NT 6.2; Win64; x64) AppleWebKit/537.36 (KHTML, like Gecko) Chrome/105.0.0.0 Safari/537.36"
192.168.11.80 - - [21/May/2025:18:34:17 +0800] "GET /eHR/mgr/redirect.php?scriptname=page_error&msgtxt=%3Ch3%3EHTTP+404+-+Page+not+found%3C%2Fh3%3E%3Cbr%3E%3Cstrong%3EFile+Name%3A%3C%2Fstrong%3Epage_error%3Cbr%2F%3E%3Cstrong%3EApplication+Name%3C%2Fstrong%3E%3A&target=iframe HTTP/1.1" 302 -
192.168.11.80 - - [21/May/2025:18:34:17 +0800] "GET /eHR/mgr/redirect.php?scriptname=page_error&msgtxt=%3Ch3%3EHTTP+404+-+Page+not+found%3C%2Fh3%3E%3Cbr%3E%3Cstrong%3EFile+Name%3A%3C%2Fstrong%3Epage_error%3Cbr%2F%3E%3Cstrong%3EApplication+Name%3C%2Fstrong%3E%3A&target=iframe HTTP/1.1" 302 - "http://192.168.1.83:8088/eHR/mgr/redirect.php?scriptname=MDNH105&appdesc=%E5%8A%A0%E7%8F%AD%E5%BE%85%E7%AD%BE" "Mozilla/5.0 (Windows NT 6.2; Win64; x64) AppleWebKit/537.36 (KHTML, like Gecko) Chrome/105.0.0.0 Safari/537.36"
192.168.11.80 - - [21/May/2025:18:34:17 +0800] "GET /eHR/mgr/redirect.php?scriptname=page_error&msgtxt=%3Ch3%3EHTTP+404+-+Page+not+found%3C%2Fh3%3E%3Cbr%3E%3Cstrong%3EFile+Name%3A%3C%2Fstrong%3Epage_error%3Cbr%2F%3E%3Cstrong%3EApplication+Name%3C%2Fstrong%3E%3A&target=iframe HTTP/1.1" 302 -
192.168.11.80 - - [21/May/2025:18:34:17 +0800] "GET /eHR/mgr/redirect.php?scriptname=page_error&msgtxt=%3Ch3%3EHTTP+404+-+Page+not+found%3C%2Fh3%3E%3Cbr%3E%3Cstrong%3EFile+Name%3A%3C%2Fstrong%3Epage_error%3Cbr%2F%3E%3Cstrong%3EApplication+Name%3C%2Fstrong%3E%3A&target=iframe HTTP/1.1" 302 - "http://192.168.1.83:8088/eHR/mgr/redirect.php?scriptname=MDNH105&appdesc=%E5%8A%A0%E7%8F%AD%E5%BE%85%E7%AD%BE" "Mozilla/5.0 (Windows NT 6.2; Win64; x64) AppleWebKit/537.36 (KHTML, like Gecko) Chrome/105.0.0.0 Safari/537.36"
192.168.11.80 - - [21/May/2025:18:34:18 +0800] "GET /eHR/mgr/redirect.php?scriptname=page_error&msgtxt=%3Ch3%3EHTTP+404+-+Page+not+found%3C%2Fh3%3E%3Cbr%3E%3Cstrong%3EFile+Name%3A%3C%2Fstrong%3Epage_error%3Cbr%2F%3E%3Cstrong%3EApplication+Name%3C%2Fstrong%3E%3A&target=iframe HTTP/1.1" 302 -
192.168.11.80 - - [21/May/2025:18:34:18 +0800] "GET /eHR/mgr/redirect.php?scriptname=page_error&msgtxt=%3Ch3%3EHTTP+404+-+Page+not+found%3C%2Fh3%3E%3Cbr%3E%3Cstrong%3EFile+Name%3A%3C%2Fstrong%3Epage_error%3Cbr%2F%3E%3Cstrong%3EApplication+Name%3C%2Fstrong%3E%3A&target=iframe HTTP/1.1" 302 - "http://192.168.1.83:8088/eHR/mgr/redirect.php?scriptname=MDNH105&appdesc=%E5%8A%A0%E7%8F%AD%E5%BE%85%E7%AD%BE" "Mozilla/5.0 (Windows NT 6.2; Win64; x64) AppleWebKit/537.36 (KHTML, like Gecko) Chrome/105.0.0.0 Safari/537.36"
192.168.11.80 - - [21/May/2025:18:34:18 +0800] "GET /eHR/mgr/redirect.php?scriptname=page_error&msgtxt=%3Ch3%3EHTTP+404+-+Page+not+found%3C%2Fh3%3E%3Cbr%3E%3Cstrong%3EFile+Name%3A%3C%2Fstrong%3Epage_error%3Cbr%2F%3E%3Cstrong%3EApplication+Name%3C%2Fstrong%3E%3A&target=iframe HTTP/1.1" 302 -
192.168.11.80 - - [21/May/2025:18:34:18 +0800] "GET /eHR/mgr/redirect.php?scriptname=page_error&msgtxt=%3Ch3%3EHTTP+404+-+Page+not+found%3C%2Fh3%3E%3Cbr%3E%3Cstrong%3EFile+Name%3A%3C%2Fstrong%3Epage_error%3Cbr%2F%3E%3Cstrong%3EApplication+Name%3C%2Fstrong%3E%3A&target=iframe HTTP/1.1" 302 - "http://192.168.1.83:8088/eHR/mgr/redirect.php?scriptname=MDNH105&appdesc=%E5%8A%A0%E7%8F%AD%E5%BE%85%E7%AD%BE" "Mozilla/5.0 (Windows NT 6.2; Win64; x64) AppleWebKit/537.36 (KHTML, like Gecko) Chrome/105.0.0.0 Safari/537.36"
192.168.11.80 - - [21/May/2025:18:34:23 +0800] "GET /eHR/ess/index.php?action=logout HTTP/1.1" 200 8826 "http://192.168.1.83:8088/eHR/ess/redirect.php" "Mozilla/5.0 (Windows NT 6.2; Win64; x64) AppleWebKit/537.36 (KHTML, like Gecko) Chrome/105.0.0.0 Safari/537.36"
192.168.11.80 - - [21/May/2025:18:34:23 +0800] "GET /eHR/ess/index.php?action=logout HTTP/1.1" 200 8826
192.168.11.80 - - [21/May/2025:18:34:27 +0800] "POST /eHR/ess/includes/login.php HTTP/1.1" 302 - "http://192.168.1.83:8088/eHR/ess/index.php?action=logout" "Mozilla/5.0 (Windows NT 6.2; Win64; x64) AppleWebKit/537.36 (KHTML, like Gecko) Chrome/105.0.0.0 Safari/537.36"
192.168.11.80 - - [21/May/2025:18:34:27 +0800] "POST /eHR/ess/includes/login.php HTTP/1.1" 302 -
192.168.11.80 - - [21/May/2025:18:34:28 +0800] "GET /eHR/ess/redirect.php HTTP/1.1" 200 8929 "http://192.168.1.83:8088/eHR/ess/index.php?action=logout" "Mozilla/5.0 (Windows NT 6.2; Win64; x64) AppleWebKit/537.36 (KHTML, like Gecko) Chrome/105.0.0.0 Safari/537.36"
192.168.11.80 - - [21/May/2025:18:34:28 +0800] "GET /eHR/ess/redirect.php HTTP/1.1" 200 8929
192.168.11.80 - - [21/May/2025:18:34:29 +0800] "GET /eHR/ess/redirect.php?scriptname=ESNH000 HTTP/1.1" 200 9918 "http://192.168.1.83:8088/eHR/ess/redirect.php" "Mozilla/5.0 (Windows NT 6.2; Win64; x64) AppleWebKit/537.36 (KHTML, like Gecko) Chrome/105.0.0.0 Safari/537.36"
192.168.11.80 - - [21/May/2025:18:34:29 +0800] "GET /eHR/ess/redirect.php?scriptname=ESNH000 HTTP/1.1" 200 9918
192.168.11.80 - - [21/May/2025:18:34:33 +0800] "GET /eHR/ess/redirect.php?scriptname=ESNE001&appdesc=%E6%89%B9%E9%87%8F%E5%8A%A0%E7%8F%AD%E7%94%B3%E8%AF%B7 HTTP/1.1" 200 15271 "http://192.168.1.83:8088/eHR/ess/redirect.php" "Mozilla/5.0 (Windows NT 6.2; Win64; x64) AppleWebKit/537.36 (KHTML, like Gecko) Chrome/105.0.0.0 Safari/537.36"
192.168.11.80 - - [21/May/2025:18:34:33 +0800] "GET /eHR/ess/redirect.php?scriptname=ESNE001&appdesc=%E6%89%B9%E9%87%8F%E5%8A%A0%E7%8F%AD%E7%94%B3%E8%AF%B7 HTTP/1.1" 200 15271
192.168.11.80 - - [21/May/2025:18:35:05 +0800] "GET /eHR/ess/redirect.php?scriptname=emp_lov&openW=Y&rand=0.8880074746352209 HTTP/1.1" 200 8468 "http://192.168.1.83:8088/eHR/ess/redirect.php?scriptname=ESNE001&appdesc=%E6%89%B9%E9%87%8F%E5%8A%A0%E7%8F%AD%E7%94%B3%E8%AF%B7" "Mozilla/5.0 (Windows NT 6.2; Win64; x64) AppleWebKit/537.36 (KHTML, like Gecko) Chrome/105.0.0.0 Safari/537.36"
192.168.11.80 - - [21/May/2025:18:35:05 +0800] "GET /eHR/ess/redirect.php?scriptname=emp_lov&openW=Y&rand=0.8880074746352209 HTTP/1.1" 200 8468
192.168.11.80 - - [21/May/2025:18:35:07 +0800] "POST /eHR/ess/redirect.php?scriptname=emp_lov&openW=Y&rand=0.8880074746352209 HTTP/1.1" 200 15208 "http://192.168.1.83:8088/eHR/ess/redirect.php?scriptname=emp_lov&openW=Y&rand=0.8880074746352209" "Mozilla/5.0 (Windows NT 6.2; Win64; x64) AppleWebKit/537.36 (KHTML, like Gecko) Chrome/105.0.0.0 Safari/537.36"
192.168.11.80 - - [21/May/2025:18:35:07 +0800] "POST /eHR/ess/redirect.php?scriptname=emp_lov&openW=Y&rand=0.8880074746352209 HTTP/1.1" 200 15208
192.168.11.80 - - [21/May/2025:18:35:26 +0800] "POST /eHR/ess/redirect.php?scriptname=ESNE001&appdesc=%E6%89%B9%E9%87%8F%E5%8A%A0%E7%8F%AD%E7%94%B3%E8%AF%B7 HTTP/1.1" 200 4072 "http://192.168.1.83:8088/eHR/ess/redirect.php?scriptname=ESNE001&appdesc=%E6%89%B9%E9%87%8F%E5%8A%A0%E7%8F%AD%E7%94%B3%E8%AF%B7" "Mozilla/5.0 (Windows NT 6.2; Win64; x64) AppleWebKit/537.36 (KHTML, like Gecko) Chrome/105.0.0.0 Safari/537.36"
192.168.11.80 - - [21/May/2025:18:35:26 +0800] "POST /eHR/ess/redirect.php?scriptname=ESNE001&appdesc=%E6%89%B9%E9%87%8F%E5%8A%A0%E7%8F%AD%E7%94%B3%E8%AF%B7 HTTP/1.1" 200 4072
192.168.11.80 - - [21/May/2025:18:35:35 +0800] "GET /eHR/ess/redirect.php?scriptname=ESNE003&appdesc=%E6%89%B9%E9%87%8F%E5%8A%A0%E7%8F%AD%E6%9F%A5%E8%AF%A2 HTTP/1.1" 200 7573 "http://192.168.1.83:8088/eHR/ess/redirect.php" "Mozilla/5.0 (Windows NT 6.2; Win64; x64) AppleWebKit/537.36 (KHTML, like Gecko) Chrome/105.0.0.0 Safari/537.36"
192.168.11.80 - - [21/May/2025:18:35:35 +0800] "GET /eHR/ess/redirect.php?scriptname=ESNE003&appdesc=%E6%89%B9%E9%87%8F%E5%8A%A0%E7%8F%AD%E6%9F%A5%E8%AF%A2 HTTP/1.1" 200 7573
192.168.11.80 - - [21/May/2025:18:35:40 +0800] "POST /eHR/ess/redirect.php?scriptname=ESNE003&appdesc=%E6%89%B9%E9%87%8F%E5%8A%A0%E7%8F%AD%E6%9F%A5%E8%AF%A2 HTTP/1.1" 200 57706 "http://192.168.1.83:8088/eHR/ess/redirect.php?scriptname=ESNE003&appdesc=%E6%89%B9%E9%87%8F%E5%8A%A0%E7%8F%AD%E6%9F%A5%E8%AF%A2" "Mozilla/5.0 (Windows NT 6.2; Win64; x64) AppleWebKit/537.36 (KHTML, like Gecko) Chrome/105.0.0.0 Safari/537.36"
192.168.11.80 - - [21/May/2025:18:35:40 +0800] "POST /eHR/ess/redirect.php?scriptname=ESNE003&appdesc=%E6%89%B9%E9%87%8F%E5%8A%A0%E7%8F%AD%E6%9F%A5%E8%AF%A2 HTTP/1.1" 200 57706
192.168.11.80 - - [21/May/2025:18:35:44 +0800] "POST /eHR/ess/redirect.php?scriptname=ESNE003&appdesc=%E6%89%B9%E9%87%8F%E5%8A%A0%E7%8F%AD%E6%9F%A5%E8%AF%A2 HTTP/1.1" 200 33046 "http://192.168.1.83:8088/eHR/ess/redirect.php?scriptname=ESNE003&appdesc=%E6%89%B9%E9%87%8F%E5%8A%A0%E7%8F%AD%E6%9F%A5%E8%AF%A2" "Mozilla/5.0 (Windows NT 6.2; Win64; x64) AppleWebKit/537.36 (KHTML, like Gecko) Chrome/105.0.0.0 Safari/537.36"
192.168.11.80 - - [21/May/2025:18:35:44 +0800] "POST /eHR/ess/redirect.php?scriptname=ESNE003&appdesc=%E6%89%B9%E9%87%8F%E5%8A%A0%E7%8F%AD%E6%9F%A5%E8%AF%A2 HTTP/1.1" 200 33046
192.168.11.80 - - [21/May/2025:18:35:50 +0800] "POST /eHR/ess/redirect.php?scriptname=ESNE003&appdesc=%E6%89%B9%E9%87%8F%E5%8A%A0%E7%8F%AD%E6%9F%A5%E8%AF%A2 HTTP/1.1" 200 33046 "http://192.168.1.83:8088/eHR/ess/redirect.php?scriptname=ESNE003&appdesc=%E6%89%B9%E9%87%8F%E5%8A%A0%E7%8F%AD%E6%9F%A5%E8%AF%A2" "Mozilla/5.0 (Windows NT 6.2; Win64; x64) AppleWebKit/537.36 (KHTML, like Gecko) Chrome/105.0.0.0 Safari/537.36"
192.168.11.80 - - [21/May/2025:18:35:50 +0800] "POST /eHR/ess/redirect.php?scriptname=ESNE003&appdesc=%E6%89%B9%E9%87%8F%E5%8A%A0%E7%8F%AD%E6%9F%A5%E8%AF%A2 HTTP/1.1" 200 33046
192.168.11.80 - - [21/May/2025:18:35:58 +0800] "GET /eHR/ess/redirect.php?scriptname=ESNE003&appdesc=%E6%89%B9%E9%87%8F%E5%8A%A0%E7%8F%AD%E6%9F%A5%E8%AF%A2 HTTP/1.1" 200 7573 "http://192.168.1.83:8088/eHR/ess/redirect.php" "Mozilla/5.0 (Windows NT 6.2; Win64; x64) AppleWebKit/537.36 (KHTML, like Gecko) Chrome/105.0.0.0 Safari/537.36"
192.168.11.80 - - [21/May/2025:18:35:58 +0800] "GET /eHR/ess/redirect.php?scriptname=ESNE003&appdesc=%E6%89%B9%E9%87%8F%E5%8A%A0%E7%8F%AD%E6%9F%A5%E8%AF%A2 HTTP/1.1" 200 7573
192.168.11.80 - - [21/May/2025:18:36:02 +0800] "POST /eHR/ess/redirect.php?scriptname=ESNE003&appdesc=%E6%89%B9%E9%87%8F%E5%8A%A0%E7%8F%AD%E6%9F%A5%E8%AF%A2 HTTP/1.1" 200 168451 "http://192.168.1.83:8088/eHR/ess/redirect.php?scriptname=ESNE003&appdesc=%E6%89%B9%E9%87%8F%E5%8A%A0%E7%8F%AD%E6%9F%A5%E8%AF%A2" "Mozilla/5.0 (Windows NT 6.2; Win64; x64) AppleWebKit/537.36 (KHTML, like Gecko) Chrome/105.0.0.0 Safari/537.36"
192.168.11.80 - - [21/May/2025:18:36:02 +0800] "POST /eHR/ess/redirect.php?scriptname=ESNE003&appdesc=%E6%89%B9%E9%87%8F%E5%8A%A0%E7%8F%AD%E6%9F%A5%E8%AF%A2 HTTP/1.1" 200 168451
192.168.11.80 - - [21/May/2025:18:36:21 +0800] "GET /eHR/ess/index.php?action=logout HTTP/1.1" 200 8826 "-" "Mozilla/5.0 (Windows NT 6.2; Win64; x64) AppleWebKit/537.36 (KHTML, like Gecko) Chrome/105.0.0.0 Safari/537.36"
192.168.11.80 - - [21/May/2025:18:36:21 +0800] "GET /eHR/ess/index.php?action=logout HTTP/1.1" 200 8826
192.168.11.80 - - [21/May/2025:18:36:25 +0800] "POST /eHR/ess/includes/login.php HTTP/1.1" 302 - "http://192.168.1.83:8088/eHR/ess/index.php?action=logout" "Mozilla/5.0 (Windows NT 6.2; Win64; x64) AppleWebKit/537.36 (KHTML, like Gecko) Chrome/105.0.0.0 Safari/537.36"
192.168.11.80 - - [21/May/2025:18:36:25 +0800] "POST /eHR/ess/includes/login.php HTTP/1.1" 302 -
192.168.11.80 - - [21/May/2025:18:36:26 +0800] "GET /eHR/ess/redirect.php HTTP/1.1" 200 8929
192.168.11.80 - - [21/May/2025:18:36:26 +0800] "GET /eHR/ess/redirect.php HTTP/1.1" 200 8929 "http://192.168.1.83:8088/eHR/ess/index.php?action=logout" "Mozilla/5.0 (Windows NT 6.2; Win64; x64) AppleWebKit/537.36 (KHTML, like Gecko) Chrome/105.0.0.0 Safari/537.36"
192.168.11.80 - - [21/May/2025:18:36:26 +0800] "GET /eHR/ess/redirect.php?scriptname=ESNH000 HTTP/1.1" 200 9918 "http://192.168.1.83:8088/eHR/ess/redirect.php" "Mozilla/5.0 (Windows NT 6.2; Win64; x64) AppleWebKit/537.36 (KHTML, like Gecko) Chrome/105.0.0.0 Safari/537.36"
192.168.11.80 - - [21/May/2025:18:36:26 +0800] "GET /eHR/ess/redirect.php?scriptname=ESNH000 HTTP/1.1" 200 9918
192.168.11.80 - - [21/May/2025:18:36:32 +0800] "GET /eHR/ess/redirect.php?scriptname=ESNE003&appdesc=%E6%89%B9%E9%87%8F%E5%8A%A0%E7%8F%AD%E6%9F%A5%E8%AF%A2 HTTP/1.1" 200 7573 "http://192.168.1.83:8088/eHR/ess/redirect.php" "Mozilla/5.0 (Windows NT 6.2; Win64; x64) AppleWebKit/537.36 (KHTML, like Gecko) Chrome/105.0.0.0 Safari/537.36"
192.168.11.80 - - [21/May/2025:18:36:32 +0800] "GET /eHR/ess/redirect.php?scriptname=ESNE003&appdesc=%E6%89%B9%E9%87%8F%E5%8A%A0%E7%8F%AD%E6%9F%A5%E8%AF%A2 HTTP/1.1" 200 7573
192.168.11.80 - - [21/May/2025:18:36:38 +0800] "POST /eHR/ess/redirect.php?scriptname=ESNE003&appdesc=%E6%89%B9%E9%87%8F%E5%8A%A0%E7%8F%AD%E6%9F%A5%E8%AF%A2 HTTP/1.1" 200 168451 "http://192.168.1.83:8088/eHR/ess/redirect.php?scriptname=ESNE003&appdesc=%E6%89%B9%E9%87%8F%E5%8A%A0%E7%8F%AD%E6%9F%A5%E8%AF%A2" "Mozilla/5.0 (Windows NT 6.2; Win64; x64) AppleWebKit/537.36 (KHTML, like Gecko) Chrome/105.0.0.0 Safari/537.36"
192.168.11.80 - - [21/May/2025:18:36:38 +0800] "POST /eHR/ess/redirect.php?scriptname=ESNE003&appdesc=%E6%89%B9%E9%87%8F%E5%8A%A0%E7%8F%AD%E6%9F%A5%E8%AF%A2 HTTP/1.1" 200 168451
192.168.11.80 - - [21/May/2025:18:38:42 +0800] "GET /eHR/ess/index.php?action=logout HTTP/1.1" 200 8826 "http://192.168.1.83:8088/eHR/ess/redirect.php" "Mozilla/5.0 (Windows NT 6.2; Win64; x64) AppleWebKit/537.36 (KHTML, like Gecko) Chrome/105.0.0.0 Safari/537.36"
192.168.11.80 - - [21/May/2025:18:38:42 +0800] "GET /eHR/ess/index.php?action=logout HTTP/1.1" 200 8826
192.168.11.80 - - [21/May/2025:18:38:45 +0800] "GET /eHR/ess/index.php?action=logout HTTP/1.1" 200 8826 "http://192.168.1.83:8088/eHR/ess/redirect.php" "Mozilla/5.0 (Windows NT 6.2; Win64; x64) AppleWebKit/537.36 (KHTML, like Gecko) Chrome/105.0.0.0 Safari/537.36"
192.168.11.80 - - [21/May/2025:18:38:45 +0800] "GET /eHR/ess/index.php?action=logout HTTP/1.1" 200 8826
192.168.11.80 - - [21/May/2025:18:38:50 +0800] "POST /eHR/ess/includes/login.php HTTP/1.1" 302 - "http://192.168.1.83:8088/eHR/ess/index.php?action=logout" "Mozilla/5.0 (Windows NT 6.2; Win64; x64) AppleWebKit/537.36 (KHTML, like Gecko) Chrome/105.0.0.0 Safari/537.36"
192.168.11.80 - - [21/May/2025:18:38:50 +0800] "POST /eHR/ess/includes/login.php HTTP/1.1" 302 -
192.168.11.80 - - [21/May/2025:18:38:50 +0800] "GET /eHR/ess/redirect.php HTTP/1.1" 200 7220 "http://192.168.1.83:8088/eHR/ess/index.php?action=logout" "Mozilla/5.0 (Windows NT 6.2; Win64; x64) AppleWebKit/537.36 (KHTML, like Gecko) Chrome/105.0.0.0 Safari/537.36"
192.168.11.80 - - [21/May/2025:18:38:50 +0800] "GET /eHR/ess/redirect.php HTTP/1.1" 200 7220
192.168.11.80 - - [21/May/2025:18:38:51 +0800] "GET /eHR/ess/redirect.php?scriptname=ESNH000 HTTP/1.1" 200 10431 "http://192.168.1.83:8088/eHR/ess/redirect.php" "Mozilla/5.0 (Windows NT 6.2; Win64; x64) AppleWebKit/537.36 (KHTML, like Gecko) Chrome/105.0.0.0 Safari/537.36"
192.168.11.80 - - [21/May/2025:18:38:51 +0800] "GET /eHR/ess/redirect.php?scriptname=ESNH000 HTTP/1.1" 200 10431
192.168.11.80 - - [21/May/2025:18:38:56 +0800] "GET /eHR/mgr/redirect.php?scriptname=MDNH104&appdesc=%E8%AF%B7%E5%81%87%E5%BE%85%E7%AD%BE HTTP/1.1" 200 18757 "http://192.168.1.83:8088/eHR/ess/redirect.php?scriptname=ESNH000" "Mozilla/5.0 (Windows NT 6.2; Win64; x64) AppleWebKit/537.36 (KHTML, like Gecko) Chrome/105.0.0.0 Safari/537.36"
192.168.11.80 - - [21/May/2025:18:38:56 +0800] "GET /eHR/mgr/redirect.php?scriptname=MDNH104&appdesc=%E8%AF%B7%E5%81%87%E5%BE%85%E7%AD%BE HTTP/1.1" 200 18757
100.64.0.1 - - [21/May/2025:18:39:52 +0800] "GET /Diagnostics.asp HTTP/1.1" 404 213
100.64.0.1 - - [21/May/2025:18:39:52 +0800] "GET /Diagnostics.asp HTTP/1.1" 404 213 "-" "Mozilla/5.0 (X11; Ubuntu; Linux x86_64; rv:71.0) Gecko/20100101 Firefox/71.0"
192.168.11.80 - - [21/May/2025:18:41:37 +0800] "POST /eHR/mgr/redirect.php?scriptname=MDNH104&appdesc=%E8%AF%B7%E5%81%87%E5%BE%85%E7%AD%BE HTTP/1.1" 200 5486 "http://192.168.1.83:8088/eHR/mgr/redirect.php?scriptname=MDNH104&appdesc=%E8%AF%B7%E5%81%87%E5%BE%85%E7%AD%BE" "Mozilla/5.0 (Windows NT 6.2; Win64; x64) AppleWebKit/537.36 (KHTML, like Gecko) Chrome/105.0.0.0 Safari/537.36"
192.168.11.80 - - [21/May/2025:18:41:37 +0800] "POST /eHR/mgr/redirect.php?scriptname=MDNH104&appdesc=%E8%AF%B7%E5%81%87%E5%BE%85%E7%AD%BE HTTP/1.1" 200 5486
100.64.0.1 - - [21/May/2025:18:44:09 +0800] "GET /Diagnostics.asp HTTP/1.1" 404 213 "-" "Mozilla/5.0 (X11; Ubuntu; Linux x86_64; rv:71.0) Gecko/20100101 Firefox/71.0"
100.64.0.1 - - [21/May/2025:18:44:09 +0800] "GET /Diagnostics.asp HTTP/1.1" 404 213
100.64.0.1 - - [21/May/2025:18:47:43 +0800] "GET / HTTP/1.1" 200 439 "-" "curl/7.81.0"
100.64.0.1 - - [21/May/2025:18:47:43 +0800] "GET / HTTP/1.1" 200 439
100.64.0.1 - - [21/May/2025:18:49:14 +0800] "GET / HTTP/1.1" 200 439 "-" "curl/7.81.0"
100.64.0.1 - - [21/May/2025:18:49:14 +0800] "GET / HTTP/1.1" 200 439
100.64.0.1 - - [21/May/2025:19:00:14 +0800] "GET /Diagnostics.asp HTTP/1.1" 404 213 "-" "Mozilla/5.0 (X11; Ubuntu; Linux x86_64; rv:71.0) Gecko/20100101 Firefox/71.0"
100.64.0.1 - - [21/May/2025:19:00:14 +0800] "GET /Diagnostics.asp HTTP/1.1" 404 213
100.64.0.1 - - [21/May/2025:19:04:55 +0800] "GET /Diagnostics.asp HTTP/1.1" 404 213 "-" "Mozilla/5.0 (X11; Ubuntu; Linux x86_64; rv:71.0) Gecko/20100101 Firefox/71.0"
100.64.0.1 - - [21/May/2025:19:04:55 +0800] "GET /Diagnostics.asp HTTP/1.1" 404 213
100.64.0.1 - - [21/May/2025:19:22:53 +0800] "GET /Diagnostics.asp HTTP/1.1" 404 213 "-" "Mozilla/5.0 (X11; Ubuntu; Linux x86_64; rv:71.0) Gecko/20100101 Firefox/71.0"
100.64.0.1 - - [21/May/2025:19:22:53 +0800] "GET /Diagnostics.asp HTTP/1.1" 404 213
100.64.0.1 - - [21/May/2025:19:25:03 +0800] "GET / HTTP/1.1" 200 439 "-" "curl/7.81.0"
100.64.0.1 - - [21/May/2025:19:25:03 +0800] "GET / HTTP/1.1" 200 439
100.64.0.1 - - [21/May/2025:19:25:14 +0800] "GET /Diagnostics.asp HTTP/1.1" 404 213 "-" "Mozilla/5.0 (X11; Ubuntu; Linux x86_64; rv:71.0) Gecko/20100101 Firefox/71.0"
100.64.0.1 - - [21/May/2025:19:25:14 +0800] "GET /Diagnostics.asp HTTP/1.1" 404 213
100.64.0.1 - - [21/May/2025:19:28:52 +0800] "GET / HTTP/1.1" 200 439 "-" "curl/7.81.0"
100.64.0.1 - - [21/May/2025:19:28:52 +0800] "GET / HTTP/1.1" 200 439
192.168.11.89 - - [21/May/2025:19:35:22 +0800] "GET /eHR/ess/index.php HTTP/1.1" 200 8826 "-" "Mozilla/5.0 (Windows NT 6.1; Win64; x64) AppleWebKit/537.36 (KHTML, like Gecko) Chrome/105.0.0.0 Safari/537.36"
192.168.11.89 - - [21/May/2025:19:35:22 +0800] "GET /eHR/ess/index.php HTTP/1.1" 200 8826
192.168.11.89 - - [21/May/2025:19:35:29 +0800] "POST /eHR/ess/includes/login.php HTTP/1.1" 302 - "http://192.168.1.83:8088/eHR/ess/index.php" "Mozilla/5.0 (Windows NT 6.1; Win64; x64) AppleWebKit/537.36 (KHTML, like Gecko) Chrome/105.0.0.0 Safari/537.36"
192.168.11.89 - - [21/May/2025:19:35:29 +0800] "POST /eHR/ess/includes/login.php HTTP/1.1" 302 -
192.168.11.89 - - [21/May/2025:19:35:34 +0800] "GET /eHR/ess/redirect.php HTTP/1.1" 200 8929 "http://192.168.1.83:8088/eHR/ess/index.php" "Mozilla/5.0 (Windows NT 6.1; Win64; x64) AppleWebKit/537.36 (KHTML, like Gecko) Chrome/105.0.0.0 Safari/537.36"
192.168.11.89 - - [21/May/2025:19:35:34 +0800] "GET /eHR/ess/redirect.php HTTP/1.1" 200 8929
192.168.11.89 - - [21/May/2025:19:35:36 +0800] "GET /eHR/ess/redirect.php?scriptname=ESNH000 HTTP/1.1" 200 9918 "http://192.168.1.83:8088/eHR/ess/redirect.php" "Mozilla/5.0 (Windows NT 6.1; Win64; x64) AppleWebKit/537.36 (KHTML, like Gecko) Chrome/105.0.0.0 Safari/537.36"
192.168.11.89 - - [21/May/2025:19:35:36 +0800] "GET /eHR/ess/redirect.php?scriptname=ESNH000 HTTP/1.1" 200 9918
192.168.12.47 - - [21/May/2025:19:36:10 +0800] "GET /eHR/ess/index.php HTTP/1.1" 200 8826 "-" "Mozilla/5.0 (Windows NT 6.2; Win64; x64) AppleWebKit/537.36 (KHTML, like Gecko) Chrome/105.0.0.0 Safari/537.36"
192.168.12.47 - - [21/May/2025:19:36:10 +0800] "GET /eHR/ess/index.php HTTP/1.1" 200 8826
192.168.12.47 - - [21/May/2025:19:36:14 +0800] "POST /eHR/ess/includes/login.php HTTP/1.1" 302 - "http://hcp.maglayers.com.cn:8088/eHR/ess/index.php" "Mozilla/5.0 (Windows NT 6.2; Win64; x64) AppleWebKit/537.36 (KHTML, like Gecko) Chrome/105.0.0.0 Safari/537.36"
192.168.12.47 - - [21/May/2025:19:36:14 +0800] "POST /eHR/ess/includes/login.php HTTP/1.1" 302 -
192.168.12.47 - - [21/May/2025:19:36:19 +0800] "GET /eHR/ess/redirect.php HTTP/1.1" 200 8929 "http://hcp.maglayers.com.cn:8088/eHR/ess/index.php" "Mozilla/5.0 (Windows NT 6.2; Win64; x64) AppleWebKit/537.36 (KHTML, like Gecko) Chrome/105.0.0.0 Safari/537.36"
192.168.12.47 - - [21/May/2025:19:36:19 +0800] "GET /eHR/ess/redirect.php HTTP/1.1" 200 8929
192.168.12.47 - - [21/May/2025:19:36:20 +0800] "GET /eHR/ess/redirect.php?scriptname=ESNH000 HTTP/1.1" 200 9918 "http://hcp.maglayers.com.cn:8088/eHR/ess/redirect.php" "Mozilla/5.0 (Windows NT 6.2; Win64; x64) AppleWebKit/537.36 (KHTML, like Gecko) Chrome/105.0.0.0 Safari/537.36"
192.168.12.47 - - [21/May/2025:19:36:20 +0800] "GET /eHR/ess/redirect.php?scriptname=ESNH000 HTTP/1.1" 200 9918
192.168.12.47 - - [21/May/2025:19:36:25 +0800] "GET /eHR/img/icon-time.gif HTTP/1.1" 200 242 "http://hcp.maglayers.com.cn:8088/eHR/ess/redirect.php?scriptname=ESNA012&appdesc=%E8%AF%B7%E5%81%87%E7%94%B3%E8%AF%B7" "Mozilla/5.0 (Windows NT 6.2; Win64; x64) AppleWebKit/537.36 (KHTML, like Gecko) Chrome/105.0.0.0 Safari/537.36"
192.168.12.47 - - [21/May/2025:19:36:25 +0800] "GET /eHR/img/icon-time.gif HTTP/1.1" 200 242
192.168.12.47 - - [21/May/2025:19:36:25 +0800] "GET /eHR/img/lov.png HTTP/1.1" 200 788 "http://hcp.maglayers.com.cn:8088/eHR/css/default.css?m=20130917" "Mozilla/5.0 (Windows NT 6.2; Win64; x64) AppleWebKit/537.36 (KHTML, like Gecko) Chrome/105.0.0.0 Safari/537.36"
192.168.12.47 - - [21/May/2025:19:36:25 +0800] "GET /eHR/img/lov.png HTTP/1.1" 200 788
192.168.12.47 - - [21/May/2025:19:36:24 +0800] "GET /eHR/ess/redirect.php?scriptname=ESNA012&appdesc=%E8%AF%B7%E5%81%87%E7%94%B3%E8%AF%B7 HTTP/1.1" 200 20903 "http://hcp.maglayers.com.cn:8088/eHR/ess/redirect.php" "Mozilla/5.0 (Windows NT 6.2; Win64; x64) AppleWebKit/537.36 (KHTML, like Gecko) Chrome/105.0.0.0 Safari/537.36"
192.168.12.47 - - [21/May/2025:19:36:24 +0800] "GET /eHR/ess/redirect.php?scriptname=ESNA012&appdesc=%E8%AF%B7%E5%81%87%E7%94%B3%E8%AF%B7 HTTP/1.1" 200 20903
192.168.12.47 - - [21/May/2025:19:36:33 +0800] "GET /eHR/css/jqueryui/themes/redmond/images/ui-bg_flat_55_fbec88_40x100.png HTTP/1.1" 200 182 "http://hcp.maglayers.com.cn:8088/eHR/css/jqueryui/themes/redmond/jquery.ui.theme.css" "Mozilla/5.0 (Windows NT 6.2; Win64; x64) AppleWebKit/537.36 (KHTML, like Gecko) Chrome/105.0.0.0 Safari/537.36"
192.168.12.47 - - [21/May/2025:19:36:33 +0800] "GET /eHR/css/jqueryui/themes/redmond/images/ui-bg_flat_55_fbec88_40x100.png HTTP/1.1" 200 182
192.168.12.47 - - [21/May/2025:19:36:33 +0800] "GET /eHR/css/jqueryui/themes/redmond/images/ui-icons_d8e7f3_256x240.png HTTP/1.1" 200 4369 "http://hcp.maglayers.com.cn:8088/eHR/css/jqueryui/themes/redmond/jquery.ui.theme.css" "Mozilla/5.0 (Windows NT 6.2; Win64; x64) AppleWebKit/537.36 (KHTML, like Gecko) Chrome/105.0.0.0 Safari/537.36"
192.168.12.47 - - [21/May/2025:19:36:33 +0800] "GET /eHR/css/jqueryui/themes/redmond/images/ui-icons_d8e7f3_256x240.png HTTP/1.1" 200 4369
192.168.12.47 - - [21/May/2025:19:36:36 +0800] "GET /eHR/ess/redirect.php?scriptname=ESNA012&appdesc=%E8%AF%B7%E5%81%87%E7%94%B3%E8%AF%B7&ajaxcall=1&func=getShiftBeginTime&shiftdate=2025-05-21 HTTP/1.1" 200 7 "http://hcp.maglayers.com.cn:8088/eHR/ess/redirect.php?scriptname=ESNA012&appdesc=%E8%AF%B7%E5%81%87%E7%94%B3%E8%AF%B7" "Mozilla/5.0 (Windows NT 6.2; Win64; x64) AppleWebKit/537.36 (KHTML, like Gecko) Chrome/105.0.0.0 Safari/537.36"
192.168.12.47 - - [21/May/2025:19:36:36 +0800] "GET /eHR/ess/redirect.php?scriptname=ESNA012&appdesc=%E8%AF%B7%E5%81%87%E7%94%B3%E8%AF%B7&ajaxcall=1&func=getShiftBeginTime&shiftdate=2025-05-21 HTTP/1.1" 200 7
192.168.12.47 - - [21/May/2025:19:36:49 +0800] "GET /eHR/ess/redirect.php?scriptname=ESNA012&appdesc=%E8%AF%B7%E5%81%87%E7%94%B3%E8%AF%B7&ajaxcall=1&func=getShiftEndTime&shiftdate=2025-05-21 HTTP/1.1" 200 7 "http://hcp.maglayers.com.cn:8088/eHR/ess/redirect.php?scriptname=ESNA012&appdesc=%E8%AF%B7%E5%81%87%E7%94%B3%E8%AF%B7" "Mozilla/5.0 (Windows NT 6.2; Win64; x64) AppleWebKit/537.36 (KHTML, like Gecko) Chrome/105.0.0.0 Safari/537.36"
192.168.12.47 - - [21/May/2025:19:36:49 +0800] "GET /eHR/ess/redirect.php?scriptname=ESNA012&appdesc=%E8%AF%B7%E5%81%87%E7%94%B3%E8%AF%B7&ajaxcall=1&func=getShiftEndTime&shiftdate=2025-05-21 HTTP/1.1" 200 7
192.168.11.89 - - [21/May/2025:19:37:45 +0800] "GET /eHR/ess/redirect.php?scriptname=ESNE001&appdesc=%E6%89%B9%E9%87%8F%E5%8A%A0%E7%8F%AD%E7%94%B3%E8%AF%B7 HTTP/1.1" 200 15271 "http://192.168.1.83:8088/eHR/ess/redirect.php" "Mozilla/5.0 (Windows NT 6.1; Win64; x64) AppleWebKit/537.36 (KHTML, like Gecko) Chrome/105.0.0.0 Safari/537.36"
192.168.11.89 - - [21/May/2025:19:37:45 +0800] "GET /eHR/ess/redirect.php?scriptname=ESNE001&appdesc=%E6%89%B9%E9%87%8F%E5%8A%A0%E7%8F%AD%E7%94%B3%E8%AF%B7 HTTP/1.1" 200 15271
192.168.11.89 - - [21/May/2025:19:37:58 +0800] "GET /eHR/ess/redirect.php?scriptname=emp_lov&openW=Y&rand=0.7868030376982498 HTTP/1.1" 200 8816 "http://192.168.1.83:8088/eHR/ess/redirect.php?scriptname=ESNE001&appdesc=%E6%89%B9%E9%87%8F%E5%8A%A0%E7%8F%AD%E7%94%B3%E8%AF%B7" "Mozilla/5.0 (Windows NT 6.1; Win64; x64) AppleWebKit/537.36 (KHTML, like Gecko) Chrome/105.0.0.0 Safari/537.36"
192.168.11.89 - - [21/May/2025:19:37:58 +0800] "GET /eHR/ess/redirect.php?scriptname=emp_lov&openW=Y&rand=0.7868030376982498 HTTP/1.1" 200 8816
192.168.11.89 - - [21/May/2025:19:38:04 +0800] "POST /eHR/ess/redirect.php?scriptname=emp_lov&openW=Y&rand=0.7868030376982498 HTTP/1.1" 200 10989 "http://192.168.1.83:8088/eHR/ess/redirect.php?scriptname=emp_lov&openW=Y&rand=0.7868030376982498" "Mozilla/5.0 (Windows NT 6.1; Win64; x64) AppleWebKit/537.36 (KHTML, like Gecko) Chrome/105.0.0.0 Safari/537.36"
192.168.11.89 - - [21/May/2025:19:38:04 +0800] "POST /eHR/ess/redirect.php?scriptname=emp_lov&openW=Y&rand=0.7868030376982498 HTTP/1.1" 200 10989
192.168.11.89 - - [21/May/2025:19:38:11 +0800] "POST /eHR/ess/redirect.php?scriptname=ESNE001&appdesc=%E6%89%B9%E9%87%8F%E5%8A%A0%E7%8F%AD%E7%94%B3%E8%AF%B7 HTTP/1.1" 200 4066 "http://192.168.1.83:8088/eHR/ess/redirect.php?scriptname=ESNE001&appdesc=%E6%89%B9%E9%87%8F%E5%8A%A0%E7%8F%AD%E7%94%B3%E8%AF%B7" "Mozilla/5.0 (Windows NT 6.1; Win64; x64) AppleWebKit/537.36 (KHTML, like Gecko) Chrome/105.0.0.0 Safari/537.36"
192.168.11.89 - - [21/May/2025:19:38:11 +0800] "POST /eHR/ess/redirect.php?scriptname=ESNE001&appdesc=%E6%89%B9%E9%87%8F%E5%8A%A0%E7%8F%AD%E7%94%B3%E8%AF%B7 HTTP/1.1" 200 4066
192.168.11.89 - - [21/May/2025:19:38:18 +0800] "GET /eHR/ess/redirect.php?scriptname=ESNE001&appdesc=%E6%89%B9%E9%87%8F%E5%8A%A0%E7%8F%AD%E7%94%B3%E8%AF%B7 HTTP/1.1" 200 15271 "http://192.168.1.83:8088/eHR/ess/redirect.php" "Mozilla/5.0 (Windows NT 6.1; Win64; x64) AppleWebKit/537.36 (KHTML, like Gecko) Chrome/105.0.0.0 Safari/537.36"
192.168.11.89 - - [21/May/2025:19:38:18 +0800] "GET /eHR/ess/redirect.php?scriptname=ESNE001&appdesc=%E6%89%B9%E9%87%8F%E5%8A%A0%E7%8F%AD%E7%94%B3%E8%AF%B7 HTTP/1.1" 200 15271
192.168.11.89 - - [21/May/2025:19:38:34 +0800] "GET /eHR/ess/redirect.php?scriptname=emp_lov&openW=Y&rand=0.9837655071280709 HTTP/1.1" 200 8816 "http://192.168.1.83:8088/eHR/ess/redirect.php?scriptname=ESNE001&appdesc=%E6%89%B9%E9%87%8F%E5%8A%A0%E7%8F%AD%E7%94%B3%E8%AF%B7" "Mozilla/5.0 (Windows NT 6.1; Win64; x64) AppleWebKit/537.36 (KHTML, like Gecko) Chrome/105.0.0.0 Safari/537.36"
192.168.11.89 - - [21/May/2025:19:38:34 +0800] "GET /eHR/ess/redirect.php?scriptname=emp_lov&openW=Y&rand=0.9837655071280709 HTTP/1.1" 200 8816
192.168.12.47 - - [21/May/2025:19:38:38 +0800] "POST /eHR/ess/redirect.php?scriptname=ajax_overtime&do=CheckLeaveApplyTimeArea HTTP/1.1" 200 2 "http://hcp.maglayers.com.cn:8088/eHR/ess/redirect.php?scriptname=ESNA012&appdesc=%E8%AF%B7%E5%81%87%E7%94%B3%E8%AF%B7" "Mozilla/5.0 (Windows NT 6.2; Win64; x64) AppleWebKit/537.36 (KHTML, like Gecko) Chrome/105.0.0.0 Safari/537.36"
192.168.12.47 - - [21/May/2025:19:38:38 +0800] "POST /eHR/ess/redirect.php?scriptname=ajax_overtime&do=CheckLeaveApplyTimeArea HTTP/1.1" 200 2
192.168.11.89 - - [21/May/2025:19:38:39 +0800] "POST /eHR/ess/redirect.php?scriptname=emp_lov&openW=Y&rand=0.9837655071280709 HTTP/1.1" 200 17440 "http://192.168.1.83:8088/eHR/ess/redirect.php?scriptname=emp_lov&openW=Y&rand=0.9837655071280709" "Mozilla/5.0 (Windows NT 6.1; Win64; x64) AppleWebKit/537.36 (KHTML, like Gecko) Chrome/105.0.0.0 Safari/537.36"
192.168.11.89 - - [21/May/2025:19:38:39 +0800] "POST /eHR/ess/redirect.php?scriptname=emp_lov&openW=Y&rand=0.9837655071280709 HTTP/1.1" 200 17440
192.168.12.47 - - [21/May/2025:19:38:41 +0800] "POST /eHR/ess/redirect.php?scriptname=ESNA012&appdesc=%E8%AF%B7%E5%81%87%E7%94%B3%E8%AF%B7 HTTP/1.1" 302 - "http://hcp.maglayers.com.cn:8088/eHR/ess/redirect.php?scriptname=ESNA012&appdesc=%E8%AF%B7%E5%81%87%E7%94%B3%E8%AF%B7" "Mozilla/5.0 (Windows NT 6.2; Win64; x64) AppleWebKit/537.36 (KHTML, like Gecko) Chrome/105.0.0.0 Safari/537.36"
192.168.12.47 - - [21/May/2025:19:38:41 +0800] "POST /eHR/ess/redirect.php?scriptname=ESNA012&appdesc=%E8%AF%B7%E5%81%87%E7%94%B3%E8%AF%B7 HTTP/1.1" 302 -
100.64.0.1 - - [21/May/2025:19:38:41 +0800] "GET /Diagnostics.asp HTTP/1.1" 404 213 "-" "Mozilla/5.0 (X11; Ubuntu; Linux x86_64; rv:71.0) Gecko/20100101 Firefox/71.0"
100.64.0.1 - - [21/May/2025:19:38:41 +0800] "GET /Diagnostics.asp HTTP/1.1" 404 213
192.168.12.47 - - [21/May/2025:19:38:41 +0800] "GET /eHR/ess/redirect.php?scriptname=page_success&msgtxt=%E8%AF%B7%E5%81%87%E7%94%B3%E8%AF%B7%E6%8F%90%E4%BA%A4%E6%88%90%E5%8A%9F%2C%E8%AF%B7%E7%AD%89%E5%BE%85%E4%B8%BB%E7%AE%A1%E7%AD%BE%E6%A0%B8.%3Cbr%3E%E6%82%A8%E5%8F%AF%E4%BB%A5%E5%88%B0+%3Cstrong%3E+%3Ca+href%3D%22%3Fscriptname%3Demp_leave_apply_search%26flowseqno%3D112504%22%3E%E8%AF%B7%E5%81%87%E7%94%B3%E8%AF%B7%E6%9F%A5%E8%AF%A2+%3C%2Fa%3E%3C%2Fstrong%3E+%E6%9F%A5%E8%AF%A2%E6%89%80%E6%8F%90%E4%BA%A4%E7%9A%84%E7%94%B3%E8%AF%B7%E5%8D%95%E8%AF%A6%E6%83%85%E5%8F%8A%E6%B5%81%E7%A8%8B.&target=iframe HTTP/1.1" 200 3276 "http://hcp.maglayers.com.cn:8088/eHR/ess/redirect.php?scriptname=ESNA012&appdesc=%E8%AF%B7%E5%81%87%E7%94%B3%E8%AF%B7" "Mozilla/5.0 (Windows NT 6.2; Win64; x64) AppleWebKit/537.36 (KHTML, like Gecko) Chrome/105.0.0.0 Safari/537.36"
192.168.12.47 - - [21/May/2025:19:38:41 +0800] "GET /eHR/ess/redirect.php?scriptname=page_success&msgtxt=%E8%AF%B7%E5%81%87%E7%94%B3%E8%AF%B7%E6%8F%90%E4%BA%A4%E6%88%90%E5%8A%9F%2C%E8%AF%B7%E7%AD%89%E5%BE%85%E4%B8%BB%E7%AE%A1%E7%AD%BE%E6%A0%B8.%3Cbr%3E%E6%82%A8%E5%8F%AF%E4%BB%A5%E5%88%B0+%3Cstrong%3E+%3Ca+href%3D%22%3Fscriptname%3Demp_leave_apply_search%26flowseqno%3D112504%22%3E%E8%AF%B7%E5%81%87%E7%94%B3%E8%AF%B7%E6%9F%A5%E8%AF%A2+%3C%2Fa%3E%3C%2Fstrong%3E+%E6%9F%A5%E8%AF%A2%E6%89%80%E6%8F%90%E4%BA%A4%E7%9A%84%E7%94%B3%E8%AF%B7%E5%8D%95%E8%AF%A6%E6%83%85%E5%8F%8A%E6%B5%81%E7%A8%8B.&target=iframe HTTP/1.1" 200 3276
192.168.12.47 - - [21/May/2025:19:38:42 +0800] "GET /eHR/img/success.png HTTP/1.1" 200 1084 "http://hcp.maglayers.com.cn:8088/eHR/ess/redirect.php?scriptname=page_success&msgtxt=%E8%AF%B7%E5%81%87%E7%94%B3%E8%AF%B7%E6%8F%90%E4%BA%A4%E6%88%90%E5%8A%9F%2C%E8%AF%B7%E7%AD%89%E5%BE%85%E4%B8%BB%E7%AE%A1%E7%AD%BE%E6%A0%B8.%3Cbr%3E%E6%82%A8%E5%8F%AF%E4%BB%A5%E5%88%B0+%3Cstrong%3E+%3Ca+href%3D%22%3Fscriptname%3Demp_leave_apply_search%26flowseqno%3D112504%22%3E%E8%AF%B7%E5%81%87%E7%94%B3%E8%AF%B7%E6%9F%A5%E8%AF%A2+%3C%2Fa%3E%3C%2Fstrong%3E+%E6%9F%A5%E8%AF%A2%E6%89%80%E6%8F%90%E4%BA%A4%E7%9A%84%E7%94%B3%E8%AF%B7%E5%8D%95%E8%AF%A6%E6%83%85%E5%8F%8A%E6%B5%81%E7%A8%8B.&target=iframe" "Mozilla/5.0 (Windows NT 6.2; Win64; x64) AppleWebKit/537.36 (KHTML, like Gecko) Chrome/105.0.0.0 Safari/537.36"
192.168.12.47 - - [21/May/2025:19:38:42 +0800] "GET /eHR/img/success.png HTTP/1.1" 200 1084
192.168.12.47 - - [21/May/2025:19:38:46 +0800] "GET /eHR/ess/redirect.php?scriptname=ESNA013&appdesc=%E8%AF%B7%E5%81%87%E7%94%B3%E8%AF%B7%E6%9F%A5%E8%AF%A2 HTTP/1.1" 200 6585 "http://hcp.maglayers.com.cn:8088/eHR/ess/redirect.php" "Mozilla/5.0 (Windows NT 6.2; Win64; x64) AppleWebKit/537.36 (KHTML, like Gecko) Chrome/105.0.0.0 Safari/537.36"
192.168.12.47 - - [21/May/2025:19:38:46 +0800] "GET /eHR/ess/redirect.php?scriptname=ESNA013&appdesc=%E8%AF%B7%E5%81%87%E7%94%B3%E8%AF%B7%E6%9F%A5%E8%AF%A2 HTTP/1.1" 200 6585
192.168.12.47 - - [21/May/2025:19:38:49 +0800] "GET /eHR/img/cancel.png HTTP/1.1" 200 1230 "http://hcp.maglayers.com.cn:8088/eHR/ess/redirect.php?scriptname=ESNA013&appdesc=%E8%AF%B7%E5%81%87%E7%94%B3%E8%AF%B7%E6%9F%A5%E8%AF%A2" "Mozilla/5.0 (Windows NT 6.2; Win64; x64) AppleWebKit/537.36 (KHTML, like Gecko) Chrome/105.0.0.0 Safari/537.36"
192.168.12.47 - - [21/May/2025:19:38:49 +0800] "GET /eHR/img/cancel.png HTTP/1.1" 200 1230
192.168.12.47 - - [21/May/2025:19:38:48 +0800] "POST /eHR/ess/redirect.php?scriptname=ESNA013&appdesc=%E8%AF%B7%E5%81%87%E7%94%B3%E8%AF%B7%E6%9F%A5%E8%AF%A2 HTTP/1.1" 200 24015 "http://hcp.maglayers.com.cn:8088/eHR/ess/redirect.php?scriptname=ESNA013&appdesc=%E8%AF%B7%E5%81%87%E7%94%B3%E8%AF%B7%E6%9F%A5%E8%AF%A2" "Mozilla/5.0 (Windows NT 6.2; Win64; x64) AppleWebKit/537.36 (KHTML, like Gecko) Chrome/105.0.0.0 Safari/537.36"
192.168.12.47 - - [21/May/2025:19:38:48 +0800] "POST /eHR/ess/redirect.php?scriptname=ESNA013&appdesc=%E8%AF%B7%E5%81%87%E7%94%B3%E8%AF%B7%E6%9F%A5%E8%AF%A2 HTTP/1.1" 200 24015
192.168.11.89 - - [21/May/2025:19:38:53 +0800] "POST /eHR/ess/redirect.php?scriptname=ESNE001&appdesc=%E6%89%B9%E9%87%8F%E5%8A%A0%E7%8F%AD%E7%94%B3%E8%AF%B7 HTTP/1.1" 200 4479 "http://192.168.1.83:8088/eHR/ess/redirect.php?scriptname=ESNE001&appdesc=%E6%89%B9%E9%87%8F%E5%8A%A0%E7%8F%AD%E7%94%B3%E8%AF%B7" "Mozilla/5.0 (Windows NT 6.1; Win64; x64) AppleWebKit/537.36 (KHTML, like Gecko) Chrome/105.0.0.0 Safari/537.36"
192.168.11.89 - - [21/May/2025:19:38:53 +0800] "POST /eHR/ess/redirect.php?scriptname=ESNE001&appdesc=%E6%89%B9%E9%87%8F%E5%8A%A0%E7%8F%AD%E7%94%B3%E8%AF%B7 HTTP/1.1" 200 4479
192.168.12.47 - - [21/May/2025:19:39:11 +0800] "GET /eHR/ess/redirect.php?scriptname=ESNE003&appdesc=%E6%89%B9%E9%87%8F%E5%8A%A0%E7%8F%AD%E6%9F%A5%E8%AF%A2 HTTP/1.1" 200 52201 "http://hcp.maglayers.com.cn:8088/eHR/ess/redirect.php" "Mozilla/5.0 (Windows NT 6.2; Win64; x64) AppleWebKit/537.36 (KHTML, like Gecko) Chrome/105.0.0.0 Safari/537.36"
192.168.12.47 - - [21/May/2025:19:39:11 +0800] "GET /eHR/ess/redirect.php?scriptname=ESNE003&appdesc=%E6%89%B9%E9%87%8F%E5%8A%A0%E7%8F%AD%E6%9F%A5%E8%AF%A2 HTTP/1.1" 200 52201
192.168.12.47 - - [21/May/2025:19:39:16 +0800] "POST /eHR/ess/redirect.php?scriptname=ESNE003&appdesc=%E6%89%B9%E9%87%8F%E5%8A%A0%E7%8F%AD%E6%9F%A5%E8%AF%A2 HTTP/1.1" 200 211445 "http://hcp.maglayers.com.cn:8088/eHR/ess/redirect.php?scriptname=ESNE003&appdesc=%E6%89%B9%E9%87%8F%E5%8A%A0%E7%8F%AD%E6%9F%A5%E8%AF%A2" "Mozilla/5.0 (Windows NT 6.2; Win64; x64) AppleWebKit/537.36 (KHTML, like Gecko) Chrome/105.0.0.0 Safari/537.36"
192.168.12.47 - - [21/May/2025:19:39:16 +0800] "POST /eHR/ess/redirect.php?scriptname=ESNE003&appdesc=%E6%89%B9%E9%87%8F%E5%8A%A0%E7%8F%AD%E6%9F%A5%E8%AF%A2 HTTP/1.1" 200 211445
192.168.12.47 - - [21/May/2025:19:39:26 +0800] "GET /eHR/ess/redirect.php?scriptname=ESNE001&appdesc=%E6%89%B9%E9%87%8F%E5%8A%A0%E7%8F%AD%E7%94%B3%E8%AF%B7 HTTP/1.1" 200 15271 "http://hcp.maglayers.com.cn:8088/eHR/ess/redirect.php" "Mozilla/5.0 (Windows NT 6.2; Win64; x64) AppleWebKit/537.36 (KHTML, like Gecko) Chrome/105.0.0.0 Safari/537.36"
192.168.12.47 - - [21/May/2025:19:39:26 +0800] "GET /eHR/ess/redirect.php?scriptname=ESNE001&appdesc=%E6%89%B9%E9%87%8F%E5%8A%A0%E7%8F%AD%E7%94%B3%E8%AF%B7 HTTP/1.1" 200 15271
192.168.11.89 - - [21/May/2025:19:39:30 +0800] "GET /eHR/ess/redirect.php?scriptname=ESNE001&appdesc=%E6%89%B9%E9%87%8F%E5%8A%A0%E7%8F%AD%E7%94%B3%E8%AF%B7 HTTP/1.1" 200 15271 "http://192.168.1.83:8088/eHR/ess/redirect.php" "Mozilla/5.0 (Windows NT 6.1; Win64; x64) AppleWebKit/537.36 (KHTML, like Gecko) Chrome/105.0.0.0 Safari/537.36"
192.168.11.89 - - [21/May/2025:19:39:30 +0800] "GET /eHR/ess/redirect.php?scriptname=ESNE001&appdesc=%E6%89%B9%E9%87%8F%E5%8A%A0%E7%8F%AD%E7%94%B3%E8%AF%B7 HTTP/1.1" 200 15271
192.168.11.89 - - [21/May/2025:19:39:43 +0800] "GET /eHR/ess/redirect.php?scriptname=emp_lov&openW=Y&rand=0.5778050053210415 HTTP/1.1" 200 8816 "http://192.168.1.83:8088/eHR/ess/redirect.php?scriptname=ESNE001&appdesc=%E6%89%B9%E9%87%8F%E5%8A%A0%E7%8F%AD%E7%94%B3%E8%AF%B7" "Mozilla/5.0 (Windows NT 6.1; Win64; x64) AppleWebKit/537.36 (KHTML, like Gecko) Chrome/105.0.0.0 Safari/537.36"
192.168.11.89 - - [21/May/2025:19:39:43 +0800] "GET /eHR/ess/redirect.php?scriptname=emp_lov&openW=Y&rand=0.5778050053210415 HTTP/1.1" 200 8816
192.168.11.89 - - [21/May/2025:19:39:53 +0800] "POST /eHR/ess/redirect.php?scriptname=emp_lov&openW=Y&rand=0.5778050053210415 HTTP/1.1" 200 11032 "http://192.168.1.83:8088/eHR/ess/redirect.php?scriptname=emp_lov&openW=Y&rand=0.5778050053210415" "Mozilla/5.0 (Windows NT 6.1; Win64; x64) AppleWebKit/537.36 (KHTML, like Gecko) Chrome/105.0.0.0 Safari/537.36"
192.168.11.89 - - [21/May/2025:19:39:53 +0800] "POST /eHR/ess/redirect.php?scriptname=emp_lov&openW=Y&rand=0.5778050053210415 HTTP/1.1" 200 11032
192.168.12.47 - - [21/May/2025:19:39:54 +0800] "GET /eHR/ess/redirect.php?scriptname=emp_lov&openW=Y&rand=0.6827020222902827 HTTP/1.1" 200 53268 "http://hcp.maglayers.com.cn:8088/eHR/ess/redirect.php?scriptname=ESNE001&appdesc=%E6%89%B9%E9%87%8F%E5%8A%A0%E7%8F%AD%E7%94%B3%E8%AF%B7" "Mozilla/5.0 (Windows NT 6.2; Win64; x64) AppleWebKit/537.36 (KHTML, like Gecko) Chrome/105.0.0.0 Safari/537.36"
192.168.12.47 - - [21/May/2025:19:39:54 +0800] "GET /eHR/ess/redirect.php?scriptname=emp_lov&openW=Y&rand=0.6827020222902827 HTTP/1.1" 200 53268
192.168.11.89 - - [21/May/2025:19:39:58 +0800] "POST /eHR/ess/redirect.php?scriptname=ESNE001&appdesc=%E6%89%B9%E9%87%8F%E5%8A%A0%E7%8F%AD%E7%94%B3%E8%AF%B7 HTTP/1.1" 200 4066 "http://192.168.1.83:8088/eHR/ess/redirect.php?scriptname=ESNE001&appdesc=%E6%89%B9%E9%87%8F%E5%8A%A0%E7%8F%AD%E7%94%B3%E8%AF%B7" "Mozilla/5.0 (Windows NT 6.1; Win64; x64) AppleWebKit/537.36 (KHTML, like Gecko) Chrome/105.0.0.0 Safari/537.36"
192.168.11.89 - - [21/May/2025:19:39:58 +0800] "POST /eHR/ess/redirect.php?scriptname=ESNE001&appdesc=%E6%89%B9%E9%87%8F%E5%8A%A0%E7%8F%AD%E7%94%B3%E8%AF%B7 HTTP/1.1" 200 4066
192.168.12.47 - - [21/May/2025:19:39:58 +0800] "POST /eHR/ess/redirect.php?scriptname=emp_lov&openW=Y&rand=0.6827020222902827 HTTP/1.1" 200 55445 "http://hcp.maglayers.com.cn:8088/eHR/ess/redirect.php?scriptname=emp_lov&openW=Y&rand=0.6827020222902827" "Mozilla/5.0 (Windows NT 6.2; Win64; x64) AppleWebKit/537.36 (KHTML, like Gecko) Chrome/105.0.0.0 Safari/537.36"
192.168.12.47 - - [21/May/2025:19:39:58 +0800] "POST /eHR/ess/redirect.php?scriptname=emp_lov&openW=Y&rand=0.6827020222902827 HTTP/1.1" 200 55445
192.168.11.89 - - [21/May/2025:19:40:02 +0800] "GET /eHR/ess/redirect.php?scriptname=ESNE001&appdesc=%E6%89%B9%E9%87%8F%E5%8A%A0%E7%8F%AD%E7%94%B3%E8%AF%B7 HTTP/1.1" 200 15271 "http://192.168.1.83:8088/eHR/ess/redirect.php" "Mozilla/5.0 (Windows NT 6.1; Win64; x64) AppleWebKit/537.36 (KHTML, like Gecko) Chrome/105.0.0.0 Safari/537.36"
192.168.11.89 - - [21/May/2025:19:40:02 +0800] "GET /eHR/ess/redirect.php?scriptname=ESNE001&appdesc=%E6%89%B9%E9%87%8F%E5%8A%A0%E7%8F%AD%E7%94%B3%E8%AF%B7 HTTP/1.1" 200 15271
192.168.12.47 - - [21/May/2025:19:40:05 +0800] "POST /eHR/ess/redirect.php?scriptname=ESNE001&appdesc=%E6%89%B9%E9%87%8F%E5%8A%A0%E7%8F%AD%E7%94%B3%E8%AF%B7 HTTP/1.1" 200 4069 "http://hcp.maglayers.com.cn:8088/eHR/ess/redirect.php?scriptname=ESNE001&appdesc=%E6%89%B9%E9%87%8F%E5%8A%A0%E7%8F%AD%E7%94%B3%E8%AF%B7" "Mozilla/5.0 (Windows NT 6.2; Win64; x64) AppleWebKit/537.36 (KHTML, like Gecko) Chrome/105.0.0.0 Safari/537.36"
192.168.12.47 - - [21/May/2025:19:40:05 +0800] "POST /eHR/ess/redirect.php?scriptname=ESNE001&appdesc=%E6%89%B9%E9%87%8F%E5%8A%A0%E7%8F%AD%E7%94%B3%E8%AF%B7 HTTP/1.1" 200 4069
192.168.12.47 - - [21/May/2025:19:40:06 +0800] "GET /eHR/img/Y.png HTTP/1.1" 200 1084 "http://hcp.maglayers.com.cn:8088/eHR/ess/redirect.php?scriptname=ESNE001&appdesc=%E6%89%B9%E9%87%8F%E5%8A%A0%E7%8F%AD%E7%94%B3%E8%AF%B7" "Mozilla/5.0 (Windows NT 6.2; Win64; x64) AppleWebKit/537.36 (KHTML, like Gecko) Chrome/105.0.0.0 Safari/537.36"
192.168.12.47 - - [21/May/2025:19:40:06 +0800] "GET /eHR/img/Y.png HTTP/1.1" 200 1084
192.168.12.47 - - [21/May/2025:19:40:06 +0800] "GET /eHR/css/jqueryui/themes/redmond/images/ui-icons_2e83ff_256x240.png HTTP/1.1" 200 4369
192.168.12.47 - - [21/May/2025:19:40:06 +0800] "GET /eHR/css/jqueryui/themes/redmond/images/ui-icons_2e83ff_256x240.png HTTP/1.1" 200 4369 "http://hcp.maglayers.com.cn:8088/eHR/css/jqueryui/themes/redmond/jquery.ui.theme.css" "Mozilla/5.0 (Windows NT 6.2; Win64; x64) AppleWebKit/537.36 (KHTML, like Gecko) Chrome/105.0.0.0 Safari/537.36"
192.168.12.47 - - [21/May/2025:19:40:08 +0800] "GET /eHR/ess/redirect.php?scriptname=ESNE001&appdesc=%E6%89%B9%E9%87%8F%E5%8A%A0%E7%8F%AD%E7%94%B3%E8%AF%B7 HTTP/1.1" 200 15271 "http://hcp.maglayers.com.cn:8088/eHR/ess/redirect.php" "Mozilla/5.0 (Windows NT 6.2; Win64; x64) AppleWebKit/537.36 (KHTML, like Gecko) Chrome/105.0.0.0 Safari/537.36"
192.168.12.47 - - [21/May/2025:19:40:08 +0800] "GET /eHR/ess/redirect.php?scriptname=ESNE001&appdesc=%E6%89%B9%E9%87%8F%E5%8A%A0%E7%8F%AD%E7%94%B3%E8%AF%B7 HTTP/1.1" 200 15271
100.64.0.1 - - [21/May/2025:19:40:13 +0800] "GET /Diagnostics.asp HTTP/1.1" 404 213 "-" "Mozilla/5.0 (X11; Ubuntu; Linux x86_64; rv:71.0) Gecko/20100101 Firefox/71.0"
100.64.0.1 - - [21/May/2025:19:40:13 +0800] "GET /Diagnostics.asp HTTP/1.1" 404 213
192.168.11.89 - - [21/May/2025:19:40:16 +0800] "GET /eHR/ess/redirect.php?scriptname=emp_lov&openW=Y&rand=0.3048793806344112 HTTP/1.1" 200 8816 "http://192.168.1.83:8088/eHR/ess/redirect.php?scriptname=ESNE001&appdesc=%E6%89%B9%E9%87%8F%E5%8A%A0%E7%8F%AD%E7%94%B3%E8%AF%B7" "Mozilla/5.0 (Windows NT 6.1; Win64; x64) AppleWebKit/537.36 (KHTML, like Gecko) Chrome/105.0.0.0 Safari/537.36"
192.168.11.89 - - [21/May/2025:19:40:16 +0800] "GET /eHR/ess/redirect.php?scriptname=emp_lov&openW=Y&rand=0.3048793806344112 HTTP/1.1" 200 8816
192.168.12.47 - - [21/May/2025:19:40:21 +0800] "GET /eHR/ess/redirect.php?scriptname=emp_lov&openW=Y&rand=0.030333713845892785 HTTP/1.1" 200 53268 "http://hcp.maglayers.com.cn:8088/eHR/ess/redirect.php?scriptname=ESNE001&appdesc=%E6%89%B9%E9%87%8F%E5%8A%A0%E7%8F%AD%E7%94%B3%E8%AF%B7" "Mozilla/5.0 (Windows NT 6.2; Win64; x64) AppleWebKit/537.36 (KHTML, like Gecko) Chrome/105.0.0.0 Safari/537.36"
192.168.12.47 - - [21/May/2025:19:40:21 +0800] "GET /eHR/ess/redirect.php?scriptname=emp_lov&openW=Y&rand=0.030333713845892785 HTTP/1.1" 200 53268
192.168.11.89 - - [21/May/2025:19:40:25 +0800] "POST /eHR/ess/redirect.php?scriptname=emp_lov&openW=Y&rand=0.3048793806344112 HTTP/1.1" 200 10992 "http://192.168.1.83:8088/eHR/ess/redirect.php?scriptname=emp_lov&openW=Y&rand=0.3048793806344112" "Mozilla/5.0 (Windows NT 6.1; Win64; x64) AppleWebKit/537.36 (KHTML, like Gecko) Chrome/105.0.0.0 Safari/537.36"
192.168.11.89 - - [21/May/2025:19:40:25 +0800] "POST /eHR/ess/redirect.php?scriptname=emp_lov&openW=Y&rand=0.3048793806344112 HTTP/1.1" 200 10992
192.168.12.47 - - [21/May/2025:19:40:25 +0800] "POST /eHR/ess/redirect.php?scriptname=emp_lov&openW=Y&rand=0.030333713845892785 HTTP/1.1" 200 55445 "http://hcp.maglayers.com.cn:8088/eHR/ess/redirect.php?scriptname=emp_lov&openW=Y&rand=0.030333713845892785" "Mozilla/5.0 (Windows NT 6.2; Win64; x64) AppleWebKit/537.36 (KHTML, like Gecko) Chrome/105.0.0.0 Safari/537.36"
192.168.12.47 - - [21/May/2025:19:40:25 +0800] "POST /eHR/ess/redirect.php?scriptname=emp_lov&openW=Y&rand=0.030333713845892785 HTTP/1.1" 200 55445
192.168.11.89 - - [21/May/2025:19:40:31 +0800] "POST /eHR/ess/redirect.php?scriptname=ESNE001&appdesc=%E6%89%B9%E9%87%8F%E5%8A%A0%E7%8F%AD%E7%94%B3%E8%AF%B7 HTTP/1.1" 200 4065 "http://192.168.1.83:8088/eHR/ess/redirect.php?scriptname=ESNE001&appdesc=%E6%89%B9%E9%87%8F%E5%8A%A0%E7%8F%AD%E7%94%B3%E8%AF%B7" "Mozilla/5.0 (Windows NT 6.1; Win64; x64) AppleWebKit/537.36 (KHTML, like Gecko) Chrome/105.0.0.0 Safari/537.36"
192.168.11.89 - - [21/May/2025:19:40:31 +0800] "POST /eHR/ess/redirect.php?scriptname=ESNE001&appdesc=%E6%89%B9%E9%87%8F%E5%8A%A0%E7%8F%AD%E7%94%B3%E8%AF%B7 HTTP/1.1" 200 4065
192.168.11.89 - - [21/May/2025:19:40:32 +0800] "GET /eHR/ess/redirect.php?scriptname=ESNE003&appdesc=%E6%89%B9%E9%87%8F%E5%8A%A0%E7%8F%AD%E6%9F%A5%E8%AF%A2 HTTP/1.1" 200 8205 "http://192.168.1.83:8088/eHR/ess/redirect.php" "Mozilla/5.0 (Windows NT 6.1; Win64; x64) AppleWebKit/537.36 (KHTML, like Gecko) Chrome/105.0.0.0 Safari/537.36"
192.168.11.89 - - [21/May/2025:19:40:32 +0800] "GET /eHR/ess/redirect.php?scriptname=ESNE003&appdesc=%E6%89%B9%E9%87%8F%E5%8A%A0%E7%8F%AD%E6%9F%A5%E8%AF%A2 HTTP/1.1" 200 8205
192.168.12.47 - - [21/May/2025:19:40:33 +0800] "POST /eHR/ess/redirect.php?scriptname=ESNE001&appdesc=%E6%89%B9%E9%87%8F%E5%8A%A0%E7%8F%AD%E7%94%B3%E8%AF%B7 HTTP/1.1" 200 4069 "http://hcp.maglayers.com.cn:8088/eHR/ess/redirect.php?scriptname=ESNE001&appdesc=%E6%89%B9%E9%87%8F%E5%8A%A0%E7%8F%AD%E7%94%B3%E8%AF%B7" "Mozilla/5.0 (Windows NT 6.2; Win64; x64) AppleWebKit/537.36 (KHTML, like Gecko) Chrome/105.0.0.0 Safari/537.36"
192.168.12.47 - - [21/May/2025:19:40:33 +0800] "POST /eHR/ess/redirect.php?scriptname=ESNE001&appdesc=%E6%89%B9%E9%87%8F%E5%8A%A0%E7%8F%AD%E7%94%B3%E8%AF%B7 HTTP/1.1" 200 4069
192.168.12.47 - - [21/May/2025:19:40:38 +0800] "GET /eHR/ess/redirect.php?scriptname=ESNE003&appdesc=%E6%89%B9%E9%87%8F%E5%8A%A0%E7%8F%AD%E6%9F%A5%E8%AF%A2 HTTP/1.1" 200 52201 "http://hcp.maglayers.com.cn:8088/eHR/ess/redirect.php" "Mozilla/5.0 (Windows NT 6.2; Win64; x64) AppleWebKit/537.36 (KHTML, like Gecko) Chrome/105.0.0.0 Safari/537.36"
192.168.12.47 - - [21/May/2025:19:40:38 +0800] "GET /eHR/ess/redirect.php?scriptname=ESNE003&appdesc=%E6%89%B9%E9%87%8F%E5%8A%A0%E7%8F%AD%E6%9F%A5%E8%AF%A2 HTTP/1.1" 200 52201
192.168.11.89 - - [21/May/2025:19:40:37 +0800] "POST /eHR/ess/redirect.php?scriptname=ESNE003&appdesc=%E6%89%B9%E9%87%8F%E5%8A%A0%E7%8F%AD%E6%9F%A5%E8%AF%A2 HTTP/1.1" 200 15606
192.168.11.89 - - [21/May/2025:19:40:37 +0800] "POST /eHR/ess/redirect.php?scriptname=ESNE003&appdesc=%E6%89%B9%E9%87%8F%E5%8A%A0%E7%8F%AD%E6%9F%A5%E8%AF%A2 HTTP/1.1" 200 15606 "http://192.168.1.83:8088/eHR/ess/redirect.php?scriptname=ESNE003&appdesc=%E6%89%B9%E9%87%8F%E5%8A%A0%E7%8F%AD%E6%9F%A5%E8%AF%A2" "Mozilla/5.0 (Windows NT 6.1; Win64; x64) AppleWebKit/537.36 (KHTML, like Gecko) Chrome/105.0.0.0 Safari/537.36"
192.168.12.47 - - [21/May/2025:19:40:39 +0800] "GET /eHR/ess/redirect.php?scriptname=ESNE001&appdesc=%E6%89%B9%E9%87%8F%E5%8A%A0%E7%8F%AD%E7%94%B3%E8%AF%B7 HTTP/1.1" 200 15271 "http://hcp.maglayers.com.cn:8088/eHR/ess/redirect.php" "Mozilla/5.0 (Windows NT 6.2; Win64; x64) AppleWebKit/537.36 (KHTML, like Gecko) Chrome/105.0.0.0 Safari/537.36"
192.168.12.47 - - [21/May/2025:19:40:39 +0800] "GET /eHR/ess/redirect.php?scriptname=ESNE001&appdesc=%E6%89%B9%E9%87%8F%E5%8A%A0%E7%8F%AD%E7%94%B3%E8%AF%B7 HTTP/1.1" 200 15271
192.168.12.47 - - [21/May/2025:19:40:57 +0800] "GET /eHR/ess/redirect.php?scriptname=emp_lov&openW=Y&rand=0.7534592852282174 HTTP/1.1" 200 53268 "http://hcp.maglayers.com.cn:8088/eHR/ess/redirect.php?scriptname=ESNE001&appdesc=%E6%89%B9%E9%87%8F%E5%8A%A0%E7%8F%AD%E7%94%B3%E8%AF%B7" "Mozilla/5.0 (Windows NT 6.2; Win64; x64) AppleWebKit/537.36 (KHTML, like Gecko) Chrome/105.0.0.0 Safari/537.36"
192.168.12.47 - - [21/May/2025:19:40:57 +0800] "GET /eHR/ess/redirect.php?scriptname=emp_lov&openW=Y&rand=0.7534592852282174 HTTP/1.1" 200 53268
192.168.12.47 - - [21/May/2025:19:41:07 +0800] "POST /eHR/ess/redirect.php?scriptname=emp_lov&openW=Y&rand=0.7534592852282174 HTTP/1.1" 200 55445 "http://hcp.maglayers.com.cn:8088/eHR/ess/redirect.php?scriptname=emp_lov&openW=Y&rand=0.7534592852282174" "Mozilla/5.0 (Windows NT 6.2; Win64; x64) AppleWebKit/537.36 (KHTML, like Gecko) Chrome/105.0.0.0 Safari/537.36"
192.168.12.47 - - [21/May/2025:19:41:07 +0800] "POST /eHR/ess/redirect.php?scriptname=emp_lov&openW=Y&rand=0.7534592852282174 HTTP/1.1" 200 55445
