192.168.11.134 - - [28/Apr/2025:08:43:11 +0800] "GET /eHR/mgr/redirect.php?scriptname=page_error&msgtxt=%3Ch3%3EHTTP+404+-+Page+not+found%3C%2Fh3%3E%3Cbr%3E%3Cstrong%3EFile+Name%3A%3C%2Fstrong%3Epage_error%3Cbr%2F%3E%3Cstrong%3EApplication+Name%3C%2Fstrong%3E%3A&target=iframe HTTP/1.1" 302 -
192.168.11.104 - - [28/Apr/2025:08:43:11 +0800] "GET /eHR/ess/redirect.php?scriptname=ESNF000&appdesc=%E6%B5%81%E7%A8%8B%E7%AE%A1%E7%90%86 HTTP/1.1" 200 6887 "http://192.168.1.83:8088/eHR/ess/redirect.php" "Mozilla/4.0 (compatible; MSIE 7.0; Windows NT 10.0; WOW64; Trident/7.0; .NET4.0C; .NET4.0E)"
192.168.11.104 - - [28/Apr/2025:08:43:11 +0800] "GET /eHR/ess/redirect.php?scriptname=ESNF000&appdesc=%E6%B5%81%E7%A8%8B%E7%AE%A1%E7%90%86 HTTP/1.1" 200 6887
192.168.11.104 - - [28/Apr/2025:08:43:15 +0800] "GET /eHR/ess/redirect.php?scriptname=assistant_overtime_apply_search&dept_seqno=3985&flowstatus=02&whoami=admin HTTP/1.1" 200 74938 "http://192.168.1.83:8088/eHR/ess/redirect.php?scriptname=ESNF000&appdesc=%E6%B5%81%E7%A8%8B%E7%AE%A1%E7%90%86" "Mozilla/4.0 (compatible; MSIE 7.0; Windows NT 10.0; WOW64; Trident/7.0; .NET4.0C; .NET4.0E)"
192.168.11.104 - - [28/Apr/2025:08:43:15 +0800] "GET /eHR/ess/redirect.php?scriptname=assistant_overtime_apply_search&dept_seqno=3985&flowstatus=02&whoami=admin HTTP/1.1" 200 74938
192.168.11.104 - - [28/Apr/2025:08:43:20 +0800] "GET /eHR/ess/redirect.php?scriptname=ESNF000&appdesc=%E6%B5%81%E7%A8%8B%E7%AE%A1%E7%90%86 HTTP/1.1" 200 6887 "http://192.168.1.83:8088/eHR/ess/redirect.php" "Mozilla/4.0 (compatible; MSIE 7.0; Windows NT 10.0; WOW64; Trident/7.0; .NET4.0C; .NET4.0E)"
192.168.11.104 - - [28/Apr/2025:08:43:20 +0800] "GET /eHR/ess/redirect.php?scriptname=ESNF000&appdesc=%E6%B5%81%E7%A8%8B%E7%AE%A1%E7%90%86 HTTP/1.1" 200 6887
192.168.11.134 - - [28/Apr/2025:08:43:22 +0800] "GET /eHR/ess/redirect.php?scriptname=ESNH003&appdesc=%E8%AF%B7%E5%81%87%E7%AD%BE%E6%A0%B8 HTTP/1.1" 302 - "http://hcp.maglayers.com.cn:8088/eHR/ess/redirect.php" "Mozilla/5.0 (Windows NT 10.0; Win64; x64) AppleWebKit/537.36 (KHTML, like Gecko) Chrome/105.0.0.0 Safari/537.36"
192.168.11.134 - - [28/Apr/2025:08:43:22 +0800] "GET /eHR/ess/redirect.php?scriptname=ESNH003&appdesc=%E8%AF%B7%E5%81%87%E7%AD%BE%E6%A0%B8 HTTP/1.1" 302 -
192.168.11.134 - - [28/Apr/2025:08:43:22 +0800] "GET /eHR/mgr/redirect.php?scriptname=MDNH104&appdesc=%E8%AF%B7%E5%81%87%E7%AD%BE%E6%A0%B8 HTTP/1.1" 200 7256 "http://hcp.maglayers.com.cn:8088/eHR/ess/redirect.php" "Mozilla/5.0 (Windows NT 10.0; Win64; x64) AppleWebKit/537.36 (KHTML, like Gecko) Chrome/105.0.0.0 Safari/537.36"
192.168.11.134 - - [28/Apr/2025:08:43:22 +0800] "GET /eHR/mgr/redirect.php?scriptname=MDNH104&appdesc=%E8%AF%B7%E5%81%87%E7%AD%BE%E6%A0%B8 HTTP/1.1" 200 7256
192.168.11.104 - - [28/Apr/2025:08:43:23 +0800] "GET /eHR/ess/redirect.php?scriptname=assistant_overtime_apply_search&dept_seqno=3930&flowstatus=02&whoami=admin HTTP/1.1" 200 57708 "http://192.168.1.83:8088/eHR/ess/redirect.php?scriptname=ESNF000&appdesc=%E6%B5%81%E7%A8%8B%E7%AE%A1%E7%90%86" "Mozilla/4.0 (compatible; MSIE 7.0; Windows NT 10.0; WOW64; Trident/7.0; .NET4.0C; .NET4.0E)"
192.168.11.104 - - [28/Apr/2025:08:43:23 +0800] "GET /eHR/ess/redirect.php?scriptname=assistant_overtime_apply_search&dept_seqno=3930&flowstatus=02&whoami=admin HTTP/1.1" 200 57708
192.168.11.134 - - [28/Apr/2025:08:43:24 +0800] "GET /eHR/ess/redirect.php?scriptname=ESNH004&appdesc=%E5%8A%A0%E7%8F%AD%E7%AD%BE%E6%A0%B8 HTTP/1.1" 302 - "http://hcp.maglayers.com.cn:8088/eHR/ess/redirect.php" "Mozilla/5.0 (Windows NT 10.0; Win64; x64) AppleWebKit/537.36 (KHTML, like Gecko) Chrome/105.0.0.0 Safari/537.36"
192.168.11.134 - - [28/Apr/2025:08:43:24 +0800] "GET /eHR/ess/redirect.php?scriptname=ESNH004&appdesc=%E5%8A%A0%E7%8F%AD%E7%AD%BE%E6%A0%B8 HTTP/1.1" 302 -
192.168.11.134 - - [28/Apr/2025:08:43:24 +0800] "GET /eHR/mgr/redirect.php?scriptname=MDNH105&appdesc=%E5%8A%A0%E7%8F%AD%E7%AD%BE%E6%A0%B8 HTTP/1.1" 200 6702 "http://hcp.maglayers.com.cn:8088/eHR/ess/redirect.php" "Mozilla/5.0 (Windows NT 10.0; Win64; x64) AppleWebKit/537.36 (KHTML, like Gecko) Chrome/105.0.0.0 Safari/537.36"
192.168.11.134 - - [28/Apr/2025:08:43:24 +0800] "GET /eHR/mgr/redirect.php?scriptname=MDNH105&appdesc=%E5%8A%A0%E7%8F%AD%E7%AD%BE%E6%A0%B8 HTTP/1.1" 200 6702
192.168.11.104 - - [28/Apr/2025:08:43:26 +0800] "GET /eHR/ess/redirect.php?scriptname=ESNF000&appdesc=%E6%B5%81%E7%A8%8B%E7%AE%A1%E7%90%86 HTTP/1.1" 200 6887 "http://192.168.1.83:8088/eHR/ess/redirect.php" "Mozilla/4.0 (compatible; MSIE 7.0; Windows NT 10.0; WOW64; Trident/7.0; .NET4.0C; .NET4.0E)"
192.168.11.104 - - [28/Apr/2025:08:43:26 +0800] "GET /eHR/ess/redirect.php?scriptname=ESNF000&appdesc=%E6%B5%81%E7%A8%8B%E7%AE%A1%E7%90%86 HTTP/1.1" 200 6887
192.168.11.104 - - [28/Apr/2025:08:43:28 +0800] "GET /eHR/ess/redirect.php?scriptname=assistant_overtime_apply_search&dept_seqno=3932&flowstatus=02&whoami=admin HTTP/1.1" 200 60890 "http://192.168.1.83:8088/eHR/ess/redirect.php?scriptname=ESNF000&appdesc=%E6%B5%81%E7%A8%8B%E7%AE%A1%E7%90%86" "Mozilla/4.0 (compatible; MSIE 7.0; Windows NT 10.0; WOW64; Trident/7.0; .NET4.0C; .NET4.0E)"
192.168.11.104 - - [28/Apr/2025:08:43:28 +0800] "GET /eHR/ess/redirect.php?scriptname=assistant_overtime_apply_search&dept_seqno=3932&flowstatus=02&whoami=admin HTTP/1.1" 200 60890
192.168.11.104 - - [28/Apr/2025:08:43:33 +0800] "GET /eHR/ess/redirect.php?scriptname=ESNF000&appdesc=%E6%B5%81%E7%A8%8B%E7%AE%A1%E7%90%86 HTTP/1.1" 200 6887 "http://192.168.1.83:8088/eHR/ess/redirect.php" "Mozilla/4.0 (compatible; MSIE 7.0; Windows NT 10.0; WOW64; Trident/7.0; .NET4.0C; .NET4.0E)"
192.168.11.104 - - [28/Apr/2025:08:43:33 +0800] "GET /eHR/ess/redirect.php?scriptname=ESNF000&appdesc=%E6%B5%81%E7%A8%8B%E7%AE%A1%E7%90%86 HTTP/1.1" 200 6887
192.168.11.134 - - [28/Apr/2025:08:43:35 +0800] "GET /eHR/ess/redirect.php?scriptname=ESNA012&appdesc=%E8%AF%B7%E5%81%87%E7%94%B3%E8%AF%B7 HTTP/1.1" 200 20623 "http://hcp.maglayers.com.cn:8088/eHR/ess/redirect.php" "Mozilla/5.0 (Windows NT 10.0; Win64; x64) AppleWebKit/537.36 (KHTML, like Gecko) Chrome/105.0.0.0 Safari/537.36"
192.168.11.134 - - [28/Apr/2025:08:43:35 +0800] "GET /eHR/ess/redirect.php?scriptname=ESNA012&appdesc=%E8%AF%B7%E5%81%87%E7%94%B3%E8%AF%B7 HTTP/1.1" 200 20623
192.168.11.134 - - [28/Apr/2025:08:43:35 +0800] "GET /eHR/js/date.js HTTP/1.1" 200 12630 "http://hcp.maglayers.com.cn:8088/eHR/ess/redirect.php?scriptname=ESNA012&appdesc=%E8%AF%B7%E5%81%87%E7%94%B3%E8%AF%B7" "Mozilla/5.0 (Windows NT 10.0; Win64; x64) AppleWebKit/537.36 (KHTML, like Gecko) Chrome/105.0.0.0 Safari/537.36"
192.168.11.134 - - [28/Apr/2025:08:43:35 +0800] "GET /eHR/js/date.js HTTP/1.1" 200 12630
192.168.11.134 - - [28/Apr/2025:08:43:36 +0800] "GET /eHR/img/icon-time.gif HTTP/1.1" 200 242 "http://hcp.maglayers.com.cn:8088/eHR/ess/redirect.php?scriptname=ESNA012&appdesc=%E8%AF%B7%E5%81%87%E7%94%B3%E8%AF%B7" "Mozilla/5.0 (Windows NT 10.0; Win64; x64) AppleWebKit/537.36 (KHTML, like Gecko) Chrome/105.0.0.0 Safari/537.36"
192.168.11.134 - - [28/Apr/2025:08:43:36 +0800] "GET /eHR/img/icon-time.gif HTTP/1.1" 200 242
192.168.11.134 - - [28/Apr/2025:08:43:35 +0800] "GET /eHR/js/jquery.maskedinput.min.js HTTP/1.1" 200 3568 "http://hcp.maglayers.com.cn:8088/eHR/ess/redirect.php?scriptname=ESNA012&appdesc=%E8%AF%B7%E5%81%87%E7%94%B3%E8%AF%B7" "Mozilla/5.0 (Windows NT 10.0; Win64; x64) AppleWebKit/537.36 (KHTML, like Gecko) Chrome/105.0.0.0 Safari/537.36"
192.168.11.134 - - [28/Apr/2025:08:43:35 +0800] "GET /eHR/js/jquery.maskedinput.min.js HTTP/1.1" 200 3568
192.168.11.134 - - [28/Apr/2025:08:43:36 +0800] "GET /eHR/img/lov.png HTTP/1.1" 200 788 "http://hcp.maglayers.com.cn:8088/eHR/css/default.css?m=20130917" "Mozilla/5.0 (Windows NT 10.0; Win64; x64) AppleWebKit/537.36 (KHTML, like Gecko) Chrome/105.0.0.0 Safari/537.36"
192.168.11.134 - - [28/Apr/2025:08:43:36 +0800] "GET /eHR/img/lov.png HTTP/1.1" 200 788
192.168.11.104 - - [28/Apr/2025:08:43:35 +0800] "GET /eHR/ess/redirect.php?scriptname=assistant_overtime_apply_search&dept_seqno=4145&flowstatus=01&whoami=admin HTTP/1.1" 200 55475 "http://192.168.1.83:8088/eHR/ess/redirect.php?scriptname=ESNF000&appdesc=%E6%B5%81%E7%A8%8B%E7%AE%A1%E7%90%86" "Mozilla/4.0 (compatible; MSIE 7.0; Windows NT 10.0; WOW64; Trident/7.0; .NET4.0C; .NET4.0E)"
192.168.11.104 - - [28/Apr/2025:08:43:35 +0800] "GET /eHR/ess/redirect.php?scriptname=assistant_overtime_apply_search&dept_seqno=4145&flowstatus=01&whoami=admin HTTP/1.1" 200 55475
192.168.11.104 - - [28/Apr/2025:08:43:38 +0800] "GET /eHR/ess/redirect.php?scriptname=ESNF000&appdesc=%E6%B5%81%E7%A8%8B%E7%AE%A1%E7%90%86 HTTP/1.1" 200 6887 "http://192.168.1.83:8088/eHR/ess/redirect.php" "Mozilla/4.0 (compatible; MSIE 7.0; Windows NT 10.0; WOW64; Trident/7.0; .NET4.0C; .NET4.0E)"
192.168.11.104 - - [28/Apr/2025:08:43:38 +0800] "GET /eHR/ess/redirect.php?scriptname=ESNF000&appdesc=%E6%B5%81%E7%A8%8B%E7%AE%A1%E7%90%86 HTTP/1.1" 200 6887
192.168.11.104 - - [28/Apr/2025:08:43:43 +0800] "GET /eHR/ess/redirect.php?scriptname=assistant_overtime_apply_search&dept_seqno=4274&flowstatus=02&whoami=admin HTTP/1.1" 200 76052 "http://192.168.1.83:8088/eHR/ess/redirect.php?scriptname=ESNF000&appdesc=%E6%B5%81%E7%A8%8B%E7%AE%A1%E7%90%86" "Mozilla/4.0 (compatible; MSIE 7.0; Windows NT 10.0; WOW64; Trident/7.0; .NET4.0C; .NET4.0E)"
192.168.11.104 - - [28/Apr/2025:08:43:43 +0800] "GET /eHR/ess/redirect.php?scriptname=assistant_overtime_apply_search&dept_seqno=4274&flowstatus=02&whoami=admin HTTP/1.1" 200 76052
192.168.11.134 - - [28/Apr/2025:08:43:45 +0800] "GET /eHR/css/jqueryui/themes/redmond/images/ui-icons_d8e7f3_256x240.png HTTP/1.1" 200 4369 "http://hcp.maglayers.com.cn:8088/eHR/css/jqueryui/themes/redmond/jquery.ui.theme.css" "Mozilla/5.0 (Windows NT 10.0; Win64; x64) AppleWebKit/537.36 (KHTML, like Gecko) Chrome/105.0.0.0 Safari/537.36"
192.168.11.134 - - [28/Apr/2025:08:43:45 +0800] "GET /eHR/css/jqueryui/themes/redmond/images/ui-icons_d8e7f3_256x240.png HTTP/1.1" 200 4369
192.168.11.134 - - [28/Apr/2025:08:43:47 +0800] "GET /eHR/ess/redirect.php?scriptname=ESNA012&appdesc=%E8%AF%B7%E5%81%87%E7%94%B3%E8%AF%B7&ajaxcall=1&func=getShiftBeginTime&shiftdate=2025-04-28 HTTP/1.1" 200 7 "http://hcp.maglayers.com.cn:8088/eHR/ess/redirect.php?scriptname=ESNA012&appdesc=%E8%AF%B7%E5%81%87%E7%94%B3%E8%AF%B7" "Mozilla/5.0 (Windows NT 10.0; Win64; x64) AppleWebKit/537.36 (KHTML, like Gecko) Chrome/105.0.0.0 Safari/537.36"
192.168.11.134 - - [28/Apr/2025:08:43:47 +0800] "GET /eHR/ess/redirect.php?scriptname=ESNA012&appdesc=%E8%AF%B7%E5%81%87%E7%94%B3%E8%AF%B7&ajaxcall=1&func=getShiftBeginTime&shiftdate=2025-04-28 HTTP/1.1" 200 7
192.168.11.134 - - [28/Apr/2025:08:43:50 +0800] "GET /eHR/ess/redirect.php?scriptname=ESNA012&appdesc=%E8%AF%B7%E5%81%87%E7%94%B3%E8%AF%B7&ajaxcall=1&func=getShiftEndTime&shiftdate=2025-04-28 HTTP/1.1" 200 7 "http://hcp.maglayers.com.cn:8088/eHR/ess/redirect.php?scriptname=ESNA012&appdesc=%E8%AF%B7%E5%81%87%E7%94%B3%E8%AF%B7" "Mozilla/5.0 (Windows NT 10.0; Win64; x64) AppleWebKit/537.36 (KHTML, like Gecko) Chrome/105.0.0.0 Safari/537.36"
192.168.11.134 - - [28/Apr/2025:08:43:50 +0800] "GET /eHR/ess/redirect.php?scriptname=ESNA012&appdesc=%E8%AF%B7%E5%81%87%E7%94%B3%E8%AF%B7&ajaxcall=1&func=getShiftEndTime&shiftdate=2025-04-28 HTTP/1.1" 200 7
192.168.11.136 - - [28/Apr/2025:08:44:36 +0800] "GET /eHR/ess/index.php?action=logout HTTP/1.1" 200 8826 "-" "Mozilla/5.0 (Windows NT 10.0; Win64; x64; rv:137.0) Gecko/20100101 Firefox/137.0"
192.168.11.136 - - [28/Apr/2025:08:44:36 +0800] "GET /eHR/ess/index.php?action=logout HTTP/1.1" 200 8826
192.168.11.136 - - [28/Apr/2025:08:44:36 +0800] "GET /eHR/ess/index.php?action=logout HTTP/1.1" 200 8826
192.168.11.136 - - [28/Apr/2025:08:44:36 +0800] "GET /eHR/ess/index.php?action=logout HTTP/1.1" 200 8826 "-" "Mozilla/5.0 (Windows NT 10.0; Win64; x64; rv:137.0) Gecko/20100101 Firefox/137.0"
192.168.11.136 - - [28/Apr/2025:08:44:37 +0800] "GET /eHR/js/i18n/ui.datepicker-zh-TW.min.js HTTP/1.1" 200 697 "http://192.168.1.83:8088/eHR/ess/index.php?action=logout" "Mozilla/5.0 (Windows NT 10.0; Win64; x64; rv:137.0) Gecko/20100101 Firefox/137.0"
192.168.11.136 - - [28/Apr/2025:08:44:37 +0800] "GET /eHR/js/i18n/ui.datepicker-zh-TW.min.js HTTP/1.1" 200 697
192.168.11.136 - - [28/Apr/2025:08:44:37 +0800] "GET /eHR/img/logo.gif HTTP/1.1" 200 3837 "http://192.168.1.83:8088/eHR/ess/index.php?action=logout" "Mozilla/5.0 (Windows NT 10.0; Win64; x64; rv:137.0) Gecko/20100101 Firefox/137.0"
192.168.11.136 - - [28/Apr/2025:08:44:37 +0800] "GET /eHR/img/logo.gif HTTP/1.1" 200 3837
192.168.11.136 - - [28/Apr/2025:08:44:37 +0800] "GET /eHR/img/loginbg.gif HTTP/1.1" 200 7026 "http://192.168.1.83:8088/eHR/ess/index.php?action=logout" "Mozilla/5.0 (Windows NT 10.0; Win64; x64; rv:137.0) Gecko/20100101 Firefox/137.0"
192.168.11.136 - - [28/Apr/2025:08:44:37 +0800] "GET /eHR/img/loginbg.gif HTTP/1.1" 200 7026
192.168.11.136 - - [28/Apr/2025:08:44:37 +0800] "GET /eHR/img/img1.jpg HTTP/1.1" 200 33358 "http://192.168.1.83:8088/eHR/ess/index.php?action=logout" "Mozilla/5.0 (Windows NT 10.0; Win64; x64; rv:137.0) Gecko/20100101 Firefox/137.0"
192.168.11.136 - - [28/Apr/2025:08:44:37 +0800] "GET /eHR/img/img1.jpg HTTP/1.1" 200 33358
192.168.11.136 - - [28/Apr/2025:08:44:37 +0800] "GET /eHR/img/index_banner_2.jpg HTTP/1.1" 200 45216 "http://192.168.1.83:8088/eHR/ess/index.php?action=logout" "Mozilla/5.0 (Windows NT 10.0; Win64; x64; rv:137.0) Gecko/20100101 Firefox/137.0"
192.168.11.136 - - [28/Apr/2025:08:44:37 +0800] "GET /eHR/img/index_banner_2.jpg HTTP/1.1" 200 45216
192.168.11.136 - - [28/Apr/2025:08:44:37 +0800] "GET /eHR/css/jqueryui/themes/redmond/images/ui-bg_glass_85_dfeffc_1x400.png HTTP/1.1" 200 123 "http://192.168.1.83:8088/eHR/css/jqueryui/themes/redmond/jquery.ui.theme.css" "Mozilla/5.0 (Windows NT 10.0; Win64; x64; rv:137.0) Gecko/20100101 Firefox/137.0"
192.168.11.136 - - [28/Apr/2025:08:44:37 +0800] "GET /eHR/css/jqueryui/themes/redmond/images/ui-bg_glass_85_dfeffc_1x400.png HTTP/1.1" 200 123
192.168.11.134 - - [28/Apr/2025:08:44:38 +0800] "POST /eHR/ess/redirect.php?scriptname=ajax_overtime&do=CheckLeaveApplyTimeArea HTTP/1.1" 200 2 "http://hcp.maglayers.com.cn:8088/eHR/ess/redirect.php?scriptname=ESNA012&appdesc=%E8%AF%B7%E5%81%87%E7%94%B3%E8%AF%B7" "Mozilla/5.0 (Windows NT 10.0; Win64; x64) AppleWebKit/537.36 (KHTML, like Gecko) Chrome/105.0.0.0 Safari/537.36"
192.168.11.134 - - [28/Apr/2025:08:44:38 +0800] "POST /eHR/ess/redirect.php?scriptname=ajax_overtime&do=CheckLeaveApplyTimeArea HTTP/1.1" 200 2
192.168.11.134 - - [28/Apr/2025:08:44:40 +0800] "POST /eHR/ess/redirect.php?scriptname=ESNA012&appdesc=%E8%AF%B7%E5%81%87%E7%94%B3%E8%AF%B7 HTTP/1.1" 302 - "http://hcp.maglayers.com.cn:8088/eHR/ess/redirect.php?scriptname=ESNA012&appdesc=%E8%AF%B7%E5%81%87%E7%94%B3%E8%AF%B7" "Mozilla/5.0 (Windows NT 10.0; Win64; x64) AppleWebKit/537.36 (KHTML, like Gecko) Chrome/105.0.0.0 Safari/537.36"
192.168.11.134 - - [28/Apr/2025:08:44:40 +0800] "POST /eHR/ess/redirect.php?scriptname=ESNA012&appdesc=%E8%AF%B7%E5%81%87%E7%94%B3%E8%AF%B7 HTTP/1.1" 302 -
192.168.11.134 - - [28/Apr/2025:08:44:41 +0800] "GET /eHR/ess/redirect.php?scriptname=page_success&msgtxt=%E8%AF%B7%E5%81%87%E7%94%B3%E8%AF%B7%E6%8F%90%E4%BA%A4%E6%88%90%E5%8A%9F%2C%E8%AF%B7%E7%AD%89%E5%BE%85%E4%B8%BB%E7%AE%A1%E7%AD%BE%E6%A0%B8.%3Cbr%3E%E6%82%A8%E5%8F%AF%E4%BB%A5%E5%88%B0+%3Cstrong%3E+%3Ca+href%3D%22%3Fscriptname%3Demp_leave_apply_search%26flowseqno%3D111657%22%3E%E8%AF%B7%E5%81%87%E7%94%B3%E8%AF%B7%E6%9F%A5%E8%AF%A2+%3C%2Fa%3E%3C%2Fstrong%3E+%E6%9F%A5%E8%AF%A2%E6%89%80%E6%8F%90%E4%BA%A4%E7%9A%84%E7%94%B3%E8%AF%B7%E5%8D%95%E8%AF%A6%E6%83%85%E5%8F%8A%E6%B5%81%E7%A8%8B.&target=iframe HTTP/1.1" 200 3276 "http://hcp.maglayers.com.cn:8088/eHR/ess/redirect.php?scriptname=ESNA012&appdesc=%E8%AF%B7%E5%81%87%E7%94%B3%E8%AF%B7" "Mozilla/5.0 (Windows NT 10.0; Win64; x64) AppleWebKit/537.36 (KHTML, like Gecko) Chrome/105.0.0.0 Safari/537.36"
192.168.11.134 - - [28/Apr/2025:08:44:41 +0800] "GET /eHR/ess/redirect.php?scriptname=page_success&msgtxt=%E8%AF%B7%E5%81%87%E7%94%B3%E8%AF%B7%E6%8F%90%E4%BA%A4%E6%88%90%E5%8A%9F%2C%E8%AF%B7%E7%AD%89%E5%BE%85%E4%B8%BB%E7%AE%A1%E7%AD%BE%E6%A0%B8.%3Cbr%3E%E6%82%A8%E5%8F%AF%E4%BB%A5%E5%88%B0+%3Cstrong%3E+%3Ca+href%3D%22%3Fscriptname%3Demp_leave_apply_search%26flowseqno%3D111657%22%3E%E8%AF%B7%E5%81%87%E7%94%B3%E8%AF%B7%E6%9F%A5%E8%AF%A2+%3C%2Fa%3E%3C%2Fstrong%3E+%E6%9F%A5%E8%AF%A2%E6%89%80%E6%8F%90%E4%BA%A4%E7%9A%84%E7%94%B3%E8%AF%B7%E5%8D%95%E8%AF%A6%E6%83%85%E5%8F%8A%E6%B5%81%E7%A8%8B.&target=iframe HTTP/1.1" 200 3276
192.168.11.134 - - [28/Apr/2025:08:44:42 +0800] "GET /eHR/img/success.png HTTP/1.1" 200 1084 "http://hcp.maglayers.com.cn:8088/eHR/ess/redirect.php?scriptname=page_success&msgtxt=%E8%AF%B7%E5%81%87%E7%94%B3%E8%AF%B7%E6%8F%90%E4%BA%A4%E6%88%90%E5%8A%9F%2C%E8%AF%B7%E7%AD%89%E5%BE%85%E4%B8%BB%E7%AE%A1%E7%AD%BE%E6%A0%B8.%3Cbr%3E%E6%82%A8%E5%8F%AF%E4%BB%A5%E5%88%B0+%3Cstrong%3E+%3Ca+href%3D%22%3Fscriptname%3Demp_leave_apply_search%26flowseqno%3D111657%22%3E%E8%AF%B7%E5%81%87%E7%94%B3%E8%AF%B7%E6%9F%A5%E8%AF%A2+%3C%2Fa%3E%3C%2Fstrong%3E+%E6%9F%A5%E8%AF%A2%E6%89%80%E6%8F%90%E4%BA%A4%E7%9A%84%E7%94%B3%E8%AF%B7%E5%8D%95%E8%AF%A6%E6%83%85%E5%8F%8A%E6%B5%81%E7%A8%8B.&target=iframe" "Mozilla/5.0 (Windows NT 10.0; Win64; x64) AppleWebKit/537.36 (KHTML, like Gecko) Chrome/105.0.0.0 Safari/537.36"
192.168.11.134 - - [28/Apr/2025:08:44:42 +0800] "GET /eHR/img/success.png HTTP/1.1" 200 1084
192.168.11.104 - - [28/Apr/2025:08:44:42 +0800] "GET /eHR/ess/redirect.php?scriptname=ESNF000&appdesc=%E6%B5%81%E7%A8%8B%E7%AE%A1%E7%90%86 HTTP/1.1" 200 6887 "http://192.168.1.83:8088/eHR/ess/redirect.php" "Mozilla/4.0 (compatible; MSIE 7.0; Windows NT 10.0; WOW64; Trident/7.0; .NET4.0C; .NET4.0E)"
192.168.11.104 - - [28/Apr/2025:08:44:42 +0800] "GET /eHR/ess/redirect.php?scriptname=ESNF000&appdesc=%E6%B5%81%E7%A8%8B%E7%AE%A1%E7%90%86 HTTP/1.1" 200 6887
192.168.11.134 - - [28/Apr/2025:08:44:44 +0800] "GET /eHR/ess/redirect.php?scriptname=ESNA012&appdesc=%E8%AF%B7%E5%81%87%E7%94%B3%E8%AF%B7 HTTP/1.1" 200 20623 "http://hcp.maglayers.com.cn:8088/eHR/ess/redirect.php" "Mozilla/5.0 (Windows NT 10.0; Win64; x64) AppleWebKit/537.36 (KHTML, like Gecko) Chrome/105.0.0.0 Safari/537.36"
192.168.11.134 - - [28/Apr/2025:08:44:44 +0800] "GET /eHR/ess/redirect.php?scriptname=ESNA012&appdesc=%E8%AF%B7%E5%81%87%E7%94%B3%E8%AF%B7 HTTP/1.1" 200 20623
192.168.11.134 - - [28/Apr/2025:08:44:45 +0800] "GET /eHR/ess/redirect.php?scriptname=ESNA015&appdesc=%E5%8A%A0%E7%8F%AD%E7%94%B3%E8%AF%B7%E6%9F%A5%E8%AF%A2 HTTP/1.1" 200 6457 "http://hcp.maglayers.com.cn:8088/eHR/ess/redirect.php" "Mozilla/5.0 (Windows NT 10.0; Win64; x64) AppleWebKit/537.36 (KHTML, like Gecko) Chrome/105.0.0.0 Safari/537.36"
192.168.11.134 - - [28/Apr/2025:08:44:45 +0800] "GET /eHR/ess/redirect.php?scriptname=ESNA015&appdesc=%E5%8A%A0%E7%8F%AD%E7%94%B3%E8%AF%B7%E6%9F%A5%E8%AF%A2 HTTP/1.1" 200 6457
192.168.11.134 - - [28/Apr/2025:08:44:47 +0800] "GET /eHR/ess/redirect.php?scriptname=ESNA013&appdesc=%E8%AF%B7%E5%81%87%E7%94%B3%E8%AF%B7%E6%9F%A5%E8%AF%A2 HTTP/1.1" 200 6351 "http://hcp.maglayers.com.cn:8088/eHR/ess/redirect.php" "Mozilla/5.0 (Windows NT 10.0; Win64; x64) AppleWebKit/537.36 (KHTML, like Gecko) Chrome/105.0.0.0 Safari/537.36"
192.168.11.134 - - [28/Apr/2025:08:44:47 +0800] "GET /eHR/ess/redirect.php?scriptname=ESNA013&appdesc=%E8%AF%B7%E5%81%87%E7%94%B3%E8%AF%B7%E6%9F%A5%E8%AF%A2 HTTP/1.1" 200 6351
192.168.11.104 - - [28/Apr/2025:08:44:48 +0800] "GET /eHR/ess/redirect.php?scriptname=assistant_leave_apply_search&dept_seqno=4374&flowstatus=02&whoami=admin HTTP/1.1" 200 58674 "http://192.168.1.83:8088/eHR/ess/redirect.php?scriptname=ESNF000&appdesc=%E6%B5%81%E7%A8%8B%E7%AE%A1%E7%90%86" "Mozilla/4.0 (compatible; MSIE 7.0; Windows NT 10.0; WOW64; Trident/7.0; .NET4.0C; .NET4.0E)"
192.168.11.104 - - [28/Apr/2025:08:44:48 +0800] "GET /eHR/ess/redirect.php?scriptname=assistant_leave_apply_search&dept_seqno=4374&flowstatus=02&whoami=admin HTTP/1.1" 200 58674
192.168.11.104 - - [28/Apr/2025:08:44:50 +0800] "GET /eHR/ess/redirect.php?scriptname=ESNF000&appdesc=%E6%B5%81%E7%A8%8B%E7%AE%A1%E7%90%86 HTTP/1.1" 200 6887 "http://192.168.1.83:8088/eHR/ess/redirect.php" "Mozilla/4.0 (compatible; MSIE 7.0; Windows NT 10.0; WOW64; Trident/7.0; .NET4.0C; .NET4.0E)"
192.168.11.104 - - [28/Apr/2025:08:44:50 +0800] "GET /eHR/ess/redirect.php?scriptname=ESNF000&appdesc=%E6%B5%81%E7%A8%8B%E7%AE%A1%E7%90%86 HTTP/1.1" 200 6887
192.168.11.134 - - [28/Apr/2025:08:44:52 +0800] "GET /eHR/img/cancel.png HTTP/1.1" 200 1230 "http://hcp.maglayers.com.cn:8088/eHR/ess/redirect.php?scriptname=ESNA013&appdesc=%E8%AF%B7%E5%81%87%E7%94%B3%E8%AF%B7%E6%9F%A5%E8%AF%A2" "Mozilla/5.0 (Windows NT 10.0; Win64; x64) AppleWebKit/537.36 (KHTML, like Gecko) Chrome/105.0.0.0 Safari/537.36"
192.168.11.134 - - [28/Apr/2025:08:44:52 +0800] "GET /eHR/img/cancel.png HTTP/1.1" 200 1230
192.168.11.134 - - [28/Apr/2025:08:44:51 +0800] "POST /eHR/ess/redirect.php?scriptname=ESNA013&appdesc=%E8%AF%B7%E5%81%87%E7%94%B3%E8%AF%B7%E6%9F%A5%E8%AF%A2 HTTP/1.1" 200 26672 "http://hcp.maglayers.com.cn:8088/eHR/ess/redirect.php?scriptname=ESNA013&appdesc=%E8%AF%B7%E5%81%87%E7%94%B3%E8%AF%B7%E6%9F%A5%E8%AF%A2" "Mozilla/5.0 (Windows NT 10.0; Win64; x64) AppleWebKit/537.36 (KHTML, like Gecko) Chrome/105.0.0.0 Safari/537.36"
192.168.11.134 - - [28/Apr/2025:08:44:51 +0800] "POST /eHR/ess/redirect.php?scriptname=ESNA013&appdesc=%E8%AF%B7%E5%81%87%E7%94%B3%E8%AF%B7%E6%9F%A5%E8%AF%A2 HTTP/1.1" 200 26672
100.64.0.1 - - [28/Apr/2025:08:44:58 +0800] "POST /ws/v1/cluster/apps/new-application HTTP/1.1" 404 232 "-" "python-requests/2.27.1"
100.64.0.1 - - [28/Apr/2025:08:44:58 +0800] "POST /ws/v1/cluster/apps/new-application HTTP/1.1" 404 232
192.168.11.136 - - [28/Apr/2025:08:45:09 +0800] "GET /eHR/css/jqueryui/themes/redmond/images/ui-bg_glass_75_d0e5f5_1x400.png HTTP/1.1" 200 124 "http://192.168.1.83:8088/eHR/css/jqueryui/themes/redmond/jquery.ui.theme.css" "Mozilla/5.0 (Windows NT 10.0; Win64; x64; rv:137.0) Gecko/20100101 Firefox/137.0"
192.168.11.136 - - [28/Apr/2025:08:45:09 +0800] "GET /eHR/css/jqueryui/themes/redmond/images/ui-bg_glass_75_d0e5f5_1x400.png HTTP/1.1" 200 124
192.168.11.136 - - [28/Apr/2025:08:45:09 +0800] "GET /eHR/css/jqueryui/themes/redmond/images/ui-bg_inset-hard_100_f5f8f9_1x100.png HTTP/1.1" 200 104 "http://192.168.1.83:8088/eHR/css/jqueryui/themes/redmond/jquery.ui.theme.css" "Mozilla/5.0 (Windows NT 10.0; Win64; x64; rv:137.0) Gecko/20100101 Firefox/137.0"
192.168.11.136 - - [28/Apr/2025:08:45:09 +0800] "GET /eHR/css/jqueryui/themes/redmond/images/ui-bg_inset-hard_100_f5f8f9_1x100.png HTTP/1.1" 200 104
192.168.11.136 - - [28/Apr/2025:08:45:09 +0800] "POST /eHR/ess/includes/login.php HTTP/1.1" 302 - "http://192.168.1.83:8088/eHR/ess/index.php?action=logout" "Mozilla/5.0 (Windows NT 10.0; Win64; x64; rv:137.0) Gecko/20100101 Firefox/137.0"
192.168.11.136 - - [28/Apr/2025:08:45:09 +0800] "POST /eHR/ess/includes/login.php HTTP/1.1" 302 -
192.168.11.136 - - [28/Apr/2025:08:45:15 +0800] "GET /eHR/ess/redirect.php HTTP/1.1" 200 8926 "http://192.168.1.83:8088/eHR/ess/index.php?action=logout" "Mozilla/5.0 (Windows NT 10.0; Win64; x64; rv:137.0) Gecko/20100101 Firefox/137.0"
192.168.11.136 - - [28/Apr/2025:08:45:15 +0800] "GET /eHR/ess/redirect.php HTTP/1.1" 200 8926
192.168.11.136 - - [28/Apr/2025:08:45:15 +0800] "GET /eHR/img/icon_obj.png HTTP/1.1" 200 3270 "http://192.168.1.83:8088/eHR/ess/redirect.php" "Mozilla/5.0 (Windows NT 10.0; Win64; x64; rv:137.0) Gecko/20100101 Firefox/137.0"
192.168.11.136 - - [28/Apr/2025:08:45:15 +0800] "GET /eHR/img/icon_obj.png HTTP/1.1" 200 3270
192.168.11.136 - - [28/Apr/2025:08:45:15 +0800] "GET /eHR/img/icon_jd.png HTTP/1.1" 200 3186 "http://192.168.1.83:8088/eHR/ess/redirect.php" "Mozilla/5.0 (Windows NT 10.0; Win64; x64; rv:137.0) Gecko/20100101 Firefox/137.0"
192.168.11.136 - - [28/Apr/2025:08:45:15 +0800] "GET /eHR/img/icon_jd.png HTTP/1.1" 200 3186
192.168.11.136 - - [28/Apr/2025:08:45:15 +0800] "GET /eHR/img/icon_about.png HTTP/1.1" 200 3493
192.168.11.136 - - [28/Apr/2025:08:45:15 +0800] "GET /eHR/img/icon_about.png HTTP/1.1" 200 3493 "http://192.168.1.83:8088/eHR/ess/redirect.php" "Mozilla/5.0 (Windows NT 10.0; Win64; x64; rv:137.0) Gecko/20100101 Firefox/137.0"
192.168.11.136 - - [28/Apr/2025:08:45:15 +0800] "GET /eHR/img/icon_help.png HTTP/1.1" 200 3588 "http://192.168.1.83:8088/eHR/ess/redirect.php" "Mozilla/5.0 (Windows NT 10.0; Win64; x64; rv:137.0) Gecko/20100101 Firefox/137.0"
192.168.11.136 - - [28/Apr/2025:08:45:15 +0800] "GET /eHR/img/icon_help.png HTTP/1.1" 200 3588
192.168.11.136 - - [28/Apr/2025:08:45:15 +0800] "GET /eHR/img/icon_exit.png HTTP/1.1" 200 3607 "http://192.168.1.83:8088/eHR/ess/redirect.php" "Mozilla/5.0 (Windows NT 10.0; Win64; x64; rv:137.0) Gecko/20100101 Firefox/137.0"
192.168.11.136 - - [28/Apr/2025:08:45:15 +0800] "GET /eHR/img/icon_exit.png HTTP/1.1" 200 3607
192.168.11.136 - - [28/Apr/2025:08:45:15 +0800] "GET /eHR/img/ess-logo.png HTTP/1.1" 200 9030 "http://192.168.1.83:8088/eHR/css/layout/layout.min.css" "Mozilla/5.0 (Windows NT 10.0; Win64; x64; rv:137.0) Gecko/20100101 Firefox/137.0"
192.168.11.136 - - [28/Apr/2025:08:45:15 +0800] "GET /eHR/img/ess-logo.png HTTP/1.1" 200 9030
192.168.11.136 - - [28/Apr/2025:08:45:15 +0800] "GET /eHR/img/human.png HTTP/1.1" 200 26107 "http://192.168.1.83:8088/eHR/css/layout/layout.min.css" "Mozilla/5.0 (Windows NT 10.0; Win64; x64; rv:137.0) Gecko/20100101 Firefox/137.0"
192.168.11.136 - - [28/Apr/2025:08:45:15 +0800] "GET /eHR/img/human.png HTTP/1.1" 200 26107
192.168.11.136 - - [28/Apr/2025:08:45:15 +0800] "GET /eHR/img/Person.png HTTP/1.1" 200 960 "http://192.168.1.83:8088/eHR/ess/redirect.php" "Mozilla/5.0 (Windows NT 10.0; Win64; x64; rv:137.0) Gecko/20100101 Firefox/137.0"
192.168.11.136 - - [28/Apr/2025:08:45:15 +0800] "GET /eHR/img/Person.png HTTP/1.1" 200 960
192.168.11.136 - - [28/Apr/2025:08:45:15 +0800] "GET /eHR/img/layout/toggle-lt.gif HTTP/1.1" 200 871 "http://192.168.1.83:8088/eHR/css/layout/layout.min.css" "Mozilla/5.0 (Windows NT 10.0; Win64; x64; rv:137.0) Gecko/20100101 Firefox/137.0"
192.168.11.136 - - [28/Apr/2025:08:45:15 +0800] "GET /eHR/img/layout/toggle-lt.gif HTTP/1.1" 200 871
192.168.11.136 - - [28/Apr/2025:08:45:15 +0800] "GET /eHR/css/jqueryui/themes/redmond/images/ui-icons_6da8d5_256x240.png HTTP/1.1" 200 4369 "http://192.168.1.83:8088/eHR/css/jqueryui/themes/redmond/jquery.ui.theme.css" "Mozilla/5.0 (Windows NT 10.0; Win64; x64; rv:137.0) Gecko/20100101 Firefox/137.0"
192.168.11.136 - - [28/Apr/2025:08:45:15 +0800] "GET /eHR/css/jqueryui/themes/redmond/images/ui-icons_6da8d5_256x240.png HTTP/1.1" 200 4369
192.168.11.136 - - [28/Apr/2025:08:45:15 +0800] "GET /eHR/css/jqueryui/themes/redmond/images/ui-bg_inset-hard_100_fcfdfd_1x100.png HTTP/1.1" 200 88 "http://192.168.1.83:8088/eHR/css/jqueryui/themes/redmond/jquery.ui.theme.css" "Mozilla/5.0 (Windows NT 10.0; Win64; x64; rv:137.0) Gecko/20100101 Firefox/137.0"
192.168.11.136 - - [28/Apr/2025:08:45:15 +0800] "GET /eHR/css/jqueryui/themes/redmond/images/ui-bg_inset-hard_100_fcfdfd_1x100.png HTTP/1.1" 200 88
192.168.11.136 - - [28/Apr/2025:08:45:15 +0800] "GET /eHR/ess/redirect.php?scriptname=ESNH000 HTTP/1.1" 200 10044 "http://192.168.1.83:8088/eHR/ess/redirect.php" "Mozilla/5.0 (Windows NT 10.0; Win64; x64; rv:137.0) Gecko/20100101 Firefox/137.0"
192.168.11.136 - - [28/Apr/2025:08:45:15 +0800] "GET /eHR/ess/redirect.php?scriptname=ESNH000 HTTP/1.1" 200 10044
192.168.11.136 - - [28/Apr/2025:08:45:17 +0800] "GET /eHR/js/i18n/ui.datepicker-zh-CN.min.js HTTP/1.1" 200 697 "http://192.168.1.83:8088/eHR/ess/redirect.php?scriptname=ESNH000" "Mozilla/5.0 (Windows NT 10.0; Win64; x64; rv:137.0) Gecko/20100101 Firefox/137.0"
192.168.11.136 - - [28/Apr/2025:08:45:17 +0800] "GET /eHR/js/i18n/ui.datepicker-zh-CN.min.js HTTP/1.1" 200 697
192.168.11.134 - - [28/Apr/2025:08:45:48 +0800] "POST /eHR/ess/redirect.php?scriptname=view_flowchart&action=viewflowchart&apply_type=absence&flow_seqno=107267 HTTP/1.1" 200 5895 "http://hcp.maglayers.com.cn:8088/eHR/ess/redirect.php" "Mozilla/5.0 (Windows NT 10.0; Win64; x64) AppleWebKit/537.36 (KHTML, like Gecko) Chrome/105.0.0.0 Safari/537.36"
192.168.11.134 - - [28/Apr/2025:08:45:48 +0800] "POST /eHR/ess/redirect.php?scriptname=view_flowchart&action=viewflowchart&apply_type=absence&flow_seqno=107267 HTTP/1.1" 200 5895
192.168.11.134 - - [28/Apr/2025:08:45:49 +0800] "GET /eHR/css/jqueryui/themes/redmond/images/ui-bg_flat_0_aaaaaa_40x100.png HTTP/1.1" 200 180 "http://hcp.maglayers.com.cn:8088/eHR/css/jqueryui/themes/redmond/jquery.ui.theme.css" "Mozilla/5.0 (Windows NT 10.0; Win64; x64) AppleWebKit/537.36 (KHTML, like Gecko) Chrome/105.0.0.0 Safari/537.36"
192.168.11.134 - - [28/Apr/2025:08:45:49 +0800] "GET /eHR/css/jqueryui/themes/redmond/images/ui-bg_flat_0_aaaaaa_40x100.png HTTP/1.1" 200 180
192.168.11.134 - - [28/Apr/2025:08:45:49 +0800] "GET /eHR/css/jqueryui/themes/redmond/images/ui-icons_469bdd_256x240.png HTTP/1.1" 200 4369 "http://hcp.maglayers.com.cn:8088/eHR/css/jqueryui/themes/redmond/jquery.ui.theme.css" "Mozilla/5.0 (Windows NT 10.0; Win64; x64) AppleWebKit/537.36 (KHTML, like Gecko) Chrome/105.0.0.0 Safari/537.36"
192.168.11.134 - - [28/Apr/2025:08:45:49 +0800] "GET /eHR/css/jqueryui/themes/redmond/images/ui-icons_469bdd_256x240.png HTTP/1.1" 200 4369
192.168.11.134 - - [28/Apr/2025:08:45:49 +0800] "GET /eHR/img/workflow/end_unknown.png HTTP/1.1" 404 230 "http://hcp.maglayers.com.cn:8088/eHR/ess/redirect.php" "Mozilla/5.0 (Windows NT 10.0; Win64; x64) AppleWebKit/537.36 (KHTML, like Gecko) Chrome/105.0.0.0 Safari/537.36"
192.168.11.134 - - [28/Apr/2025:08:45:49 +0800] "GET /eHR/img/workflow/end_unknown.png HTTP/1.1" 404 230
192.168.11.134 - - [28/Apr/2025:08:45:49 +0800] "GET /eHR/img/workflow/process.png HTTP/1.1" 200 2728 "http://hcp.maglayers.com.cn:8088/eHR/ess/redirect.php" "Mozilla/5.0 (Windows NT 10.0; Win64; x64) AppleWebKit/537.36 (KHTML, like Gecko) Chrome/105.0.0.0 Safari/537.36"
192.168.11.134 - - [28/Apr/2025:08:45:49 +0800] "GET /eHR/img/workflow/process.png HTTP/1.1" 200 2728
192.168.11.134 - - [28/Apr/2025:08:45:49 +0800] "GET /eHR/img/workflow/user_sign_approve_key.png HTTP/1.1" 200 3099 "http://hcp.maglayers.com.cn:8088/eHR/ess/redirect.php" "Mozilla/5.0 (Windows NT 10.0; Win64; x64) AppleWebKit/537.36 (KHTML, like Gecko) Chrome/105.0.0.0 Safari/537.36"
192.168.11.134 - - [28/Apr/2025:08:45:49 +0800] "GET /eHR/img/workflow/user_sign_approve_key.png HTTP/1.1" 200 3099
192.168.11.134 - - [28/Apr/2025:08:45:49 +0800] "GET /eHR/img/workflow/start.png HTTP/1.1" 200 2344 "http://hcp.maglayers.com.cn:8088/eHR/ess/redirect.php" "Mozilla/5.0 (Windows NT 10.0; Win64; x64) AppleWebKit/537.36 (KHTML, like Gecko) Chrome/105.0.0.0 Safari/537.36"
192.168.11.134 - - [28/Apr/2025:08:45:49 +0800] "GET /eHR/img/workflow/start.png HTTP/1.1" 200 2344
192.168.11.134 - - [28/Apr/2025:08:46:45 +0800] "GET /eHR/ess/redirect.php?scriptname=ESNH003&appdesc=%E8%AF%B7%E5%81%87%E7%AD%BE%E6%A0%B8 HTTP/1.1" 302 - "http://hcp.maglayers.com.cn:8088/eHR/ess/redirect.php" "Mozilla/5.0 (Windows NT 10.0; Win64; x64) AppleWebKit/537.36 (KHTML, like Gecko) Chrome/105.0.0.0 Safari/537.36"
192.168.11.134 - - [28/Apr/2025:08:46:45 +0800] "GET /eHR/ess/redirect.php?scriptname=ESNH003&appdesc=%E8%AF%B7%E5%81%87%E7%AD%BE%E6%A0%B8 HTTP/1.1" 302 -
192.168.11.134 - - [28/Apr/2025:08:46:47 +0800] "GET /eHR/mgr/redirect.php?scriptname=MDNH104&appdesc=%E8%AF%B7%E5%81%87%E7%AD%BE%E6%A0%B8 HTTP/1.1" 200 7256 "http://hcp.maglayers.com.cn:8088/eHR/ess/redirect.php" "Mozilla/5.0 (Windows NT 10.0; Win64; x64) AppleWebKit/537.36 (KHTML, like Gecko) Chrome/105.0.0.0 Safari/537.36"
192.168.11.134 - - [28/Apr/2025:08:46:47 +0800] "GET /eHR/mgr/redirect.php?scriptname=MDNH104&appdesc=%E8%AF%B7%E5%81%87%E7%AD%BE%E6%A0%B8 HTTP/1.1" 200 7256
192.168.11.134 - - [28/Apr/2025:08:46:49 +0800] "GET /eHR/ess/redirect.php?scriptname=ESNH004&appdesc=%E5%8A%A0%E7%8F%AD%E7%AD%BE%E6%A0%B8 HTTP/1.1" 302 - "http://hcp.maglayers.com.cn:8088/eHR/ess/redirect.php" "Mozilla/5.0 (Windows NT 10.0; Win64; x64) AppleWebKit/537.36 (KHTML, like Gecko) Chrome/105.0.0.0 Safari/537.36"
192.168.11.134 - - [28/Apr/2025:08:46:49 +0800] "GET /eHR/ess/redirect.php?scriptname=ESNH004&appdesc=%E5%8A%A0%E7%8F%AD%E7%AD%BE%E6%A0%B8 HTTP/1.1" 302 -
192.168.11.134 - - [28/Apr/2025:08:46:50 +0800] "GET /eHR/mgr/redirect.php?scriptname=MDNH105&appdesc=%E5%8A%A0%E7%8F%AD%E7%AD%BE%E6%A0%B8 HTTP/1.1" 200 6702 "http://hcp.maglayers.com.cn:8088/eHR/ess/redirect.php" "Mozilla/5.0 (Windows NT 10.0; Win64; x64) AppleWebKit/537.36 (KHTML, like Gecko) Chrome/105.0.0.0 Safari/537.36"
192.168.11.134 - - [28/Apr/2025:08:46:50 +0800] "GET /eHR/mgr/redirect.php?scriptname=MDNH105&appdesc=%E5%8A%A0%E7%8F%AD%E7%AD%BE%E6%A0%B8 HTTP/1.1" 200 6702
192.168.11.89 - - [28/Apr/2025:08:46:56 +0800] "GET /eHR/ess/redirect.php?scriptname=ESNE001&appdesc=%E6%89%B9%E9%87%8F%E5%8A%A0%E7%8F%AD%E7%94%B3%E8%AF%B7 HTTP/1.1" 200 15271 "http://192.168.1.83:8088/eHR/ess/redirect.php" "Mozilla/5.0 (Windows NT 6.1; Win64; x64) AppleWebKit/537.36 (KHTML, like Gecko) Chrome/105.0.0.0 Safari/537.36"
192.168.11.89 - - [28/Apr/2025:08:46:56 +0800] "GET /eHR/ess/redirect.php?scriptname=ESNE001&appdesc=%E6%89%B9%E9%87%8F%E5%8A%A0%E7%8F%AD%E7%94%B3%E8%AF%B7 HTTP/1.1" 200 15271
192.168.11.136 - - [28/Apr/2025:08:47:34 +0800] "GET /eHR/css/jqueryui/themes/redmond/images/ui-icons_217bc0_256x240.png HTTP/1.1" 200 4369 "http://192.168.1.83:8088/eHR/css/jqueryui/themes/redmond/jquery.ui.theme.css" "Mozilla/5.0 (Windows NT 10.0; Win64; x64; rv:137.0) Gecko/20100101 Firefox/137.0"
192.168.11.136 - - [28/Apr/2025:08:47:34 +0800] "GET /eHR/css/jqueryui/themes/redmond/images/ui-icons_217bc0_256x240.png HTTP/1.1" 200 4369
192.168.11.136 - - [28/Apr/2025:08:47:35 +0800] "GET /eHR/css/jqueryui/themes/redmond/images/ui-icons_f9bd01_256x240.png HTTP/1.1" 200 4369 "http://192.168.1.83:8088/eHR/css/jqueryui/themes/redmond/jquery.ui.theme.css" "Mozilla/5.0 (Windows NT 10.0; Win64; x64; rv:137.0) Gecko/20100101 Firefox/137.0"
192.168.11.136 - - [28/Apr/2025:08:47:35 +0800] "GET /eHR/css/jqueryui/themes/redmond/images/ui-icons_f9bd01_256x240.png HTTP/1.1" 200 4369
192.168.11.136 - - [28/Apr/2025:08:47:37 +0800] "GET /eHR/ess/redirect.php?scriptname=ESNE001&appdesc=%E6%89%B9%E9%87%8F%E5%8A%A0%E7%8F%AD%E7%94%B3%E8%AF%B7 HTTP/1.1" 200 15271 "http://192.168.1.83:8088/eHR/ess/redirect.php" "Mozilla/5.0 (Windows NT 10.0; Win64; x64; rv:137.0) Gecko/20100101 Firefox/137.0"
192.168.11.136 - - [28/Apr/2025:08:47:37 +0800] "GET /eHR/ess/redirect.php?scriptname=ESNE001&appdesc=%E6%89%B9%E9%87%8F%E5%8A%A0%E7%8F%AD%E7%94%B3%E8%AF%B7 HTTP/1.1" 200 15271
192.168.11.136 - - [28/Apr/2025:08:47:37 +0800] "GET /eHR/css/jqueryui/themes/redmond/images/ui-bg_gloss-wave_55_5c9ccc_500x100.png HTTP/1.1" 200 3457 "http://192.168.1.83:8088/eHR/css/jqueryui/themes/redmond/jquery.ui.theme.css" "Mozilla/5.0 (Windows NT 10.0; Win64; x64; rv:137.0) Gecko/20100101 Firefox/137.0"
192.168.11.136 - - [28/Apr/2025:08:47:37 +0800] "GET /eHR/css/jqueryui/themes/redmond/images/ui-bg_gloss-wave_55_5c9ccc_500x100.png HTTP/1.1" 200 3457
192.168.11.136 - - [28/Apr/2025:08:47:37 +0800] "GET /eHR/img/date.png HTTP/1.1" 200 626 "http://192.168.1.83:8088/eHR/ess/redirect.php?scriptname=ESNE001&appdesc=%E6%89%B9%E9%87%8F%E5%8A%A0%E7%8F%AD%E7%94%B3%E8%AF%B7" "Mozilla/5.0 (Windows NT 10.0; Win64; x64; rv:137.0) Gecko/20100101 Firefox/137.0"
192.168.11.136 - - [28/Apr/2025:08:47:37 +0800] "GET /eHR/img/date.png HTTP/1.1" 200 626
192.168.11.136 - - [28/Apr/2025:08:47:39 +0800] "GET /eHR/css/jqueryui/themes/redmond/images/ui-icons_d8e7f3_256x240.png HTTP/1.1" 200 4369 "http://192.168.1.83:8088/eHR/css/jqueryui/themes/redmond/jquery.ui.theme.css" "Mozilla/5.0 (Windows NT 10.0; Win64; x64; rv:137.0) Gecko/20100101 Firefox/137.0"
192.168.11.136 - - [28/Apr/2025:08:47:39 +0800] "GET /eHR/css/jqueryui/themes/redmond/images/ui-icons_d8e7f3_256x240.png HTTP/1.1" 200 4369
192.168.11.136 - - [28/Apr/2025:08:47:39 +0800] "GET /eHR/css/jqueryui/themes/redmond/images/ui-bg_flat_55_fbec88_40x100.png HTTP/1.1" 200 182 "http://192.168.1.83:8088/eHR/css/jqueryui/themes/redmond/jquery.ui.theme.css" "Mozilla/5.0 (Windows NT 10.0; Win64; x64; rv:137.0) Gecko/20100101 Firefox/137.0"
192.168.11.136 - - [28/Apr/2025:08:47:39 +0800] "GET /eHR/css/jqueryui/themes/redmond/images/ui-bg_flat_55_fbec88_40x100.png HTTP/1.1" 200 182
192.168.11.89 - - [28/Apr/2025:08:47:58 +0800] "GET /eHR/ess/redirect.php?scriptname=emp_lov&openW=Y&rand=0.062771292491141 HTTP/1.1" 200 8816 "http://192.168.1.83:8088/eHR/ess/redirect.php?scriptname=ESNE001&appdesc=%E6%89%B9%E9%87%8F%E5%8A%A0%E7%8F%AD%E7%94%B3%E8%AF%B7" "Mozilla/5.0 (Windows NT 6.1; Win64; x64) AppleWebKit/537.36 (KHTML, like Gecko) Chrome/105.0.0.0 Safari/537.36"
192.168.11.89 - - [28/Apr/2025:08:47:58 +0800] "GET /eHR/ess/redirect.php?scriptname=emp_lov&openW=Y&rand=0.062771292491141 HTTP/1.1" 200 8816
192.168.11.136 - - [28/Apr/2025:08:48:00 +0800] "GET /eHR/ess/redirect.php?scriptname=emp_lov&openW=Y&rand=0.857369647600879 HTTP/1.1" 200 8900 "http://192.168.1.83:8088/eHR/ess/redirect.php?scriptname=ESNE001&appdesc=%E6%89%B9%E9%87%8F%E5%8A%A0%E7%8F%AD%E7%94%B3%E8%AF%B7" "Mozilla/5.0 (Windows NT 10.0; Win64; x64; rv:137.0) Gecko/20100101 Firefox/137.0"
192.168.11.136 - - [28/Apr/2025:08:48:00 +0800] "GET /eHR/ess/redirect.php?scriptname=emp_lov&openW=Y&rand=0.857369647600879 HTTP/1.1" 200 8900
100.64.0.1 - - [28/Apr/2025:08:48:01 +0800] "GET / HTTP/1.0" 200 439 "-" "-"
100.64.0.1 - - [28/Apr/2025:08:48:01 +0800] "GET / HTTP/1.0" 200 439
192.168.11.89 - - [28/Apr/2025:08:48:03 +0800] "POST /eHR/ess/redirect.php?scriptname=emp_lov&openW=Y&rand=0.062771292491141 HTTP/1.1" 200 17440 "http://192.168.1.83:8088/eHR/ess/redirect.php?scriptname=emp_lov&openW=Y&rand=0.062771292491141" "Mozilla/5.0 (Windows NT 6.1; Win64; x64) AppleWebKit/537.36 (KHTML, like Gecko) Chrome/105.0.0.0 Safari/537.36"
192.168.11.89 - - [28/Apr/2025:08:48:03 +0800] "POST /eHR/ess/redirect.php?scriptname=emp_lov&openW=Y&rand=0.062771292491141 HTTP/1.1" 200 17440
192.168.11.136 - - [28/Apr/2025:08:48:07 +0800] "POST /eHR/ess/redirect.php?scriptname=emp_lov&openW=Y&rand=0.857369647600879 HTTP/1.1" 200 24178 "http://192.168.1.83:8088/eHR/ess/redirect.php?scriptname=emp_lov&openW=Y&rand=0.857369647600879" "Mozilla/5.0 (Windows NT 10.0; Win64; x64; rv:137.0) Gecko/20100101 Firefox/137.0"
192.168.11.136 - - [28/Apr/2025:08:48:07 +0800] "POST /eHR/ess/redirect.php?scriptname=emp_lov&openW=Y&rand=0.857369647600879 HTTP/1.1" 200 24178
192.168.11.89 - - [28/Apr/2025:08:48:11 +0800] "POST /eHR/ess/redirect.php?scriptname=ESNE001&appdesc=%E6%89%B9%E9%87%8F%E5%8A%A0%E7%8F%AD%E7%94%B3%E8%AF%B7 HTTP/1.1" 200 4270 "http://192.168.1.83:8088/eHR/ess/redirect.php?scriptname=ESNE001&appdesc=%E6%89%B9%E9%87%8F%E5%8A%A0%E7%8F%AD%E7%94%B3%E8%AF%B7" "Mozilla/5.0 (Windows NT 6.1; Win64; x64) AppleWebKit/537.36 (KHTML, like Gecko) Chrome/105.0.0.0 Safari/537.36"
192.168.11.89 - - [28/Apr/2025:08:48:11 +0800] "POST /eHR/ess/redirect.php?scriptname=ESNE001&appdesc=%E6%89%B9%E9%87%8F%E5%8A%A0%E7%8F%AD%E7%94%B3%E8%AF%B7 HTTP/1.1" 200 4270
192.168.11.89 - - [28/Apr/2025:08:48:14 +0800] "GET /eHR/ess/redirect.php?scriptname=ESNE001&appdesc=%E6%89%B9%E9%87%8F%E5%8A%A0%E7%8F%AD%E7%94%B3%E8%AF%B7 HTTP/1.1" 200 15271 "http://192.168.1.83:8088/eHR/ess/redirect.php" "Mozilla/5.0 (Windows NT 6.1; Win64; x64) AppleWebKit/537.36 (KHTML, like Gecko) Chrome/105.0.0.0 Safari/537.36"
192.168.11.89 - - [28/Apr/2025:08:48:14 +0800] "GET /eHR/ess/redirect.php?scriptname=ESNE001&appdesc=%E6%89%B9%E9%87%8F%E5%8A%A0%E7%8F%AD%E7%94%B3%E8%AF%B7 HTTP/1.1" 200 15271
192.168.11.89 - - [28/Apr/2025:08:48:26 +0800] "GET /eHR/ess/redirect.php?scriptname=emp_lov&openW=Y&rand=0.015425296490447549 HTTP/1.1" 200 8816 "http://192.168.1.83:8088/eHR/ess/redirect.php?scriptname=ESNE001&appdesc=%E6%89%B9%E9%87%8F%E5%8A%A0%E7%8F%AD%E7%94%B3%E8%AF%B7" "Mozilla/5.0 (Windows NT 6.1; Win64; x64) AppleWebKit/537.36 (KHTML, like Gecko) Chrome/105.0.0.0 Safari/537.36"
192.168.11.89 - - [28/Apr/2025:08:48:26 +0800] "GET /eHR/ess/redirect.php?scriptname=emp_lov&openW=Y&rand=0.015425296490447549 HTTP/1.1" 200 8816
192.168.11.89 - - [28/Apr/2025:08:48:31 +0800] "POST /eHR/ess/redirect.php?scriptname=emp_lov&openW=Y&rand=0.015425296490447549 HTTP/1.1" 200 17440 "http://192.168.1.83:8088/eHR/ess/redirect.php?scriptname=emp_lov&openW=Y&rand=0.015425296490447549" "Mozilla/5.0 (Windows NT 6.1; Win64; x64) AppleWebKit/537.36 (KHTML, like Gecko) Chrome/105.0.0.0 Safari/537.36"
192.168.11.89 - - [28/Apr/2025:08:48:31 +0800] "POST /eHR/ess/redirect.php?scriptname=emp_lov&openW=Y&rand=0.015425296490447549 HTTP/1.1" 200 17440
192.168.11.89 - - [28/Apr/2025:08:48:41 +0800] "POST /eHR/ess/redirect.php?scriptname=ESNE001&appdesc=%E6%89%B9%E9%87%8F%E5%8A%A0%E7%8F%AD%E7%94%B3%E8%AF%B7 HTTP/1.1" 200 4065 "http://192.168.1.83:8088/eHR/ess/redirect.php?scriptname=ESNE001&appdesc=%E6%89%B9%E9%87%8F%E5%8A%A0%E7%8F%AD%E7%94%B3%E8%AF%B7" "Mozilla/5.0 (Windows NT 6.1; Win64; x64) AppleWebKit/537.36 (KHTML, like Gecko) Chrome/105.0.0.0 Safari/537.36"
192.168.11.89 - - [28/Apr/2025:08:48:41 +0800] "POST /eHR/ess/redirect.php?scriptname=ESNE001&appdesc=%E6%89%B9%E9%87%8F%E5%8A%A0%E7%8F%AD%E7%94%B3%E8%AF%B7 HTTP/1.1" 200 4065
192.168.11.136 - - [28/Apr/2025:08:48:59 +0800] "POST /eHR/ess/redirect.php?scriptname=ESNE001&appdesc=%E6%89%B9%E9%87%8F%E5%8A%A0%E7%8F%AD%E7%94%B3%E8%AF%B7 HTTP/1.1" 302 - "http://192.168.1.83:8088/eHR/ess/redirect.php?scriptname=ESNE001&appdesc=%E6%89%B9%E9%87%8F%E5%8A%A0%E7%8F%AD%E7%94%B3%E8%AF%B7" "Mozilla/5.0 (Windows NT 10.0; Win64; x64; rv:137.0) Gecko/20100101 Firefox/137.0"
192.168.11.136 - - [28/Apr/2025:08:48:59 +0800] "POST /eHR/ess/redirect.php?scriptname=ESNE001&appdesc=%E6%89%B9%E9%87%8F%E5%8A%A0%E7%8F%AD%E7%94%B3%E8%AF%B7 HTTP/1.1" 302 -
192.168.11.136 - - [28/Apr/2025:08:49:00 +0800] "GET /eHR/ess/redirect.php?scriptname=page_success&msgtxt=%E6%82%A8%E7%9A%84%E5%8A%A0%E7%8F%AD%E7%94%B3%E8%AB%8B%E5%B7%B2%E6%88%90%E5%8A%9F%E6%8F%90%E4%BA%A4%E5%BE%8C%E5%8F%B0%E8%99%95%E7%90%86.%3Cbr%3E%E6%82%A8%E5%8F%AF%E4%BB%A5%E5%9C%A8%3Ca+href%3D%22..%2Fess%2Fredirect.php%3Fscriptname%3DESNE023%26requestno%3D128777%22%3E%E9%80%99%E8%A3%A1%3C%2Fa%3E%E6%9F%A5%E7%9C%8B%E7%94%B3%E8%AB%8B%E8%99%95%E7%90%86%E7%B5%90%E6%9E%9C.%3Cbr%3E%E6%89%B9%E6%AC%A1%E8%99%9F%E7%82%BA%3A128777&target=iframe HTTP/1.1" 200 3251 "http://192.168.1.83:8088/eHR/ess/redirect.php?scriptname=ESNE001&appdesc=%E6%89%B9%E9%87%8F%E5%8A%A0%E7%8F%AD%E7%94%B3%E8%AF%B7" "Mozilla/5.0 (Windows NT 10.0; Win64; x64; rv:137.0) Gecko/20100101 Firefox/137.0"
192.168.11.136 - - [28/Apr/2025:08:49:00 +0800] "GET /eHR/ess/redirect.php?scriptname=page_success&msgtxt=%E6%82%A8%E7%9A%84%E5%8A%A0%E7%8F%AD%E7%94%B3%E8%AB%8B%E5%B7%B2%E6%88%90%E5%8A%9F%E6%8F%90%E4%BA%A4%E5%BE%8C%E5%8F%B0%E8%99%95%E7%90%86.%3Cbr%3E%E6%82%A8%E5%8F%AF%E4%BB%A5%E5%9C%A8%3Ca+href%3D%22..%2Fess%2Fredirect.php%3Fscriptname%3DESNE023%26requestno%3D128777%22%3E%E9%80%99%E8%A3%A1%3C%2Fa%3E%E6%9F%A5%E7%9C%8B%E7%94%B3%E8%AB%8B%E8%99%95%E7%90%86%E7%B5%90%E6%9E%9C.%3Cbr%3E%E6%89%B9%E6%AC%A1%E8%99%9F%E7%82%BA%3A128777&target=iframe HTTP/1.1" 200 3251
192.168.11.136 - - [28/Apr/2025:08:49:00 +0800] "GET /eHR/img/success.png HTTP/1.1" 200 1084 "http://192.168.1.83:8088/eHR/ess/redirect.php?scriptname=page_success&msgtxt=%E6%82%A8%E7%9A%84%E5%8A%A0%E7%8F%AD%E7%94%B3%E8%AB%8B%E5%B7%B2%E6%88%90%E5%8A%9F%E6%8F%90%E4%BA%A4%E5%BE%8C%E5%8F%B0%E8%99%95%E7%90%86.%3Cbr%3E%E6%82%A8%E5%8F%AF%E4%BB%A5%E5%9C%A8%3Ca+href%3D%22..%2Fess%2Fredirect.php%3Fscriptname%3DESNE023%26requestno%3D128777%22%3E%E9%80%99%E8%A3%A1%3C%2Fa%3E%E6%9F%A5%E7%9C%8B%E7%94%B3%E8%AB%8B%E8%99%95%E7%90%86%E7%B5%90%E6%9E%9C.%3Cbr%3E%E6%89%B9%E6%AC%A1%E8%99%9F%E7%82%BA%3A128777&target=iframe" "Mozilla/5.0 (Windows NT 10.0; Win64; x64; rv:137.0) Gecko/20100101 Firefox/137.0"
192.168.11.136 - - [28/Apr/2025:08:49:00 +0800] "GET /eHR/img/success.png HTTP/1.1" 200 1084
192.168.11.136 - - [28/Apr/2025:08:49:03 +0800] "GET /eHR/ess/redirect.php?scriptname=ESNE003&appdesc=%E6%89%B9%E9%87%8F%E5%8A%A0%E7%8F%AD%E6%9F%A5%E8%AF%A2 HTTP/1.1" 200 7833 "http://192.168.1.83:8088/eHR/ess/redirect.php" "Mozilla/5.0 (Windows NT 10.0; Win64; x64; rv:137.0) Gecko/20100101 Firefox/137.0"
192.168.11.136 - - [28/Apr/2025:08:49:03 +0800] "GET /eHR/ess/redirect.php?scriptname=ESNE003&appdesc=%E6%89%B9%E9%87%8F%E5%8A%A0%E7%8F%AD%E6%9F%A5%E8%AF%A2 HTTP/1.1" 200 7833
192.168.11.136 - - [28/Apr/2025:08:49:14 +0800] "POST /eHR/ess/redirect.php?scriptname=ESNE003&appdesc=%E6%89%B9%E9%87%8F%E5%8A%A0%E7%8F%AD%E6%9F%A5%E8%AF%A2 HTTP/1.1" 200 22375 "http://192.168.1.83:8088/eHR/ess/redirect.php?scriptname=ESNE003&appdesc=%E6%89%B9%E9%87%8F%E5%8A%A0%E7%8F%AD%E6%9F%A5%E8%AF%A2" "Mozilla/5.0 (Windows NT 10.0; Win64; x64; rv:137.0) Gecko/20100101 Firefox/137.0"
192.168.11.136 - - [28/Apr/2025:08:49:14 +0800] "POST /eHR/ess/redirect.php?scriptname=ESNE003&appdesc=%E6%89%B9%E9%87%8F%E5%8A%A0%E7%8F%AD%E6%9F%A5%E8%AF%A2 HTTP/1.1" 200 22375
192.168.11.136 - - [28/Apr/2025:08:49:16 +0800] "GET /eHR/img/cancel.png HTTP/1.1" 200 1230 "http://192.168.1.83:8088/eHR/ess/redirect.php?scriptname=ESNE003&appdesc=%E6%89%B9%E9%87%8F%E5%8A%A0%E7%8F%AD%E6%9F%A5%E8%AF%A2" "Mozilla/5.0 (Windows NT 10.0; Win64; x64; rv:137.0) Gecko/20100101 Firefox/137.0"
192.168.11.136 - - [28/Apr/2025:08:49:16 +0800] "GET /eHR/img/cancel.png HTTP/1.1" 200 1230
192.168.11.136 - - [28/Apr/2025:08:49:16 +0800] "GET /eHR/img/pe.png HTTP/1.1" 200 1268 "http://192.168.1.83:8088/eHR/ess/redirect.php?scriptname=ESNE003&appdesc=%E6%89%B9%E9%87%8F%E5%8A%A0%E7%8F%AD%E6%9F%A5%E8%AF%A2" "Mozilla/5.0 (Windows NT 10.0; Win64; x64; rv:137.0) Gecko/20100101 Firefox/137.0"
192.168.11.136 - - [28/Apr/2025:08:49:16 +0800] "GET /eHR/img/pe.png HTTP/1.1" 200 1268
192.168.11.136 - - [28/Apr/2025:08:49:31 +0800] "POST /eHR/ess/redirect.php?scriptname=ESNE003&appdesc=%E6%89%B9%E9%87%8F%E5%8A%A0%E7%8F%AD%E6%9F%A5%E8%AF%A2 HTTP/1.1" 200 19463 "http://192.168.1.83:8088/eHR/ess/redirect.php?scriptname=ESNE003&appdesc=%E6%89%B9%E9%87%8F%E5%8A%A0%E7%8F%AD%E6%9F%A5%E8%AF%A2" "Mozilla/5.0 (Windows NT 10.0; Win64; x64; rv:137.0) Gecko/20100101 Firefox/137.0"
192.168.11.136 - - [28/Apr/2025:08:49:31 +0800] "POST /eHR/ess/redirect.php?scriptname=ESNE003&appdesc=%E6%89%B9%E9%87%8F%E5%8A%A0%E7%8F%AD%E6%9F%A5%E8%AF%A2 HTTP/1.1" 200 19463
100.64.0.1 - - [28/Apr/2025:08:56:34 +0800] "GET / HTTP/1.1" 200 439 "-" "Expanse, a Palo Alto Networks company, searches across the global IPv4 space multiple times per day to identify customers' presences on the Internet. If you would like to be excluded from our scans, please send IP addresses/domains to: scaninfo@paloaltonetworks.com"
100.64.0.1 - - [28/Apr/2025:08:56:34 +0800] "GET / HTTP/1.1" 200 439
100.64.0.1 - - [28/Apr/2025:08:57:41 +0800] "HEAD /ehr/mgr/approve.php?key=096786FC1A6E1BA184CAC581C5AE61FA6EEFCF35980866D3D95A22B205062C28498DB893D948262B5CBD2C540E445D3B32B39958395110A816A59EFBD576A554 HTTP/1.1" 200 - "-" "-"
100.64.0.1 - - [28/Apr/2025:08:57:41 +0800] "HEAD /ehr/mgr/approve.php?key=096786FC1A6E1BA184CAC581C5AE61FA6EEFCF35980866D3D95A22B205062C28498DB893D948262B5CBD2C540E445D3B32B39958395110A816A59EFBD576A554 HTTP/1.1" 200 -
100.64.0.1 - - [28/Apr/2025:08:57:44 +0800] "GET /ehr/mgr/approve.php?key=096786FC1A6E1BA184CAC581C5AE61FA6EEFCF35980866D3D95A22B205062C28498DB893D948262B5CBD2C540E445D3B32B39958395110A816A59EFBD576A554 HTTP/1.1" 200 4011 "-" "Mozilla/5.0 (Windows NT 10.0; Win64; x64) AppleWebKit/537.36 (KHTML, like Gecko) Chrome/135.0.0.0 Safari/537.36 Edg/135.0.0.0"
100.64.0.1 - - [28/Apr/2025:08:57:44 +0800] "GET /ehr/mgr/approve.php?key=096786FC1A6E1BA184CAC581C5AE61FA6EEFCF35980866D3D95A22B205062C28498DB893D948262B5CBD2C540E445D3B32B39958395110A816A59EFBD576A554 HTTP/1.1" 200 4011
100.64.0.1 - - [28/Apr/2025:08:57:44 +0800] "GET /ehr/css/jqueryui/themes//jquery.ui.all.css HTTP/1.1" 404 240 "http://hcp.maglayers.com.cn:8088/ehr/mgr/approve.php?key=096786FC1A6E1BA184CAC581C5AE61FA6EEFCF35980866D3D95A22B205062C28498DB893D948262B5CBD2C540E445D3B32B39958395110A816A59EFBD576A554" "Mozilla/5.0 (Windows NT 10.0; Win64; x64) AppleWebKit/537.36 (KHTML, like Gecko) Chrome/135.0.0.0 Safari/537.36 Edg/135.0.0.0"
100.64.0.1 - - [28/Apr/2025:08:57:44 +0800] "GET /ehr/css/jqueryui/themes//jquery.ui.all.css HTTP/1.1" 404 240
100.64.0.1 - - [28/Apr/2025:08:57:55 +0800] "GET /ehr/mgr/approve.php?key=096786FC1A6E1BA184CAC581C5AE61FA6EEFCF35980866D3D95A22B205062C28498DB893D948262B5CBD2C540E445D3B32B39958395110A816A59EFBD576A554 HTTP/1.1" 200 4011 "-" "Mozilla/5.0 (Windows NT 10.0; Win64; x64) AppleWebKit/537.36 (KHTML, like Gecko) Chrome/131.0.0.0 Safari/537.36"
100.64.0.1 - - [28/Apr/2025:08:57:55 +0800] "GET /ehr/mgr/approve.php?key=096786FC1A6E1BA184CAC581C5AE61FA6EEFCF35980866D3D95A22B205062C28498DB893D948262B5CBD2C540E445D3B32B39958395110A816A59EFBD576A554 HTTP/1.1" 200 4011
100.64.0.1 - - [28/Apr/2025:08:57:56 +0800] "GET /ehr/css/jqueryui/themes//jquery.ui.all.css HTTP/1.1" 404 240 "http://hcp.maglayers.com.cn:8088/ehr/mgr/approve.php?key=096786FC1A6E1BA184CAC581C5AE61FA6EEFCF35980866D3D95A22B205062C28498DB893D948262B5CBD2C540E445D3B32B39958395110A816A59EFBD576A554" "Mozilla/5.0 (Windows NT 10.0; Win64; x64) AppleWebKit/537.36 (KHTML, like Gecko) Chrome/131.0.0.0 Safari/537.36"
100.64.0.1 - - [28/Apr/2025:08:57:56 +0800] "GET /ehr/css/jqueryui/themes//jquery.ui.all.css HTTP/1.1" 404 240
100.64.0.1 - - [28/Apr/2025:08:57:56 +0800] "GET /ehr/css/blueprint/screen.css HTTP/1.1" 200 11552 "http://hcp.maglayers.com.cn:8088/ehr/mgr/approve.php?key=096786FC1A6E1BA184CAC581C5AE61FA6EEFCF35980866D3D95A22B205062C28498DB893D948262B5CBD2C540E445D3B32B39958395110A816A59EFBD576A554" "Mozilla/5.0 (Windows NT 10.0; Win64; x64) AppleWebKit/537.36 (KHTML, like Gecko) Chrome/131.0.0.0 Safari/537.36"
100.64.0.1 - - [28/Apr/2025:08:57:56 +0800] "GET /ehr/css/blueprint/screen.css HTTP/1.1" 200 11552
