192.168.11.133 - - [15/Apr/2025:08:41:56 +0800] "GET /eHR/css/jqueryui/themes/redmond/jquery.ui.accordion.css HTTP/1.1" 304 - "http://192.168.1.83:8088/eHR/css/jqueryui/themes/redmond/jquery.ui.base.css" "Mozilla/5.0 (Windows NT 6.2; Win64; x64) AppleWebKit/537.36 (KHTML, like Gecko) Chrome/105.0.0.0 Safari/537.36"
192.168.11.133 - - [15/Apr/2025:08:41:56 +0800] "GET /eHR/css/jqueryui/themes/redmond/jquery.ui.accordion.css HTTP/1.1" 304 -
192.168.11.133 - - [15/Apr/2025:08:41:56 +0800] "GET /eHR/js/i18n/ui.datepicker-zh-TW.min.js HTTP/1.1" 304 - "http://192.168.1.83:8088/eHR/ess/index.php?action=logout" "Mozilla/5.0 (Windows NT 6.2; Win64; x64) AppleWebKit/537.36 (KHTML, like Gecko) Chrome/105.0.0.0 Safari/537.36"
192.168.11.133 - - [15/Apr/2025:08:41:56 +0800] "GET /eHR/js/i18n/ui.datepicker-zh-TW.min.js HTTP/1.1" 304 -
192.168.11.133 - - [15/Apr/2025:08:41:56 +0800] "GET /eHR/css/jqueryui/themes/redmond/jquery.ui.selectable.css HTTP/1.1" 304 - "http://192.168.1.83:8088/eHR/css/jqueryui/themes/redmond/jquery.ui.base.css" "Mozilla/5.0 (Windows NT 6.2; Win64; x64) AppleWebKit/537.36 (KHTML, like Gecko) Chrome/105.0.0.0 Safari/537.36"
192.168.11.133 - - [15/Apr/2025:08:41:56 +0800] "GET /eHR/css/jqueryui/themes/redmond/jquery.ui.selectable.css HTTP/1.1" 304 -
192.168.11.133 - - [15/Apr/2025:08:41:56 +0800] "GET /eHR/css/jqueryui/themes/redmond/jquery.ui.resizable.css HTTP/1.1" 304 - "http://192.168.1.83:8088/eHR/css/jqueryui/themes/redmond/jquery.ui.base.css" "Mozilla/5.0 (Windows NT 6.2; Win64; x64) AppleWebKit/537.36 (KHTML, like Gecko) Chrome/105.0.0.0 Safari/537.36"
192.168.11.133 - - [15/Apr/2025:08:41:56 +0800] "GET /eHR/css/jqueryui/themes/redmond/jquery.ui.resizable.css HTTP/1.1" 304 -
192.168.11.133 - - [15/Apr/2025:08:41:56 +0800] "GET /eHR/css/jqueryui/themes/redmond/jquery.ui.core.css HTTP/1.1" 304 - "http://192.168.1.83:8088/eHR/css/jqueryui/themes/redmond/jquery.ui.base.css" "Mozilla/5.0 (Windows NT 6.2; Win64; x64) AppleWebKit/537.36 (KHTML, like Gecko) Chrome/105.0.0.0 Safari/537.36"
192.168.11.133 - - [15/Apr/2025:08:41:56 +0800] "GET /eHR/css/jqueryui/themes/redmond/jquery.ui.core.css HTTP/1.1" 304 -
192.168.11.133 - - [15/Apr/2025:08:41:56 +0800] "GET /eHR/css/jqueryui/themes/redmond/jquery.ui.autocomplete.css HTTP/1.1" 304 - "http://192.168.1.83:8088/eHR/css/jqueryui/themes/redmond/jquery.ui.base.css" "Mozilla/5.0 (Windows NT 6.2; Win64; x64) AppleWebKit/537.36 (KHTML, like Gecko) Chrome/105.0.0.0 Safari/537.36"
192.168.11.133 - - [15/Apr/2025:08:41:56 +0800] "GET /eHR/css/jqueryui/themes/redmond/jquery.ui.autocomplete.css HTTP/1.1" 304 -
192.168.11.133 - - [15/Apr/2025:08:41:56 +0800] "GET /eHR/css/jqueryui/themes/redmond/jquery.ui.button.css HTTP/1.1" 304 - "http://192.168.1.83:8088/eHR/css/jqueryui/themes/redmond/jquery.ui.base.css" "Mozilla/5.0 (Windows NT 6.2; Win64; x64) AppleWebKit/537.36 (KHTML, like Gecko) Chrome/105.0.0.0 Safari/537.36"
192.168.11.133 - - [15/Apr/2025:08:41:56 +0800] "GET /eHR/css/jqueryui/themes/redmond/jquery.ui.button.css HTTP/1.1" 304 -
192.168.11.133 - - [15/Apr/2025:08:41:56 +0800] "GET /eHR/css/jqueryui/themes/redmond/jquery.ui.slider.css HTTP/1.1" 304 - "http://192.168.1.83:8088/eHR/css/jqueryui/themes/redmond/jquery.ui.base.css" "Mozilla/5.0 (Windows NT 6.2; Win64; x64) AppleWebKit/537.36 (KHTML, like Gecko) Chrome/105.0.0.0 Safari/537.36"
192.168.11.133 - - [15/Apr/2025:08:41:56 +0800] "GET /eHR/css/jqueryui/themes/redmond/jquery.ui.slider.css HTTP/1.1" 304 -
192.168.11.133 - - [15/Apr/2025:08:41:56 +0800] "GET /eHR/css/jqueryui/themes/redmond/jquery.ui.dialog.css HTTP/1.1" 304 - "http://192.168.1.83:8088/eHR/css/jqueryui/themes/redmond/jquery.ui.base.css" "Mozilla/5.0 (Windows NT 6.2; Win64; x64) AppleWebKit/537.36 (KHTML, like Gecko) Chrome/105.0.0.0 Safari/537.36"
192.168.11.133 - - [15/Apr/2025:08:41:56 +0800] "GET /eHR/css/jqueryui/themes/redmond/jquery.ui.dialog.css HTTP/1.1" 304 -
192.168.11.133 - - [15/Apr/2025:08:41:56 +0800] "GET /eHR/css/jqueryui/themes/redmond/jquery.ui.tabs.css HTTP/1.1" 304 - "http://192.168.1.83:8088/eHR/css/jqueryui/themes/redmond/jquery.ui.base.css" "Mozilla/5.0 (Windows NT 6.2; Win64; x64) AppleWebKit/537.36 (KHTML, like Gecko) Chrome/105.0.0.0 Safari/537.36"
192.168.11.133 - - [15/Apr/2025:08:41:56 +0800] "GET /eHR/css/jqueryui/themes/redmond/jquery.ui.tabs.css HTTP/1.1" 304 -
192.168.11.133 - - [15/Apr/2025:08:41:56 +0800] "GET /eHR/css/jqueryui/themes/redmond/jquery.ui.datepicker.css HTTP/1.1" 304 - "http://192.168.1.83:8088/eHR/css/jqueryui/themes/redmond/jquery.ui.base.css" "Mozilla/5.0 (Windows NT 6.2; Win64; x64) AppleWebKit/537.36 (KHTML, like Gecko) Chrome/105.0.0.0 Safari/537.36"
192.168.11.133 - - [15/Apr/2025:08:41:56 +0800] "GET /eHR/css/jqueryui/themes/redmond/jquery.ui.datepicker.css HTTP/1.1" 304 -
192.168.11.133 - - [15/Apr/2025:08:41:56 +0800] "GET /eHR/css/jqueryui/themes/redmond/jquery.ui.progressbar.css HTTP/1.1" 304 - "http://192.168.1.83:8088/eHR/css/jqueryui/themes/redmond/jquery.ui.base.css" "Mozilla/5.0 (Windows NT 6.2; Win64; x64) AppleWebKit/537.36 (KHTML, like Gecko) Chrome/105.0.0.0 Safari/537.36"
192.168.11.133 - - [15/Apr/2025:08:41:56 +0800] "GET /eHR/css/jqueryui/themes/redmond/jquery.ui.progressbar.css HTTP/1.1" 304 -
192.168.11.133 - - [15/Apr/2025:08:41:56 +0800] "GET /eHR/js/flash_detect_min.js HTTP/1.1" 304 - "http://192.168.1.83:8088/eHR/ess/index.php?action=logout" "Mozilla/5.0 (Windows NT 6.2; Win64; x64) AppleWebKit/537.36 (KHTML, like Gecko) Chrome/105.0.0.0 Safari/537.36"
192.168.11.133 - - [15/Apr/2025:08:41:56 +0800] "GET /eHR/js/flash_detect_min.js HTTP/1.1" 304 -
192.168.11.133 - - [15/Apr/2025:08:41:56 +0800] "GET /eHR/img/logo.gif HTTP/1.1" 304 - "http://192.168.1.83:8088/eHR/ess/index.php?action=logout" "Mozilla/5.0 (Windows NT 6.2; Win64; x64) AppleWebKit/537.36 (KHTML, like Gecko) Chrome/105.0.0.0 Safari/537.36"
192.168.11.133 - - [15/Apr/2025:08:41:56 +0800] "GET /eHR/img/logo.gif HTTP/1.1" 304 -
192.168.11.133 - - [15/Apr/2025:08:41:56 +0800] "GET /eHR/js/jqueryui/jquery-ui-1.8.11.custom.min.js HTTP/1.1" 304 - "http://192.168.1.83:8088/eHR/ess/index.php?action=logout" "Mozilla/5.0 (Windows NT 6.2; Win64; x64) AppleWebKit/537.36 (KHTML, like Gecko) Chrome/105.0.0.0 Safari/537.36"
192.168.11.133 - - [15/Apr/2025:08:41:56 +0800] "GET /eHR/js/jqueryui/jquery-ui-1.8.11.custom.min.js HTTP/1.1" 304 -
192.168.11.133 - - [15/Apr/2025:08:41:56 +0800] "GET /eHR/img/index_banner_2.jpg HTTP/1.1" 304 - "http://192.168.1.83:8088/eHR/ess/index.php?action=logout" "Mozilla/5.0 (Windows NT 6.2; Win64; x64) AppleWebKit/537.36 (KHTML, like Gecko) Chrome/105.0.0.0 Safari/537.36"
192.168.11.133 - - [15/Apr/2025:08:41:56 +0800] "GET /eHR/img/index_banner_2.jpg HTTP/1.1" 304 -
192.168.11.133 - - [15/Apr/2025:08:41:56 +0800] "GET /eHR/img/loginbg.gif HTTP/1.1" 304 - "http://192.168.1.83:8088/eHR/ess/index.php?action=logout" "Mozilla/5.0 (Windows NT 6.2; Win64; x64) AppleWebKit/537.36 (KHTML, like Gecko) Chrome/105.0.0.0 Safari/537.36"
192.168.11.133 - - [15/Apr/2025:08:41:56 +0800] "GET /eHR/img/loginbg.gif HTTP/1.1" 304 -
192.168.11.133 - - [15/Apr/2025:08:41:56 +0800] "GET /eHR/img/img1.jpg HTTP/1.1" 304 - "http://192.168.1.83:8088/eHR/ess/index.php?action=logout" "Mozilla/5.0 (Windows NT 6.2; Win64; x64) AppleWebKit/537.36 (KHTML, like Gecko) Chrome/105.0.0.0 Safari/537.36"
192.168.11.133 - - [15/Apr/2025:08:41:56 +0800] "GET /eHR/img/img1.jpg HTTP/1.1" 304 -
192.168.11.133 - - [15/Apr/2025:08:41:56 +0800] "GET /eHR/css/jqueryui/themes/redmond/images/ui-bg_glass_85_dfeffc_1x400.png HTTP/1.1" 304 - "http://192.168.1.83:8088/eHR/css/jqueryui/themes/redmond/jquery.ui.theme.css" "Mozilla/5.0 (Windows NT 6.2; Win64; x64) AppleWebKit/537.36 (KHTML, like Gecko) Chrome/105.0.0.0 Safari/537.36"
192.168.11.133 - - [15/Apr/2025:08:41:56 +0800] "GET /eHR/css/jqueryui/themes/redmond/images/ui-bg_glass_85_dfeffc_1x400.png HTTP/1.1" 304 -
192.168.11.133 - - [15/Apr/2025:08:41:59 +0800] "POST /eHR/ess/includes/login.php HTTP/1.1" 302 - "http://192.168.1.83:8088/eHR/ess/index.php?action=logout" "Mozilla/5.0 (Windows NT 6.2; Win64; x64) AppleWebKit/537.36 (KHTML, like Gecko) Chrome/105.0.0.0 Safari/537.36"
192.168.11.133 - - [15/Apr/2025:08:41:59 +0800] "POST /eHR/ess/includes/login.php HTTP/1.1" 302 -
192.168.11.133 - - [15/Apr/2025:08:42:04 +0800] "GET /eHR/ess/redirect.php HTTP/1.1" 200 8926 "http://192.168.1.83:8088/eHR/ess/index.php?action=logout" "Mozilla/5.0 (Windows NT 6.2; Win64; x64) AppleWebKit/537.36 (KHTML, like Gecko) Chrome/105.0.0.0 Safari/537.36"
192.168.11.133 - - [15/Apr/2025:08:42:04 +0800] "GET /eHR/ess/redirect.php HTTP/1.1" 200 8926
192.168.11.133 - - [15/Apr/2025:08:42:05 +0800] "GET /eHR/ess/redirect.php?scriptname=ESNH000 HTTP/1.1" 200 9985 "http://192.168.1.83:8088/eHR/ess/redirect.php" "Mozilla/5.0 (Windows NT 6.2; Win64; x64) AppleWebKit/537.36 (KHTML, like Gecko) Chrome/105.0.0.0 Safari/537.36"
192.168.11.133 - - [15/Apr/2025:08:42:05 +0800] "GET /eHR/ess/redirect.php?scriptname=ESNH000 HTTP/1.1" 200 9985
192.168.11.68 - - [15/Apr/2025:08:43:32 +0800] "GET /eHR/ess/redirect.php?scriptname=emp_lov&openW=Y&rand=0.017019734095384376 HTTP/1.1" 200 8988 "http://192.168.1.83:8088/eHR/ess/redirect.php?scriptname=ESNE001&appdesc=%E6%89%B9%E9%87%8F%E5%8A%A0%E7%8F%AD%E7%94%B3%E8%AF%B7" "Mozilla/5.0 (Windows NT 10.0; Win64; x64; rv:137.0) Gecko/20100101 Firefox/137.0"
192.168.11.68 - - [15/Apr/2025:08:43:32 +0800] "GET /eHR/ess/redirect.php?scriptname=emp_lov&openW=Y&rand=0.017019734095384376 HTTP/1.1" 200 8988
192.168.11.68 - - [15/Apr/2025:08:43:34 +0800] "POST /eHR/ess/redirect.php?scriptname=emp_lov&openW=Y&rand=0.017019734095384376 HTTP/1.1" 200 26834 "http://192.168.1.83:8088/eHR/ess/redirect.php?scriptname=emp_lov&openW=Y&rand=0.017019734095384376" "Mozilla/5.0 (Windows NT 10.0; Win64; x64; rv:137.0) Gecko/20100101 Firefox/137.0"
192.168.11.68 - - [15/Apr/2025:08:43:34 +0800] "POST /eHR/ess/redirect.php?scriptname=emp_lov&openW=Y&rand=0.017019734095384376 HTTP/1.1" 200 26834
192.168.11.133 - - [15/Apr/2025:08:43:39 +0800] "GET /eHR/ess/redirect.php?scriptname=ESNE002&appdesc=%E6%89%B9%E9%87%8F%E8%AF%B7%E5%81%87%E7%94%B3%E8%AF%B7 HTTP/1.1" 200 22190 "http://192.168.1.83:8088/eHR/ess/redirect.php" "Mozilla/5.0 (Windows NT 6.2; Win64; x64) AppleWebKit/537.36 (KHTML, like Gecko) Chrome/105.0.0.0 Safari/537.36"
192.168.11.133 - - [15/Apr/2025:08:43:39 +0800] "GET /eHR/ess/redirect.php?scriptname=ESNE002&appdesc=%E6%89%B9%E9%87%8F%E8%AF%B7%E5%81%87%E7%94%B3%E8%AF%B7 HTTP/1.1" 200 22190
192.168.11.89 - - [15/Apr/2025:08:43:46 +0800] "GET /eHR/ess/index.php HTTP/1.1" 200 8826 "-" "Mozilla/5.0 (Windows NT 6.1; Win64; x64) AppleWebKit/537.36 (KHTML, like Gecko) Chrome/105.0.0.0 Safari/537.36"
192.168.11.89 - - [15/Apr/2025:08:43:46 +0800] "GET /eHR/ess/index.php HTTP/1.1" 200 8826
192.168.11.89 - - [15/Apr/2025:08:43:46 +0800] "GET /eHR/ess/index.php HTTP/1.1" 200 8826 "-" "Mozilla/5.0 (Windows NT 6.1; Win64; x64) AppleWebKit/537.36 (KHTML, like Gecko) Chrome/105.0.0.0 Safari/537.36"
192.168.11.89 - - [15/Apr/2025:08:43:46 +0800] "GET /eHR/ess/index.php HTTP/1.1" 200 8826
192.168.11.68 - - [15/Apr/2025:08:43:49 +0800] "POST /eHR/ess/redirect.php?scriptname=ESNE001&appdesc=%E6%89%B9%E9%87%8F%E5%8A%A0%E7%8F%AD%E7%94%B3%E8%AF%B7 HTTP/1.1" 200 4277 "http://192.168.1.83:8088/eHR/ess/redirect.php?scriptname=ESNE001&appdesc=%E6%89%B9%E9%87%8F%E5%8A%A0%E7%8F%AD%E7%94%B3%E8%AF%B7" "Mozilla/5.0 (Windows NT 10.0; Win64; x64; rv:137.0) Gecko/20100101 Firefox/137.0"
192.168.11.68 - - [15/Apr/2025:08:43:49 +0800] "POST /eHR/ess/redirect.php?scriptname=ESNE001&appdesc=%E6%89%B9%E9%87%8F%E5%8A%A0%E7%8F%AD%E7%94%B3%E8%AF%B7 HTTP/1.1" 200 4277
192.168.11.68 - - [15/Apr/2025:08:43:51 +0800] "GET /eHR/img/Y.png HTTP/1.1" 200 1084 "http://192.168.1.83:8088/eHR/ess/redirect.php?scriptname=ESNE001&appdesc=%E6%89%B9%E9%87%8F%E5%8A%A0%E7%8F%AD%E7%94%B3%E8%AF%B7" "Mozilla/5.0 (Windows NT 10.0; Win64; x64; rv:137.0) Gecko/20100101 Firefox/137.0"
192.168.11.68 - - [15/Apr/2025:08:43:51 +0800] "GET /eHR/img/Y.png HTTP/1.1" 200 1084
192.168.11.68 - - [15/Apr/2025:08:43:51 +0800] "GET /eHR/css/jqueryui/themes/redmond/images/ui-icons_2e83ff_256x240.png HTTP/1.1" 200 4369 "http://192.168.1.83:8088/eHR/css/jqueryui/themes/redmond/jquery.ui.theme.css" "Mozilla/5.0 (Windows NT 10.0; Win64; x64; rv:137.0) Gecko/20100101 Firefox/137.0"
192.168.11.68 - - [15/Apr/2025:08:43:51 +0800] "GET /eHR/css/jqueryui/themes/redmond/images/ui-icons_2e83ff_256x240.png HTTP/1.1" 200 4369
192.168.11.68 - - [15/Apr/2025:08:44:25 +0800] "GET /eHR/ess/redirect.php?scriptname=ESNE001&appdesc=%E6%89%B9%E9%87%8F%E5%8A%A0%E7%8F%AD%E7%94%B3%E8%AF%B7 HTTP/1.1" 200 15271 "http://192.168.1.83:8088/eHR/ess/redirect.php" "Mozilla/5.0 (Windows NT 10.0; Win64; x64; rv:137.0) Gecko/20100101 Firefox/137.0"
192.168.11.68 - - [15/Apr/2025:08:44:25 +0800] "GET /eHR/ess/redirect.php?scriptname=ESNE001&appdesc=%E6%89%B9%E9%87%8F%E5%8A%A0%E7%8F%AD%E7%94%B3%E8%AF%B7 HTTP/1.1" 200 15271
192.168.11.68 - - [15/Apr/2025:08:44:39 +0800] "GET /eHR/ess/redirect.php?scriptname=emp_lov&openW=Y&rand=0.7092598112327739 HTTP/1.1" 200 8988 "http://192.168.1.83:8088/eHR/ess/redirect.php?scriptname=ESNE001&appdesc=%E6%89%B9%E9%87%8F%E5%8A%A0%E7%8F%AD%E7%94%B3%E8%AF%B7" "Mozilla/5.0 (Windows NT 10.0; Win64; x64; rv:137.0) Gecko/20100101 Firefox/137.0"
192.168.11.68 - - [15/Apr/2025:08:44:39 +0800] "GET /eHR/ess/redirect.php?scriptname=emp_lov&openW=Y&rand=0.7092598112327739 HTTP/1.1" 200 8988
192.168.11.68 - - [15/Apr/2025:08:44:42 +0800] "POST /eHR/ess/redirect.php?scriptname=emp_lov&openW=Y&rand=0.7092598112327739 HTTP/1.1" 200 26834 "http://192.168.1.83:8088/eHR/ess/redirect.php?scriptname=emp_lov&openW=Y&rand=0.7092598112327739" "Mozilla/5.0 (Windows NT 10.0; Win64; x64; rv:137.0) Gecko/20100101 Firefox/137.0"
192.168.11.68 - - [15/Apr/2025:08:44:42 +0800] "POST /eHR/ess/redirect.php?scriptname=emp_lov&openW=Y&rand=0.7092598112327739 HTTP/1.1" 200 26834
192.168.11.51 - - [15/Apr/2025:08:44:57 +0800] "GET /eHR/ess/index.php?action=logout HTTP/1.1" 200 8826 "-" "Mozilla/5.0 (Windows NT 6.1; Win64; x64) AppleWebKit/537.36 (KHTML, like Gecko) Chrome/105.0.0.0 Safari/537.36"
192.168.11.51 - - [15/Apr/2025:08:44:57 +0800] "GET /eHR/ess/index.php?action=logout HTTP/1.1" 200 8826
192.168.11.68 - - [15/Apr/2025:08:44:59 +0800] "POST /eHR/ess/redirect.php?scriptname=ESNE001&appdesc=%E6%89%B9%E9%87%8F%E5%8A%A0%E7%8F%AD%E7%94%B3%E8%AF%B7 HTTP/1.1" 200 4069 "http://192.168.1.83:8088/eHR/ess/redirect.php?scriptname=ESNE001&appdesc=%E6%89%B9%E9%87%8F%E5%8A%A0%E7%8F%AD%E7%94%B3%E8%AF%B7" "Mozilla/5.0 (Windows NT 10.0; Win64; x64; rv:137.0) Gecko/20100101 Firefox/137.0"
192.168.11.68 - - [15/Apr/2025:08:44:59 +0800] "POST /eHR/ess/redirect.php?scriptname=ESNE001&appdesc=%E6%89%B9%E9%87%8F%E5%8A%A0%E7%8F%AD%E7%94%B3%E8%AF%B7 HTTP/1.1" 200 4069
192.168.11.51 - - [15/Apr/2025:08:45:00 +0800] "POST /eHR/ess/includes/login.php HTTP/1.1" 302 - "http://192.168.1.83:8088/eHR/ess/index.php?action=logout" "Mozilla/5.0 (Windows NT 6.1; Win64; x64) AppleWebKit/537.36 (KHTML, like Gecko) Chrome/105.0.0.0 Safari/537.36"
192.168.11.51 - - [15/Apr/2025:08:45:00 +0800] "POST /eHR/ess/includes/login.php HTTP/1.1" 302 -
192.168.11.68 - - [15/Apr/2025:08:45:05 +0800] "GET /eHR/ess/redirect.php?scriptname=ESNE001&appdesc=%E6%89%B9%E9%87%8F%E5%8A%A0%E7%8F%AD%E7%94%B3%E8%AF%B7 HTTP/1.1" 200 15271 "http://192.168.1.83:8088/eHR/ess/redirect.php" "Mozilla/5.0 (Windows NT 10.0; Win64; x64; rv:137.0) Gecko/20100101 Firefox/137.0"
192.168.11.68 - - [15/Apr/2025:08:45:05 +0800] "GET /eHR/ess/redirect.php?scriptname=ESNE001&appdesc=%E6%89%B9%E9%87%8F%E5%8A%A0%E7%8F%AD%E7%94%B3%E8%AF%B7 HTTP/1.1" 200 15271
192.168.11.51 - - [15/Apr/2025:08:45:05 +0800] "GET /eHR/ess/redirect.php HTTP/1.1" 200 8929 "http://192.168.1.83:8088/eHR/ess/index.php?action=logout" "Mozilla/5.0 (Windows NT 6.1; Win64; x64) AppleWebKit/537.36 (KHTML, like Gecko) Chrome/105.0.0.0 Safari/537.36"
192.168.11.51 - - [15/Apr/2025:08:45:05 +0800] "GET /eHR/ess/redirect.php HTTP/1.1" 200 8929
192.168.11.51 - - [15/Apr/2025:08:45:06 +0800] "GET /eHR/ess/redirect.php?scriptname=ESNH000 HTTP/1.1" 200 9985 "http://192.168.1.83:8088/eHR/ess/redirect.php" "Mozilla/5.0 (Windows NT 6.1; Win64; x64) AppleWebKit/537.36 (KHTML, like Gecko) Chrome/105.0.0.0 Safari/537.36"
192.168.11.51 - - [15/Apr/2025:08:45:06 +0800] "GET /eHR/ess/redirect.php?scriptname=ESNH000 HTTP/1.1" 200 9985
192.168.11.51 - - [15/Apr/2025:08:45:13 +0800] "GET /eHR/ess/redirect.php?scriptname=ESNE003&appdesc=%E6%89%B9%E9%87%8F%E5%8A%A0%E7%8F%AD%E6%9F%A5%E8%AF%A2 HTTP/1.1" 200 7573 "http://192.168.1.83:8088/eHR/ess/redirect.php" "Mozilla/5.0 (Windows NT 6.1; Win64; x64) AppleWebKit/537.36 (KHTML, like Gecko) Chrome/105.0.0.0 Safari/537.36"
192.168.11.51 - - [15/Apr/2025:08:45:13 +0800] "GET /eHR/ess/redirect.php?scriptname=ESNE003&appdesc=%E6%89%B9%E9%87%8F%E5%8A%A0%E7%8F%AD%E6%9F%A5%E8%AF%A2 HTTP/1.1" 200 7573
192.168.11.51 - - [15/Apr/2025:08:45:17 +0800] "POST /eHR/ess/redirect.php?scriptname=ESNE003&appdesc=%E6%89%B9%E9%87%8F%E5%8A%A0%E7%8F%AD%E6%9F%A5%E8%AF%A2 HTTP/1.1" 200 167391 "http://192.168.1.83:8088/eHR/ess/redirect.php?scriptname=ESNE003&appdesc=%E6%89%B9%E9%87%8F%E5%8A%A0%E7%8F%AD%E6%9F%A5%E8%AF%A2" "Mozilla/5.0 (Windows NT 6.1; Win64; x64) AppleWebKit/537.36 (KHTML, like Gecko) Chrome/105.0.0.0 Safari/537.36"
192.168.11.51 - - [15/Apr/2025:08:45:17 +0800] "POST /eHR/ess/redirect.php?scriptname=ESNE003&appdesc=%E6%89%B9%E9%87%8F%E5%8A%A0%E7%8F%AD%E6%9F%A5%E8%AF%A2 HTTP/1.1" 200 167391
192.168.11.68 - - [15/Apr/2025:08:45:22 +0800] "GET /eHR/ess/redirect.php?scriptname=emp_lov&openW=Y&rand=0.5937291580708274 HTTP/1.1" 200 8988 "http://192.168.1.83:8088/eHR/ess/redirect.php?scriptname=ESNE001&appdesc=%E6%89%B9%E9%87%8F%E5%8A%A0%E7%8F%AD%E7%94%B3%E8%AF%B7" "Mozilla/5.0 (Windows NT 10.0; Win64; x64; rv:137.0) Gecko/20100101 Firefox/137.0"
192.168.11.68 - - [15/Apr/2025:08:45:22 +0800] "GET /eHR/ess/redirect.php?scriptname=emp_lov&openW=Y&rand=0.5937291580708274 HTTP/1.1" 200 8988
192.168.11.51 - - [15/Apr/2025:08:45:26 +0800] "POST /eHR/ess/redirect.php?scriptname=view_flowchart&action=view_flowchart&apply_type=overtime&flow_seqno=1230645 HTTP/1.1" 200 5895 "http://192.168.1.83:8088/eHR/ess/redirect.php" "Mozilla/5.0 (Windows NT 6.1; Win64; x64) AppleWebKit/537.36 (KHTML, like Gecko) Chrome/105.0.0.0 Safari/537.36"
192.168.11.51 - - [15/Apr/2025:08:45:26 +0800] "POST /eHR/ess/redirect.php?scriptname=view_flowchart&action=view_flowchart&apply_type=overtime&flow_seqno=1230645 HTTP/1.1" 200 5895
192.168.11.68 - - [15/Apr/2025:08:45:24 +0800] "POST /eHR/ess/redirect.php?scriptname=emp_lov&openW=Y&rand=0.5937291580708274 HTTP/1.1" 200 26834 "http://192.168.1.83:8088/eHR/ess/redirect.php?scriptname=emp_lov&openW=Y&rand=0.5937291580708274" "Mozilla/5.0 (Windows NT 10.0; Win64; x64; rv:137.0) Gecko/20100101 Firefox/137.0"
192.168.11.68 - - [15/Apr/2025:08:45:24 +0800] "POST /eHR/ess/redirect.php?scriptname=emp_lov&openW=Y&rand=0.5937291580708274 HTTP/1.1" 200 26834
192.168.11.68 - - [15/Apr/2025:08:45:41 +0800] "POST /eHR/ess/redirect.php?scriptname=ESNE001&appdesc=%E6%89%B9%E9%87%8F%E5%8A%A0%E7%8F%AD%E7%94%B3%E8%AF%B7 HTTP/1.1" 200 4072 "http://192.168.1.83:8088/eHR/ess/redirect.php?scriptname=ESNE001&appdesc=%E6%89%B9%E9%87%8F%E5%8A%A0%E7%8F%AD%E7%94%B3%E8%AF%B7" "Mozilla/5.0 (Windows NT 10.0; Win64; x64; rv:137.0) Gecko/20100101 Firefox/137.0"
192.168.11.68 - - [15/Apr/2025:08:45:41 +0800] "POST /eHR/ess/redirect.php?scriptname=ESNE001&appdesc=%E6%89%B9%E9%87%8F%E5%8A%A0%E7%8F%AD%E7%94%B3%E8%AF%B7 HTTP/1.1" 200 4072
192.168.11.51 - - [15/Apr/2025:08:45:41 +0800] "POST /eHR/ess/redirect.php?scriptname=view_flowchart&action=view_flowchart&apply_type=overtime&flow_seqno=1230646 HTTP/1.1" 200 5911 "http://192.168.1.83:8088/eHR/ess/redirect.php" "Mozilla/5.0 (Windows NT 6.1; Win64; x64) AppleWebKit/537.36 (KHTML, like Gecko) Chrome/105.0.0.0 Safari/537.36"
192.168.11.51 - - [15/Apr/2025:08:45:41 +0800] "POST /eHR/ess/redirect.php?scriptname=view_flowchart&action=view_flowchart&apply_type=overtime&flow_seqno=1230646 HTTP/1.1" 200 5911
192.168.11.51 - - [15/Apr/2025:08:45:52 +0800] "POST /eHR/ess/redirect.php?scriptname=view_flowchart&action=view_flowchart&apply_type=overtime&flow_seqno=1230645 HTTP/1.1" 200 5895 "http://192.168.1.83:8088/eHR/ess/redirect.php" "Mozilla/5.0 (Windows NT 6.1; Win64; x64) AppleWebKit/537.36 (KHTML, like Gecko) Chrome/105.0.0.0 Safari/537.36"
192.168.11.51 - - [15/Apr/2025:08:45:52 +0800] "POST /eHR/ess/redirect.php?scriptname=view_flowchart&action=view_flowchart&apply_type=overtime&flow_seqno=1230645 HTTP/1.1" 200 5895
192.168.11.68 - - [15/Apr/2025:08:45:57 +0800] "GET /eHR/ess/redirect.php?scriptname=ESNE001&appdesc=%E6%89%B9%E9%87%8F%E5%8A%A0%E7%8F%AD%E7%94%B3%E8%AF%B7 HTTP/1.1" 200 15271 "http://192.168.1.83:8088/eHR/ess/redirect.php" "Mozilla/5.0 (Windows NT 10.0; Win64; x64; rv:137.0) Gecko/20100101 Firefox/137.0"
192.168.11.68 - - [15/Apr/2025:08:45:57 +0800] "GET /eHR/ess/redirect.php?scriptname=ESNE001&appdesc=%E6%89%B9%E9%87%8F%E5%8A%A0%E7%8F%AD%E7%94%B3%E8%AF%B7 HTTP/1.1" 200 15271
192.168.11.68 - - [15/Apr/2025:08:46:23 +0800] "GET /eHR/ess/redirect.php?scriptname=emp_lov&openW=Y&rand=0.21411449045736364 HTTP/1.1" 200 8988 "http://192.168.1.83:8088/eHR/ess/redirect.php?scriptname=ESNE001&appdesc=%E6%89%B9%E9%87%8F%E5%8A%A0%E7%8F%AD%E7%94%B3%E8%AF%B7" "Mozilla/5.0 (Windows NT 10.0; Win64; x64; rv:137.0) Gecko/20100101 Firefox/137.0"
192.168.11.68 - - [15/Apr/2025:08:46:23 +0800] "GET /eHR/ess/redirect.php?scriptname=emp_lov&openW=Y&rand=0.21411449045736364 HTTP/1.1" 200 8988
192.168.11.68 - - [15/Apr/2025:08:46:24 +0800] "POST /eHR/ess/redirect.php?scriptname=emp_lov&openW=Y&rand=0.21411449045736364 HTTP/1.1" 200 26834 "http://192.168.1.83:8088/eHR/ess/redirect.php?scriptname=emp_lov&openW=Y&rand=0.21411449045736364" "Mozilla/5.0 (Windows NT 10.0; Win64; x64; rv:137.0) Gecko/20100101 Firefox/137.0"
192.168.11.68 - - [15/Apr/2025:08:46:24 +0800] "POST /eHR/ess/redirect.php?scriptname=emp_lov&openW=Y&rand=0.21411449045736364 HTTP/1.1" 200 26834
192.168.11.68 - - [15/Apr/2025:08:47:03 +0800] "POST /eHR/ess/redirect.php?scriptname=ESNE001&appdesc=%E6%89%B9%E9%87%8F%E5%8A%A0%E7%8F%AD%E7%94%B3%E8%AF%B7 HTTP/1.1" 200 4904 "http://192.168.1.83:8088/eHR/ess/redirect.php?scriptname=ESNE001&appdesc=%E6%89%B9%E9%87%8F%E5%8A%A0%E7%8F%AD%E7%94%B3%E8%AF%B7" "Mozilla/5.0 (Windows NT 10.0; Win64; x64; rv:137.0) Gecko/20100101 Firefox/137.0"
192.168.11.68 - - [15/Apr/2025:08:47:03 +0800] "POST /eHR/ess/redirect.php?scriptname=ESNE001&appdesc=%E6%89%B9%E9%87%8F%E5%8A%A0%E7%8F%AD%E7%94%B3%E8%AF%B7 HTTP/1.1" 200 4904
192.168.11.68 - - [15/Apr/2025:08:47:12 +0800] "GET /eHR/ess/redirect.php?scriptname=ESNE003&appdesc=%E6%89%B9%E9%87%8F%E5%8A%A0%E7%8F%AD%E6%9F%A5%E8%AF%A2 HTTP/1.1" 200 7921 "http://192.168.1.83:8088/eHR/ess/redirect.php" "Mozilla/5.0 (Windows NT 10.0; Win64; x64; rv:137.0) Gecko/20100101 Firefox/137.0"
192.168.11.68 - - [15/Apr/2025:08:47:12 +0800] "GET /eHR/ess/redirect.php?scriptname=ESNE003&appdesc=%E6%89%B9%E9%87%8F%E5%8A%A0%E7%8F%AD%E6%9F%A5%E8%AF%A2 HTTP/1.1" 200 7921
192.168.11.64 - - [15/Apr/2025:08:47:19 +0800] "GET /eHR/ess/index.php?action=logout HTTP/1.1" 200 8826 "-" "Mozilla/5.0 (Windows NT 6.1; Win64; x64) AppleWebKit/537.36 (KHTML, like Gecko) Chrome/105.0.0.0 Safari/537.36"
192.168.11.64 - - [15/Apr/2025:08:47:19 +0800] "GET /eHR/ess/index.php?action=logout HTTP/1.1" 200 8826
192.168.11.68 - - [15/Apr/2025:08:47:18 +0800] "POST /eHR/ess/redirect.php?scriptname=ESNE003&appdesc=%E6%89%B9%E9%87%8F%E5%8A%A0%E7%8F%AD%E6%9F%A5%E8%AF%A2 HTTP/1.1" 200 18391 "http://192.168.1.83:8088/eHR/ess/redirect.php?scriptname=ESNE003&appdesc=%E6%89%B9%E9%87%8F%E5%8A%A0%E7%8F%AD%E6%9F%A5%E8%AF%A2" "Mozilla/5.0 (Windows NT 10.0; Win64; x64; rv:137.0) Gecko/20100101 Firefox/137.0"
192.168.11.68 - - [15/Apr/2025:08:47:18 +0800] "POST /eHR/ess/redirect.php?scriptname=ESNE003&appdesc=%E6%89%B9%E9%87%8F%E5%8A%A0%E7%8F%AD%E6%9F%A5%E8%AF%A2 HTTP/1.1" 200 18391
192.168.11.68 - - [15/Apr/2025:08:47:20 +0800] "GET /eHR/img/cancel.png HTTP/1.1" 200 1230 "http://192.168.1.83:8088/eHR/ess/redirect.php?scriptname=ESNE003&appdesc=%E6%89%B9%E9%87%8F%E5%8A%A0%E7%8F%AD%E6%9F%A5%E8%AF%A2" "Mozilla/5.0 (Windows NT 10.0; Win64; x64; rv:137.0) Gecko/20100101 Firefox/137.0"
192.168.11.68 - - [15/Apr/2025:08:47:20 +0800] "GET /eHR/img/cancel.png HTTP/1.1" 200 1230
192.168.11.68 - - [15/Apr/2025:08:47:20 +0800] "GET /eHR/img/pe.png HTTP/1.1" 200 1268 "http://192.168.1.83:8088/eHR/ess/redirect.php?scriptname=ESNE003&appdesc=%E6%89%B9%E9%87%8F%E5%8A%A0%E7%8F%AD%E6%9F%A5%E8%AF%A2" "Mozilla/5.0 (Windows NT 10.0; Win64; x64; rv:137.0) Gecko/20100101 Firefox/137.0"
192.168.11.68 - - [15/Apr/2025:08:47:20 +0800] "GET /eHR/img/pe.png HTTP/1.1" 200 1268
192.168.11.64 - - [15/Apr/2025:08:47:22 +0800] "POST /eHR/ess/includes/login.php HTTP/1.1" 302 - "http://192.168.1.83:8088/eHR/ess/index.php?action=logout" "Mozilla/5.0 (Windows NT 6.1; Win64; x64) AppleWebKit/537.36 (KHTML, like Gecko) Chrome/105.0.0.0 Safari/537.36"
192.168.11.64 - - [15/Apr/2025:08:47:22 +0800] "POST /eHR/ess/includes/login.php HTTP/1.1" 302 -
192.168.11.64 - - [15/Apr/2025:08:47:27 +0800] "GET /eHR/ess/redirect.php HTTP/1.1" 200 8929 "http://192.168.1.83:8088/eHR/ess/index.php?action=logout" "Mozilla/5.0 (Windows NT 6.1; Win64; x64) AppleWebKit/537.36 (KHTML, like Gecko) Chrome/105.0.0.0 Safari/537.36"
192.168.11.64 - - [15/Apr/2025:08:47:27 +0800] "GET /eHR/ess/redirect.php HTTP/1.1" 200 8929
192.168.11.64 - - [15/Apr/2025:08:47:28 +0800] "GET /eHR/ess/redirect.php?scriptname=ESNH000 HTTP/1.1" 200 10044 "http://192.168.1.83:8088/eHR/ess/redirect.php" "Mozilla/5.0 (Windows NT 6.1; Win64; x64) AppleWebKit/537.36 (KHTML, like Gecko) Chrome/105.0.0.0 Safari/537.36"
192.168.11.64 - - [15/Apr/2025:08:47:28 +0800] "GET /eHR/ess/redirect.php?scriptname=ESNH000 HTTP/1.1" 200 10044
192.168.11.64 - - [15/Apr/2025:08:48:23 +0800] "GET /eHR/ess/redirect.php?scriptname=ESNE002&appdesc=%E6%89%B9%E9%87%8F%E8%AF%B7%E5%81%87%E7%94%B3%E8%AF%B7 HTTP/1.1" 200 22190 "http://192.168.1.83:8088/eHR/ess/redirect.php" "Mozilla/5.0 (Windows NT 6.1; Win64; x64) AppleWebKit/537.36 (KHTML, like Gecko) Chrome/105.0.0.0 Safari/537.36"
192.168.11.64 - - [15/Apr/2025:08:48:23 +0800] "GET /eHR/ess/redirect.php?scriptname=ESNE002&appdesc=%E6%89%B9%E9%87%8F%E8%AF%B7%E5%81%87%E7%94%B3%E8%AF%B7 HTTP/1.1" 200 22190
192.168.11.64 - - [15/Apr/2025:08:49:04 +0800] "GET /eHR/ess/redirect.php?scriptname=ESNE001&appdesc=%E6%89%B9%E9%87%8F%E5%8A%A0%E7%8F%AD%E7%94%B3%E8%AF%B7 HTTP/1.1" 200 15271 "http://192.168.1.83:8088/eHR/ess/redirect.php" "Mozilla/5.0 (Windows NT 6.1; Win64; x64) AppleWebKit/537.36 (KHTML, like Gecko) Chrome/105.0.0.0 Safari/537.36"
192.168.11.64 - - [15/Apr/2025:08:49:04 +0800] "GET /eHR/ess/redirect.php?scriptname=ESNE001&appdesc=%E6%89%B9%E9%87%8F%E5%8A%A0%E7%8F%AD%E7%94%B3%E8%AF%B7 HTTP/1.1" 200 15271
192.168.11.64 - - [15/Apr/2025:08:49:14 +0800] "GET /eHR/ess/redirect.php?scriptname=user_excel_upload&used_program=emp_import&openW=Y&rand=0.2929481129971323 HTTP/1.1" 200 5264 "http://192.168.1.83:8088/eHR/ess/redirect.php?scriptname=ESNE001&appdesc=%E6%89%B9%E9%87%8F%E5%8A%A0%E7%8F%AD%E7%94%B3%E8%AF%B7" "Mozilla/5.0 (Windows NT 6.1; Win64; x64) AppleWebKit/537.36 (KHTML, like Gecko) Chrome/105.0.0.0 Safari/537.36"
192.168.11.64 - - [15/Apr/2025:08:49:14 +0800] "GET /eHR/ess/redirect.php?scriptname=user_excel_upload&used_program=emp_import&openW=Y&rand=0.2929481129971323 HTTP/1.1" 200 5264
192.168.11.64 - - [15/Apr/2025:08:49:20 +0800] "POST /eHR/ess/redirect.php?scriptname=user_excel_upload&used_program=emp_import&openW=Y&rand=0.2929481129971323 HTTP/1.1" 302 - "http://192.168.1.83:8088/eHR/ess/redirect.php?scriptname=user_excel_upload&used_program=emp_import&openW=Y&rand=0.2929481129971323" "Mozilla/5.0 (Windows NT 6.1; Win64; x64) AppleWebKit/537.36 (KHTML, like Gecko) Chrome/105.0.0.0 Safari/537.36"
192.168.11.64 - - [15/Apr/2025:08:49:20 +0800] "POST /eHR/ess/redirect.php?scriptname=user_excel_upload&used_program=emp_import&openW=Y&rand=0.2929481129971323 HTTP/1.1" 302 -
192.168.11.64 - - [15/Apr/2025:08:49:21 +0800] "GET /eHR/ess/redirect.php?scriptname=emp_import&id=3 HTTP/1.1" 200 4949 "http://192.168.1.83:8088/eHR/ess/redirect.php?scriptname=user_excel_upload&used_program=emp_import&openW=Y&rand=0.2929481129971323" "Mozilla/5.0 (Windows NT 6.1; Win64; x64) AppleWebKit/537.36 (KHTML, like Gecko) Chrome/105.0.0.0 Safari/537.36"
192.168.11.64 - - [15/Apr/2025:08:49:21 +0800] "GET /eHR/ess/redirect.php?scriptname=emp_import&id=3 HTTP/1.1" 200 4949
192.168.11.64 - - [15/Apr/2025:08:49:24 +0800] "POST /eHR/ess/redirect.php?scriptname=ESNE001&appdesc=%E6%89%B9%E9%87%8F%E5%8A%A0%E7%8F%AD%E7%94%B3%E8%AF%B7 HTTP/1.1" 200 4678 "http://192.168.1.83:8088/eHR/ess/redirect.php?scriptname=ESNE001&appdesc=%E6%89%B9%E9%87%8F%E5%8A%A0%E7%8F%AD%E7%94%B3%E8%AF%B7" "Mozilla/5.0 (Windows NT 6.1; Win64; x64) AppleWebKit/537.36 (KHTML, like Gecko) Chrome/105.0.0.0 Safari/537.36"
192.168.11.64 - - [15/Apr/2025:08:49:24 +0800] "POST /eHR/ess/redirect.php?scriptname=ESNE001&appdesc=%E6%89%B9%E9%87%8F%E5%8A%A0%E7%8F%AD%E7%94%B3%E8%AF%B7 HTTP/1.1" 200 4678
192.168.11.64 - - [15/Apr/2025:08:49:33 +0800] "GET /eHR/ess/redirect.php?scriptname=ESNE001&appdesc=%E6%89%B9%E9%87%8F%E5%8A%A0%E7%8F%AD%E7%94%B3%E8%AF%B7 HTTP/1.1" 200 15271 "http://192.168.1.83:8088/eHR/ess/redirect.php" "Mozilla/5.0 (Windows NT 6.1; Win64; x64) AppleWebKit/537.36 (KHTML, like Gecko) Chrome/105.0.0.0 Safari/537.36"
192.168.11.64 - - [15/Apr/2025:08:49:33 +0800] "GET /eHR/ess/redirect.php?scriptname=ESNE001&appdesc=%E6%89%B9%E9%87%8F%E5%8A%A0%E7%8F%AD%E7%94%B3%E8%AF%B7 HTTP/1.1" 200 15271
192.168.11.64 - - [15/Apr/2025:08:49:34 +0800] "GET /eHR/ess/redirect.php?scriptname=ESNE001&appdesc=%E6%89%B9%E9%87%8F%E5%8A%A0%E7%8F%AD%E7%94%B3%E8%AF%B7 HTTP/1.1" 200 15271 "http://192.168.1.83:8088/eHR/ess/redirect.php" "Mozilla/5.0 (Windows NT 6.1; Win64; x64) AppleWebKit/537.36 (KHTML, like Gecko) Chrome/105.0.0.0 Safari/537.36"
192.168.11.64 - - [15/Apr/2025:08:49:34 +0800] "GET /eHR/ess/redirect.php?scriptname=ESNE001&appdesc=%E6%89%B9%E9%87%8F%E5%8A%A0%E7%8F%AD%E7%94%B3%E8%AF%B7 HTTP/1.1" 200 15271
192.168.11.64 - - [15/Apr/2025:08:49:49 +0800] "GET /eHR/ess/redirect.php?scriptname=ESNE001&appdesc=%E6%89%B9%E9%87%8F%E5%8A%A0%E7%8F%AD%E7%94%B3%E8%AF%B7 HTTP/1.1" 200 15271 "http://192.168.1.83:8088/eHR/ess/redirect.php" "Mozilla/5.0 (Windows NT 6.1; Win64; x64) AppleWebKit/537.36 (KHTML, like Gecko) Chrome/105.0.0.0 Safari/537.36"
192.168.11.64 - - [15/Apr/2025:08:49:49 +0800] "GET /eHR/ess/redirect.php?scriptname=ESNE001&appdesc=%E6%89%B9%E9%87%8F%E5%8A%A0%E7%8F%AD%E7%94%B3%E8%AF%B7 HTTP/1.1" 200 15271
192.168.11.64 - - [15/Apr/2025:08:49:57 +0800] "GET /eHR/ess/redirect.php?scriptname=user_excel_upload&used_program=emp_import&openW=Y&rand=0.1493008604939381 HTTP/1.1" 200 5264 "http://192.168.1.83:8088/eHR/ess/redirect.php?scriptname=ESNE001&appdesc=%E6%89%B9%E9%87%8F%E5%8A%A0%E7%8F%AD%E7%94%B3%E8%AF%B7" "Mozilla/5.0 (Windows NT 6.1; Win64; x64) AppleWebKit/537.36 (KHTML, like Gecko) Chrome/105.0.0.0 Safari/537.36"
192.168.11.64 - - [15/Apr/2025:08:49:57 +0800] "GET /eHR/ess/redirect.php?scriptname=user_excel_upload&used_program=emp_import&openW=Y&rand=0.1493008604939381 HTTP/1.1" 200 5264
192.168.11.64 - - [15/Apr/2025:08:50:02 +0800] "POST /eHR/ess/redirect.php?scriptname=user_excel_upload&used_program=emp_import&openW=Y&rand=0.1493008604939381 HTTP/1.1" 302 - "http://192.168.1.83:8088/eHR/ess/redirect.php?scriptname=user_excel_upload&used_program=emp_import&openW=Y&rand=0.1493008604939381" "Mozilla/5.0 (Windows NT 6.1; Win64; x64) AppleWebKit/537.36 (KHTML, like Gecko) Chrome/105.0.0.0 Safari/537.36"
192.168.11.64 - - [15/Apr/2025:08:50:02 +0800] "POST /eHR/ess/redirect.php?scriptname=user_excel_upload&used_program=emp_import&openW=Y&rand=0.1493008604939381 HTTP/1.1" 302 -
192.168.11.64 - - [15/Apr/2025:08:50:02 +0800] "GET /eHR/ess/redirect.php?scriptname=emp_import&id=3 HTTP/1.1" 200 5428 "http://192.168.1.83:8088/eHR/ess/redirect.php?scriptname=user_excel_upload&used_program=emp_import&openW=Y&rand=0.1493008604939381" "Mozilla/5.0 (Windows NT 6.1; Win64; x64) AppleWebKit/537.36 (KHTML, like Gecko) Chrome/105.0.0.0 Safari/537.36"
192.168.11.64 - - [15/Apr/2025:08:50:02 +0800] "GET /eHR/ess/redirect.php?scriptname=emp_import&id=3 HTTP/1.1" 200 5428
192.168.11.133 - - [15/Apr/2025:08:50:04 +0800] "GET /eHR/ess/redirect.php?scriptname=emp_lov&openW=Y&rand=0.6670925005555719 HTTP/1.1" 200 8728 "http://192.168.1.83:8088/eHR/ess/redirect.php?scriptname=ESNE002&appdesc=%E6%89%B9%E9%87%8F%E8%AF%B7%E5%81%87%E7%94%B3%E8%AF%B7" "Mozilla/5.0 (Windows NT 6.2; Win64; x64) AppleWebKit/537.36 (KHTML, like Gecko) Chrome/105.0.0.0 Safari/537.36"
192.168.11.133 - - [15/Apr/2025:08:50:04 +0800] "GET /eHR/ess/redirect.php?scriptname=emp_lov&openW=Y&rand=0.6670925005555719 HTTP/1.1" 200 8728
192.168.11.64 - - [15/Apr/2025:08:50:06 +0800] "POST /eHR/ess/redirect.php?scriptname=ESNE001&appdesc=%E6%89%B9%E9%87%8F%E5%8A%A0%E7%8F%AD%E7%94%B3%E8%AF%B7 HTTP/1.1" 200 4977 "http://192.168.1.83:8088/eHR/ess/redirect.php?scriptname=ESNE001&appdesc=%E6%89%B9%E9%87%8F%E5%8A%A0%E7%8F%AD%E7%94%B3%E8%AF%B7" "Mozilla/5.0 (Windows NT 6.1; Win64; x64) AppleWebKit/537.36 (KHTML, like Gecko) Chrome/105.0.0.0 Safari/537.36"
192.168.11.64 - - [15/Apr/2025:08:50:06 +0800] "POST /eHR/ess/redirect.php?scriptname=ESNE001&appdesc=%E6%89%B9%E9%87%8F%E5%8A%A0%E7%8F%AD%E7%94%B3%E8%AF%B7 HTTP/1.1" 200 4977
192.168.11.133 - - [15/Apr/2025:08:50:08 +0800] "POST /eHR/ess/redirect.php?scriptname=emp_lov&openW=Y&rand=0.6670925005555719 HTTP/1.1" 200 14146 "http://192.168.1.83:8088/eHR/ess/redirect.php?scriptname=emp_lov&openW=Y&rand=0.6670925005555719" "Mozilla/5.0 (Windows NT 6.2; Win64; x64) AppleWebKit/537.36 (KHTML, like Gecko) Chrome/105.0.0.0 Safari/537.36"
192.168.11.133 - - [15/Apr/2025:08:50:08 +0800] "POST /eHR/ess/redirect.php?scriptname=emp_lov&openW=Y&rand=0.6670925005555719 HTTP/1.1" 200 14146
192.168.11.64 - - [15/Apr/2025:08:50:09 +0800] "GET /eHR/ess/redirect.php?scriptname=ESNE001&appdesc=%E6%89%B9%E9%87%8F%E5%8A%A0%E7%8F%AD%E7%94%B3%E8%AF%B7 HTTP/1.1" 200 15271 "http://192.168.1.83:8088/eHR/ess/redirect.php" "Mozilla/5.0 (Windows NT 6.1; Win64; x64) AppleWebKit/537.36 (KHTML, like Gecko) Chrome/105.0.0.0 Safari/537.36"
192.168.11.64 - - [15/Apr/2025:08:50:09 +0800] "GET /eHR/ess/redirect.php?scriptname=ESNE001&appdesc=%E6%89%B9%E9%87%8F%E5%8A%A0%E7%8F%AD%E7%94%B3%E8%AF%B7 HTTP/1.1" 200 15271
192.168.11.64 - - [15/Apr/2025:08:50:10 +0800] "GET /eHR/ess/redirect.php?scriptname=ESNE001&appdesc=%E6%89%B9%E9%87%8F%E5%8A%A0%E7%8F%AD%E7%94%B3%E8%AF%B7 HTTP/1.1" 200 15271 "http://192.168.1.83:8088/eHR/ess/redirect.php" "Mozilla/5.0 (Windows NT 6.1; Win64; x64) AppleWebKit/537.36 (KHTML, like Gecko) Chrome/105.0.0.0 Safari/537.36"
192.168.11.64 - - [15/Apr/2025:08:50:10 +0800] "GET /eHR/ess/redirect.php?scriptname=ESNE001&appdesc=%E6%89%B9%E9%87%8F%E5%8A%A0%E7%8F%AD%E7%94%B3%E8%AF%B7 HTTP/1.1" 200 15271
192.168.11.64 - - [15/Apr/2025:08:50:26 +0800] "GET /eHR/ess/redirect.php?scriptname=ESNE001&appdesc=%E6%89%B9%E9%87%8F%E5%8A%A0%E7%8F%AD%E7%94%B3%E8%AF%B7 HTTP/1.1" 200 15271 "http://192.168.1.83:8088/eHR/ess/redirect.php" "Mozilla/5.0 (Windows NT 6.1; Win64; x64) AppleWebKit/537.36 (KHTML, like Gecko) Chrome/105.0.0.0 Safari/537.36"
192.168.11.64 - - [15/Apr/2025:08:50:26 +0800] "GET /eHR/ess/redirect.php?scriptname=ESNE001&appdesc=%E6%89%B9%E9%87%8F%E5%8A%A0%E7%8F%AD%E7%94%B3%E8%AF%B7 HTTP/1.1" 200 15271
192.168.11.64 - - [15/Apr/2025:08:50:36 +0800] "GET /eHR/ess/redirect.php?scriptname=user_excel_upload&used_program=emp_import&openW=Y&rand=0.2729603908542533 HTTP/1.1" 200 5264 "http://192.168.1.83:8088/eHR/ess/redirect.php?scriptname=ESNE001&appdesc=%E6%89%B9%E9%87%8F%E5%8A%A0%E7%8F%AD%E7%94%B3%E8%AF%B7" "Mozilla/5.0 (Windows NT 6.1; Win64; x64) AppleWebKit/537.36 (KHTML, like Gecko) Chrome/105.0.0.0 Safari/537.36"
192.168.11.64 - - [15/Apr/2025:08:50:36 +0800] "GET /eHR/ess/redirect.php?scriptname=user_excel_upload&used_program=emp_import&openW=Y&rand=0.2729603908542533 HTTP/1.1" 200 5264
192.168.11.64 - - [15/Apr/2025:08:50:41 +0800] "POST /eHR/ess/redirect.php?scriptname=user_excel_upload&used_program=emp_import&openW=Y&rand=0.2729603908542533 HTTP/1.1" 302 - "http://192.168.1.83:8088/eHR/ess/redirect.php?scriptname=user_excel_upload&used_program=emp_import&openW=Y&rand=0.2729603908542533" "Mozilla/5.0 (Windows NT 6.1; Win64; x64) AppleWebKit/537.36 (KHTML, like Gecko) Chrome/105.0.0.0 Safari/537.36"
192.168.11.64 - - [15/Apr/2025:08:50:41 +0800] "POST /eHR/ess/redirect.php?scriptname=user_excel_upload&used_program=emp_import&openW=Y&rand=0.2729603908542533 HTTP/1.1" 302 -
192.168.11.64 - - [15/Apr/2025:08:50:42 +0800] "GET /eHR/ess/redirect.php?scriptname=emp_import&id=3 HTTP/1.1" 200 10402 "http://192.168.1.83:8088/eHR/ess/redirect.php?scriptname=user_excel_upload&used_program=emp_import&openW=Y&rand=0.2729603908542533" "Mozilla/5.0 (Windows NT 6.1; Win64; x64) AppleWebKit/537.36 (KHTML, like Gecko) Chrome/105.0.0.0 Safari/537.36"
192.168.11.64 - - [15/Apr/2025:08:50:42 +0800] "GET /eHR/ess/redirect.php?scriptname=emp_import&id=3 HTTP/1.1" 200 10402
192.168.11.64 - - [15/Apr/2025:08:50:45 +0800] "POST /eHR/ess/redirect.php?scriptname=ESNE001&appdesc=%E6%89%B9%E9%87%8F%E5%8A%A0%E7%8F%AD%E7%94%B3%E8%AF%B7 HTTP/1.1" 302 - "http://192.168.1.83:8088/eHR/ess/redirect.php?scriptname=ESNE001&appdesc=%E6%89%B9%E9%87%8F%E5%8A%A0%E7%8F%AD%E7%94%B3%E8%AF%B7" "Mozilla/5.0 (Windows NT 6.1; Win64; x64) AppleWebKit/537.36 (KHTML, like Gecko) Chrome/105.0.0.0 Safari/537.36"
192.168.11.64 - - [15/Apr/2025:08:50:45 +0800] "POST /eHR/ess/redirect.php?scriptname=ESNE001&appdesc=%E6%89%B9%E9%87%8F%E5%8A%A0%E7%8F%AD%E7%94%B3%E8%AF%B7 HTTP/1.1" 302 -
192.168.11.64 - - [15/Apr/2025:08:50:46 +0800] "GET /eHR/ess/redirect.php?scriptname=page_success&msgtxt=%E6%82%A8%E7%9A%84%E5%8A%A0%E7%8F%AD%E7%94%B3%E8%AB%8B%E5%B7%B2%E6%88%90%E5%8A%9F%E6%8F%90%E4%BA%A4%E5%BE%8C%E5%8F%B0%E8%99%95%E7%90%86.%3Cbr%3E%E6%82%A8%E5%8F%AF%E4%BB%A5%E5%9C%A8%3Ca+href%3D%22..%2Fess%2Fredirect.php%3Fscriptname%3DESNE023%26requestno%3D128508%22%3E%E9%80%99%E8%A3%A1%3C%2Fa%3E%E6%9F%A5%E7%9C%8B%E7%94%B3%E8%AB%8B%E8%99%95%E7%90%86%E7%B5%90%E6%9E%9C.%3Cbr%3E%E6%89%B9%E6%AC%A1%E8%99%9F%E7%82%BA%3A128508&target=iframe HTTP/1.1" 200 3251 "http://192.168.1.83:8088/eHR/ess/redirect.php?scriptname=ESNE001&appdesc=%E6%89%B9%E9%87%8F%E5%8A%A0%E7%8F%AD%E7%94%B3%E8%AF%B7" "Mozilla/5.0 (Windows NT 6.1; Win64; x64) AppleWebKit/537.36 (KHTML, like Gecko) Chrome/105.0.0.0 Safari/537.36"
192.168.11.64 - - [15/Apr/2025:08:50:46 +0800] "GET /eHR/ess/redirect.php?scriptname=page_success&msgtxt=%E6%82%A8%E7%9A%84%E5%8A%A0%E7%8F%AD%E7%94%B3%E8%AB%8B%E5%B7%B2%E6%88%90%E5%8A%9F%E6%8F%90%E4%BA%A4%E5%BE%8C%E5%8F%B0%E8%99%95%E7%90%86.%3Cbr%3E%E6%82%A8%E5%8F%AF%E4%BB%A5%E5%9C%A8%3Ca+href%3D%22..%2Fess%2Fredirect.php%3Fscriptname%3DESNE023%26requestno%3D128508%22%3E%E9%80%99%E8%A3%A1%3C%2Fa%3E%E6%9F%A5%E7%9C%8B%E7%94%B3%E8%AB%8B%E8%99%95%E7%90%86%E7%B5%90%E6%9E%9C.%3Cbr%3E%E6%89%B9%E6%AC%A1%E8%99%9F%E7%82%BA%3A128508&target=iframe HTTP/1.1" 200 3251
192.168.11.133 - - [15/Apr/2025:08:50:52 +0800] "POST /eHR/ess/redirect.php?scriptname=ESNE002&appdesc=%E6%89%B9%E9%87%8F%E8%AF%B7%E5%81%87%E7%94%B3%E8%AF%B7 HTTP/1.1" 200 4199 "http://192.168.1.83:8088/eHR/ess/redirect.php?scriptname=ESNE002&appdesc=%E6%89%B9%E9%87%8F%E8%AF%B7%E5%81%87%E7%94%B3%E8%AF%B7" "Mozilla/5.0 (Windows NT 6.2; Win64; x64) AppleWebKit/537.36 (KHTML, like Gecko) Chrome/105.0.0.0 Safari/537.36"
192.168.11.133 - - [15/Apr/2025:08:50:52 +0800] "POST /eHR/ess/redirect.php?scriptname=ESNE002&appdesc=%E6%89%B9%E9%87%8F%E8%AF%B7%E5%81%87%E7%94%B3%E8%AF%B7 HTTP/1.1" 200 4199
192.168.11.133 - - [15/Apr/2025:08:50:57 +0800] "GET /eHR/ess/redirect.php?scriptname=ESNE002&appdesc=%E6%89%B9%E9%87%8F%E8%AF%B7%E5%81%87%E7%94%B3%E8%AF%B7 HTTP/1.1" 200 22190 "http://192.168.1.83:8088/eHR/ess/redirect.php" "Mozilla/5.0 (Windows NT 6.2; Win64; x64) AppleWebKit/537.36 (KHTML, like Gecko) Chrome/105.0.0.0 Safari/537.36"
192.168.11.133 - - [15/Apr/2025:08:50:57 +0800] "GET /eHR/ess/redirect.php?scriptname=ESNE002&appdesc=%E6%89%B9%E9%87%8F%E8%AF%B7%E5%81%87%E7%94%B3%E8%AF%B7 HTTP/1.1" 200 22190
192.168.11.64 - - [15/Apr/2025:08:51:00 +0800] "GET /eHR/ess/redirect.php?scriptname=ESNE023&requestno=128508 HTTP/1.1" 200 5331 "http://192.168.1.83:8088/eHR/ess/redirect.php?scriptname=page_success&msgtxt=%E6%82%A8%E7%9A%84%E5%8A%A0%E7%8F%AD%E7%94%B3%E8%AB%8B%E5%B7%B2%E6%88%90%E5%8A%9F%E6%8F%90%E4%BA%A4%E5%BE%8C%E5%8F%B0%E8%99%95%E7%90%86.%3Cbr%3E%E6%82%A8%E5%8F%AF%E4%BB%A5%E5%9C%A8%3Ca+href%3D%22..%2Fess%2Fredirect.php%3Fscriptname%3DESNE023%26requestno%3D128508%22%3E%E9%80%99%E8%A3%A1%3C%2Fa%3E%E6%9F%A5%E7%9C%8B%E7%94%B3%E8%AB%8B%E8%99%95%E7%90%86%E7%B5%90%E6%9E%9C.%3Cbr%3E%E6%89%B9%E6%AC%A1%E8%99%9F%E7%82%BA%3A128508&target=iframe" "Mozilla/5.0 (Windows NT 6.1; Win64; x64) AppleWebKit/537.36 (KHTML, like Gecko) Chrome/105.0.0.0 Safari/537.36"
192.168.11.64 - - [15/Apr/2025:08:51:00 +0800] "GET /eHR/ess/redirect.php?scriptname=ESNE023&requestno=128508 HTTP/1.1" 200 5331
192.168.11.64 - - [15/Apr/2025:08:51:03 +0800] "GET /eHR/ess/redirect.php?scriptname=ESNE022&requestno=128508&appdesc=%E5%8A%A0%E7%8F%AD%E6%B1%87%E5%85%A5%E6%98%8E%E7%BB%86 HTTP/1.1" 200 12525 "http://192.168.1.83:8088/eHR/ess/redirect.php?scriptname=ESNE023&requestno=128508" "Mozilla/5.0 (Windows NT 6.1; Win64; x64) AppleWebKit/537.36 (KHTML, like Gecko) Chrome/105.0.0.0 Safari/537.36"
192.168.11.64 - - [15/Apr/2025:08:51:03 +0800] "GET /eHR/ess/redirect.php?scriptname=ESNE022&requestno=128508&appdesc=%E5%8A%A0%E7%8F%AD%E6%B1%87%E5%85%A5%E6%98%8E%E7%BB%86 HTTP/1.1" 200 12525
192.168.11.133 - - [15/Apr/2025:08:51:13 +0800] "GET /eHR/ess/redirect.php?scriptname=emp_lov&openW=Y&rand=0.8534623010847149 HTTP/1.1" 200 8728 "http://192.168.1.83:8088/eHR/ess/redirect.php?scriptname=ESNE002&appdesc=%E6%89%B9%E9%87%8F%E8%AF%B7%E5%81%87%E7%94%B3%E8%AF%B7" "Mozilla/5.0 (Windows NT 6.2; Win64; x64) AppleWebKit/537.36 (KHTML, like Gecko) Chrome/105.0.0.0 Safari/537.36"
192.168.11.133 - - [15/Apr/2025:08:51:13 +0800] "GET /eHR/ess/redirect.php?scriptname=emp_lov&openW=Y&rand=0.8534623010847149 HTTP/1.1" 200 8728
192.168.11.64 - - [15/Apr/2025:08:51:15 +0800] "GET /eHR/ess/redirect.php?scriptname=ESNE001&appdesc=%E6%89%B9%E9%87%8F%E5%8A%A0%E7%8F%AD%E7%94%B3%E8%AF%B7 HTTP/1.1" 200 15271 "http://192.168.1.83:8088/eHR/ess/redirect.php" "Mozilla/5.0 (Windows NT 6.1; Win64; x64) AppleWebKit/537.36 (KHTML, like Gecko) Chrome/105.0.0.0 Safari/537.36"
192.168.11.64 - - [15/Apr/2025:08:51:15 +0800] "GET /eHR/ess/redirect.php?scriptname=ESNE001&appdesc=%E6%89%B9%E9%87%8F%E5%8A%A0%E7%8F%AD%E7%94%B3%E8%AF%B7 HTTP/1.1" 200 15271
192.168.11.133 - - [15/Apr/2025:08:51:16 +0800] "POST /eHR/ess/redirect.php?scriptname=emp_lov&openW=Y&rand=0.8534623010847149 HTTP/1.1" 200 14146 "http://192.168.1.83:8088/eHR/ess/redirect.php?scriptname=emp_lov&openW=Y&rand=0.8534623010847149" "Mozilla/5.0 (Windows NT 6.2; Win64; x64) AppleWebKit/537.36 (KHTML, like Gecko) Chrome/105.0.0.0 Safari/537.36"
192.168.11.133 - - [15/Apr/2025:08:51:16 +0800] "POST /eHR/ess/redirect.php?scriptname=emp_lov&openW=Y&rand=0.8534623010847149 HTTP/1.1" 200 14146
192.168.11.133 - - [15/Apr/2025:08:51:22 +0800] "POST /eHR/ess/redirect.php?scriptname=ESNE002&appdesc=%E6%89%B9%E9%87%8F%E8%AF%B7%E5%81%87%E7%94%B3%E8%AF%B7 HTTP/1.1" 200 4192 "http://192.168.1.83:8088/eHR/ess/redirect.php?scriptname=ESNE002&appdesc=%E6%89%B9%E9%87%8F%E8%AF%B7%E5%81%87%E7%94%B3%E8%AF%B7" "Mozilla/5.0 (Windows NT 6.2; Win64; x64) AppleWebKit/537.36 (KHTML, like Gecko) Chrome/105.0.0.0 Safari/537.36"
192.168.11.133 - - [15/Apr/2025:08:51:22 +0800] "POST /eHR/ess/redirect.php?scriptname=ESNE002&appdesc=%E6%89%B9%E9%87%8F%E8%AF%B7%E5%81%87%E7%94%B3%E8%AF%B7 HTTP/1.1" 200 4192
192.168.11.133 - - [15/Apr/2025:08:51:24 +0800] "GET /eHR/ess/redirect.php?scriptname=ESNE004&appdesc=%E6%89%B9%E9%87%8F%E8%AF%B7%E5%81%87%E6%9F%A5%E8%AF%A2 HTTP/1.1" 200 8243 "http://192.168.1.83:8088/eHR/ess/redirect.php" "Mozilla/5.0 (Windows NT 6.2; Win64; x64) AppleWebKit/537.36 (KHTML, like Gecko) Chrome/105.0.0.0 Safari/537.36"
192.168.11.133 - - [15/Apr/2025:08:51:24 +0800] "GET /eHR/ess/redirect.php?scriptname=ESNE004&appdesc=%E6%89%B9%E9%87%8F%E8%AF%B7%E5%81%87%E6%9F%A5%E8%AF%A2 HTTP/1.1" 200 8243
100.64.0.1 - - [15/Apr/2025:08:51:34 +0800] "POST /bapply.cgi HTTP/1.1" 404 208 "-" "Go-http-client/1.1"
100.64.0.1 - - [15/Apr/2025:08:51:34 +0800] "POST /bapply.cgi HTTP/1.1" 404 208
192.168.11.133 - - [15/Apr/2025:08:51:26 +0800] "POST /eHR/ess/redirect.php?scriptname=ESNE004&appdesc=%E6%89%B9%E9%87%8F%E8%AF%B7%E5%81%87%E6%9F%A5%E8%AF%A2 HTTP/1.1" 200 180413 "http://192.168.1.83:8088/eHR/ess/redirect.php?scriptname=ESNE004&appdesc=%E6%89%B9%E9%87%8F%E8%AF%B7%E5%81%87%E6%9F%A5%E8%AF%A2" "Mozilla/5.0 (Windows NT 6.2; Win64; x64) AppleWebKit/537.36 (KHTML, like Gecko) Chrome/105.0.0.0 Safari/537.36"
192.168.11.133 - - [15/Apr/2025:08:51:26 +0800] "POST /eHR/ess/redirect.php?scriptname=ESNE004&appdesc=%E6%89%B9%E9%87%8F%E8%AF%B7%E5%81%87%E6%9F%A5%E8%AF%A2 HTTP/1.1" 200 180413
192.168.11.133 - - [15/Apr/2025:08:52:06 +0800] "GET /eHR/ess/redirect.php?scriptname=ESNE001&appdesc=%E6%89%B9%E9%87%8F%E5%8A%A0%E7%8F%AD%E7%94%B3%E8%AF%B7 HTTP/1.1" 200 15271 "http://192.168.1.83:8088/eHR/ess/redirect.php" "Mozilla/5.0 (Windows NT 6.2; Win64; x64) AppleWebKit/537.36 (KHTML, like Gecko) Chrome/105.0.0.0 Safari/537.36"
192.168.11.133 - - [15/Apr/2025:08:52:06 +0800] "GET /eHR/ess/redirect.php?scriptname=ESNE001&appdesc=%E6%89%B9%E9%87%8F%E5%8A%A0%E7%8F%AD%E7%94%B3%E8%AF%B7 HTTP/1.1" 200 15271
192.168.11.133 - - [15/Apr/2025:08:52:19 +0800] "GET /eHR/ess/redirect.php?scriptname=emp_lov&openW=Y&rand=0.33611948908046996 HTTP/1.1" 200 8728 "http://192.168.1.83:8088/eHR/ess/redirect.php?scriptname=ESNE001&appdesc=%E6%89%B9%E9%87%8F%E5%8A%A0%E7%8F%AD%E7%94%B3%E8%AF%B7" "Mozilla/5.0 (Windows NT 6.2; Win64; x64) AppleWebKit/537.36 (KHTML, like Gecko) Chrome/105.0.0.0 Safari/537.36"
192.168.11.133 - - [15/Apr/2025:08:52:19 +0800] "GET /eHR/ess/redirect.php?scriptname=emp_lov&openW=Y&rand=0.33611948908046996 HTTP/1.1" 200 8728
192.168.11.133 - - [15/Apr/2025:08:52:22 +0800] "POST /eHR/ess/redirect.php?scriptname=emp_lov&openW=Y&rand=0.33611948908046996 HTTP/1.1" 200 14146 "http://192.168.1.83:8088/eHR/ess/redirect.php?scriptname=emp_lov&openW=Y&rand=0.33611948908046996" "Mozilla/5.0 (Windows NT 6.2; Win64; x64) AppleWebKit/537.36 (KHTML, like Gecko) Chrome/105.0.0.0 Safari/537.36"
192.168.11.133 - - [15/Apr/2025:08:52:22 +0800] "POST /eHR/ess/redirect.php?scriptname=emp_lov&openW=Y&rand=0.33611948908046996 HTTP/1.1" 200 14146
192.168.11.133 - - [15/Apr/2025:08:52:28 +0800] "POST /eHR/ess/redirect.php?scriptname=ESNE001&appdesc=%E6%89%B9%E9%87%8F%E5%8A%A0%E7%8F%AD%E7%94%B3%E8%AF%B7 HTTP/1.1" 200 4266 "http://192.168.1.83:8088/eHR/ess/redirect.php?scriptname=ESNE001&appdesc=%E6%89%B9%E9%87%8F%E5%8A%A0%E7%8F%AD%E7%94%B3%E8%AF%B7" "Mozilla/5.0 (Windows NT 6.2; Win64; x64) AppleWebKit/537.36 (KHTML, like Gecko) Chrome/105.0.0.0 Safari/537.36"
192.168.11.133 - - [15/Apr/2025:08:52:28 +0800] "POST /eHR/ess/redirect.php?scriptname=ESNE001&appdesc=%E6%89%B9%E9%87%8F%E5%8A%A0%E7%8F%AD%E7%94%B3%E8%AF%B7 HTTP/1.1" 200 4266
192.168.11.133 - - [15/Apr/2025:08:52:30 +0800] "GET /eHR/ess/redirect.php?scriptname=ESNE001&appdesc=%E6%89%B9%E9%87%8F%E5%8A%A0%E7%8F%AD%E7%94%B3%E8%AF%B7 HTTP/1.1" 200 15271 "http://192.168.1.83:8088/eHR/ess/redirect.php" "Mozilla/5.0 (Windows NT 6.2; Win64; x64) AppleWebKit/537.36 (KHTML, like Gecko) Chrome/105.0.0.0 Safari/537.36"
192.168.11.133 - - [15/Apr/2025:08:52:30 +0800] "GET /eHR/ess/redirect.php?scriptname=ESNE001&appdesc=%E6%89%B9%E9%87%8F%E5%8A%A0%E7%8F%AD%E7%94%B3%E8%AF%B7 HTTP/1.1" 200 15271
192.168.11.133 - - [15/Apr/2025:08:52:38 +0800] "GET /eHR/ess/redirect.php?scriptname=emp_lov&openW=Y&rand=0.012455551986930713 HTTP/1.1" 200 8728 "http://192.168.1.83:8088/eHR/ess/redirect.php?scriptname=ESNE001&appdesc=%E6%89%B9%E9%87%8F%E5%8A%A0%E7%8F%AD%E7%94%B3%E8%AF%B7" "Mozilla/5.0 (Windows NT 6.2; Win64; x64) AppleWebKit/537.36 (KHTML, like Gecko) Chrome/105.0.0.0 Safari/537.36"
192.168.11.133 - - [15/Apr/2025:08:52:38 +0800] "GET /eHR/ess/redirect.php?scriptname=emp_lov&openW=Y&rand=0.012455551986930713 HTTP/1.1" 200 8728
192.168.11.133 - - [15/Apr/2025:08:52:41 +0800] "POST /eHR/ess/redirect.php?scriptname=emp_lov&openW=Y&rand=0.012455551986930713 HTTP/1.1" 200 14146 "http://192.168.1.83:8088/eHR/ess/redirect.php?scriptname=emp_lov&openW=Y&rand=0.012455551986930713" "Mozilla/5.0 (Windows NT 6.2; Win64; x64) AppleWebKit/537.36 (KHTML, like Gecko) Chrome/105.0.0.0 Safari/537.36"
192.168.11.133 - - [15/Apr/2025:08:52:41 +0800] "POST /eHR/ess/redirect.php?scriptname=emp_lov&openW=Y&rand=0.012455551986930713 HTTP/1.1" 200 14146
192.168.11.133 - - [15/Apr/2025:08:52:46 +0800] "POST /eHR/ess/redirect.php?scriptname=ESNE001&appdesc=%E6%89%B9%E9%87%8F%E5%8A%A0%E7%8F%AD%E7%94%B3%E8%AF%B7 HTTP/1.1" 200 4264 "http://192.168.1.83:8088/eHR/ess/redirect.php?scriptname=ESNE001&appdesc=%E6%89%B9%E9%87%8F%E5%8A%A0%E7%8F%AD%E7%94%B3%E8%AF%B7" "Mozilla/5.0 (Windows NT 6.2; Win64; x64) AppleWebKit/537.36 (KHTML, like Gecko) Chrome/105.0.0.0 Safari/537.36"
192.168.11.133 - - [15/Apr/2025:08:52:46 +0800] "POST /eHR/ess/redirect.php?scriptname=ESNE001&appdesc=%E6%89%B9%E9%87%8F%E5%8A%A0%E7%8F%AD%E7%94%B3%E8%AF%B7 HTTP/1.1" 200 4264
192.168.11.133 - - [15/Apr/2025:08:52:49 +0800] "GET /eHR/ess/redirect.php?scriptname=ESNE003&appdesc=%E6%89%B9%E9%87%8F%E5%8A%A0%E7%8F%AD%E6%9F%A5%E8%AF%A2 HTTP/1.1" 200 7969 "http://192.168.1.83:8088/eHR/ess/redirect.php" "Mozilla/5.0 (Windows NT 6.2; Win64; x64) AppleWebKit/537.36 (KHTML, like Gecko) Chrome/105.0.0.0 Safari/537.36"
