192.168.11.64 - - [17/Apr/2025:09:11:13 +0800] "POST /eHR/ess/redirect.php?scriptname=ESNE001&appdesc=%E6%89%B9%E9%87%8F%E5%8A%A0%E7%8F%AD%E7%94%B3%E8%AF%B7 HTTP/1.1" 200 4749 "http://192.168.1.83:8088/eHR/ess/redirect.php?scriptname=ESNE001&appdesc=%E6%89%B9%E9%87%8F%E5%8A%A0%E7%8F%AD%E7%94%B3%E8%AF%B7" "Mozilla/5.0 (Windows NT 6.1; Win64; x64) AppleWebKit/537.36 (KHTML, like Gecko) Chrome/105.0.0.0 Safari/537.36"
192.168.11.64 - - [17/Apr/2025:09:11:13 +0800] "POST /eHR/ess/redirect.php?scriptname=ESNE001&appdesc=%E6%89%B9%E9%87%8F%E5%8A%A0%E7%8F%AD%E7%94%B3%E8%AF%B7 HTTP/1.1" 200 4749
192.168.11.104 - - [17/Apr/2025:09:11:16 +0800] "GET /eHR/img/pe.png HTTP/1.1" 200 1268 "http://192.168.1.83:8088/eHR/ess/redirect.php?scriptname=ESNA015&appdesc=%E5%8A%A0%E7%8F%AD%E7%94%B3%E8%AB%8B%E6%9F%A5%E8%A9%A2" "Mozilla/4.0 (compatible; MSIE 7.0; Windows NT 10.0; WOW64; Trident/7.0; .NET4.0C; .NET4.0E)"
192.168.11.104 - - [17/Apr/2025:09:11:16 +0800] "GET /eHR/img/pe.png HTTP/1.1" 200 1268
192.168.11.104 - - [17/Apr/2025:09:11:13 +0800] "POST /eHR/ess/redirect.php?scriptname=ESNA015&appdesc=%E5%8A%A0%E7%8F%AD%E7%94%B3%E8%AB%8B%E6%9F%A5%E8%A9%A2 HTTP/1.1" 200 164697 "http://192.168.1.83:8088/eHR/ess/redirect.php?scriptname=ESNA015&appdesc=%E5%8A%A0%E7%8F%AD%E7%94%B3%E8%AB%8B%E6%9F%A5%E8%A9%A2" "Mozilla/4.0 (compatible; MSIE 7.0; Windows NT 10.0; WOW64; Trident/7.0; .NET4.0C; .NET4.0E)"
192.168.11.104 - - [17/Apr/2025:09:11:13 +0800] "POST /eHR/ess/redirect.php?scriptname=ESNA015&appdesc=%E5%8A%A0%E7%8F%AD%E7%94%B3%E8%AB%8B%E6%9F%A5%E8%A9%A2 HTTP/1.1" 200 164697
192.168.11.64 - - [17/Apr/2025:09:11:16 +0800] "GET /eHR/ess/redirect.php?scriptname=ESNE001&appdesc=%E6%89%B9%E9%87%8F%E5%8A%A0%E7%8F%AD%E7%94%B3%E8%AF%B7 HTTP/1.1" 200 15271 "http://192.168.1.83:8088/eHR/ess/redirect.php" "Mozilla/5.0 (Windows NT 6.1; Win64; x64) AppleWebKit/537.36 (KHTML, like Gecko) Chrome/105.0.0.0 Safari/537.36"
192.168.11.64 - - [17/Apr/2025:09:11:16 +0800] "GET /eHR/ess/redirect.php?scriptname=ESNE001&appdesc=%E6%89%B9%E9%87%8F%E5%8A%A0%E7%8F%AD%E7%94%B3%E8%AF%B7 HTTP/1.1" 200 15271
192.168.11.64 - - [17/Apr/2025:09:11:17 +0800] "GET /eHR/ess/redirect.php?scriptname=ESNE001&appdesc=%E6%89%B9%E9%87%8F%E5%8A%A0%E7%8F%AD%E7%94%B3%E8%AF%B7 HTTP/1.1" 200 15271 "http://192.168.1.83:8088/eHR/ess/redirect.php" "Mozilla/5.0 (Windows NT 6.1; Win64; x64) AppleWebKit/537.36 (KHTML, like Gecko) Chrome/105.0.0.0 Safari/537.36"
192.168.11.64 - - [17/Apr/2025:09:11:17 +0800] "GET /eHR/ess/redirect.php?scriptname=ESNE001&appdesc=%E6%89%B9%E9%87%8F%E5%8A%A0%E7%8F%AD%E7%94%B3%E8%AF%B7 HTTP/1.1" 200 15271
192.168.11.104 - - [17/Apr/2025:09:11:19 +0800] "POST /eHR/ess/redirect.php?scriptname=view_flowchart&action=view_flowchart&apply_type=overtime&flow_seqno=1231819 HTTP/1.1" 200 5601 "http://192.168.1.83:8088/eHR/ess/redirect.php" "Mozilla/4.0 (compatible; MSIE 7.0; Windows NT 10.0; WOW64; Trident/7.0; .NET4.0C; .NET4.0E)"
192.168.11.104 - - [17/Apr/2025:09:11:19 +0800] "POST /eHR/ess/redirect.php?scriptname=view_flowchart&action=view_flowchart&apply_type=overtime&flow_seqno=1231819 HTTP/1.1" 200 5601
192.168.11.104 - - [17/Apr/2025:09:11:20 +0800] "GET /eHR/img/workflow/start.png HTTP/1.1" 200 2344 "http://192.168.1.83:8088/eHR/ess/redirect.php" "Mozilla/4.0 (compatible; MSIE 7.0; Windows NT 10.0; WOW64; Trident/7.0; .NET4.0C; .NET4.0E)"
192.168.11.104 - - [17/Apr/2025:09:11:20 +0800] "GET /eHR/img/workflow/start.png HTTP/1.1" 200 2344
192.168.11.104 - - [17/Apr/2025:09:11:20 +0800] "GET /eHR/img/workflow/end.png HTTP/1.1" 200 2726 "http://192.168.1.83:8088/eHR/ess/redirect.php" "Mozilla/4.0 (compatible; MSIE 7.0; Windows NT 10.0; WOW64; Trident/7.0; .NET4.0C; .NET4.0E)"
192.168.11.104 - - [17/Apr/2025:09:11:20 +0800] "GET /eHR/img/workflow/end.png HTTP/1.1" 200 2726
192.168.11.104 - - [17/Apr/2025:09:11:20 +0800] "GET /eHR/img/workflow/user_sign_unknown_key.png HTTP/1.1" 200 3101 "http://192.168.1.83:8088/eHR/ess/redirect.php" "Mozilla/4.0 (compatible; MSIE 7.0; Windows NT 10.0; WOW64; Trident/7.0; .NET4.0C; .NET4.0E)"
192.168.11.104 - - [17/Apr/2025:09:11:20 +0800] "GET /eHR/img/workflow/user_sign_unknown_key.png HTTP/1.1" 200 3101
192.168.11.104 - - [17/Apr/2025:09:11:20 +0800] "GET /eHR/img/workflow/process.png HTTP/1.1" 200 2728 "http://192.168.1.83:8088/eHR/ess/redirect.php" "Mozilla/4.0 (compatible; MSIE 7.0; Windows NT 10.0; WOW64; Trident/7.0; .NET4.0C; .NET4.0E)"
192.168.11.104 - - [17/Apr/2025:09:11:20 +0800] "GET /eHR/img/workflow/user_sign_approve_key.png HTTP/1.1" 200 3099 "http://192.168.1.83:8088/eHR/ess/redirect.php" "Mozilla/4.0 (compatible; MSIE 7.0; Windows NT 10.0; WOW64; Trident/7.0; .NET4.0C; .NET4.0E)"
192.168.11.104 - - [17/Apr/2025:09:11:20 +0800] "GET /eHR/img/workflow/process.png HTTP/1.1" 200 2728
192.168.11.104 - - [17/Apr/2025:09:11:20 +0800] "GET /eHR/img/workflow/user_sign_approve_key.png HTTP/1.1" 200 3099
192.168.11.104 - - [17/Apr/2025:09:11:20 +0800] "GET /eHR/css/jqueryui/themes/redmond/images/ui-bg_flat_0_aaaaaa_40x100.png HTTP/1.1" 200 180 "http://192.168.1.83:8088/eHR/ess/redirect.php" "Mozilla/4.0 (compatible; MSIE 7.0; Windows NT 10.0; WOW64; Trident/7.0; .NET4.0C; .NET4.0E)"
192.168.11.104 - - [17/Apr/2025:09:11:20 +0800] "GET /eHR/css/jqueryui/themes/redmond/images/ui-bg_flat_0_aaaaaa_40x100.png HTTP/1.1" 200 180
192.168.11.104 - - [17/Apr/2025:09:11:20 +0800] "GET /eHR/css/jqueryui/themes/redmond/images/ui-icons_469bdd_256x240.png HTTP/1.1" 200 4369 "http://192.168.1.83:8088/eHR/ess/redirect.php" "Mozilla/4.0 (compatible; MSIE 7.0; Windows NT 10.0; WOW64; Trident/7.0; .NET4.0C; .NET4.0E)"
192.168.11.104 - - [17/Apr/2025:09:11:20 +0800] "GET /eHR/css/jqueryui/themes/redmond/images/ui-icons_469bdd_256x240.png HTTP/1.1" 200 4369
192.168.11.104 - - [17/Apr/2025:09:11:20 +0800] "GET /eHR/css/jqueryui/themes/redmond/images/ui-icons_d8e7f3_256x240.png HTTP/1.1" 200 4369 "http://192.168.1.83:8088/eHR/ess/redirect.php" "Mozilla/4.0 (compatible; MSIE 7.0; Windows NT 10.0; WOW64; Trident/7.0; .NET4.0C; .NET4.0E)"
192.168.11.104 - - [17/Apr/2025:09:11:20 +0800] "GET /eHR/css/jqueryui/themes/redmond/images/ui-icons_d8e7f3_256x240.png HTTP/1.1" 200 4369
192.168.11.104 - - [17/Apr/2025:09:11:27 +0800] "POST /eHR/ess/redirect.php?scriptname=view_flowchart&action=view_flowchart&apply_type=overtime&flow_seqno=1230095 HTTP/1.1" 200 5613 "http://192.168.1.83:8088/eHR/ess/redirect.php" "Mozilla/4.0 (compatible; MSIE 7.0; Windows NT 10.0; WOW64; Trident/7.0; .NET4.0C; .NET4.0E)"
192.168.11.104 - - [17/Apr/2025:09:11:27 +0800] "POST /eHR/ess/redirect.php?scriptname=view_flowchart&action=view_flowchart&apply_type=overtime&flow_seqno=1230095 HTTP/1.1" 200 5613
192.168.11.104 - - [17/Apr/2025:09:11:28 +0800] "GET /eHR/img/workflow/end_approve.png HTTP/1.1" 200 2362 "http://192.168.1.83:8088/eHR/ess/redirect.php" "Mozilla/4.0 (compatible; MSIE 7.0; Windows NT 10.0; WOW64; Trident/7.0; .NET4.0C; .NET4.0E)"
192.168.11.104 - - [17/Apr/2025:09:11:28 +0800] "GET /eHR/img/workflow/end_approve.png HTTP/1.1" 200 2362
192.168.11.104 - - [17/Apr/2025:09:11:32 +0800] "GET /eHR/ess/redirect.php?scriptname=ESNA014&appdesc=%E5%8A%A0%E7%8F%AD%E7%94%B3%E8%AB%8B HTTP/1.1" 200 12800 "http://192.168.1.83:8088/eHR/ess/redirect.php" "Mozilla/4.0 (compatible; MSIE 7.0; Windows NT 10.0; WOW64; Trident/7.0; .NET4.0C; .NET4.0E)"
192.168.11.104 - - [17/Apr/2025:09:11:32 +0800] "GET /eHR/ess/redirect.php?scriptname=ESNA014&appdesc=%E5%8A%A0%E7%8F%AD%E7%94%B3%E8%AB%8B HTTP/1.1" 200 12800
192.168.11.104 - - [17/Apr/2025:09:11:33 +0800] "GET /eHR/js/date.js HTTP/1.1" 200 12630 "http://192.168.1.83:8088/eHR/ess/redirect.php?scriptname=ESNA014&appdesc=%E5%8A%A0%E7%8F%AD%E7%94%B3%E8%AB%8B" "Mozilla/4.0 (compatible; MSIE 7.0; Windows NT 10.0; WOW64; Trident/7.0; .NET4.0C; .NET4.0E)"
192.168.11.104 - - [17/Apr/2025:09:11:33 +0800] "GET /eHR/js/date.js HTTP/1.1" 200 12630
192.168.11.104 - - [17/Apr/2025:09:11:33 +0800] "GET /eHR/js/jquery.maskedinput.min.js HTTP/1.1" 200 3568 "http://192.168.1.83:8088/eHR/ess/redirect.php?scriptname=ESNA014&appdesc=%E5%8A%A0%E7%8F%AD%E7%94%B3%E8%AB%8B" "Mozilla/4.0 (compatible; MSIE 7.0; Windows NT 10.0; WOW64; Trident/7.0; .NET4.0C; .NET4.0E)"
192.168.11.104 - - [17/Apr/2025:09:11:33 +0800] "GET /eHR/js/jquery.maskedinput.min.js HTTP/1.1" 200 3568
192.168.11.104 - - [17/Apr/2025:09:11:33 +0800] "POST /eHR/ess/redirect.php?scriptname=ajax_overtime&do=GetOverTime HTTP/1.1" 200 28 "http://192.168.1.83:8088/eHR/ess/redirect.php?scriptname=ESNA014&appdesc=%E5%8A%A0%E7%8F%AD%E7%94%B3%E8%AB%8B" "Mozilla/4.0 (compatible; MSIE 7.0; Windows NT 10.0; WOW64; Trident/7.0; .NET4.0C; .NET4.0E)"
192.168.11.104 - - [17/Apr/2025:09:11:33 +0800] "POST /eHR/ess/redirect.php?scriptname=ajax_overtime&do=GetOverTime HTTP/1.1" 200 28
192.168.11.64 - - [17/Apr/2025:09:11:35 +0800] "GET /eHR/ess/redirect.php?scriptname=ESNE001&appdesc=%E6%89%B9%E9%87%8F%E5%8A%A0%E7%8F%AD%E7%94%B3%E8%AF%B7 HTTP/1.1" 200 15271 "http://192.168.1.83:8088/eHR/ess/redirect.php" "Mozilla/5.0 (Windows NT 6.1; Win64; x64) AppleWebKit/537.36 (KHTML, like Gecko) Chrome/105.0.0.0 Safari/537.36"
192.168.11.64 - - [17/Apr/2025:09:11:35 +0800] "GET /eHR/ess/redirect.php?scriptname=ESNE001&appdesc=%E6%89%B9%E9%87%8F%E5%8A%A0%E7%8F%AD%E7%94%B3%E8%AF%B7 HTTP/1.1" 200 15271
192.168.11.104 - - [17/Apr/2025:09:11:38 +0800] "POST /eHR/ess/redirect.php?scriptname=ajax_overtime&do=GetOverTime HTTP/1.1" 200 28 "http://192.168.1.83:8088/eHR/ess/redirect.php?scriptname=ESNA014&appdesc=%E5%8A%A0%E7%8F%AD%E7%94%B3%E8%AB%8B" "Mozilla/4.0 (compatible; MSIE 7.0; Windows NT 10.0; WOW64; Trident/7.0; .NET4.0C; .NET4.0E)"
192.168.11.104 - - [17/Apr/2025:09:11:38 +0800] "POST /eHR/ess/redirect.php?scriptname=ajax_overtime&do=GetOverTime HTTP/1.1" 200 28
192.168.11.104 - - [17/Apr/2025:09:11:40 +0800] "POST /eHR/ess/redirect.php?scriptname=ajax_overtime&do=GetOverTime HTTP/1.1" 200 28 "http://192.168.1.83:8088/eHR/ess/redirect.php?scriptname=ESNA014&appdesc=%E5%8A%A0%E7%8F%AD%E7%94%B3%E8%AB%8B" "Mozilla/4.0 (compatible; MSIE 7.0; Windows NT 10.0; WOW64; Trident/7.0; .NET4.0C; .NET4.0E)"
192.168.11.104 - - [17/Apr/2025:09:11:40 +0800] "POST /eHR/ess/redirect.php?scriptname=ajax_overtime&do=GetOverTime HTTP/1.1" 200 28
192.168.11.104 - - [17/Apr/2025:09:11:41 +0800] "POST /eHR/ess/redirect.php?scriptname=ESNA014&appdesc=%E5%8A%A0%E7%8F%AD%E7%94%B3%E8%AB%8B HTTP/1.1" 302 - "http://192.168.1.83:8088/eHR/ess/redirect.php?scriptname=ESNA014&appdesc=%E5%8A%A0%E7%8F%AD%E7%94%B3%E8%AB%8B" "Mozilla/4.0 (compatible; MSIE 7.0; Windows NT 10.0; WOW64; Trident/7.0; .NET4.0C; .NET4.0E)"
192.168.11.104 - - [17/Apr/2025:09:11:41 +0800] "POST /eHR/ess/redirect.php?scriptname=ESNA014&appdesc=%E5%8A%A0%E7%8F%AD%E7%94%B3%E8%AB%8B HTTP/1.1" 302 -
192.168.11.104 - - [17/Apr/2025:09:11:42 +0800] "GET /eHR/ess/redirect.php?scriptname=page_success&msgtxt=%E5%8A%A0%E7%8F%AD%E7%94%B3%E8%AB%8B%E6%8F%90%E4%BA%A4%E6%88%90%E5%8A%9F%2C%E8%AB%8B%E7%AD%89%E5%BE%85%E4%B8%BB%E7%AE%A1%E7%B0%BD%E6%A0%B8.&target=iframe HTTP/1.1" 200 3112 "http://192.168.1.83:8088/eHR/ess/redirect.php?scriptname=ESNA014&appdesc=%E5%8A%A0%E7%8F%AD%E7%94%B3%E8%AB%8B" "Mozilla/4.0 (compatible; MSIE 7.0; Windows NT 10.0; WOW64; Trident/7.0; .NET4.0C; .NET4.0E)"
192.168.11.104 - - [17/Apr/2025:09:11:42 +0800] "GET /eHR/ess/redirect.php?scriptname=page_success&msgtxt=%E5%8A%A0%E7%8F%AD%E7%94%B3%E8%AB%8B%E6%8F%90%E4%BA%A4%E6%88%90%E5%8A%9F%2C%E8%AB%8B%E7%AD%89%E5%BE%85%E4%B8%BB%E7%AE%A1%E7%B0%BD%E6%A0%B8.&target=iframe HTTP/1.1" 200 3112
192.168.11.104 - - [17/Apr/2025:09:11:43 +0800] "GET /eHR/img/success.png HTTP/1.1" 200 1084 "http://192.168.1.83:8088/eHR/ess/redirect.php?scriptname=page_success&msgtxt=%E5%8A%A0%E7%8F%AD%E7%94%B3%E8%AB%8B%E6%8F%90%E4%BA%A4%E6%88%90%E5%8A%9F%2C%E8%AB%8B%E7%AD%89%E5%BE%85%E4%B8%BB%E7%AE%A1%E7%B0%BD%E6%A0%B8.&target=iframe" "Mozilla/4.0 (compatible; MSIE 7.0; Windows NT 10.0; WOW64; Trident/7.0; .NET4.0C; .NET4.0E)"
192.168.11.104 - - [17/Apr/2025:09:11:43 +0800] "GET /eHR/img/success.png HTTP/1.1" 200 1084
192.168.11.104 - - [17/Apr/2025:09:11:44 +0800] "GET /eHR/ess/redirect.php?scriptname=ESNA014&appdesc=%E5%8A%A0%E7%8F%AD%E7%94%B3%E8%AB%8B HTTP/1.1" 200 12800 "http://192.168.1.83:8088/eHR/ess/redirect.php" "Mozilla/4.0 (compatible; MSIE 7.0; Windows NT 10.0; WOW64; Trident/7.0; .NET4.0C; .NET4.0E)"
192.168.11.104 - - [17/Apr/2025:09:11:44 +0800] "GET /eHR/ess/redirect.php?scriptname=ESNA014&appdesc=%E5%8A%A0%E7%8F%AD%E7%94%B3%E8%AB%8B HTTP/1.1" 200 12800
192.168.11.64 - - [17/Apr/2025:09:11:45 +0800] "GET /eHR/ess/redirect.php?scriptname=user_excel_upload&used_program=emp_import&openW=Y&rand=0.07298323752305835 HTTP/1.1" 200 5264 "http://192.168.1.83:8088/eHR/ess/redirect.php?scriptname=ESNE001&appdesc=%E6%89%B9%E9%87%8F%E5%8A%A0%E7%8F%AD%E7%94%B3%E8%AF%B7" "Mozilla/5.0 (Windows NT 6.1; Win64; x64) AppleWebKit/537.36 (KHTML, like Gecko) Chrome/105.0.0.0 Safari/537.36"
192.168.11.64 - - [17/Apr/2025:09:11:45 +0800] "GET /eHR/ess/redirect.php?scriptname=user_excel_upload&used_program=emp_import&openW=Y&rand=0.07298323752305835 HTTP/1.1" 200 5264
192.168.11.104 - - [17/Apr/2025:09:11:45 +0800] "POST /eHR/ess/redirect.php?scriptname=ajax_overtime&do=GetOverTime HTTP/1.1" 200 28 "http://192.168.1.83:8088/eHR/ess/redirect.php?scriptname=ESNA014&appdesc=%E5%8A%A0%E7%8F%AD%E7%94%B3%E8%AB%8B" "Mozilla/4.0 (compatible; MSIE 7.0; Windows NT 10.0; WOW64; Trident/7.0; .NET4.0C; .NET4.0E)"
192.168.11.104 - - [17/Apr/2025:09:11:45 +0800] "POST /eHR/ess/redirect.php?scriptname=ajax_overtime&do=GetOverTime HTTP/1.1" 200 28
192.168.11.104 - - [17/Apr/2025:09:11:46 +0800] "GET /eHR/css/jqueryui/themes/redmond/images/ui-bg_flat_55_fbec88_40x100.png HTTP/1.1" 200 182 "http://192.168.1.83:8088/eHR/ess/redirect.php?scriptname=ESNA014&appdesc=%E5%8A%A0%E7%8F%AD%E7%94%B3%E8%AB%8B" "Mozilla/4.0 (compatible; MSIE 7.0; Windows NT 10.0; WOW64; Trident/7.0; .NET4.0C; .NET4.0E)"
192.168.11.104 - - [17/Apr/2025:09:11:46 +0800] "GET /eHR/css/jqueryui/themes/redmond/images/ui-bg_flat_55_fbec88_40x100.png HTTP/1.1" 200 182
192.168.11.104 - - [17/Apr/2025:09:11:47 +0800] "POST /eHR/ess/redirect.php?scriptname=ajax_overtime&do=GetOverTime HTTP/1.1" 200 28 "http://192.168.1.83:8088/eHR/ess/redirect.php?scriptname=ESNA014&appdesc=%E5%8A%A0%E7%8F%AD%E7%94%B3%E8%AB%8B" "Mozilla/4.0 (compatible; MSIE 7.0; Windows NT 10.0; WOW64; Trident/7.0; .NET4.0C; .NET4.0E)"
192.168.11.104 - - [17/Apr/2025:09:11:47 +0800] "POST /eHR/ess/redirect.php?scriptname=ajax_overtime&do=GetOverTime HTTP/1.1" 200 28
192.168.11.104 - - [17/Apr/2025:09:11:50 +0800] "POST /eHR/ess/redirect.php?scriptname=ajax_overtime&do=GetOverTime HTTP/1.1" 200 28 "http://192.168.1.83:8088/eHR/ess/redirect.php?scriptname=ESNA014&appdesc=%E5%8A%A0%E7%8F%AD%E7%94%B3%E8%AB%8B" "Mozilla/4.0 (compatible; MSIE 7.0; Windows NT 10.0; WOW64; Trident/7.0; .NET4.0C; .NET4.0E)"
192.168.11.104 - - [17/Apr/2025:09:11:50 +0800] "POST /eHR/ess/redirect.php?scriptname=ajax_overtime&do=GetOverTime HTTP/1.1" 200 28
192.168.11.64 - - [17/Apr/2025:09:11:50 +0800] "POST /eHR/ess/redirect.php?scriptname=user_excel_upload&used_program=emp_import&openW=Y&rand=0.07298323752305835 HTTP/1.1" 302 - "http://192.168.1.83:8088/eHR/ess/redirect.php?scriptname=user_excel_upload&used_program=emp_import&openW=Y&rand=0.07298323752305835" "Mozilla/5.0 (Windows NT 6.1; Win64; x64) AppleWebKit/537.36 (KHTML, like Gecko) Chrome/105.0.0.0 Safari/537.36"
192.168.11.64 - - [17/Apr/2025:09:11:50 +0800] "POST /eHR/ess/redirect.php?scriptname=user_excel_upload&used_program=emp_import&openW=Y&rand=0.07298323752305835 HTTP/1.1" 302 -
192.168.11.64 - - [17/Apr/2025:09:11:51 +0800] "GET /eHR/ess/redirect.php?scriptname=emp_import&id=3 HTTP/1.1" 200 10408 "http://192.168.1.83:8088/eHR/ess/redirect.php?scriptname=user_excel_upload&used_program=emp_import&openW=Y&rand=0.07298323752305835" "Mozilla/5.0 (Windows NT 6.1; Win64; x64) AppleWebKit/537.36 (KHTML, like Gecko) Chrome/105.0.0.0 Safari/537.36"
192.168.11.64 - - [17/Apr/2025:09:11:51 +0800] "GET /eHR/ess/redirect.php?scriptname=emp_import&id=3 HTTP/1.1" 200 10408
192.168.11.104 - - [17/Apr/2025:09:11:51 +0800] "POST /eHR/ess/redirect.php?scriptname=ajax_overtime&do=GetOverTime HTTP/1.1" 200 28 "http://192.168.1.83:8088/eHR/ess/redirect.php?scriptname=ESNA014&appdesc=%E5%8A%A0%E7%8F%AD%E7%94%B3%E8%AB%8B" "Mozilla/4.0 (compatible; MSIE 7.0; Windows NT 10.0; WOW64; Trident/7.0; .NET4.0C; .NET4.0E)"
192.168.11.104 - - [17/Apr/2025:09:11:51 +0800] "POST /eHR/ess/redirect.php?scriptname=ajax_overtime&do=GetOverTime HTTP/1.1" 200 28
192.168.11.104 - - [17/Apr/2025:09:11:52 +0800] "POST /eHR/ess/redirect.php?scriptname=ESNA014&appdesc=%E5%8A%A0%E7%8F%AD%E7%94%B3%E8%AB%8B HTTP/1.1" 302 - "http://192.168.1.83:8088/eHR/ess/redirect.php?scriptname=ESNA014&appdesc=%E5%8A%A0%E7%8F%AD%E7%94%B3%E8%AB%8B" "Mozilla/4.0 (compatible; MSIE 7.0; Windows NT 10.0; WOW64; Trident/7.0; .NET4.0C; .NET4.0E)"
192.168.11.104 - - [17/Apr/2025:09:11:52 +0800] "POST /eHR/ess/redirect.php?scriptname=ESNA014&appdesc=%E5%8A%A0%E7%8F%AD%E7%94%B3%E8%AB%8B HTTP/1.1" 302 -
192.168.11.104 - - [17/Apr/2025:09:11:53 +0800] "GET /eHR/ess/redirect.php?scriptname=page_success&msgtxt=%E5%8A%A0%E7%8F%AD%E7%94%B3%E8%AB%8B%E6%8F%90%E4%BA%A4%E6%88%90%E5%8A%9F%2C%E8%AB%8B%E7%AD%89%E5%BE%85%E4%B8%BB%E7%AE%A1%E7%B0%BD%E6%A0%B8.&target=iframe HTTP/1.1" 200 3112 "http://192.168.1.83:8088/eHR/ess/redirect.php?scriptname=ESNA014&appdesc=%E5%8A%A0%E7%8F%AD%E7%94%B3%E8%AB%8B" "Mozilla/4.0 (compatible; MSIE 7.0; Windows NT 10.0; WOW64; Trident/7.0; .NET4.0C; .NET4.0E)"
192.168.11.104 - - [17/Apr/2025:09:11:53 +0800] "GET /eHR/ess/redirect.php?scriptname=page_success&msgtxt=%E5%8A%A0%E7%8F%AD%E7%94%B3%E8%AB%8B%E6%8F%90%E4%BA%A4%E6%88%90%E5%8A%9F%2C%E8%AB%8B%E7%AD%89%E5%BE%85%E4%B8%BB%E7%AE%A1%E7%B0%BD%E6%A0%B8.&target=iframe HTTP/1.1" 200 3112
192.168.11.64 - - [17/Apr/2025:09:11:55 +0800] "POST /eHR/ess/redirect.php?scriptname=ESNE001&appdesc=%E6%89%B9%E9%87%8F%E5%8A%A0%E7%8F%AD%E7%94%B3%E8%AF%B7 HTTP/1.1" 302 - "http://192.168.1.83:8088/eHR/ess/redirect.php?scriptname=ESNE001&appdesc=%E6%89%B9%E9%87%8F%E5%8A%A0%E7%8F%AD%E7%94%B3%E8%AF%B7" "Mozilla/5.0 (Windows NT 6.1; Win64; x64) AppleWebKit/537.36 (KHTML, like Gecko) Chrome/105.0.0.0 Safari/537.36"
192.168.11.64 - - [17/Apr/2025:09:11:55 +0800] "POST /eHR/ess/redirect.php?scriptname=ESNE001&appdesc=%E6%89%B9%E9%87%8F%E5%8A%A0%E7%8F%AD%E7%94%B3%E8%AF%B7 HTTP/1.1" 302 -
192.168.11.64 - - [17/Apr/2025:09:11:56 +0800] "GET /eHR/ess/redirect.php?scriptname=page_success&msgtxt=%E6%82%A8%E7%9A%84%E5%8A%A0%E7%8F%AD%E7%94%B3%E8%AB%8B%E5%B7%B2%E6%88%90%E5%8A%9F%E6%8F%90%E4%BA%A4%E5%BE%8C%E5%8F%B0%E8%99%95%E7%90%86.%3Cbr%3E%E6%82%A8%E5%8F%AF%E4%BB%A5%E5%9C%A8%3Ca+href%3D%22..%2Fess%2Fredirect.php%3Fscriptname%3DESNE023%26requestno%3D128548%22%3E%E9%80%99%E8%A3%A1%3C%2Fa%3E%E6%9F%A5%E7%9C%8B%E7%94%B3%E8%AB%8B%E8%99%95%E7%90%86%E7%B5%90%E6%9E%9C.%3Cbr%3E%E6%89%B9%E6%AC%A1%E8%99%9F%E7%82%BA%3A128548&target=iframe HTTP/1.1" 200 3251 "http://192.168.1.83:8088/eHR/ess/redirect.php?scriptname=ESNE001&appdesc=%E6%89%B9%E9%87%8F%E5%8A%A0%E7%8F%AD%E7%94%B3%E8%AF%B7" "Mozilla/5.0 (Windows NT 6.1; Win64; x64) AppleWebKit/537.36 (KHTML, like Gecko) Chrome/105.0.0.0 Safari/537.36"
192.168.11.64 - - [17/Apr/2025:09:11:56 +0800] "GET /eHR/ess/redirect.php?scriptname=page_success&msgtxt=%E6%82%A8%E7%9A%84%E5%8A%A0%E7%8F%AD%E7%94%B3%E8%AB%8B%E5%B7%B2%E6%88%90%E5%8A%9F%E6%8F%90%E4%BA%A4%E5%BE%8C%E5%8F%B0%E8%99%95%E7%90%86.%3Cbr%3E%E6%82%A8%E5%8F%AF%E4%BB%A5%E5%9C%A8%3Ca+href%3D%22..%2Fess%2Fredirect.php%3Fscriptname%3DESNE023%26requestno%3D128548%22%3E%E9%80%99%E8%A3%A1%3C%2Fa%3E%E6%9F%A5%E7%9C%8B%E7%94%B3%E8%AB%8B%E8%99%95%E7%90%86%E7%B5%90%E6%9E%9C.%3Cbr%3E%E6%89%B9%E6%AC%A1%E8%99%9F%E7%82%BA%3A128548&target=iframe HTTP/1.1" 200 3251
192.168.11.64 - - [17/Apr/2025:09:12:02 +0800] "GET /eHR/ess/redirect.php?scriptname=ESNE023&requestno=128548 HTTP/1.1" 200 5531 "http://192.168.1.83:8088/eHR/ess/redirect.php?scriptname=page_success&msgtxt=%E6%82%A8%E7%9A%84%E5%8A%A0%E7%8F%AD%E7%94%B3%E8%AB%8B%E5%B7%B2%E6%88%90%E5%8A%9F%E6%8F%90%E4%BA%A4%E5%BE%8C%E5%8F%B0%E8%99%95%E7%90%86.%3Cbr%3E%E6%82%A8%E5%8F%AF%E4%BB%A5%E5%9C%A8%3Ca+href%3D%22..%2Fess%2Fredirect.php%3Fscriptname%3DESNE023%26requestno%3D128548%22%3E%E9%80%99%E8%A3%A1%3C%2Fa%3E%E6%9F%A5%E7%9C%8B%E7%94%B3%E8%AB%8B%E8%99%95%E7%90%86%E7%B5%90%E6%9E%9C.%3Cbr%3E%E6%89%B9%E6%AC%A1%E8%99%9F%E7%82%BA%3A128548&target=iframe" "Mozilla/5.0 (Windows NT 6.1; Win64; x64) AppleWebKit/537.36 (KHTML, like Gecko) Chrome/105.0.0.0 Safari/537.36"
192.168.11.64 - - [17/Apr/2025:09:12:02 +0800] "GET /eHR/ess/redirect.php?scriptname=ESNE023&requestno=128548 HTTP/1.1" 200 5531
192.168.11.64 - - [17/Apr/2025:09:12:04 +0800] "GET /eHR/ess/redirect.php?scriptname=ESNE022&requestno=128548&appdesc=%E5%8A%A0%E7%8F%AD%E6%B1%87%E5%85%A5%E6%98%8E%E7%BB%86 HTTP/1.1" 200 12044 "http://192.168.1.83:8088/eHR/ess/redirect.php?scriptname=ESNE023&requestno=128548" "Mozilla/5.0 (Windows NT 6.1; Win64; x64) AppleWebKit/537.36 (KHTML, like Gecko) Chrome/105.0.0.0 Safari/537.36"
192.168.11.64 - - [17/Apr/2025:09:12:04 +0800] "GET /eHR/ess/redirect.php?scriptname=ESNE022&requestno=128548&appdesc=%E5%8A%A0%E7%8F%AD%E6%B1%87%E5%85%A5%E6%98%8E%E7%BB%86 HTTP/1.1" 200 12044
192.168.11.68 - - [17/Apr/2025:09:12:16 +0800] "GET /eHR/ess/redirect.php?scriptname=ESNE002&appdesc=%E6%89%B9%E9%87%8F%E8%AF%B7%E5%81%87%E7%94%B3%E8%AF%B7 HTTP/1.1" 200 22190 "http://192.168.1.83:8088/eHR/ess/redirect.php" "Mozilla/5.0 (Windows NT 10.0; Win64; x64; rv:137.0) Gecko/20100101 Firefox/137.0"
192.168.11.68 - - [17/Apr/2025:09:12:16 +0800] "GET /eHR/ess/redirect.php?scriptname=ESNE002&appdesc=%E6%89%B9%E9%87%8F%E8%AF%B7%E5%81%87%E7%94%B3%E8%AF%B7 HTTP/1.1" 200 22190
192.168.11.64 - - [17/Apr/2025:09:12:22 +0800] "GET /eHR/ess/redirect.php?scriptname=ESNE001&appdesc=%E6%89%B9%E9%87%8F%E5%8A%A0%E7%8F%AD%E7%94%B3%E8%AF%B7 HTTP/1.1" 200 15271 "http://192.168.1.83:8088/eHR/ess/redirect.php" "Mozilla/5.0 (Windows NT 6.1; Win64; x64) AppleWebKit/537.36 (KHTML, like Gecko) Chrome/105.0.0.0 Safari/537.36"
192.168.11.64 - - [17/Apr/2025:09:12:22 +0800] "GET /eHR/ess/redirect.php?scriptname=ESNE001&appdesc=%E6%89%B9%E9%87%8F%E5%8A%A0%E7%8F%AD%E7%94%B3%E8%AF%B7 HTTP/1.1" 200 15271
192.168.11.64 - - [17/Apr/2025:09:12:32 +0800] "GET /eHR/ess/redirect.php?scriptname=emp_lov&openW=Y&rand=0.6376191721738964 HTTP/1.1" 200 13560 "http://192.168.1.83:8088/eHR/ess/redirect.php?scriptname=ESNE001&appdesc=%E6%89%B9%E9%87%8F%E5%8A%A0%E7%8F%AD%E7%94%B3%E8%AF%B7" "Mozilla/5.0 (Windows NT 6.1; Win64; x64) AppleWebKit/537.36 (KHTML, like Gecko) Chrome/105.0.0.0 Safari/537.36"
192.168.11.64 - - [17/Apr/2025:09:12:32 +0800] "GET /eHR/ess/redirect.php?scriptname=emp_lov&openW=Y&rand=0.6376191721738964 HTTP/1.1" 200 13560
192.168.11.104 - - [17/Apr/2025:09:12:35 +0800] "GET /eHR/ess/redirect.php?scriptname=ESNA014&appdesc=%E5%8A%A0%E7%8F%AD%E7%94%B3%E8%AB%8B HTTP/1.1" 200 12800 "http://192.168.1.83:8088/eHR/ess/redirect.php" "Mozilla/4.0 (compatible; MSIE 7.0; Windows NT 10.0; WOW64; Trident/7.0; .NET4.0C; .NET4.0E)"
192.168.11.104 - - [17/Apr/2025:09:12:35 +0800] "GET /eHR/ess/redirect.php?scriptname=ESNA014&appdesc=%E5%8A%A0%E7%8F%AD%E7%94%B3%E8%AB%8B HTTP/1.1" 200 12800
192.168.11.104 - - [17/Apr/2025:09:12:35 +0800] "POST /eHR/ess/redirect.php?scriptname=ajax_overtime&do=GetOverTime HTTP/1.1" 200 28 "http://192.168.1.83:8088/eHR/ess/redirect.php?scriptname=ESNA014&appdesc=%E5%8A%A0%E7%8F%AD%E7%94%B3%E8%AB%8B" "Mozilla/4.0 (compatible; MSIE 7.0; Windows NT 10.0; WOW64; Trident/7.0; .NET4.0C; .NET4.0E)"
192.168.11.104 - - [17/Apr/2025:09:12:35 +0800] "POST /eHR/ess/redirect.php?scriptname=ajax_overtime&do=GetOverTime HTTP/1.1" 200 28
192.168.11.104 - - [17/Apr/2025:09:12:36 +0800] "GET /eHR/ess/redirect.php?scriptname=ESNA015&appdesc=%E5%8A%A0%E7%8F%AD%E7%94%B3%E8%AB%8B%E6%9F%A5%E8%A9%A2 HTTP/1.1" 200 6457 "http://192.168.1.83:8088/eHR/ess/redirect.php" "Mozilla/4.0 (compatible; MSIE 7.0; Windows NT 10.0; WOW64; Trident/7.0; .NET4.0C; .NET4.0E)"
192.168.11.104 - - [17/Apr/2025:09:12:36 +0800] "GET /eHR/ess/redirect.php?scriptname=ESNA015&appdesc=%E5%8A%A0%E7%8F%AD%E7%94%B3%E8%AB%8B%E6%9F%A5%E8%A9%A2 HTTP/1.1" 200 6457
192.168.11.64 - - [17/Apr/2025:09:12:39 +0800] "POST /eHR/ess/redirect.php?scriptname=emp_lov&openW=Y&rand=0.6376191721738964 HTTP/1.1" 200 15742 "http://192.168.1.83:8088/eHR/ess/redirect.php?scriptname=emp_lov&openW=Y&rand=0.6376191721738964" "Mozilla/5.0 (Windows NT 6.1; Win64; x64) AppleWebKit/537.36 (KHTML, like Gecko) Chrome/105.0.0.0 Safari/537.36"
192.168.11.64 - - [17/Apr/2025:09:12:39 +0800] "POST /eHR/ess/redirect.php?scriptname=emp_lov&openW=Y&rand=0.6376191721738964 HTTP/1.1" 200 15742
192.168.11.104 - - [17/Apr/2025:09:12:39 +0800] "GET /eHR/ess/redirect.php?scriptname=ESNF000&appdesc=%E6%B5%81%E7%A8%8B%E7%AE%A1%E7%90%86 HTTP/1.1" 200 42981 "http://192.168.1.83:8088/eHR/ess/redirect.php" "Mozilla/4.0 (compatible; MSIE 7.0; Windows NT 10.0; WOW64; Trident/7.0; .NET4.0C; .NET4.0E)"
192.168.11.104 - - [17/Apr/2025:09:12:39 +0800] "GET /eHR/ess/redirect.php?scriptname=ESNF000&appdesc=%E6%B5%81%E7%A8%8B%E7%AE%A1%E7%90%86 HTTP/1.1" 200 42981
100.64.0.1 - - [17/Apr/2025:09:12:42 +0800] "POST /ws/v1/cluster/apps/new-application HTTP/1.1" 404 232 "-" "python-requests/2.22.0"
100.64.0.1 - - [17/Apr/2025:09:12:42 +0800] "POST /ws/v1/cluster/apps/new-application HTTP/1.1" 404 232
192.168.11.104 - - [17/Apr/2025:09:12:44 +0800] "GET /eHR/ess/redirect.php?scriptname=assistant_leave_apply_search&dept_seqno=4296&flowstatus=01&whoami=admin HTTP/1.1" 200 59688 "http://192.168.1.83:8088/eHR/ess/redirect.php?scriptname=ESNF000&appdesc=%E6%B5%81%E7%A8%8B%E7%AE%A1%E7%90%86" "Mozilla/4.0 (compatible; MSIE 7.0; Windows NT 10.0; WOW64; Trident/7.0; .NET4.0C; .NET4.0E)"
192.168.11.104 - - [17/Apr/2025:09:12:44 +0800] "GET /eHR/ess/redirect.php?scriptname=assistant_leave_apply_search&dept_seqno=4296&flowstatus=01&whoami=admin HTTP/1.1" 200 59688
192.168.11.104 - - [17/Apr/2025:09:12:46 +0800] "GET /eHR/img/cancel.png HTTP/1.1" 200 1230 "http://192.168.1.83:8088/eHR/ess/redirect.php?scriptname=assistant_leave_apply_search&dept_seqno=4296&flowstatus=01&whoami=admin" "Mozilla/4.0 (compatible; MSIE 7.0; Windows NT 10.0; WOW64; Trident/7.0; .NET4.0C; .NET4.0E)"
192.168.11.104 - - [17/Apr/2025:09:12:46 +0800] "GET /eHR/img/cancel.png HTTP/1.1" 200 1230
192.168.11.68 - - [17/Apr/2025:09:12:57 +0800] "GET /eHR/ess/redirect.php?scriptname=emp_lov&openW=Y&rand=0.34285816372656597 HTTP/1.1" 200 8988 "http://192.168.1.83:8088/eHR/ess/redirect.php?scriptname=ESNE002&appdesc=%E6%89%B9%E9%87%8F%E8%AF%B7%E5%81%87%E7%94%B3%E8%AF%B7" "Mozilla/5.0 (Windows NT 10.0; Win64; x64; rv:137.0) Gecko/20100101 Firefox/137.0"
192.168.11.68 - - [17/Apr/2025:09:12:57 +0800] "GET /eHR/ess/redirect.php?scriptname=emp_lov&openW=Y&rand=0.34285816372656597 HTTP/1.1" 200 8988
192.168.11.68 - - [17/Apr/2025:09:12:59 +0800] "POST /eHR/ess/redirect.php?scriptname=emp_lov&openW=Y&rand=0.34285816372656597 HTTP/1.1" 200 26834 "http://192.168.1.83:8088/eHR/ess/redirect.php?scriptname=emp_lov&openW=Y&rand=0.34285816372656597" "Mozilla/5.0 (Windows NT 10.0; Win64; x64; rv:137.0) Gecko/20100101 Firefox/137.0"
192.168.11.68 - - [17/Apr/2025:09:12:59 +0800] "POST /eHR/ess/redirect.php?scriptname=emp_lov&openW=Y&rand=0.34285816372656597 HTTP/1.1" 200 26834
192.168.11.68 - - [17/Apr/2025:09:13:13 +0800] "POST /eHR/ess/redirect.php?scriptname=ESNE002&appdesc=%E6%89%B9%E9%87%8F%E8%AF%B7%E5%81%87%E7%94%B3%E8%AF%B7 HTTP/1.1" 200 4241 "http://192.168.1.83:8088/eHR/ess/redirect.php?scriptname=ESNE002&appdesc=%E6%89%B9%E9%87%8F%E8%AF%B7%E5%81%87%E7%94%B3%E8%AF%B7" "Mozilla/5.0 (Windows NT 10.0; Win64; x64; rv:137.0) Gecko/20100101 Firefox/137.0"
192.168.11.68 - - [17/Apr/2025:09:13:13 +0800] "POST /eHR/ess/redirect.php?scriptname=ESNE002&appdesc=%E6%89%B9%E9%87%8F%E8%AF%B7%E5%81%87%E7%94%B3%E8%AF%B7 HTTP/1.1" 200 4241
192.168.11.68 - - [17/Apr/2025:09:13:26 +0800] "GET /eHR/ess/redirect.php?scriptname=ESNE002&appdesc=%E6%89%B9%E9%87%8F%E8%AF%B7%E5%81%87%E7%94%B3%E8%AF%B7 HTTP/1.1" 200 22190 "http://192.168.1.83:8088/eHR/ess/redirect.php" "Mozilla/5.0 (Windows NT 10.0; Win64; x64; rv:137.0) Gecko/20100101 Firefox/137.0"
192.168.11.68 - - [17/Apr/2025:09:13:26 +0800] "GET /eHR/ess/redirect.php?scriptname=ESNE002&appdesc=%E6%89%B9%E9%87%8F%E8%AF%B7%E5%81%87%E7%94%B3%E8%AF%B7 HTTP/1.1" 200 22190
192.168.11.64 - - [17/Apr/2025:09:13:36 +0800] "POST /eHR/ess/redirect.php?scriptname=ESNE001&appdesc=%E6%89%B9%E9%87%8F%E5%8A%A0%E7%8F%AD%E7%94%B3%E8%AF%B7 HTTP/1.1" 200 4069 "http://192.168.1.83:8088/eHR/ess/redirect.php?scriptname=ESNE001&appdesc=%E6%89%B9%E9%87%8F%E5%8A%A0%E7%8F%AD%E7%94%B3%E8%AF%B7" "Mozilla/5.0 (Windows NT 6.1; Win64; x64) AppleWebKit/537.36 (KHTML, like Gecko) Chrome/105.0.0.0 Safari/537.36"
192.168.11.64 - - [17/Apr/2025:09:13:36 +0800] "POST /eHR/ess/redirect.php?scriptname=ESNE001&appdesc=%E6%89%B9%E9%87%8F%E5%8A%A0%E7%8F%AD%E7%94%B3%E8%AF%B7 HTTP/1.1" 200 4069
192.168.11.64 - - [17/Apr/2025:09:13:39 +0800] "GET /eHR/ess/redirect.php?scriptname=ESNE001&appdesc=%E6%89%B9%E9%87%8F%E5%8A%A0%E7%8F%AD%E7%94%B3%E8%AF%B7 HTTP/1.1" 200 15271 "http://192.168.1.83:8088/eHR/ess/redirect.php" "Mozilla/5.0 (Windows NT 6.1; Win64; x64) AppleWebKit/537.36 (KHTML, like Gecko) Chrome/105.0.0.0 Safari/537.36"
192.168.11.64 - - [17/Apr/2025:09:13:39 +0800] "GET /eHR/ess/redirect.php?scriptname=ESNE001&appdesc=%E6%89%B9%E9%87%8F%E5%8A%A0%E7%8F%AD%E7%94%B3%E8%AF%B7 HTTP/1.1" 200 15271
192.168.11.64 - - [17/Apr/2025:09:13:41 +0800] "GET /eHR/ess/redirect.php?scriptname=ESNE001&appdesc=%E6%89%B9%E9%87%8F%E5%8A%A0%E7%8F%AD%E7%94%B3%E8%AF%B7 HTTP/1.1" 200 15271 "http://192.168.1.83:8088/eHR/ess/redirect.php" "Mozilla/5.0 (Windows NT 6.1; Win64; x64) AppleWebKit/537.36 (KHTML, like Gecko) Chrome/105.0.0.0 Safari/537.36"
192.168.11.64 - - [17/Apr/2025:09:13:41 +0800] "GET /eHR/ess/redirect.php?scriptname=ESNE001&appdesc=%E6%89%B9%E9%87%8F%E5%8A%A0%E7%8F%AD%E7%94%B3%E8%AF%B7 HTTP/1.1" 200 15271
192.168.11.68 - - [17/Apr/2025:09:13:46 +0800] "GET /eHR/ess/redirect.php?scriptname=emp_lov&openW=Y&rand=0.28701104694245294 HTTP/1.1" 200 8988 "http://192.168.1.83:8088/eHR/ess/redirect.php?scriptname=ESNE002&appdesc=%E6%89%B9%E9%87%8F%E8%AF%B7%E5%81%87%E7%94%B3%E8%AF%B7" "Mozilla/5.0 (Windows NT 10.0; Win64; x64; rv:137.0) Gecko/20100101 Firefox/137.0"
192.168.11.68 - - [17/Apr/2025:09:13:46 +0800] "GET /eHR/ess/redirect.php?scriptname=emp_lov&openW=Y&rand=0.28701104694245294 HTTP/1.1" 200 8988
192.168.11.64 - - [17/Apr/2025:09:13:50 +0800] "GET /eHR/ess/redirect.php?scriptname=emp_lov&openW=Y&rand=0.6567321422904504 HTTP/1.1" 200 13560 "http://192.168.1.83:8088/eHR/ess/redirect.php?scriptname=ESNE001&appdesc=%E6%89%B9%E9%87%8F%E5%8A%A0%E7%8F%AD%E7%94%B3%E8%AF%B7" "Mozilla/5.0 (Windows NT 6.1; Win64; x64) AppleWebKit/537.36 (KHTML, like Gecko) Chrome/105.0.0.0 Safari/537.36"
192.168.11.64 - - [17/Apr/2025:09:13:50 +0800] "GET /eHR/ess/redirect.php?scriptname=emp_lov&openW=Y&rand=0.6567321422904504 HTTP/1.1" 200 13560
192.168.11.68 - - [17/Apr/2025:09:13:47 +0800] "POST /eHR/ess/redirect.php?scriptname=emp_lov&openW=Y&rand=0.28701104694245294 HTTP/1.1" 200 26834 "http://192.168.1.83:8088/eHR/ess/redirect.php?scriptname=emp_lov&openW=Y&rand=0.28701104694245294" "Mozilla/5.0 (Windows NT 10.0; Win64; x64; rv:137.0) Gecko/20100101 Firefox/137.0"
192.168.11.68 - - [17/Apr/2025:09:13:47 +0800] "POST /eHR/ess/redirect.php?scriptname=emp_lov&openW=Y&rand=0.28701104694245294 HTTP/1.1" 200 26834
192.168.11.64 - - [17/Apr/2025:09:13:55 +0800] "POST /eHR/ess/redirect.php?scriptname=emp_lov&openW=Y&rand=0.6567321422904504 HTTP/1.1" 200 15742 "http://192.168.1.83:8088/eHR/ess/redirect.php?scriptname=emp_lov&openW=Y&rand=0.6567321422904504" "Mozilla/5.0 (Windows NT 6.1; Win64; x64) AppleWebKit/537.36 (KHTML, like Gecko) Chrome/105.0.0.0 Safari/537.36"
192.168.11.64 - - [17/Apr/2025:09:13:55 +0800] "POST /eHR/ess/redirect.php?scriptname=emp_lov&openW=Y&rand=0.6567321422904504 HTTP/1.1" 200 15742
192.168.11.68 - - [17/Apr/2025:09:13:58 +0800] "POST /eHR/ess/redirect.php?scriptname=ESNE002&appdesc=%E6%89%B9%E9%87%8F%E8%AF%B7%E5%81%87%E7%94%B3%E8%AF%B7 HTTP/1.1" 200 4202 "http://192.168.1.83:8088/eHR/ess/redirect.php?scriptname=ESNE002&appdesc=%E6%89%B9%E9%87%8F%E8%AF%B7%E5%81%87%E7%94%B3%E8%AF%B7" "Mozilla/5.0 (Windows NT 10.0; Win64; x64; rv:137.0) Gecko/20100101 Firefox/137.0"
192.168.11.68 - - [17/Apr/2025:09:13:58 +0800] "POST /eHR/ess/redirect.php?scriptname=ESNE002&appdesc=%E6%89%B9%E9%87%8F%E8%AF%B7%E5%81%87%E7%94%B3%E8%AF%B7 HTTP/1.1" 200 4202
192.168.11.64 - - [17/Apr/2025:09:14:00 +0800] "POST /eHR/ess/redirect.php?scriptname=ESNE001&appdesc=%E6%89%B9%E9%87%8F%E5%8A%A0%E7%8F%AD%E7%94%B3%E8%AF%B7 HTTP/1.1" 200 4072 "http://192.168.1.83:8088/eHR/ess/redirect.php?scriptname=ESNE001&appdesc=%E6%89%B9%E9%87%8F%E5%8A%A0%E7%8F%AD%E7%94%B3%E8%AF%B7" "Mozilla/5.0 (Windows NT 6.1; Win64; x64) AppleWebKit/537.36 (KHTML, like Gecko) Chrome/105.0.0.0 Safari/537.36"
192.168.11.64 - - [17/Apr/2025:09:14:00 +0800] "POST /eHR/ess/redirect.php?scriptname=ESNE001&appdesc=%E6%89%B9%E9%87%8F%E5%8A%A0%E7%8F%AD%E7%94%B3%E8%AF%B7 HTTP/1.1" 200 4072
192.168.11.64 - - [17/Apr/2025:09:14:01 +0800] "GET /eHR/ess/redirect.php?scriptname=ESNE001&appdesc=%E6%89%B9%E9%87%8F%E5%8A%A0%E7%8F%AD%E7%94%B3%E8%AF%B7 HTTP/1.1" 200 15271 "http://192.168.1.83:8088/eHR/ess/redirect.php" "Mozilla/5.0 (Windows NT 6.1; Win64; x64) AppleWebKit/537.36 (KHTML, like Gecko) Chrome/105.0.0.0 Safari/537.36"
192.168.11.64 - - [17/Apr/2025:09:14:01 +0800] "GET /eHR/ess/redirect.php?scriptname=ESNE001&appdesc=%E6%89%B9%E9%87%8F%E5%8A%A0%E7%8F%AD%E7%94%B3%E8%AF%B7 HTTP/1.1" 200 15271
192.168.11.64 - - [17/Apr/2025:09:14:02 +0800] "GET /eHR/ess/redirect.php?scriptname=ESNE001&appdesc=%E6%89%B9%E9%87%8F%E5%8A%A0%E7%8F%AD%E7%94%B3%E8%AF%B7 HTTP/1.1" 200 15271 "http://192.168.1.83:8088/eHR/ess/redirect.php" "Mozilla/5.0 (Windows NT 6.1; Win64; x64) AppleWebKit/537.36 (KHTML, like Gecko) Chrome/105.0.0.0 Safari/537.36"
192.168.11.64 - - [17/Apr/2025:09:14:02 +0800] "GET /eHR/ess/redirect.php?scriptname=ESNE001&appdesc=%E6%89%B9%E9%87%8F%E5%8A%A0%E7%8F%AD%E7%94%B3%E8%AF%B7 HTTP/1.1" 200 15271
192.168.11.68 - - [17/Apr/2025:09:14:24 +0800] "GET /eHR/ess/redirect.php?scriptname=ESNE002&appdesc=%E6%89%B9%E9%87%8F%E8%AF%B7%E5%81%87%E7%94%B3%E8%AF%B7 HTTP/1.1" 200 22190 "http://192.168.1.83:8088/eHR/ess/redirect.php" "Mozilla/5.0 (Windows NT 10.0; Win64; x64; rv:137.0) Gecko/20100101 Firefox/137.0"
192.168.11.68 - - [17/Apr/2025:09:14:24 +0800] "GET /eHR/ess/redirect.php?scriptname=ESNE002&appdesc=%E6%89%B9%E9%87%8F%E8%AF%B7%E5%81%87%E7%94%B3%E8%AF%B7 HTTP/1.1" 200 22190
192.168.11.68 - - [17/Apr/2025:09:14:56 +0800] "GET /eHR/ess/redirect.php?scriptname=emp_lov&openW=Y&rand=0.48205693387338633 HTTP/1.1" 200 8988 "http://192.168.1.83:8088/eHR/ess/redirect.php?scriptname=ESNE002&appdesc=%E6%89%B9%E9%87%8F%E8%AF%B7%E5%81%87%E7%94%B3%E8%AF%B7" "Mozilla/5.0 (Windows NT 10.0; Win64; x64; rv:137.0) Gecko/20100101 Firefox/137.0"
192.168.11.68 - - [17/Apr/2025:09:14:56 +0800] "GET /eHR/ess/redirect.php?scriptname=emp_lov&openW=Y&rand=0.48205693387338633 HTTP/1.1" 200 8988
192.168.11.68 - - [17/Apr/2025:09:15:01 +0800] "POST /eHR/ess/redirect.php?scriptname=emp_lov&openW=Y&rand=0.48205693387338633 HTTP/1.1" 200 26834 "http://192.168.1.83:8088/eHR/ess/redirect.php?scriptname=emp_lov&openW=Y&rand=0.48205693387338633" "Mozilla/5.0 (Windows NT 10.0; Win64; x64; rv:137.0) Gecko/20100101 Firefox/137.0"
192.168.11.68 - - [17/Apr/2025:09:15:01 +0800] "POST /eHR/ess/redirect.php?scriptname=emp_lov&openW=Y&rand=0.48205693387338633 HTTP/1.1" 200 26834
192.168.11.68 - - [17/Apr/2025:09:15:23 +0800] "POST /eHR/ess/redirect.php?scriptname=ESNE002&appdesc=%E6%89%B9%E9%87%8F%E8%AF%B7%E5%81%87%E7%94%B3%E8%AF%B7 HTTP/1.1" 200 4208 "http://192.168.1.83:8088/eHR/ess/redirect.php?scriptname=ESNE002&appdesc=%E6%89%B9%E9%87%8F%E8%AF%B7%E5%81%87%E7%94%B3%E8%AF%B7" "Mozilla/5.0 (Windows NT 10.0; Win64; x64; rv:137.0) Gecko/20100101 Firefox/137.0"
192.168.11.68 - - [17/Apr/2025:09:15:23 +0800] "POST /eHR/ess/redirect.php?scriptname=ESNE002&appdesc=%E6%89%B9%E9%87%8F%E8%AF%B7%E5%81%87%E7%94%B3%E8%AF%B7 HTTP/1.1" 200 4208
192.168.11.68 - - [17/Apr/2025:09:15:44 +0800] "GET /eHR/ess/redirect.php?scriptname=ESNE002&appdesc=%E6%89%B9%E9%87%8F%E8%AF%B7%E5%81%87%E7%94%B3%E8%AF%B7 HTTP/1.1" 200 22190 "http://192.168.1.83:8088/eHR/ess/redirect.php" "Mozilla/5.0 (Windows NT 10.0; Win64; x64; rv:137.0) Gecko/20100101 Firefox/137.0"
192.168.11.68 - - [17/Apr/2025:09:15:44 +0800] "GET /eHR/ess/redirect.php?scriptname=ESNE002&appdesc=%E6%89%B9%E9%87%8F%E8%AF%B7%E5%81%87%E7%94%B3%E8%AF%B7 HTTP/1.1" 200 22190
192.168.11.68 - - [17/Apr/2025:09:16:37 +0800] "GET /eHR/ess/redirect.php?scriptname=emp_lov&openW=Y&rand=0.8296705519141013 HTTP/1.1" 200 8988 "http://192.168.1.83:8088/eHR/ess/redirect.php?scriptname=ESNE002&appdesc=%E6%89%B9%E9%87%8F%E8%AF%B7%E5%81%87%E7%94%B3%E8%AF%B7" "Mozilla/5.0 (Windows NT 10.0; Win64; x64; rv:137.0) Gecko/20100101 Firefox/137.0"
192.168.11.68 - - [17/Apr/2025:09:16:37 +0800] "GET /eHR/ess/redirect.php?scriptname=emp_lov&openW=Y&rand=0.8296705519141013 HTTP/1.1" 200 8988
192.168.11.68 - - [17/Apr/2025:09:16:39 +0800] "POST /eHR/ess/redirect.php?scriptname=emp_lov&openW=Y&rand=0.8296705519141013 HTTP/1.1" 200 26834 "http://192.168.1.83:8088/eHR/ess/redirect.php?scriptname=emp_lov&openW=Y&rand=0.8296705519141013" "Mozilla/5.0 (Windows NT 10.0; Win64; x64; rv:137.0) Gecko/20100101 Firefox/137.0"
192.168.11.68 - - [17/Apr/2025:09:16:39 +0800] "POST /eHR/ess/redirect.php?scriptname=emp_lov&openW=Y&rand=0.8296705519141013 HTTP/1.1" 200 26834
100.64.0.1 - - [17/Apr/2025:09:16:47 +0800] "GET / HTTP/1.1" 200 439 "-" "Mozilla/5.0 (X11; Linux x86_64) AppleWebKit/537.36 (KHTML, like Gecko) Chrome/74.0.3729.169 Safari/537.36"
100.64.0.1 - - [17/Apr/2025:09:16:47 +0800] "GET / HTTP/1.1" 200 439
100.64.0.1 - - [17/Apr/2025:09:16:49 +0800] "GET /favicon.ico HTTP/1.1" 404 209 "-" "Mozilla/5.0 (X11; Linux x86_64) AppleWebKit/537.36 (KHTML, like Gecko) Chrome/74.0.3729.169 Safari/537.36"
100.64.0.1 - - [17/Apr/2025:09:16:49 +0800] "GET /favicon.ico HTTP/1.1" 404 209
100.64.0.1 - - [17/Apr/2025:09:18:18 +0800] "POST /ws/v1/cluster/apps/new-application HTTP/1.1" 404 232 "-" "python-requests/2.22.0"
100.64.0.1 - - [17/Apr/2025:09:18:18 +0800] "POST /ws/v1/cluster/apps/new-application HTTP/1.1" 404 232
100.64.0.1 - - [17/Apr/2025:09:19:12 +0800] "POST /bapply.cgi HTTP/1.1" 404 208 "-" "Go-http-client/1.1"
100.64.0.1 - - [17/Apr/2025:09:19:12 +0800] "POST /bapply.cgi HTTP/1.1" 404 208
192.168.11.68 - - [17/Apr/2025:09:21:11 +0800] "POST /eHR/ess/redirect.php?scriptname=ESNE002&appdesc=%E6%89%B9%E9%87%8F%E8%AF%B7%E5%81%87%E7%94%B3%E8%AF%B7 HTTP/1.1" 302 - "http://192.168.1.83:8088/eHR/ess/redirect.php?scriptname=ESNE002&appdesc=%E6%89%B9%E9%87%8F%E8%AF%B7%E5%81%87%E7%94%B3%E8%AF%B7" "Mozilla/5.0 (Windows NT 10.0; Win64; x64; rv:137.0) Gecko/20100101 Firefox/137.0"
192.168.11.68 - - [17/Apr/2025:09:21:11 +0800] "POST /eHR/ess/redirect.php?scriptname=ESNE002&appdesc=%E6%89%B9%E9%87%8F%E8%AF%B7%E5%81%87%E7%94%B3%E8%AF%B7 HTTP/1.1" 302 -
192.168.11.68 - - [17/Apr/2025:09:21:12 +0800] "GET /eHR/ess/redirect.php?scriptname=page_error&msgtxt=%E4%B8%8D%E5%85%81%E8%AE%B8%E7%9A%84%E6%96%87%E4%BB%B6%E7%B1%BB%E5%9E%8B%3Axlsx%3Cbr%3E+%E5%8F%AA%E5%85%81%E8%AE%B8%E4%B8%8A%E4%BC%A0%E4%BB%A5%E4%B8%8B%E7%B1%BB%E5%9E%8B%E9%99%84%E4%BB%B6%3A%3Cbr%2F%3E+.jpg+.jpeg+.gif+.png+.bmp&target=iframe HTTP/1.1" 200 3149
192.168.11.68 - - [17/Apr/2025:09:21:12 +0800] "GET /eHR/ess/redirect.php?scriptname=page_error&msgtxt=%E4%B8%8D%E5%85%81%E8%AE%B8%E7%9A%84%E6%96%87%E4%BB%B6%E7%B1%BB%E5%9E%8B%3Axlsx%3Cbr%3E+%E5%8F%AA%E5%85%81%E8%AE%B8%E4%B8%8A%E4%BC%A0%E4%BB%A5%E4%B8%8B%E7%B1%BB%E5%9E%8B%E9%99%84%E4%BB%B6%3A%3Cbr%2F%3E+.jpg+.jpeg+.gif+.png+.bmp&target=iframe HTTP/1.1" 200 3149 "http://192.168.1.83:8088/eHR/ess/redirect.php?scriptname=ESNE002&appdesc=%E6%89%B9%E9%87%8F%E8%AF%B7%E5%81%87%E7%94%B3%E8%AF%B7" "Mozilla/5.0 (Windows NT 10.0; Win64; x64; rv:137.0) Gecko/20100101 Firefox/137.0"
192.168.11.68 - - [17/Apr/2025:09:21:13 +0800] "GET /eHR/img/error.png HTTP/1.1" 200 701 "http://192.168.1.83:8088/eHR/ess/redirect.php?scriptname=page_error&msgtxt=%E4%B8%8D%E5%85%81%E8%AE%B8%E7%9A%84%E6%96%87%E4%BB%B6%E7%B1%BB%E5%9E%8B%3Axlsx%3Cbr%3E+%E5%8F%AA%E5%85%81%E8%AE%B8%E4%B8%8A%E4%BC%A0%E4%BB%A5%E4%B8%8B%E7%B1%BB%E5%9E%8B%E9%99%84%E4%BB%B6%3A%3Cbr%2F%3E+.jpg+.jpeg+.gif+.png+.bmp&target=iframe" "Mozilla/5.0 (Windows NT 10.0; Win64; x64; rv:137.0) Gecko/20100101 Firefox/137.0"
192.168.11.68 - - [17/Apr/2025:09:21:13 +0800] "GET /eHR/img/error.png HTTP/1.1" 200 701
192.168.11.68 - - [17/Apr/2025:09:21:26 +0800] "GET /eHR/ess/redirect.php?scriptname=ESNE002&appdesc=%E6%89%B9%E9%87%8F%E8%AF%B7%E5%81%87%E7%94%B3%E8%AF%B7 HTTP/1.1" 200 22190 "http://192.168.1.83:8088/eHR/ess/redirect.php" "Mozilla/5.0 (Windows NT 10.0; Win64; x64; rv:137.0) Gecko/20100101 Firefox/137.0"
192.168.11.68 - - [17/Apr/2025:09:21:26 +0800] "GET /eHR/ess/redirect.php?scriptname=ESNE002&appdesc=%E6%89%B9%E9%87%8F%E8%AF%B7%E5%81%87%E7%94%B3%E8%AF%B7 HTTP/1.1" 200 22190
192.168.137.144 - - [17/Apr/2025:09:33:02 +0800] "GET /eHR/ess/redirect.php HTTP/1.1" 200 7220 "-" "Mozilla/5.0 (Windows NT 10.0; Win64; x64) AppleWebKit/537.36 (KHTML, like Gecko) Chrome/135.0.0.0 Safari/537.36 Edg/135.0.0.0"
192.168.137.144 - - [17/Apr/2025:09:33:02 +0800] "GET /eHR/ess/redirect.php HTTP/1.1" 200 7220
192.168.137.144 - - [17/Apr/2025:09:33:03 +0800] "GET /eHR/ess/redirect.php?scriptname=ESNH000 HTTP/1.1" 200 10347 "http://hcp.maglayers.com.cn:8088/eHR/ess/redirect.php" "Mozilla/5.0 (Windows NT 10.0; Win64; x64) AppleWebKit/537.36 (KHTML, like Gecko) Chrome/135.0.0.0 Safari/537.36 Edg/135.0.0.0"
192.168.137.144 - - [17/Apr/2025:09:33:03 +0800] "GET /eHR/ess/redirect.php?scriptname=ESNH000 HTTP/1.1" 200 10347
192.168.11.68 - - [17/Apr/2025:09:39:42 +0800] "GET /eHR/ess/redirect.php?scriptname=ESNE002&appdesc=%E6%89%B9%E9%87%8F%E8%AF%B7%E5%81%87%E7%94%B3%E8%AF%B7 HTTP/1.1" 200 22190 "http://192.168.1.83:8088/eHR/ess/redirect.php" "Mozilla/5.0 (Windows NT 10.0; Win64; x64; rv:137.0) Gecko/20100101 Firefox/137.0"
192.168.11.68 - - [17/Apr/2025:09:39:42 +0800] "GET /eHR/ess/redirect.php?scriptname=ESNE002&appdesc=%E6%89%B9%E9%87%8F%E8%AF%B7%E5%81%87%E7%94%B3%E8%AF%B7 HTTP/1.1" 200 22190
192.168.11.68 - - [17/Apr/2025:09:39:48 +0800] "GET /eHR/ess/redirect.php?scriptname=ESNE004&appdesc=%E6%89%B9%E9%87%8F%E8%AF%B7%E5%81%87%E6%9F%A5%E8%AF%A2 HTTP/1.1" 200 8249 "http://192.168.1.83:8088/eHR/ess/redirect.php" "Mozilla/5.0 (Windows NT 10.0; Win64; x64; rv:137.0) Gecko/20100101 Firefox/137.0"
192.168.11.68 - - [17/Apr/2025:09:39:48 +0800] "GET /eHR/ess/redirect.php?scriptname=ESNE004&appdesc=%E6%89%B9%E9%87%8F%E8%AF%B7%E5%81%87%E6%9F%A5%E8%AF%A2 HTTP/1.1" 200 8249
192.168.11.68 - - [17/Apr/2025:09:39:55 +0800] "POST /eHR/ess/redirect.php?scriptname=ESNE004&appdesc=%E6%89%B9%E9%87%8F%E8%AF%B7%E5%81%87%E6%9F%A5%E8%AF%A2 HTTP/1.1" 200 11277 "http://192.168.1.83:8088/eHR/ess/redirect.php?scriptname=ESNE004&appdesc=%E6%89%B9%E9%87%8F%E8%AF%B7%E5%81%87%E6%9F%A5%E8%AF%A2" "Mozilla/5.0 (Windows NT 10.0; Win64; x64; rv:137.0) Gecko/20100101 Firefox/137.0"
192.168.11.68 - - [17/Apr/2025:09:39:55 +0800] "POST /eHR/ess/redirect.php?scriptname=ESNE004&appdesc=%E6%89%B9%E9%87%8F%E8%AF%B7%E5%81%87%E6%9F%A5%E8%AF%A2 HTTP/1.1" 200 11277
192.168.11.68 - - [17/Apr/2025:09:40:06 +0800] "GET /eHR/ess/redirect.php?scriptname=ESNE002&appdesc=%E6%89%B9%E9%87%8F%E8%AF%B7%E5%81%87%E7%94%B3%E8%AF%B7 HTTP/1.1" 200 22190 "http://192.168.1.83:8088/eHR/ess/redirect.php" "Mozilla/5.0 (Windows NT 10.0; Win64; x64; rv:137.0) Gecko/20100101 Firefox/137.0"
192.168.11.68 - - [17/Apr/2025:09:40:06 +0800] "GET /eHR/ess/redirect.php?scriptname=ESNE002&appdesc=%E6%89%B9%E9%87%8F%E8%AF%B7%E5%81%87%E7%94%B3%E8%AF%B7 HTTP/1.1" 200 22190
192.168.11.68 - - [17/Apr/2025:09:40:37 +0800] "GET /eHR/ess/redirect.php?scriptname=emp_lov&openW=Y&rand=0.42272689911537287 HTTP/1.1" 200 8988 "http://192.168.1.83:8088/eHR/ess/redirect.php?scriptname=ESNE002&appdesc=%E6%89%B9%E9%87%8F%E8%AF%B7%E5%81%87%E7%94%B3%E8%AF%B7" "Mozilla/5.0 (Windows NT 10.0; Win64; x64; rv:137.0) Gecko/20100101 Firefox/137.0"
192.168.11.68 - - [17/Apr/2025:09:40:37 +0800] "GET /eHR/ess/redirect.php?scriptname=emp_lov&openW=Y&rand=0.42272689911537287 HTTP/1.1" 200 8988
192.168.11.68 - - [17/Apr/2025:09:40:40 +0800] "POST /eHR/ess/redirect.php?scriptname=emp_lov&openW=Y&rand=0.42272689911537287 HTTP/1.1" 200 26834 "http://192.168.1.83:8088/eHR/ess/redirect.php?scriptname=emp_lov&openW=Y&rand=0.42272689911537287" "Mozilla/5.0 (Windows NT 10.0; Win64; x64; rv:137.0) Gecko/20100101 Firefox/137.0"
192.168.11.68 - - [17/Apr/2025:09:40:40 +0800] "POST /eHR/ess/redirect.php?scriptname=emp_lov&openW=Y&rand=0.42272689911537287 HTTP/1.1" 200 26834
192.168.11.68 - - [17/Apr/2025:09:43:07 +0800] "GET /eHR/ess/redirect.php?scriptname=emp_lov&openW=Y&rand=0.03927112291052304 HTTP/1.1" 200 8988 "http://192.168.1.83:8088/eHR/ess/redirect.php?scriptname=ESNE002&appdesc=%E6%89%B9%E9%87%8F%E8%AF%B7%E5%81%87%E7%94%B3%E8%AF%B7" "Mozilla/5.0 (Windows NT 10.0; Win64; x64; rv:137.0) Gecko/20100101 Firefox/137.0"
192.168.11.68 - - [17/Apr/2025:09:43:07 +0800] "GET /eHR/ess/redirect.php?scriptname=emp_lov&openW=Y&rand=0.03927112291052304 HTTP/1.1" 200 8988
192.168.11.68 - - [17/Apr/2025:09:43:18 +0800] "POST /eHR/ess/redirect.php?scriptname=emp_lov&openW=Y&rand=0.03927112291052304 HTTP/1.1" 200 26834 "http://192.168.1.83:8088/eHR/ess/redirect.php?scriptname=emp_lov&openW=Y&rand=0.03927112291052304" "Mozilla/5.0 (Windows NT 10.0; Win64; x64; rv:137.0) Gecko/20100101 Firefox/137.0"
192.168.11.68 - - [17/Apr/2025:09:43:18 +0800] "POST /eHR/ess/redirect.php?scriptname=emp_lov&openW=Y&rand=0.03927112291052304 HTTP/1.1" 200 26834
192.168.11.68 - - [17/Apr/2025:09:43:39 +0800] "POST /eHR/ess/redirect.php?scriptname=ESNE002&appdesc=%E6%89%B9%E9%87%8F%E8%AF%B7%E5%81%87%E7%94%B3%E8%AF%B7 HTTP/1.1" 302 - "http://192.168.1.83:8088/eHR/ess/redirect.php?scriptname=ESNE002&appdesc=%E6%89%B9%E9%87%8F%E8%AF%B7%E5%81%87%E7%94%B3%E8%AF%B7" "Mozilla/5.0 (Windows NT 10.0; Win64; x64; rv:137.0) Gecko/20100101 Firefox/137.0"
192.168.11.68 - - [17/Apr/2025:09:43:39 +0800] "POST /eHR/ess/redirect.php?scriptname=ESNE002&appdesc=%E6%89%B9%E9%87%8F%E8%AF%B7%E5%81%87%E7%94%B3%E8%AF%B7 HTTP/1.1" 302 -
192.168.11.68 - - [17/Apr/2025:09:43:40 +0800] "GET /eHR/ess/redirect.php?scriptname=page_error&msgtxt=%E4%B8%8D%E5%85%81%E8%AE%B8%E7%9A%84%E6%96%87%E4%BB%B6%E7%B1%BB%E5%9E%8B%3Adocx%3Cbr%3E+%E5%8F%AA%E5%85%81%E8%AE%B8%E4%B8%8A%E4%BC%A0%E4%BB%A5%E4%B8%8B%E7%B1%BB%E5%9E%8B%E9%99%84%E4%BB%B6%3A%3Cbr%2F%3E+.jpg+.jpeg+.gif+.png+.bmp&target=iframe HTTP/1.1" 200 3149 "http://192.168.1.83:8088/eHR/ess/redirect.php?scriptname=ESNE002&appdesc=%E6%89%B9%E9%87%8F%E8%AF%B7%E5%81%87%E7%94%B3%E8%AF%B7" "Mozilla/5.0 (Windows NT 10.0; Win64; x64; rv:137.0) Gecko/20100101 Firefox/137.0"
192.168.11.68 - - [17/Apr/2025:09:43:40 +0800] "GET /eHR/ess/redirect.php?scriptname=page_error&msgtxt=%E4%B8%8D%E5%85%81%E8%AE%B8%E7%9A%84%E6%96%87%E4%BB%B6%E7%B1%BB%E5%9E%8B%3Adocx%3Cbr%3E+%E5%8F%AA%E5%85%81%E8%AE%B8%E4%B8%8A%E4%BC%A0%E4%BB%A5%E4%B8%8B%E7%B1%BB%E5%9E%8B%E9%99%84%E4%BB%B6%3A%3Cbr%2F%3E+.jpg+.jpeg+.gif+.png+.bmp&target=iframe HTTP/1.1" 200 3149
192.168.11.68 - - [17/Apr/2025:09:43:43 +0800] "GET /eHR/ess/redirect.php?scriptname=ESNE002&appdesc=%E6%89%B9%E9%87%8F%E8%AF%B7%E5%81%87%E7%94%B3%E8%AF%B7 HTTP/1.1" 200 22190 "http://192.168.1.83:8088/eHR/ess/redirect.php" "Mozilla/5.0 (Windows NT 10.0; Win64; x64; rv:137.0) Gecko/20100101 Firefox/137.0"
192.168.11.68 - - [17/Apr/2025:09:43:43 +0800] "GET /eHR/ess/redirect.php?scriptname=ESNE002&appdesc=%E6%89%B9%E9%87%8F%E8%AF%B7%E5%81%87%E7%94%B3%E8%AF%B7 HTTP/1.1" 200 22190
192.168.11.68 - - [17/Apr/2025:09:48:01 +0800] "GET /eHR/ess/redirect.php?scriptname=emp_lov&openW=Y&rand=0.4179891075644334 HTTP/1.1" 200 8988 "http://192.168.1.83:8088/eHR/ess/redirect.php?scriptname=ESNE002&appdesc=%E6%89%B9%E9%87%8F%E8%AF%B7%E5%81%87%E7%94%B3%E8%AF%B7" "Mozilla/5.0 (Windows NT 10.0; Win64; x64; rv:137.0) Gecko/20100101 Firefox/137.0"
192.168.11.68 - - [17/Apr/2025:09:48:01 +0800] "GET /eHR/ess/redirect.php?scriptname=emp_lov&openW=Y&rand=0.4179891075644334 HTTP/1.1" 200 8988
192.168.11.68 - - [17/Apr/2025:09:48:02 +0800] "POST /eHR/ess/redirect.php?scriptname=emp_lov&openW=Y&rand=0.4179891075644334 HTTP/1.1" 200 26834 "http://192.168.1.83:8088/eHR/ess/redirect.php?scriptname=emp_lov&openW=Y&rand=0.4179891075644334" "Mozilla/5.0 (Windows NT 10.0; Win64; x64; rv:137.0) Gecko/20100101 Firefox/137.0"
192.168.11.68 - - [17/Apr/2025:09:48:02 +0800] "POST /eHR/ess/redirect.php?scriptname=emp_lov&openW=Y&rand=0.4179891075644334 HTTP/1.1" 200 26834
192.168.11.68 - - [17/Apr/2025:09:48:13 +0800] "POST /eHR/ess/redirect.php?scriptname=ESNE002&appdesc=%E6%89%B9%E9%87%8F%E8%AF%B7%E5%81%87%E7%94%B3%E8%AF%B7 HTTP/1.1" 200 4210 "http://192.168.1.83:8088/eHR/ess/redirect.php?scriptname=ESNE002&appdesc=%E6%89%B9%E9%87%8F%E8%AF%B7%E5%81%87%E7%94%B3%E8%AF%B7" "Mozilla/5.0 (Windows NT 10.0; Win64; x64; rv:137.0) Gecko/20100101 Firefox/137.0"
192.168.11.68 - - [17/Apr/2025:09:48:13 +0800] "POST /eHR/ess/redirect.php?scriptname=ESNE002&appdesc=%E6%89%B9%E9%87%8F%E8%AF%B7%E5%81%87%E7%94%B3%E8%AF%B7 HTTP/1.1" 200 4210
192.168.11.68 - - [17/Apr/2025:09:48:35 +0800] "GET /eHR/ess/redirect.php?scriptname=ESNE002&appdesc=%E6%89%B9%E9%87%8F%E8%AF%B7%E5%81%87%E7%94%B3%E8%AF%B7 HTTP/1.1" 200 22190 "http://192.168.1.83:8088/eHR/ess/redirect.php" "Mozilla/5.0 (Windows NT 10.0; Win64; x64; rv:137.0) Gecko/20100101 Firefox/137.0"
192.168.11.68 - - [17/Apr/2025:09:48:35 +0800] "GET /eHR/ess/redirect.php?scriptname=ESNE002&appdesc=%E6%89%B9%E9%87%8F%E8%AF%B7%E5%81%87%E7%94%B3%E8%AF%B7 HTTP/1.1" 200 22190
