100.64.0.1 - - [26/Feb/2025:13:39:52 +0800] "GET /eHR/mgr/redirect.php?scriptname=page_error&msgtxt=%3Ch3%3EHTTP+404+-+Page+not+found%3C%2Fh3%3E%3Cbr%3E%3Cstrong%3EFile+Name%3A%3C%2Fstrong%3Epage_error%3Cbr%2F%3E%3Cstrong%3EApplication+Name%3C%2Fstrong%3E%3A&target=iframe HTTP/1.1" 302 - "http://hcp.maglayers.com.cn:8088/eHR/mgr/redirect.php?scriptname=MDNH105&appdesc=%E5%8A%A0%E7%8F%AD%E5%BE%85%E7%AD%BE" "Mozilla/5.0 (Windows NT 10.0; Win64; x64) AppleWebKit/537.36 (KHTML, like Gecko) Chrome/133.0.0.0 Safari/537.36 Edg/133.0.0.0"
100.64.0.1 - - [26/Feb/2025:13:39:52 +0800] "GET /eHR/mgr/redirect.php?scriptname=page_error&msgtxt=%3Ch3%3EHTTP+404+-+Page+not+found%3C%2Fh3%3E%3Cbr%3E%3Cstrong%3EFile+Name%3A%3C%2Fstrong%3Epage_error%3Cbr%2F%3E%3Cstrong%3EApplication+Name%3C%2Fstrong%3E%3A&target=iframe HTTP/1.1" 302 -
100.64.0.1 - - [26/Feb/2025:13:39:52 +0800] "GET /eHR/mgr/redirect.php?scriptname=page_error&msgtxt=%3Ch3%3EHTTP+404+-+Page+not+found%3C%2Fh3%3E%3Cbr%3E%3Cstrong%3EFile+Name%3A%3C%2Fstrong%3Epage_error%3Cbr%2F%3E%3Cstrong%3EApplication+Name%3C%2Fstrong%3E%3A&target=iframe HTTP/1.1" 302 -
100.64.0.1 - - [26/Feb/2025:13:39:52 +0800] "GET /eHR/mgr/redirect.php?scriptname=page_error&msgtxt=%3Ch3%3EHTTP+404+-+Page+not+found%3C%2Fh3%3E%3Cbr%3E%3Cstrong%3EFile+Name%3A%3C%2Fstrong%3Epage_error%3Cbr%2F%3E%3Cstrong%3EApplication+Name%3C%2Fstrong%3E%3A&target=iframe HTTP/1.1" 302 - "http://hcp.maglayers.com.cn:8088/eHR/mgr/redirect.php?scriptname=MDNH105&appdesc=%E5%8A%A0%E7%8F%AD%E5%BE%85%E7%AD%BE" "Mozilla/5.0 (Windows NT 10.0; Win64; x64) AppleWebKit/537.36 (KHTML, like Gecko) Chrome/133.0.0.0 Safari/537.36 Edg/133.0.0.0"
100.64.0.1 - - [26/Feb/2025:13:39:52 +0800] "GET /eHR/mgr/redirect.php?scriptname=page_error&msgtxt=%3Ch3%3EHTTP+404+-+Page+not+found%3C%2Fh3%3E%3Cbr%3E%3Cstrong%3EFile+Name%3A%3C%2Fstrong%3Epage_error%3Cbr%2F%3E%3Cstrong%3EApplication+Name%3C%2Fstrong%3E%3A&target=iframe HTTP/1.1" 302 - "http://hcp.maglayers.com.cn:8088/eHR/mgr/redirect.php?scriptname=MDNH105&appdesc=%E5%8A%A0%E7%8F%AD%E5%BE%85%E7%AD%BE" "Mozilla/5.0 (Windows NT 10.0; Win64; x64) AppleWebKit/537.36 (KHTML, like Gecko) Chrome/133.0.0.0 Safari/537.36 Edg/133.0.0.0"
100.64.0.1 - - [26/Feb/2025:13:39:52 +0800] "GET /eHR/mgr/redirect.php?scriptname=page_error&msgtxt=%3Ch3%3EHTTP+404+-+Page+not+found%3C%2Fh3%3E%3Cbr%3E%3Cstrong%3EFile+Name%3A%3C%2Fstrong%3Epage_error%3Cbr%2F%3E%3Cstrong%3EApplication+Name%3C%2Fstrong%3E%3A&target=iframe HTTP/1.1" 302 -
100.64.0.1 - - [26/Feb/2025:13:39:53 +0800] "GET /eHR/mgr/redirect.php?scriptname=page_error&msgtxt=%3Ch3%3EHTTP+404+-+Page+not+found%3C%2Fh3%3E%3Cbr%3E%3Cstrong%3EFile+Name%3A%3C%2Fstrong%3Epage_error%3Cbr%2F%3E%3Cstrong%3EApplication+Name%3C%2Fstrong%3E%3A&target=iframe HTTP/1.1" 302 -
100.64.0.1 - - [26/Feb/2025:13:39:53 +0800] "GET /eHR/mgr/redirect.php?scriptname=page_error&msgtxt=%3Ch3%3EHTTP+404+-+Page+not+found%3C%2Fh3%3E%3Cbr%3E%3Cstrong%3EFile+Name%3A%3C%2Fstrong%3Epage_error%3Cbr%2F%3E%3Cstrong%3EApplication+Name%3C%2Fstrong%3E%3A&target=iframe HTTP/1.1" 302 - "http://hcp.maglayers.com.cn:8088/eHR/mgr/redirect.php?scriptname=MDNH105&appdesc=%E5%8A%A0%E7%8F%AD%E5%BE%85%E7%AD%BE" "Mozilla/5.0 (Windows NT 10.0; Win64; x64) AppleWebKit/537.36 (KHTML, like Gecko) Chrome/133.0.0.0 Safari/537.36 Edg/133.0.0.0"
100.64.0.1 - - [26/Feb/2025:13:39:53 +0800] "GET /eHR/mgr/redirect.php?scriptname=page_error&msgtxt=%3Ch3%3EHTTP+404+-+Page+not+found%3C%2Fh3%3E%3Cbr%3E%3Cstrong%3EFile+Name%3A%3C%2Fstrong%3Epage_error%3Cbr%2F%3E%3Cstrong%3EApplication+Name%3C%2Fstrong%3E%3A&target=iframe HTTP/1.1" 302 -
100.64.0.1 - - [26/Feb/2025:13:39:53 +0800] "GET /eHR/mgr/redirect.php?scriptname=page_error&msgtxt=%3Ch3%3EHTTP+404+-+Page+not+found%3C%2Fh3%3E%3Cbr%3E%3Cstrong%3EFile+Name%3A%3C%2Fstrong%3Epage_error%3Cbr%2F%3E%3Cstrong%3EApplication+Name%3C%2Fstrong%3E%3A&target=iframe HTTP/1.1" 302 - "http://hcp.maglayers.com.cn:8088/eHR/mgr/redirect.php?scriptname=MDNH105&appdesc=%E5%8A%A0%E7%8F%AD%E5%BE%85%E7%AD%BE" "Mozilla/5.0 (Windows NT 10.0; Win64; x64) AppleWebKit/537.36 (KHTML, like Gecko) Chrome/133.0.0.0 Safari/537.36 Edg/133.0.0.0"
100.64.0.1 - - [26/Feb/2025:13:39:53 +0800] "GET /eHR/mgr/redirect.php?scriptname=page_error&msgtxt=%3Ch3%3EHTTP+404+-+Page+not+found%3C%2Fh3%3E%3Cbr%3E%3Cstrong%3EFile+Name%3A%3C%2Fstrong%3Epage_error%3Cbr%2F%3E%3Cstrong%3EApplication+Name%3C%2Fstrong%3E%3A&target=iframe HTTP/1.1" 302 - "http://hcp.maglayers.com.cn:8088/eHR/mgr/redirect.php?scriptname=MDNH105&appdesc=%E5%8A%A0%E7%8F%AD%E5%BE%85%E7%AD%BE" "Mozilla/5.0 (Windows NT 10.0; Win64; x64) AppleWebKit/537.36 (KHTML, like Gecko) Chrome/133.0.0.0 Safari/537.36 Edg/133.0.0.0"
100.64.0.1 - - [26/Feb/2025:13:39:53 +0800] "GET /eHR/mgr/redirect.php?scriptname=page_error&msgtxt=%3Ch3%3EHTTP+404+-+Page+not+found%3C%2Fh3%3E%3Cbr%3E%3Cstrong%3EFile+Name%3A%3C%2Fstrong%3Epage_error%3Cbr%2F%3E%3Cstrong%3EApplication+Name%3C%2Fstrong%3E%3A&target=iframe HTTP/1.1" 302 -
100.64.0.1 - - [26/Feb/2025:13:39:53 +0800] "GET /eHR/mgr/redirect.php?scriptname=page_error&msgtxt=%3Ch3%3EHTTP+404+-+Page+not+found%3C%2Fh3%3E%3Cbr%3E%3Cstrong%3EFile+Name%3A%3C%2Fstrong%3Epage_error%3Cbr%2F%3E%3Cstrong%3EApplication+Name%3C%2Fstrong%3E%3A&target=iframe HTTP/1.1" 302 - "http://hcp.maglayers.com.cn:8088/eHR/mgr/redirect.php?scriptname=MDNH105&appdesc=%E5%8A%A0%E7%8F%AD%E5%BE%85%E7%AD%BE" "Mozilla/5.0 (Windows NT 10.0; Win64; x64) AppleWebKit/537.36 (KHTML, like Gecko) Chrome/133.0.0.0 Safari/537.36 Edg/133.0.0.0"
100.64.0.1 - - [26/Feb/2025:13:39:53 +0800] "GET /eHR/mgr/redirect.php?scriptname=page_error&msgtxt=%3Ch3%3EHTTP+404+-+Page+not+found%3C%2Fh3%3E%3Cbr%3E%3Cstrong%3EFile+Name%3A%3C%2Fstrong%3Epage_error%3Cbr%2F%3E%3Cstrong%3EApplication+Name%3C%2Fstrong%3E%3A&target=iframe HTTP/1.1" 302 -
100.64.0.1 - - [26/Feb/2025:13:39:54 +0800] "GET /eHR/mgr/redirect.php?scriptname=page_error&msgtxt=%3Ch3%3EHTTP+404+-+Page+not+found%3C%2Fh3%3E%3Cbr%3E%3Cstrong%3EFile+Name%3A%3C%2Fstrong%3Epage_error%3Cbr%2F%3E%3Cstrong%3EApplication+Name%3C%2Fstrong%3E%3A&target=iframe HTTP/1.1" 302 -
100.64.0.1 - - [26/Feb/2025:13:39:54 +0800] "GET /eHR/mgr/redirect.php?scriptname=page_error&msgtxt=%3Ch3%3EHTTP+404+-+Page+not+found%3C%2Fh3%3E%3Cbr%3E%3Cstrong%3EFile+Name%3A%3C%2Fstrong%3Epage_error%3Cbr%2F%3E%3Cstrong%3EApplication+Name%3C%2Fstrong%3E%3A&target=iframe HTTP/1.1" 302 - "http://hcp.maglayers.com.cn:8088/eHR/mgr/redirect.php?scriptname=MDNH105&appdesc=%E5%8A%A0%E7%8F%AD%E5%BE%85%E7%AD%BE" "Mozilla/5.0 (Windows NT 10.0; Win64; x64) AppleWebKit/537.36 (KHTML, like Gecko) Chrome/133.0.0.0 Safari/537.36 Edg/133.0.0.0"
100.64.0.1 - - [26/Feb/2025:13:39:54 +0800] "GET /eHR/mgr/redirect.php?scriptname=page_error&msgtxt=%3Ch3%3EHTTP+404+-+Page+not+found%3C%2Fh3%3E%3Cbr%3E%3Cstrong%3EFile+Name%3A%3C%2Fstrong%3Epage_error%3Cbr%2F%3E%3Cstrong%3EApplication+Name%3C%2Fstrong%3E%3A&target=iframe HTTP/1.1" 302 - "http://hcp.maglayers.com.cn:8088/eHR/mgr/redirect.php?scriptname=MDNH105&appdesc=%E5%8A%A0%E7%8F%AD%E5%BE%85%E7%AD%BE" "Mozilla/5.0 (Windows NT 10.0; Win64; x64) AppleWebKit/537.36 (KHTML, like Gecko) Chrome/133.0.0.0 Safari/537.36 Edg/133.0.0.0"
100.64.0.1 - - [26/Feb/2025:13:39:54 +0800] "GET /eHR/mgr/redirect.php?scriptname=page_error&msgtxt=%3Ch3%3EHTTP+404+-+Page+not+found%3C%2Fh3%3E%3Cbr%3E%3Cstrong%3EFile+Name%3A%3C%2Fstrong%3Epage_error%3Cbr%2F%3E%3Cstrong%3EApplication+Name%3C%2Fstrong%3E%3A&target=iframe HTTP/1.1" 302 -
100.64.0.1 - - [26/Feb/2025:13:39:54 +0800] "GET /eHR/mgr/redirect.php?scriptname=page_error&msgtxt=%3Ch3%3EHTTP+404+-+Page+not+found%3C%2Fh3%3E%3Cbr%3E%3Cstrong%3EFile+Name%3A%3C%2Fstrong%3Epage_error%3Cbr%2F%3E%3Cstrong%3EApplication+Name%3C%2Fstrong%3E%3A&target=iframe HTTP/1.1" 302 - "http://hcp.maglayers.com.cn:8088/eHR/mgr/redirect.php?scriptname=MDNH105&appdesc=%E5%8A%A0%E7%8F%AD%E5%BE%85%E7%AD%BE" "Mozilla/5.0 (Windows NT 10.0; Win64; x64) AppleWebKit/537.36 (KHTML, like Gecko) Chrome/133.0.0.0 Safari/537.36 Edg/133.0.0.0"
100.64.0.1 - - [26/Feb/2025:13:39:54 +0800] "GET /eHR/mgr/redirect.php?scriptname=page_error&msgtxt=%3Ch3%3EHTTP+404+-+Page+not+found%3C%2Fh3%3E%3Cbr%3E%3Cstrong%3EFile+Name%3A%3C%2Fstrong%3Epage_error%3Cbr%2F%3E%3Cstrong%3EApplication+Name%3C%2Fstrong%3E%3A&target=iframe HTTP/1.1" 302 -
100.64.0.1 - - [26/Feb/2025:13:39:55 +0800] "GET /eHR/mgr/redirect.php?scriptname=page_error&msgtxt=%3Ch3%3EHTTP+404+-+Page+not+found%3C%2Fh3%3E%3Cbr%3E%3Cstrong%3EFile+Name%3A%3C%2Fstrong%3Epage_error%3Cbr%2F%3E%3Cstrong%3EApplication+Name%3C%2Fstrong%3E%3A&target=iframe HTTP/1.1" 302 - "http://hcp.maglayers.com.cn:8088/eHR/mgr/redirect.php?scriptname=MDNH105&appdesc=%E5%8A%A0%E7%8F%AD%E5%BE%85%E7%AD%BE" "Mozilla/5.0 (Windows NT 10.0; Win64; x64) AppleWebKit/537.36 (KHTML, like Gecko) Chrome/133.0.0.0 Safari/537.36 Edg/133.0.0.0"
100.64.0.1 - - [26/Feb/2025:13:39:55 +0800] "GET /eHR/mgr/redirect.php?scriptname=page_error&msgtxt=%3Ch3%3EHTTP+404+-+Page+not+found%3C%2Fh3%3E%3Cbr%3E%3Cstrong%3EFile+Name%3A%3C%2Fstrong%3Epage_error%3Cbr%2F%3E%3Cstrong%3EApplication+Name%3C%2Fstrong%3E%3A&target=iframe HTTP/1.1" 302 -
100.64.0.1 - - [26/Feb/2025:13:40:38 +0800] "GET /eHR/ess/redirect.php?scriptname=ESNH000&appdesc=%E9%A6%96%E9%A1%B5 HTTP/1.1" 200 8805 "http://hcp.maglayers.com.cn:8088/eHR/ess/redirect.php" "Mozilla/5.0 (Windows NT 10.0; Win64; x64) AppleWebKit/537.36 (KHTML, like Gecko) Chrome/133.0.0.0 Safari/537.36 Edg/133.0.0.0"
100.64.0.1 - - [26/Feb/2025:13:40:38 +0800] "GET /eHR/ess/redirect.php?scriptname=ESNH000&appdesc=%E9%A6%96%E9%A1%B5 HTTP/1.1" 200 8805
192.168.11.78 - - [26/Feb/2025:13:41:14 +0800] "GET /eHR/ess/redirect.php HTTP/1.1" 302 121 "-" "Mozilla/5.0 (Windows NT 6.1; Win64; x64) AppleWebKit/537.36 (KHTML, like Gecko) Chrome/105.0.0.0 Safari/537.36"
192.168.11.78 - - [26/Feb/2025:13:41:14 +0800] "GET /eHR/ess/redirect.php HTTP/1.1" 302 121
192.168.11.78 - - [26/Feb/2025:13:41:14 +0800] "GET /eHR/ess/index.php?action=logout HTTP/1.1" 200 8826 "-" "Mozilla/5.0 (Windows NT 6.1; Win64; x64) AppleWebKit/537.36 (KHTML, like Gecko) Chrome/105.0.0.0 Safari/537.36"
192.168.11.78 - - [26/Feb/2025:13:41:14 +0800] "GET /eHR/ess/index.php?action=logout HTTP/1.1" 200 8826
192.168.11.78 - - [26/Feb/2025:13:41:16 +0800] "POST /eHR/ess/includes/login.php HTTP/1.1" 302 - "http://192.168.1.83:8088/eHR/ess/index.php?action=logout" "Mozilla/5.0 (Windows NT 6.1; Win64; x64) AppleWebKit/537.36 (KHTML, like Gecko) Chrome/105.0.0.0 Safari/537.36"
192.168.11.78 - - [26/Feb/2025:13:41:16 +0800] "POST /eHR/ess/includes/login.php HTTP/1.1" 302 -
192.168.11.78 - - [26/Feb/2025:13:41:22 +0800] "GET /eHR/ess/redirect.php HTTP/1.1" 200 8929 "http://192.168.1.83:8088/eHR/ess/index.php?action=logout" "Mozilla/5.0 (Windows NT 6.1; Win64; x64) AppleWebKit/537.36 (KHTML, like Gecko) Chrome/105.0.0.0 Safari/537.36"
192.168.11.78 - - [26/Feb/2025:13:41:22 +0800] "GET /eHR/ess/redirect.php HTTP/1.1" 200 8929
192.168.11.78 - - [26/Feb/2025:13:41:22 +0800] "GET /eHR/ess/redirect.php?scriptname=ESNH000 HTTP/1.1" 200 9786
192.168.11.78 - - [26/Feb/2025:13:41:22 +0800] "GET /eHR/ess/redirect.php?scriptname=ESNH000 HTTP/1.1" 200 9786 "http://192.168.1.83:8088/eHR/ess/redirect.php" "Mozilla/5.0 (Windows NT 6.1; Win64; x64) AppleWebKit/537.36 (KHTML, like Gecko) Chrome/105.0.0.0 Safari/537.36"
192.168.11.78 - - [26/Feb/2025:13:41:24 +0800] "GET /eHR/ess/redirect.php?scriptname=ESNA015&appdesc=%E5%8A%A0%E7%8F%AD%E7%94%B3%E8%AF%B7%E6%9F%A5%E8%AF%A2 HTTP/1.1" 200 6457
192.168.11.78 - - [26/Feb/2025:13:41:24 +0800] "GET /eHR/ess/redirect.php?scriptname=ESNA015&appdesc=%E5%8A%A0%E7%8F%AD%E7%94%B3%E8%AF%B7%E6%9F%A5%E8%AF%A2 HTTP/1.1" 200 6457 "http://192.168.1.83:8088/eHR/ess/redirect.php" "Mozilla/5.0 (Windows NT 6.1; Win64; x64) AppleWebKit/537.36 (KHTML, like Gecko) Chrome/105.0.0.0 Safari/537.36"
192.168.11.78 - - [26/Feb/2025:13:41:26 +0800] "POST /eHR/ess/redirect.php?scriptname=ESNA015&appdesc=%E5%8A%A0%E7%8F%AD%E7%94%B3%E8%AF%B7%E6%9F%A5%E8%AF%A2 HTTP/1.1" 200 166359 "http://192.168.1.83:8088/eHR/ess/redirect.php?scriptname=ESNA015&appdesc=%E5%8A%A0%E7%8F%AD%E7%94%B3%E8%AF%B7%E6%9F%A5%E8%AF%A2" "Mozilla/5.0 (Windows NT 6.1; Win64; x64) AppleWebKit/537.36 (KHTML, like Gecko) Chrome/105.0.0.0 Safari/537.36"
192.168.11.78 - - [26/Feb/2025:13:41:26 +0800] "POST /eHR/ess/redirect.php?scriptname=ESNA015&appdesc=%E5%8A%A0%E7%8F%AD%E7%94%B3%E8%AF%B7%E6%9F%A5%E8%AF%A2 HTTP/1.1" 200 166359
100.64.0.1 - - [26/Feb/2025:13:47:27 +0800] "POST /bapply.cgi HTTP/1.1" 404 208 "-" "Go-http-client/1.1"
100.64.0.1 - - [26/Feb/2025:13:47:27 +0800] "POST /bapply.cgi HTTP/1.1" 404 208
100.64.0.1 - - [26/Feb/2025:13:47:27 +0800] "POST /bapply.cgi HTTP/1.1" 404 208 "-" "Go-http-client/1.1"
100.64.0.1 - - [26/Feb/2025:13:47:27 +0800] "POST /bapply.cgi HTTP/1.1" 404 208
192.168.40.49 - - [26/Feb/2025:13:51:22 +0800] "POST /eHR/ess/includes/login.php HTTP/1.1" 302 - "http://hcp.maglayers.com.cn:8088/eHR/ess/index.php?action=logout" "Mozilla/5.0 (Windows NT 6.2; Win64; x64) AppleWebKit/537.36 (KHTML, like Gecko) Chrome/105.0.0.0 Safari/537.36"
192.168.40.49 - - [26/Feb/2025:13:51:22 +0800] "POST /eHR/ess/includes/login.php HTTP/1.1" 302 -
192.168.40.49 - - [26/Feb/2025:13:51:24 +0800] "GET /eHR/ess/redirect.php HTTP/1.1" 200 9206 "http://hcp.maglayers.com.cn:8088/eHR/ess/index.php?action=logout" "Mozilla/5.0 (Windows NT 6.2; Win64; x64) AppleWebKit/537.36 (KHTML, like Gecko) Chrome/105.0.0.0 Safari/537.36"
192.168.40.49 - - [26/Feb/2025:13:51:24 +0800] "GET /eHR/ess/redirect.php HTTP/1.1" 200 9206
192.168.40.49 - - [26/Feb/2025:13:51:26 +0800] "GET /eHR/ess/redirect.php?scriptname=ESNH000 HTTP/1.1" 200 9786 "http://hcp.maglayers.com.cn:8088/eHR/ess/redirect.php" "Mozilla/5.0 (Windows NT 6.2; Win64; x64) AppleWebKit/537.36 (KHTML, like Gecko) Chrome/105.0.0.0 Safari/537.36"
192.168.40.49 - - [26/Feb/2025:13:51:26 +0800] "GET /eHR/ess/redirect.php?scriptname=ESNH000 HTTP/1.1" 200 9786
192.168.12.66 - - [26/Feb/2025:13:53:47 +0800] "GET /eHR/ess/index.php?action=logout HTTP/1.1" 200 8826 "http://192.168.1.83:8088/eHR/ess/redirect.php" "Mozilla/5.0 (Windows NT 6.2; Win64; x64) AppleWebKit/537.36 (KHTML, like Gecko) Chrome/105.0.0.0 Safari/537.36"
192.168.12.66 - - [26/Feb/2025:13:53:47 +0800] "GET /eHR/ess/index.php?action=logout HTTP/1.1" 200 8826
192.168.12.66 - - [26/Feb/2025:13:53:49 +0800] "POST /eHR/ess/includes/login.php HTTP/1.1" 302 - "http://192.168.1.83:8088/eHR/ess/index.php?action=logout" "Mozilla/5.0 (Windows NT 6.2; Win64; x64) AppleWebKit/537.36 (KHTML, like Gecko) Chrome/105.0.0.0 Safari/537.36"
192.168.12.66 - - [26/Feb/2025:13:53:49 +0800] "POST /eHR/ess/includes/login.php HTTP/1.1" 302 -
192.168.12.66 - - [26/Feb/2025:13:53:54 +0800] "GET /eHR/ess/redirect.php HTTP/1.1" 200 7220
192.168.12.66 - - [26/Feb/2025:13:53:54 +0800] "GET /eHR/ess/redirect.php HTTP/1.1" 200 7220 "http://192.168.1.83:8088/eHR/ess/index.php?action=logout" "Mozilla/5.0 (Windows NT 6.2; Win64; x64) AppleWebKit/537.36 (KHTML, like Gecko) Chrome/105.0.0.0 Safari/537.36"
192.168.12.66 - - [26/Feb/2025:13:53:55 +0800] "GET /eHR/ess/redirect.php?scriptname=ESNH000 HTTP/1.1" 200 9786 "http://192.168.1.83:8088/eHR/ess/redirect.php" "Mozilla/5.0 (Windows NT 6.2; Win64; x64) AppleWebKit/537.36 (KHTML, like Gecko) Chrome/105.0.0.0 Safari/537.36"
192.168.12.66 - - [26/Feb/2025:13:53:55 +0800] "GET /eHR/ess/redirect.php?scriptname=ESNH000 HTTP/1.1" 200 9786
192.168.11.64 - - [26/Feb/2025:13:54:09 +0800] "GET /eHR/ess/index.php?action=logout HTTP/1.1" 200 8826 "-" "Mozilla/5.0 (Windows NT 6.1; Win64; x64) AppleWebKit/537.36 (KHTML, like Gecko) Chrome/105.0.0.0 Safari/537.36"
192.168.11.64 - - [26/Feb/2025:13:54:09 +0800] "GET /eHR/ess/index.php?action=logout HTTP/1.1" 200 8826
192.168.11.64 - - [26/Feb/2025:13:54:11 +0800] "POST /eHR/ess/includes/login.php HTTP/1.1" 302 - "http://192.168.1.83:8088/eHR/ess/index.php?action=logout" "Mozilla/5.0 (Windows NT 6.1; Win64; x64) AppleWebKit/537.36 (KHTML, like Gecko) Chrome/105.0.0.0 Safari/537.36"
192.168.11.64 - - [26/Feb/2025:13:54:11 +0800] "POST /eHR/ess/includes/login.php HTTP/1.1" 302 -
192.168.11.64 - - [26/Feb/2025:13:54:16 +0800] "GET /eHR/ess/redirect.php HTTP/1.1" 200 8929
192.168.11.64 - - [26/Feb/2025:13:54:16 +0800] "GET /eHR/ess/redirect.php HTTP/1.1" 200 8929 "http://192.168.1.83:8088/eHR/ess/index.php?action=logout" "Mozilla/5.0 (Windows NT 6.1; Win64; x64) AppleWebKit/537.36 (KHTML, like Gecko) Chrome/105.0.0.0 Safari/537.36"
192.168.11.64 - - [26/Feb/2025:13:54:17 +0800] "GET /eHR/ess/redirect.php?scriptname=ESNH000 HTTP/1.1" 200 9786 "http://192.168.1.83:8088/eHR/ess/redirect.php" "Mozilla/5.0 (Windows NT 6.1; Win64; x64) AppleWebKit/537.36 (KHTML, like Gecko) Chrome/105.0.0.0 Safari/537.36"
192.168.11.64 - - [26/Feb/2025:13:54:17 +0800] "GET /eHR/ess/redirect.php?scriptname=ESNH000 HTTP/1.1" 200 9786
192.168.11.64 - - [26/Feb/2025:13:54:26 +0800] "GET /eHR/ess/redirect.php?scriptname=ESNE003&appdesc=%E6%89%B9%E9%87%8F%E5%8A%A0%E7%8F%AD%E6%9F%A5%E8%AF%A2 HTTP/1.1" 200 12493 "http://192.168.1.83:8088/eHR/ess/redirect.php" "Mozilla/5.0 (Windows NT 6.1; Win64; x64) AppleWebKit/537.36 (KHTML, like Gecko) Chrome/105.0.0.0 Safari/537.36"
192.168.11.64 - - [26/Feb/2025:13:54:26 +0800] "GET /eHR/ess/redirect.php?scriptname=ESNE003&appdesc=%E6%89%B9%E9%87%8F%E5%8A%A0%E7%8F%AD%E6%9F%A5%E8%AF%A2 HTTP/1.1" 200 12493
192.168.11.64 - - [26/Feb/2025:13:54:31 +0800] "GET /eHR/ess/redirect.php?scriptname=ESNE003&appdesc=%E6%89%B9%E9%87%8F%E5%8A%A0%E7%8F%AD%E6%9F%A5%E8%AF%A2 HTTP/1.1" 200 12493 "http://192.168.1.83:8088/eHR/ess/redirect.php" "Mozilla/5.0 (Windows NT 6.1; Win64; x64) AppleWebKit/537.36 (KHTML, like Gecko) Chrome/105.0.0.0 Safari/537.36"
192.168.11.64 - - [26/Feb/2025:13:54:31 +0800] "GET /eHR/ess/redirect.php?scriptname=ESNE003&appdesc=%E6%89%B9%E9%87%8F%E5%8A%A0%E7%8F%AD%E6%9F%A5%E8%AF%A2 HTTP/1.1" 200 12493
192.168.11.64 - - [26/Feb/2025:13:54:37 +0800] "GET /eHR/ess/redirect.php?scriptname=ESNE023&appdesc=%E5%8A%A0%E7%8F%AD%E6%B1%87%E5%85%A5%E7%BB%93%E6%9E%9C%E6%9F%A5%E8%AF%A2 HTTP/1.1" 200 44719 "http://192.168.1.83:8088/eHR/ess/redirect.php" "Mozilla/5.0 (Windows NT 6.1; Win64; x64) AppleWebKit/537.36 (KHTML, like Gecko) Chrome/105.0.0.0 Safari/537.36"
192.168.11.64 - - [26/Feb/2025:13:54:37 +0800] "GET /eHR/ess/redirect.php?scriptname=ESNE023&appdesc=%E5%8A%A0%E7%8F%AD%E6%B1%87%E5%85%A5%E7%BB%93%E6%9E%9C%E6%9F%A5%E8%AF%A2 HTTP/1.1" 200 44719
100.64.0.1 - - [26/Feb/2025:13:54:47 +0800] "POST /bapply.cgi HTTP/1.1" 404 208 "-" "Go-http-client/1.1"
100.64.0.1 - - [26/Feb/2025:13:54:47 +0800] "POST /bapply.cgi HTTP/1.1" 404 208
100.64.0.1 - - [26/Feb/2025:13:54:47 +0800] "POST /bapply.cgi HTTP/1.1" 404 208 "-" "Go-http-client/1.1"
100.64.0.1 - - [26/Feb/2025:13:54:47 +0800] "POST /bapply.cgi HTTP/1.1" 404 208
192.168.11.64 - - [26/Feb/2025:13:54:56 +0800] "GET /eHR/ess/redirect.php?scriptname=ESNE022&requestno=127316&appdesc=%E5%8A%A0%E7%8F%AD%E6%B1%87%E5%85%A5%E6%98%8E%E7%BB%86 HTTP/1.1" 200 15127 "http://192.168.1.83:8088/eHR/ess/redirect.php?scriptname=ESNE023&appdesc=%E5%8A%A0%E7%8F%AD%E6%B1%87%E5%85%A5%E7%BB%93%E6%9E%9C%E6%9F%A5%E8%AF%A2" "Mozilla/5.0 (Windows NT 6.1; Win64; x64) AppleWebKit/537.36 (KHTML, like Gecko) Chrome/105.0.0.0 Safari/537.36"
192.168.11.64 - - [26/Feb/2025:13:54:56 +0800] "GET /eHR/ess/redirect.php?scriptname=ESNE022&requestno=127316&appdesc=%E5%8A%A0%E7%8F%AD%E6%B1%87%E5%85%A5%E6%98%8E%E7%BB%86 HTTP/1.1" 200 15127
192.168.11.64 - - [26/Feb/2025:13:55:03 +0800] "GET /eHR/ess/redirect.php?scriptname=ESNE023&appdesc=%E5%8A%A0%E7%8F%AD%E6%B1%87%E5%85%A5%E7%BB%93%E6%9E%9C%E6%9F%A5%E8%AF%A2 HTTP/1.1" 200 44719 "http://192.168.1.83:8088/eHR/ess/redirect.php" "Mozilla/5.0 (Windows NT 6.1; Win64; x64) AppleWebKit/537.36 (KHTML, like Gecko) Chrome/105.0.0.0 Safari/537.36"
192.168.11.64 - - [26/Feb/2025:13:55:03 +0800] "GET /eHR/ess/redirect.php?scriptname=ESNE023&appdesc=%E5%8A%A0%E7%8F%AD%E6%B1%87%E5%85%A5%E7%BB%93%E6%9E%9C%E6%9F%A5%E8%AF%A2 HTTP/1.1" 200 44719
100.64.0.1 - - [26/Feb/2025:13:59:45 +0800] "POST /ws/v1/cluster/apps/new-application HTTP/1.1" 404 232 "-" "python-requests/2.25.1"
100.64.0.1 - - [26/Feb/2025:13:59:45 +0800] "POST /ws/v1/cluster/apps/new-application HTTP/1.1" 404 232
192.168.12.66 - - [26/Feb/2025:14:03:46 +0800] "GET /eHR/ess/index.php?action=logout HTTP/1.1" 200 8826 "http://192.168.1.83:8088/eHR/ess/redirect.php" "Mozilla/5.0 (Windows NT 6.2; Win64; x64) AppleWebKit/537.36 (KHTML, like Gecko) Chrome/105.0.0.0 Safari/537.36"
192.168.12.66 - - [26/Feb/2025:14:03:46 +0800] "GET /eHR/ess/index.php?action=logout HTTP/1.1" 200 8826
192.168.12.66 - - [26/Feb/2025:14:03:48 +0800] "POST /eHR/ess/includes/login.php HTTP/1.1" 302 - "http://192.168.1.83:8088/eHR/ess/index.php?action=logout" "Mozilla/5.0 (Windows NT 6.2; Win64; x64) AppleWebKit/537.36 (KHTML, like Gecko) Chrome/105.0.0.0 Safari/537.36"
192.168.12.66 - - [26/Feb/2025:14:03:48 +0800] "POST /eHR/ess/includes/login.php HTTP/1.1" 302 -
192.168.12.66 - - [26/Feb/2025:14:03:53 +0800] "GET /eHR/ess/redirect.php HTTP/1.1" 200 7220
192.168.12.66 - - [26/Feb/2025:14:03:53 +0800] "GET /eHR/ess/redirect.php HTTP/1.1" 200 7220 "http://192.168.1.83:8088/eHR/ess/index.php?action=logout" "Mozilla/5.0 (Windows NT 6.2; Win64; x64) AppleWebKit/537.36 (KHTML, like Gecko) Chrome/105.0.0.0 Safari/537.36"
100.64.0.1 - - [26/Feb/2025:14:03:55 +0800] "\x16\x03\x03\x01\xa6\x01" 501 208
100.64.0.1 - - [26/Feb/2025:14:03:55 +0800] "\x16\x03\x03\x01\xa6\x01" 501 208 "-" "-"
192.168.12.66 - - [26/Feb/2025:14:03:54 +0800] "GET /eHR/ess/redirect.php?scriptname=ESNH000 HTTP/1.1" 200 10100 "http://192.168.1.83:8088/eHR/ess/redirect.php" "Mozilla/5.0 (Windows NT 6.2; Win64; x64) AppleWebKit/537.36 (KHTML, like Gecko) Chrome/105.0.0.0 Safari/537.36"
192.168.12.66 - - [26/Feb/2025:14:03:54 +0800] "GET /eHR/ess/redirect.php?scriptname=ESNH000 HTTP/1.1" 200 10100
100.64.0.1 - - [26/Feb/2025:14:03:58 +0800] "GET / HTTP/1.1" 200 439 "-" "Mozilla/5.0 (X11; Ubuntu; Linux x86_64; rv:130.0) Gecko/20100101 Firefox/130.0"
100.64.0.1 - - [26/Feb/2025:14:03:58 +0800] "GET / HTTP/1.1" 200 439
192.168.12.66 - - [26/Feb/2025:14:03:57 +0800] "GET /eHR/mgr/redirect.php?scriptname=MDNH104&appdesc=%E8%AF%B7%E5%81%87%E5%BE%85%E7%AD%BE HTTP/1.1" 200 23242
192.168.12.66 - - [26/Feb/2025:14:03:57 +0800] "GET /eHR/mgr/redirect.php?scriptname=MDNH104&appdesc=%E8%AF%B7%E5%81%87%E5%BE%85%E7%AD%BE HTTP/1.1" 200 23242 "http://192.168.1.83:8088/eHR/ess/redirect.php?scriptname=ESNH000" "Mozilla/5.0 (Windows NT 6.2; Win64; x64) AppleWebKit/537.36 (KHTML, like Gecko) Chrome/105.0.0.0 Safari/537.36"
192.168.12.66 - - [26/Feb/2025:14:04:00 +0800] "POST /eHR/mgr/redirect.php?scriptname=MDNH104&appdesc=%E8%AF%B7%E5%81%87%E5%BE%85%E7%AD%BE HTTP/1.1" 200 6521
192.168.12.66 - - [26/Feb/2025:14:04:00 +0800] "POST /eHR/mgr/redirect.php?scriptname=MDNH104&appdesc=%E8%AF%B7%E5%81%87%E5%BE%85%E7%AD%BE HTTP/1.1" 200 6521 "http://192.168.1.83:8088/eHR/mgr/redirect.php?scriptname=MDNH104&appdesc=%E8%AF%B7%E5%81%87%E5%BE%85%E7%AD%BE" "Mozilla/5.0 (Windows NT 6.2; Win64; x64) AppleWebKit/537.36 (KHTML, like Gecko) Chrome/105.0.0.0 Safari/537.36"
192.168.12.66 - - [26/Feb/2025:14:04:21 +0800] "GET /eHR/ess/index.php?action=logout HTTP/1.1" 200 8826 "http://192.168.1.83:8088/eHR/ess/redirect.php" "Mozilla/5.0 (Windows NT 6.2; Win64; x64) AppleWebKit/537.36 (KHTML, like Gecko) Chrome/105.0.0.0 Safari/537.36"
192.168.12.66 - - [26/Feb/2025:14:04:21 +0800] "GET /eHR/ess/index.php?action=logout HTTP/1.1" 200 8826
192.168.12.66 - - [26/Feb/2025:14:04:23 +0800] "POST /eHR/ess/includes/login.php HTTP/1.1" 302 - "http://192.168.1.83:8088/eHR/ess/index.php?action=logout" "Mozilla/5.0 (Windows NT 6.2; Win64; x64) AppleWebKit/537.36 (KHTML, like Gecko) Chrome/105.0.0.0 Safari/537.36"
192.168.12.66 - - [26/Feb/2025:14:04:23 +0800] "POST /eHR/ess/includes/login.php HTTP/1.1" 302 -
192.168.12.66 - - [26/Feb/2025:14:04:28 +0800] "GET /eHR/ess/redirect.php HTTP/1.1" 200 7220
192.168.12.66 - - [26/Feb/2025:14:04:28 +0800] "GET /eHR/ess/redirect.php HTTP/1.1" 200 7220 "http://192.168.1.83:8088/eHR/ess/index.php?action=logout" "Mozilla/5.0 (Windows NT 6.2; Win64; x64) AppleWebKit/537.36 (KHTML, like Gecko) Chrome/105.0.0.0 Safari/537.36"
192.168.12.66 - - [26/Feb/2025:14:04:29 +0800] "GET /eHR/ess/redirect.php?scriptname=ESNH000 HTTP/1.1" 200 10100 "http://192.168.1.83:8088/eHR/ess/redirect.php" "Mozilla/5.0 (Windows NT 6.2; Win64; x64) AppleWebKit/537.36 (KHTML, like Gecko) Chrome/105.0.0.0 Safari/537.36"
192.168.12.66 - - [26/Feb/2025:14:04:29 +0800] "GET /eHR/ess/redirect.php?scriptname=ESNH000 HTTP/1.1" 200 10100
192.168.12.66 - - [26/Feb/2025:14:04:31 +0800] "GET /eHR/mgr/redirect.php?scriptname=MDNH104&appdesc=%E8%AF%B7%E5%81%87%E5%BE%85%E7%AD%BE HTTP/1.1" 200 21021 "http://192.168.1.83:8088/eHR/ess/redirect.php?scriptname=ESNH000" "Mozilla/5.0 (Windows NT 6.2; Win64; x64) AppleWebKit/537.36 (KHTML, like Gecko) Chrome/105.0.0.0 Safari/537.36"
192.168.12.66 - - [26/Feb/2025:14:04:31 +0800] "GET /eHR/mgr/redirect.php?scriptname=MDNH104&appdesc=%E8%AF%B7%E5%81%87%E5%BE%85%E7%AD%BE HTTP/1.1" 200 21021
192.168.12.66 - - [26/Feb/2025:14:04:34 +0800] "POST /eHR/mgr/redirect.php?scriptname=MDNH104&appdesc=%E8%AF%B7%E5%81%87%E5%BE%85%E7%AD%BE HTTP/1.1" 200 6017 "http://192.168.1.83:8088/eHR/mgr/redirect.php?scriptname=MDNH104&appdesc=%E8%AF%B7%E5%81%87%E5%BE%85%E7%AD%BE" "Mozilla/5.0 (Windows NT 6.2; Win64; x64) AppleWebKit/537.36 (KHTML, like Gecko) Chrome/105.0.0.0 Safari/537.36"
192.168.12.66 - - [26/Feb/2025:14:04:34 +0800] "POST /eHR/mgr/redirect.php?scriptname=MDNH104&appdesc=%E8%AF%B7%E5%81%87%E5%BE%85%E7%AD%BE HTTP/1.1" 200 6017
192.168.12.66 - - [26/Feb/2025:14:04:36 +0800] "GET /eHR/ess/index.php?action=logout HTTP/1.1" 200 8826 "http://192.168.1.83:8088/eHR/ess/redirect.php" "Mozilla/5.0 (Windows NT 6.2; Win64; x64) AppleWebKit/537.36 (KHTML, like Gecko) Chrome/105.0.0.0 Safari/537.36"
192.168.12.66 - - [26/Feb/2025:14:04:36 +0800] "GET /eHR/ess/index.php?action=logout HTTP/1.1" 200 8826
192.168.40.51 - - [26/Feb/2025:14:04:37 +0800] "GET /eHR/ess/index.php HTTP/1.1" 200 8826 "-" "Mozilla/5.0 (Windows NT 10.0; Win64; x64) AppleWebKit/537.36 (KHTML, like Gecko) Chrome/105.0.0.0 Safari/537.36"
192.168.40.51 - - [26/Feb/2025:14:04:37 +0800] "GET /eHR/ess/index.php HTTP/1.1" 200 8826
192.168.11.104 - - [26/Feb/2025:14:04:41 +0800] "GET /eHR/ess/index.php?lang=ZHT&companyno=3913&loginerror=The+user+name+does+not+exist. HTTP/1.1" 200 9006 "http://192.168.1.83:8088/eHR/ess/index.php?lang=ZHT&companyno=3913&loginerror=Password+error." "Mozilla/4.0 (compatible; MSIE 7.0; Windows NT 10.0; WOW64; Trident/7.0; .NET4.0C; .NET4.0E)"
192.168.11.104 - - [26/Feb/2025:14:04:41 +0800] "GET /eHR/ess/index.php?lang=ZHT&companyno=3913&loginerror=The+user+name+does+not+exist. HTTP/1.1" 200 9006
192.168.40.51 - - [26/Feb/2025:14:04:44 +0800] "POST /eHR/ess/includes/login.php HTTP/1.1" 302 - "http://hcp.maglayers.com.cn:8088/eHR/ess/index.php" "Mozilla/5.0 (Windows NT 10.0; Win64; x64) AppleWebKit/537.36 (KHTML, like Gecko) Chrome/105.0.0.0 Safari/537.36"
192.168.40.51 - - [26/Feb/2025:14:04:44 +0800] "POST /eHR/ess/includes/login.php HTTP/1.1" 302 -
192.168.40.51 - - [26/Feb/2025:14:04:45 +0800] "GET /eHR/ess/redirect.php HTTP/1.1" 200 7220
192.168.40.51 - - [26/Feb/2025:14:04:45 +0800] "GET /eHR/ess/redirect.php HTTP/1.1" 200 7220 "http://hcp.maglayers.com.cn:8088/eHR/ess/index.php" "Mozilla/5.0 (Windows NT 10.0; Win64; x64) AppleWebKit/537.36 (KHTML, like Gecko) Chrome/105.0.0.0 Safari/537.36"
192.168.40.51 - - [26/Feb/2025:14:04:46 +0800] "GET /eHR/ess/redirect.php?scriptname=ESNH000 HTTP/1.1" 200 9786
192.168.40.51 - - [26/Feb/2025:14:04:46 +0800] "GET /eHR/ess/redirect.php?scriptname=ESNH000 HTTP/1.1" 200 9786 "http://hcp.maglayers.com.cn:8088/eHR/ess/redirect.php" "Mozilla/5.0 (Windows NT 10.0; Win64; x64) AppleWebKit/537.36 (KHTML, like Gecko) Chrome/105.0.0.0 Safari/537.36"
192.168.12.66 - - [26/Feb/2025:14:04:44 +0800] "POST /eHR/ess/includes/login.php HTTP/1.1" 302 - "http://192.168.1.83:8088/eHR/ess/index.php?action=logout" "Mozilla/5.0 (Windows NT 6.2; Win64; x64) AppleWebKit/537.36 (KHTML, like Gecko) Chrome/105.0.0.0 Safari/537.36"
192.168.12.66 - - [26/Feb/2025:14:04:44 +0800] "POST /eHR/ess/includes/login.php HTTP/1.1" 302 -
192.168.12.66 - - [26/Feb/2025:14:04:49 +0800] "GET /eHR/ess/redirect.php HTTP/1.1" 200 7220
192.168.12.66 - - [26/Feb/2025:14:04:49 +0800] "GET /eHR/ess/redirect.php HTTP/1.1" 200 7220 "http://192.168.1.83:8088/eHR/ess/index.php?action=logout" "Mozilla/5.0 (Windows NT 6.2; Win64; x64) AppleWebKit/537.36 (KHTML, like Gecko) Chrome/105.0.0.0 Safari/537.36"
192.168.12.66 - - [26/Feb/2025:14:04:50 +0800] "GET /eHR/ess/redirect.php?scriptname=ESNH000 HTTP/1.1" 200 9786 "http://192.168.1.83:8088/eHR/ess/redirect.php" "Mozilla/5.0 (Windows NT 6.2; Win64; x64) AppleWebKit/537.36 (KHTML, like Gecko) Chrome/105.0.0.0 Safari/537.36"
192.168.12.66 - - [26/Feb/2025:14:04:50 +0800] "GET /eHR/ess/redirect.php?scriptname=ESNH000 HTTP/1.1" 200 9786
192.168.11.104 - - [26/Feb/2025:14:04:47 +0800] "POST /eHR/ess/includes/login.php HTTP/1.1" 302 -
192.168.11.104 - - [26/Feb/2025:14:04:47 +0800] "POST /eHR/ess/includes/login.php HTTP/1.1" 302 - "http://192.168.1.83:8088/eHR/ess/index.php?lang=ZHT&companyno=3913&loginerror=The+user+name+does+not+exist." "Mozilla/4.0 (compatible; MSIE 7.0; Windows NT 10.0; WOW64; Trident/7.0; .NET4.0C; .NET4.0E)"
192.168.11.104 - - [26/Feb/2025:14:04:52 +0800] "GET /eHR/ess/redirect.php HTTP/1.1" 200 9512 "http://192.168.1.83:8088/eHR/ess/index.php?lang=ZHT&companyno=3913&loginerror=The+user+name+does+not+exist." "Mozilla/4.0 (compatible; MSIE 7.0; Windows NT 10.0; WOW64; Trident/7.0; .NET4.0C; .NET4.0E)"
192.168.11.104 - - [26/Feb/2025:14:04:52 +0800] "GET /eHR/ess/redirect.php HTTP/1.1" 200 9512
192.168.11.104 - - [26/Feb/2025:14:04:53 +0800] "GET /eHR/ess/redirect.php?scriptname=ESNH000 HTTP/1.1" 200 10301
192.168.11.104 - - [26/Feb/2025:14:04:53 +0800] "GET /eHR/ess/redirect.php?scriptname=ESNH000 HTTP/1.1" 200 10301 "http://192.168.1.83:8088/eHR/ess/redirect.php" "Mozilla/4.0 (compatible; MSIE 7.0; Windows NT 10.0; WOW64; Trident/7.0; .NET4.0C; .NET4.0E)"
192.168.11.104 - - [26/Feb/2025:14:04:57 +0800] "GET /eHR/mgr/redirect.php?scriptname=MDNH104&appdesc=%E8%AB%8B%E5%81%87%E5%BE%85%E7%B0%BD HTTP/1.1" 200 65408 "http://192.168.1.83:8088/eHR/ess/redirect.php?scriptname=ESNH000" "Mozilla/4.0 (compatible; MSIE 7.0; Windows NT 10.0; WOW64; Trident/7.0; .NET4.0C; .NET4.0E)"
192.168.11.104 - - [26/Feb/2025:14:04:57 +0800] "GET /eHR/mgr/redirect.php?scriptname=MDNH104&appdesc=%E8%AB%8B%E5%81%87%E5%BE%85%E7%B0%BD HTTP/1.1" 200 65408
192.168.40.51 - - [26/Feb/2025:14:05:10 +0800] "GET /eHR/ess/redirect.php?scriptname=ESNH003&appdesc=%E8%AF%B7%E5%81%87%E7%AD%BE%E6%A0%B8 HTTP/1.1" 302 - "http://hcp.maglayers.com.cn:8088/eHR/ess/redirect.php" "Mozilla/5.0 (Windows NT 10.0; Win64; x64) AppleWebKit/537.36 (KHTML, like Gecko) Chrome/105.0.0.0 Safari/537.36"
192.168.40.51 - - [26/Feb/2025:14:05:10 +0800] "GET /eHR/ess/redirect.php?scriptname=ESNH003&appdesc=%E8%AF%B7%E5%81%87%E7%AD%BE%E6%A0%B8 HTTP/1.1" 302 -
192.168.40.51 - - [26/Feb/2025:14:05:11 +0800] "GET /eHR/mgr/redirect.php?scriptname=MDNH104&appdesc=%E8%AF%B7%E5%81%87%E7%AD%BE%E6%A0%B8 HTTP/1.1" 200 7256 "http://hcp.maglayers.com.cn:8088/eHR/ess/redirect.php" "Mozilla/5.0 (Windows NT 10.0; Win64; x64) AppleWebKit/537.36 (KHTML, like Gecko) Chrome/105.0.0.0 Safari/537.36"
192.168.40.51 - - [26/Feb/2025:14:05:11 +0800] "GET /eHR/mgr/redirect.php?scriptname=MDNH104&appdesc=%E8%AF%B7%E5%81%87%E7%AD%BE%E6%A0%B8 HTTP/1.1" 200 7256
192.168.40.51 - - [26/Feb/2025:14:05:13 +0800] "GET /eHR/ess/redirect.php?scriptname=ESNH004&appdesc=%E5%8A%A0%E7%8F%AD%E7%AD%BE%E6%A0%B8 HTTP/1.1" 302 - "http://hcp.maglayers.com.cn:8088/eHR/ess/redirect.php" "Mozilla/5.0 (Windows NT 10.0; Win64; x64) AppleWebKit/537.36 (KHTML, like Gecko) Chrome/105.0.0.0 Safari/537.36"
192.168.40.51 - - [26/Feb/2025:14:05:13 +0800] "GET /eHR/ess/redirect.php?scriptname=ESNH004&appdesc=%E5%8A%A0%E7%8F%AD%E7%AD%BE%E6%A0%B8 HTTP/1.1" 302 -
192.168.40.51 - - [26/Feb/2025:14:05:14 +0800] "GET /eHR/mgr/redirect.php?scriptname=MDNH105&appdesc=%E5%8A%A0%E7%8F%AD%E7%AD%BE%E6%A0%B8 HTTP/1.1" 200 6702
192.168.40.51 - - [26/Feb/2025:14:05:14 +0800] "GET /eHR/mgr/redirect.php?scriptname=MDNH105&appdesc=%E5%8A%A0%E7%8F%AD%E7%AD%BE%E6%A0%B8 HTTP/1.1" 200 6702 "http://hcp.maglayers.com.cn:8088/eHR/ess/redirect.php" "Mozilla/5.0 (Windows NT 10.0; Win64; x64) AppleWebKit/537.36 (KHTML, like Gecko) Chrome/105.0.0.0 Safari/537.36"
192.168.11.69 - - [26/Feb/2025:14:05:35 +0800] "GET /eHR/ess/index.php?action=logout HTTP/1.1" 200 8826 "-" "Mozilla/5.0 (Windows NT 6.2; Win64; x64) AppleWebKit/537.36 (KHTML, like Gecko) Chrome/105.0.0.0 Safari/537.36"
192.168.11.69 - - [26/Feb/2025:14:05:35 +0800] "GET /eHR/ess/index.php?action=logout HTTP/1.1" 200 8826
192.168.40.51 - - [26/Feb/2025:14:05:36 +0800] "GET /eHR/ess/redirect.php?scriptname=ESNH004&appdesc=%E5%8A%A0%E7%8F%AD%E7%AD%BE%E6%A0%B8 HTTP/1.1" 302 - "http://hcp.maglayers.com.cn:8088/eHR/ess/redirect.php" "Mozilla/5.0 (Windows NT 10.0; Win64; x64) AppleWebKit/537.36 (KHTML, like Gecko) Chrome/105.0.0.0 Safari/537.36"
192.168.40.51 - - [26/Feb/2025:14:05:36 +0800] "GET /eHR/ess/redirect.php?scriptname=ESNH004&appdesc=%E5%8A%A0%E7%8F%AD%E7%AD%BE%E6%A0%B8 HTTP/1.1" 302 -
192.168.40.51 - - [26/Feb/2025:14:05:36 +0800] "GET /eHR/mgr/redirect.php?scriptname=MDNH105&appdesc=%E5%8A%A0%E7%8F%AD%E7%AD%BE%E6%A0%B8 HTTP/1.1" 200 6702
192.168.40.51 - - [26/Feb/2025:14:05:36 +0800] "GET /eHR/mgr/redirect.php?scriptname=MDNH105&appdesc=%E5%8A%A0%E7%8F%AD%E7%AD%BE%E6%A0%B8 HTTP/1.1" 200 6702 "http://hcp.maglayers.com.cn:8088/eHR/ess/redirect.php" "Mozilla/5.0 (Windows NT 10.0; Win64; x64) AppleWebKit/537.36 (KHTML, like Gecko) Chrome/105.0.0.0 Safari/537.36"
192.168.11.69 - - [26/Feb/2025:14:05:38 +0800] "POST /eHR/ess/includes/login.php HTTP/1.1" 302 - "http://192.168.1.83:8088/eHR/ess/index.php?action=logout" "Mozilla/5.0 (Windows NT 6.2; Win64; x64) AppleWebKit/537.36 (KHTML, like Gecko) Chrome/105.0.0.0 Safari/537.36"
192.168.11.69 - - [26/Feb/2025:14:05:38 +0800] "POST /eHR/ess/includes/login.php HTTP/1.1" 302 -
192.168.11.69 - - [26/Feb/2025:14:05:44 +0800] "GET /eHR/ess/redirect.php HTTP/1.1" 200 8926 "http://192.168.1.83:8088/eHR/ess/index.php?action=logout" "Mozilla/5.0 (Windows NT 6.2; Win64; x64) AppleWebKit/537.36 (KHTML, like Gecko) Chrome/105.0.0.0 Safari/537.36"
192.168.11.69 - - [26/Feb/2025:14:05:44 +0800] "GET /eHR/ess/redirect.php HTTP/1.1" 200 8926
192.168.40.51 - - [26/Feb/2025:14:05:45 +0800] "GET /eHR/ess/redirect.php?scriptname=ESNH003&appdesc=%E8%AF%B7%E5%81%87%E7%AD%BE%E6%A0%B8 HTTP/1.1" 302 -
192.168.40.51 - - [26/Feb/2025:14:05:45 +0800] "GET /eHR/ess/redirect.php?scriptname=ESNH003&appdesc=%E8%AF%B7%E5%81%87%E7%AD%BE%E6%A0%B8 HTTP/1.1" 302 - "http://hcp.maglayers.com.cn:8088/eHR/ess/redirect.php" "Mozilla/5.0 (Windows NT 10.0; Win64; x64) AppleWebKit/537.36 (KHTML, like Gecko) Chrome/105.0.0.0 Safari/537.36"
192.168.40.51 - - [26/Feb/2025:14:05:45 +0800] "GET /eHR/mgr/redirect.php?scriptname=MDNH104&appdesc=%E8%AF%B7%E5%81%87%E7%AD%BE%E6%A0%B8 HTTP/1.1" 200 7256
192.168.40.51 - - [26/Feb/2025:14:05:45 +0800] "GET /eHR/mgr/redirect.php?scriptname=MDNH104&appdesc=%E8%AF%B7%E5%81%87%E7%AD%BE%E6%A0%B8 HTTP/1.1" 200 7256 "http://hcp.maglayers.com.cn:8088/eHR/ess/redirect.php" "Mozilla/5.0 (Windows NT 10.0; Win64; x64) AppleWebKit/537.36 (KHTML, like Gecko) Chrome/105.0.0.0 Safari/537.36"
192.168.11.69 - - [26/Feb/2025:14:05:45 +0800] "GET /eHR/ess/redirect.php?scriptname=ESNH000 HTTP/1.1" 200 9786
192.168.11.69 - - [26/Feb/2025:14:05:45 +0800] "GET /eHR/ess/redirect.php?scriptname=ESNH000 HTTP/1.1" 200 9786 "http://192.168.1.83:8088/eHR/ess/redirect.php" "Mozilla/5.0 (Windows NT 6.2; Win64; x64) AppleWebKit/537.36 (KHTML, like Gecko) Chrome/105.0.0.0 Safari/537.36"
192.168.11.187 - - [26/Feb/2025:14:05:46 +0800] "GET /eHR/ess/index.php?action=logout HTTP/1.1" 200 8826 "-" "Mozilla/5.0 (Windows NT 6.1; Win64; x64) AppleWebKit/537.36 (KHTML, like Gecko) Chrome/105.0.0.0 Safari/537.36"
192.168.11.187 - - [26/Feb/2025:14:05:46 +0800] "GET /eHR/ess/index.php?action=logout HTTP/1.1" 200 8826
192.168.40.51 - - [26/Feb/2025:14:05:46 +0800] "GET /eHR/ess/redirect.php?scriptname=ESNH003&appdesc=%E8%AF%B7%E5%81%87%E7%AD%BE%E6%A0%B8 HTTP/1.1" 302 - "http://hcp.maglayers.com.cn:8088/eHR/ess/redirect.php" "Mozilla/5.0 (Windows NT 10.0; Win64; x64) AppleWebKit/537.36 (KHTML, like Gecko) Chrome/105.0.0.0 Safari/537.36"
192.168.40.51 - - [26/Feb/2025:14:05:46 +0800] "GET /eHR/ess/redirect.php?scriptname=ESNH003&appdesc=%E8%AF%B7%E5%81%87%E7%AD%BE%E6%A0%B8 HTTP/1.1" 302 -
192.168.40.51 - - [26/Feb/2025:14:05:46 +0800] "GET /eHR/mgr/redirect.php?scriptname=MDNH104&appdesc=%E8%AF%B7%E5%81%87%E7%AD%BE%E6%A0%B8 HTTP/1.1" 200 7256 "http://hcp.maglayers.com.cn:8088/eHR/ess/redirect.php" "Mozilla/5.0 (Windows NT 10.0; Win64; x64) AppleWebKit/537.36 (KHTML, like Gecko) Chrome/105.0.0.0 Safari/537.36"
192.168.40.51 - - [26/Feb/2025:14:05:46 +0800] "GET /eHR/mgr/redirect.php?scriptname=MDNH104&appdesc=%E8%AF%B7%E5%81%87%E7%AD%BE%E6%A0%B8 HTTP/1.1" 200 7256
192.168.11.69 - - [26/Feb/2025:14:05:47 +0800] "GET /eHR/ess/redirect.php?scriptname=ESNE003&appdesc=%E6%89%B9%E9%87%8F%E5%8A%A0%E7%8F%AD%E6%9F%A5%E8%AF%A2 HTTP/1.1" 200 7521
192.168.11.69 - - [26/Feb/2025:14:05:47 +0800] "GET /eHR/ess/redirect.php?scriptname=ESNE003&appdesc=%E6%89%B9%E9%87%8F%E5%8A%A0%E7%8F%AD%E6%9F%A5%E8%AF%A2 HTTP/1.1" 200 7521 "http://192.168.1.83:8088/eHR/ess/redirect.php" "Mozilla/5.0 (Windows NT 6.2; Win64; x64) AppleWebKit/537.36 (KHTML, like Gecko) Chrome/105.0.0.0 Safari/537.36"
192.168.40.51 - - [26/Feb/2025:14:05:47 +0800] "GET /eHR/ess/redirect.php?scriptname=ESNH004&appdesc=%E5%8A%A0%E7%8F%AD%E7%AD%BE%E6%A0%B8 HTTP/1.1" 302 -
192.168.40.51 - - [26/Feb/2025:14:05:47 +0800] "GET /eHR/ess/redirect.php?scriptname=ESNH004&appdesc=%E5%8A%A0%E7%8F%AD%E7%AD%BE%E6%A0%B8 HTTP/1.1" 302 - "http://hcp.maglayers.com.cn:8088/eHR/ess/redirect.php" "Mozilla/5.0 (Windows NT 10.0; Win64; x64) AppleWebKit/537.36 (KHTML, like Gecko) Chrome/105.0.0.0 Safari/537.36"
192.168.40.51 - - [26/Feb/2025:14:05:48 +0800] "GET /eHR/mgr/redirect.php?scriptname=MDNH105&appdesc=%E5%8A%A0%E7%8F%AD%E7%AD%BE%E6%A0%B8 HTTP/1.1" 200 6702
192.168.40.51 - - [26/Feb/2025:14:05:48 +0800] "GET /eHR/mgr/redirect.php?scriptname=MDNH105&appdesc=%E5%8A%A0%E7%8F%AD%E7%AD%BE%E6%A0%B8 HTTP/1.1" 200 6702 "http://hcp.maglayers.com.cn:8088/eHR/ess/redirect.php" "Mozilla/5.0 (Windows NT 10.0; Win64; x64) AppleWebKit/537.36 (KHTML, like Gecko) Chrome/105.0.0.0 Safari/537.36"
192.168.11.69 - - [26/Feb/2025:14:05:49 +0800] "POST /eHR/ess/redirect.php?scriptname=ESNE003&appdesc=%E6%89%B9%E9%87%8F%E5%8A%A0%E7%8F%AD%E6%9F%A5%E8%AF%A2 HTTP/1.1" 200 86182 "http://192.168.1.83:8088/eHR/ess/redirect.php?scriptname=ESNE003&appdesc=%E6%89%B9%E9%87%8F%E5%8A%A0%E7%8F%AD%E6%9F%A5%E8%AF%A2" "Mozilla/5.0 (Windows NT 6.2; Win64; x64) AppleWebKit/537.36 (KHTML, like Gecko) Chrome/105.0.0.0 Safari/537.36"
192.168.11.69 - - [26/Feb/2025:14:05:49 +0800] "POST /eHR/ess/redirect.php?scriptname=ESNE003&appdesc=%E6%89%B9%E9%87%8F%E5%8A%A0%E7%8F%AD%E6%9F%A5%E8%AF%A2 HTTP/1.1" 200 86182
192.168.11.187 - - [26/Feb/2025:14:05:48 +0800] "POST /eHR/ess/includes/login.php HTTP/1.1" 302 - "http://192.168.1.83:8088/eHR/ess/index.php?action=logout" "Mozilla/5.0 (Windows NT 6.1; Win64; x64) AppleWebKit/537.36 (KHTML, like Gecko) Chrome/105.0.0.0 Safari/537.36"
192.168.11.187 - - [26/Feb/2025:14:05:48 +0800] "POST /eHR/ess/includes/login.php HTTP/1.1" 302 -
192.168.11.187 - - [26/Feb/2025:14:05:53 +0800] "GET /eHR/ess/redirect.php HTTP/1.1" 200 8926
192.168.11.187 - - [26/Feb/2025:14:05:53 +0800] "GET /eHR/ess/redirect.php HTTP/1.1" 200 8926 "http://192.168.1.83:8088/eHR/ess/index.php?action=logout" "Mozilla/5.0 (Windows NT 6.1; Win64; x64) AppleWebKit/537.36 (KHTML, like Gecko) Chrome/105.0.0.0 Safari/537.36"
192.168.11.187 - - [26/Feb/2025:14:05:54 +0800] "GET /eHR/ess/redirect.php?scriptname=ESNH000 HTTP/1.1" 200 9786 "http://192.168.1.83:8088/eHR/ess/redirect.php" "Mozilla/5.0 (Windows NT 6.1; Win64; x64) AppleWebKit/537.36 (KHTML, like Gecko) Chrome/105.0.0.0 Safari/537.36"
192.168.11.187 - - [26/Feb/2025:14:05:54 +0800] "GET /eHR/ess/redirect.php?scriptname=ESNH000 HTTP/1.1" 200 9786
192.168.11.187 - - [26/Feb/2025:14:05:58 +0800] "GET /eHR/ess/redirect.php?scriptname=ESNE003&appdesc=%E6%89%B9%E9%87%8F%E5%8A%A0%E7%8F%AD%E6%9F%A5%E8%AF%A2 HTTP/1.1" 200 7521 "http://192.168.1.83:8088/eHR/ess/redirect.php" "Mozilla/5.0 (Windows NT 6.1; Win64; x64) AppleWebKit/537.36 (KHTML, like Gecko) Chrome/105.0.0.0 Safari/537.36"
192.168.11.187 - - [26/Feb/2025:14:05:58 +0800] "GET /eHR/ess/redirect.php?scriptname=ESNE003&appdesc=%E6%89%B9%E9%87%8F%E5%8A%A0%E7%8F%AD%E6%9F%A5%E8%AF%A2 HTTP/1.1" 200 7521
192.168.11.104 - - [26/Feb/2025:14:06:00 +0800] "GET /eHR/ess/redirect.php?scriptname=ESNH000 HTTP/1.1" 200 10301 "http://192.168.1.83:8088/eHR/ess/redirect.php" "Mozilla/4.0 (compatible; MSIE 7.0; Windows NT 10.0; WOW64; Trident/7.0; .NET4.0C; .NET4.0E)"
192.168.11.104 - - [26/Feb/2025:14:06:00 +0800] "GET /eHR/ess/redirect.php?scriptname=ESNH000 HTTP/1.1" 200 10301
192.168.11.69 - - [26/Feb/2025:14:06:02 +0800] "POST /eHR/ess/redirect.php?scriptname=ESNE003&appdesc=%E6%89%B9%E9%87%8F%E5%8A%A0%E7%8F%AD%E6%9F%A5%E8%AF%A2 HTTP/1.1" 200 80997 "http://192.168.1.83:8088/eHR/ess/redirect.php?scriptname=ESNE003&appdesc=%E6%89%B9%E9%87%8F%E5%8A%A0%E7%8F%AD%E6%9F%A5%E8%AF%A2" "Mozilla/5.0 (Windows NT 6.2; Win64; x64) AppleWebKit/537.36 (KHTML, like Gecko) Chrome/105.0.0.0 Safari/537.36"
192.168.11.69 - - [26/Feb/2025:14:06:02 +0800] "POST /eHR/ess/redirect.php?scriptname=ESNE003&appdesc=%E6%89%B9%E9%87%8F%E5%8A%A0%E7%8F%AD%E6%9F%A5%E8%AF%A2 HTTP/1.1" 200 80997
192.168.11.104 - - [26/Feb/2025:14:06:04 +0800] "GET /eHR/ess/index.php?lang=ZHT&companyno=3913&loginerror=The+user+name+does+not+exist. HTTP/1.1" 200 9006 "http://192.168.1.83:8088/eHR/ess/index.php?lang=ZHT&companyno=3913&loginerror=Password+error." "Mozilla/4.0 (compatible; MSIE 7.0; Windows NT 10.0; WOW64; Trident/7.0; .NET4.0C; .NET4.0E)"
192.168.11.104 - - [26/Feb/2025:14:06:04 +0800] "GET /eHR/ess/index.php?lang=ZHT&companyno=3913&loginerror=The+user+name+does+not+exist. HTTP/1.1" 200 9006
192.168.11.187 - - [26/Feb/2025:14:06:12 +0800] "POST /eHR/ess/redirect.php?scriptname=ESNE003&appdesc=%E6%89%B9%E9%87%8F%E5%8A%A0%E7%8F%AD%E6%9F%A5%E8%AF%A2 HTTP/1.1" 200 8825 "http://192.168.1.83:8088/eHR/ess/redirect.php?scriptname=ESNE003&appdesc=%E6%89%B9%E9%87%8F%E5%8A%A0%E7%8F%AD%E6%9F%A5%E8%AF%A2" "Mozilla/5.0 (Windows NT 6.1; Win64; x64) AppleWebKit/537.36 (KHTML, like Gecko) Chrome/105.0.0.0 Safari/537.36"
192.168.11.187 - - [26/Feb/2025:14:06:12 +0800] "POST /eHR/ess/redirect.php?scriptname=ESNE003&appdesc=%E6%89%B9%E9%87%8F%E5%8A%A0%E7%8F%AD%E6%9F%A5%E8%AF%A2 HTTP/1.1" 200 8825
192.168.11.187 - - [26/Feb/2025:14:06:17 +0800] "POST /eHR/ess/redirect.php?scriptname=ESNE003&appdesc=%E6%89%B9%E9%87%8F%E5%8A%A0%E7%8F%AD%E6%9F%A5%E8%AF%A2 HTTP/1.1" 200 18343 "http://192.168.1.83:8088/eHR/ess/redirect.php?scriptname=ESNE003&appdesc=%E6%89%B9%E9%87%8F%E5%8A%A0%E7%8F%AD%E6%9F%A5%E8%AF%A2" "Mozilla/5.0 (Windows NT 6.1; Win64; x64) AppleWebKit/537.36 (KHTML, like Gecko) Chrome/105.0.0.0 Safari/537.36"
192.168.11.187 - - [26/Feb/2025:14:06:17 +0800] "POST /eHR/ess/redirect.php?scriptname=ESNE003&appdesc=%E6%89%B9%E9%87%8F%E5%8A%A0%E7%8F%AD%E6%9F%A5%E8%AF%A2 HTTP/1.1" 200 18343
192.168.11.187 - - [26/Feb/2025:14:06:22 +0800] "POST /eHR/ess/redirect.php?scriptname=view_flowchart&action=view_flowchart&apply_type=overtime&flow_seqno=1208780 HTTP/1.1" 200 5604 "http://192.168.1.83:8088/eHR/ess/redirect.php" "Mozilla/5.0 (Windows NT 6.1; Win64; x64) AppleWebKit/537.36 (KHTML, like Gecko) Chrome/105.0.0.0 Safari/537.36"
192.168.11.187 - - [26/Feb/2025:14:06:22 +0800] "POST /eHR/ess/redirect.php?scriptname=view_flowchart&action=view_flowchart&apply_type=overtime&flow_seqno=1208780 HTTP/1.1" 200 5604
192.168.11.187 - - [26/Feb/2025:14:06:23 +0800] "GET /eHR/css/jqueryui/themes/redmond/images/ui-bg_flat_0_aaaaaa_40x100.png HTTP/1.1" 200 180 "http://192.168.1.83:8088/eHR/css/jqueryui/themes/redmond/jquery.ui.theme.css" "Mozilla/5.0 (Windows NT 6.1; Win64; x64) AppleWebKit/537.36 (KHTML, like Gecko) Chrome/105.0.0.0 Safari/537.36"
192.168.11.187 - - [26/Feb/2025:14:06:23 +0800] "GET /eHR/css/jqueryui/themes/redmond/images/ui-bg_flat_0_aaaaaa_40x100.png HTTP/1.1" 200 180
192.168.11.187 - - [26/Feb/2025:14:06:23 +0800] "GET /eHR/css/jqueryui/themes/redmond/images/ui-icons_469bdd_256x240.png HTTP/1.1" 200 4369 "http://192.168.1.83:8088/eHR/css/jqueryui/themes/redmond/jquery.ui.theme.css" "Mozilla/5.0 (Windows NT 6.1; Win64; x64) AppleWebKit/537.36 (KHTML, like Gecko) Chrome/105.0.0.0 Safari/537.36"
192.168.11.187 - - [26/Feb/2025:14:06:23 +0800] "GET /eHR/css/jqueryui/themes/redmond/images/ui-icons_469bdd_256x240.png HTTP/1.1" 200 4369
192.168.11.187 - - [26/Feb/2025:14:06:23 +0800] "GET /eHR/img/workflow/process.png HTTP/1.1" 200 2728
192.168.11.187 - - [26/Feb/2025:14:06:23 +0800] "GET /eHR/img/workflow/process.png HTTP/1.1" 200 2728 "http://192.168.1.83:8088/eHR/ess/redirect.php" "Mozilla/5.0 (Windows NT 6.1; Win64; x64) AppleWebKit/537.36 (KHTML, like Gecko) Chrome/105.0.0.0 Safari/537.36"
192.168.11.187 - - [26/Feb/2025:14:06:23 +0800] "GET /eHR/img/workflow/user_sign_unknown_key.png HTTP/1.1" 200 3101 "http://192.168.1.83:8088/eHR/ess/redirect.php" "Mozilla/5.0 (Windows NT 6.1; Win64; x64) AppleWebKit/537.36 (KHTML, like Gecko) Chrome/105.0.0.0 Safari/537.36"
192.168.11.187 - - [26/Feb/2025:14:06:23 +0800] "GET /eHR/img/workflow/user_sign_unknown_key.png HTTP/1.1" 200 3101
192.168.11.187 - - [26/Feb/2025:14:06:23 +0800] "GET /eHR/img/workflow/start.png HTTP/1.1" 200 2344 "http://192.168.1.83:8088/eHR/ess/redirect.php" "Mozilla/5.0 (Windows NT 6.1; Win64; x64) AppleWebKit/537.36 (KHTML, like Gecko) Chrome/105.0.0.0 Safari/537.36"
192.168.11.187 - - [26/Feb/2025:14:06:23 +0800] "GET /eHR/img/workflow/start.png HTTP/1.1" 200 2344
192.168.11.187 - - [26/Feb/2025:14:06:23 +0800] "GET /eHR/img/workflow/end.png HTTP/1.1" 200 2726
192.168.11.187 - - [26/Feb/2025:14:06:23 +0800] "GET /eHR/img/workflow/user_sign_approve_key.png HTTP/1.1" 200 3099
192.168.11.187 - - [26/Feb/2025:14:06:23 +0800] "GET /eHR/img/workflow/end.png HTTP/1.1" 200 2726 "http://192.168.1.83:8088/eHR/ess/redirect.php" "Mozilla/5.0 (Windows NT 6.1; Win64; x64) AppleWebKit/537.36 (KHTML, like Gecko) Chrome/105.0.0.0 Safari/537.36"
192.168.11.187 - - [26/Feb/2025:14:06:23 +0800] "GET /eHR/img/workflow/user_sign_approve_key.png HTTP/1.1" 200 3099 "http://192.168.1.83:8088/eHR/ess/redirect.php" "Mozilla/5.0 (Windows NT 6.1; Win64; x64) AppleWebKit/537.36 (KHTML, like Gecko) Chrome/105.0.0.0 Safari/537.36"
192.168.11.104 - - [26/Feb/2025:14:06:47 +0800] "POST /eHR/ess/includes/login.php HTTP/1.1" 302 - "http://192.168.1.83:8088/eHR/ess/index.php?lang=ZHT&companyno=3913&loginerror=The+user+name+does+not+exist." "Mozilla/4.0 (compatible; MSIE 7.0; Windows NT 10.0; WOW64; Trident/7.0; .NET4.0C; .NET4.0E)"
192.168.11.104 - - [26/Feb/2025:14:06:47 +0800] "POST /eHR/ess/includes/login.php HTTP/1.1" 302 -
192.168.11.104 - - [26/Feb/2025:14:06:52 +0800] "GET /eHR/ess/redirect.php HTTP/1.1" 200 9827 "http://192.168.1.83:8088/eHR/ess/index.php?lang=ZHT&companyno=3913&loginerror=The+user+name+does+not+exist." "Mozilla/4.0 (compatible; MSIE 7.0; Windows NT 10.0; WOW64; Trident/7.0; .NET4.0C; .NET4.0E)"
192.168.11.104 - - [26/Feb/2025:14:06:52 +0800] "GET /eHR/ess/redirect.php HTTP/1.1" 200 9827
192.168.11.104 - - [26/Feb/2025:14:06:53 +0800] "GET /eHR/ess/redirect.php?scriptname=ESNH000 HTTP/1.1" 200 9786
192.168.11.104 - - [26/Feb/2025:14:06:53 +0800] "GET /eHR/ess/redirect.php?scriptname=ESNH000 HTTP/1.1" 200 9786 "http://192.168.1.83:8088/eHR/ess/redirect.php" "Mozilla/4.0 (compatible; MSIE 7.0; Windows NT 10.0; WOW64; Trident/7.0; .NET4.0C; .NET4.0E)"
192.168.11.104 - - [26/Feb/2025:14:06:55 +0800] "GET /eHR/css/jqueryui/themes/redmond/images/ui-icons_f9bd01_256x240.png HTTP/1.1" 200 4369 "http://192.168.1.83:8088/eHR/ess/redirect.php" "Mozilla/4.0 (compatible; MSIE 7.0; Windows NT 10.0; WOW64; Trident/7.0; .NET4.0C; .NET4.0E)"
192.168.11.104 - - [26/Feb/2025:14:06:55 +0800] "GET /eHR/css/jqueryui/themes/redmond/images/ui-icons_f9bd01_256x240.png HTTP/1.1" 200 4369
192.168.11.104 - - [26/Feb/2025:14:06:58 +0800] "GET /eHR/ess/redirect.php?scriptname=ESNA014&appdesc=%E5%8A%A0%E7%8F%AD%E7%94%B3%E8%AB%8B HTTP/1.1" 200 12800 "http://192.168.1.83:8088/eHR/ess/redirect.php" "Mozilla/4.0 (compatible; MSIE 7.0; Windows NT 10.0; WOW64; Trident/7.0; .NET4.0C; .NET4.0E)"
192.168.11.104 - - [26/Feb/2025:14:06:58 +0800] "GET /eHR/ess/redirect.php?scriptname=ESNA014&appdesc=%E5%8A%A0%E7%8F%AD%E7%94%B3%E8%AB%8B HTTP/1.1" 200 12800
192.168.11.104 - - [26/Feb/2025:14:06:59 +0800] "GET /eHR/js/date.js HTTP/1.1" 200 12630 "http://192.168.1.83:8088/eHR/ess/redirect.php?scriptname=ESNA014&appdesc=%E5%8A%A0%E7%8F%AD%E7%94%B3%E8%AB%8B" "Mozilla/4.0 (compatible; MSIE 7.0; Windows NT 10.0; WOW64; Trident/7.0; .NET4.0C; .NET4.0E)"
192.168.11.104 - - [26/Feb/2025:14:06:59 +0800] "GET /eHR/js/date.js HTTP/1.1" 200 12630
192.168.11.104 - - [26/Feb/2025:14:06:59 +0800] "GET /eHR/js/jquery.maskedinput.min.js HTTP/1.1" 200 3568 "http://192.168.1.83:8088/eHR/ess/redirect.php?scriptname=ESNA014&appdesc=%E5%8A%A0%E7%8F%AD%E7%94%B3%E8%AB%8B" "Mozilla/4.0 (compatible; MSIE 7.0; Windows NT 10.0; WOW64; Trident/7.0; .NET4.0C; .NET4.0E)"
192.168.11.104 - - [26/Feb/2025:14:06:59 +0800] "GET /eHR/js/jquery.maskedinput.min.js HTTP/1.1" 200 3568
192.168.11.104 - - [26/Feb/2025:14:06:59 +0800] "POST /eHR/ess/redirect.php?scriptname=ajax_overtime&do=GetOverTime HTTP/1.1" 200 28
