192.168.11.104 - - [07/Feb/2025:16:15:10 +0800] "GET /eHR/img/icon_about.png HTTP/1.1" 304 -
192.168.11.104 - - [07/Feb/2025:16:15:10 +0800] "GET /eHR/img/icon_about.png HTTP/1.1" 304 - "http://192.168.1.83:8088/eHR/ess/redirect.php" "Mozilla/4.0 (compatible; MSIE 7.0; Windows NT 10.0; WOW64; Trident/7.0; .NET4.0C; .NET4.0E)"
192.168.11.104 - - [07/Feb/2025:16:15:10 +0800] "GET /eHR/img/icon_exit.png HTTP/1.1" 304 - "http://192.168.1.83:8088/eHR/ess/redirect.php" "Mozilla/4.0 (compatible; MSIE 7.0; Windows NT 10.0; WOW64; Trident/7.0; .NET4.0C; .NET4.0E)"
192.168.11.104 - - [07/Feb/2025:16:15:10 +0800] "GET /eHR/img/icon_exit.png HTTP/1.1" 304 -
192.168.11.104 - - [07/Feb/2025:16:15:10 +0800] "GET /eHR/img/human.png HTTP/1.1" 304 -
192.168.11.104 - - [07/Feb/2025:16:15:10 +0800] "GET /eHR/img/human.png HTTP/1.1" 304 - "http://192.168.1.83:8088/eHR/ess/redirect.php" "Mozilla/4.0 (compatible; MSIE 7.0; Windows NT 10.0; WOW64; Trident/7.0; .NET4.0C; .NET4.0E)"
192.168.11.104 - - [07/Feb/2025:16:15:10 +0800] "GET /eHR/img/ess-logo.png HTTP/1.1" 304 - "http://192.168.1.83:8088/eHR/ess/redirect.php" "Mozilla/4.0 (compatible; MSIE 7.0; Windows NT 10.0; WOW64; Trident/7.0; .NET4.0C; .NET4.0E)"
192.168.11.104 - - [07/Feb/2025:16:15:10 +0800] "GET /eHR/img/ess-logo.png HTTP/1.1" 304 -
192.168.11.104 - - [07/Feb/2025:16:15:10 +0800] "GET /eHR/js/jqueryui/jquery-ui-1.8.11.custom.min.js HTTP/1.1" 304 -
192.168.11.104 - - [07/Feb/2025:16:15:10 +0800] "GET /eHR/js/jqueryui/jquery-ui-1.8.11.custom.min.js HTTP/1.1" 304 - "http://192.168.1.83:8088/eHR/ess/redirect.php" "Mozilla/4.0 (compatible; MSIE 7.0; Windows NT 10.0; WOW64; Trident/7.0; .NET4.0C; .NET4.0E)"
192.168.11.104 - - [07/Feb/2025:16:15:10 +0800] "GET /eHR/js/jquery.layout.min-1.2.0.js HTTP/1.1" 304 - "http://192.168.1.83:8088/eHR/ess/redirect.php" "Mozilla/4.0 (compatible; MSIE 7.0; Windows NT 10.0; WOW64; Trident/7.0; .NET4.0C; .NET4.0E)"
192.168.11.104 - - [07/Feb/2025:16:15:10 +0800] "GET /eHR/js/jquery.layout.min-1.2.0.js HTTP/1.1" 304 -
192.168.11.104 - - [07/Feb/2025:16:15:10 +0800] "GET /eHR/js/jquery.cookie.min.js HTTP/1.1" 304 - "http://192.168.1.83:8088/eHR/ess/redirect.php" "Mozilla/4.0 (compatible; MSIE 7.0; Windows NT 10.0; WOW64; Trident/7.0; .NET4.0C; .NET4.0E)"
192.168.11.104 - - [07/Feb/2025:16:15:10 +0800] "GET /eHR/js/jquery.cookie.min.js HTTP/1.1" 304 -
192.168.11.104 - - [07/Feb/2025:16:15:10 +0800] "GET /eHR/css/jqueryui/themes/redmond/images/ui-bg_inset-hard_100_fcfdfd_1x100.png HTTP/1.1" 304 - "http://192.168.1.83:8088/eHR/ess/redirect.php" "Mozilla/4.0 (compatible; MSIE 7.0; Windows NT 10.0; WOW64; Trident/7.0; .NET4.0C; .NET4.0E)"
192.168.11.104 - - [07/Feb/2025:16:15:10 +0800] "GET /eHR/css/jqueryui/themes/redmond/images/ui-bg_inset-hard_100_fcfdfd_1x100.png HTTP/1.1" 304 -
192.168.11.104 - - [07/Feb/2025:16:15:10 +0800] "GET /eHR/img/layout/toggle-lt.gif HTTP/1.1" 304 - "http://192.168.1.83:8088/eHR/ess/redirect.php" "Mozilla/4.0 (compatible; MSIE 7.0; Windows NT 10.0; WOW64; Trident/7.0; .NET4.0C; .NET4.0E)"
192.168.11.104 - - [07/Feb/2025:16:15:10 +0800] "GET /eHR/img/Person.png HTTP/1.1" 304 - "http://192.168.1.83:8088/eHR/ess/redirect.php" "Mozilla/4.0 (compatible; MSIE 7.0; Windows NT 10.0; WOW64; Trident/7.0; .NET4.0C; .NET4.0E)"
192.168.11.104 - - [07/Feb/2025:16:15:10 +0800] "GET /eHR/img/layout/toggle-lt.gif HTTP/1.1" 304 -
192.168.11.104 - - [07/Feb/2025:16:15:10 +0800] "GET /eHR/img/Person.png HTTP/1.1" 304 -
192.168.11.104 - - [07/Feb/2025:16:15:10 +0800] "GET /eHR/css/jqueryui/themes/redmond/images/ui-bg_glass_85_dfeffc_1x400.png HTTP/1.1" 304 - "http://192.168.1.83:8088/eHR/ess/redirect.php" "Mozilla/4.0 (compatible; MSIE 7.0; Windows NT 10.0; WOW64; Trident/7.0; .NET4.0C; .NET4.0E)"
192.168.11.104 - - [07/Feb/2025:16:15:10 +0800] "GET /eHR/css/jqueryui/themes/redmond/images/ui-bg_glass_85_dfeffc_1x400.png HTTP/1.1" 304 -
192.168.11.104 - - [07/Feb/2025:16:15:10 +0800] "GET /eHR/css/jqueryui/themes/redmond/images/ui-icons_6da8d5_256x240.png HTTP/1.1" 304 - "http://192.168.1.83:8088/eHR/ess/redirect.php" "Mozilla/4.0 (compatible; MSIE 7.0; Windows NT 10.0; WOW64; Trident/7.0; .NET4.0C; .NET4.0E)"
192.168.11.104 - - [07/Feb/2025:16:15:10 +0800] "GET /eHR/css/jqueryui/themes/redmond/images/ui-icons_6da8d5_256x240.png HTTP/1.1" 304 -
192.168.11.104 - - [07/Feb/2025:16:15:10 +0800] "GET /eHR/ess/redirect.php?scriptname=ESNH000 HTTP/1.1" 200 9786 "http://192.168.1.83:8088/eHR/ess/redirect.php" "Mozilla/4.0 (compatible; MSIE 7.0; Windows NT 10.0; WOW64; Trident/7.0; .NET4.0C; .NET4.0E)"
192.168.11.104 - - [07/Feb/2025:16:15:10 +0800] "GET /eHR/ess/redirect.php?scriptname=ESNH000 HTTP/1.1" 200 9786
192.168.11.104 - - [07/Feb/2025:16:15:12 +0800] "GET /eHR/css/jqueryui/themes/redmond/jquery.ui.all.css HTTP/1.1" 304 - "http://192.168.1.83:8088/eHR/ess/redirect.php?scriptname=ESNH000" "Mozilla/4.0 (compatible; MSIE 7.0; Windows NT 10.0; WOW64; Trident/7.0; .NET4.0C; .NET4.0E)"
192.168.11.104 - - [07/Feb/2025:16:15:12 +0800] "GET /eHR/css/jqueryui/themes/redmond/jquery.ui.all.css HTTP/1.1" 304 -
192.168.11.104 - - [07/Feb/2025:16:15:12 +0800] "GET /eHR/js/jqueryui/jquery-1.4.4.min.js HTTP/1.1" 304 - "http://192.168.1.83:8088/eHR/ess/redirect.php?scriptname=ESNH000" "Mozilla/4.0 (compatible; MSIE 7.0; Windows NT 10.0; WOW64; Trident/7.0; .NET4.0C; .NET4.0E)"
192.168.11.104 - - [07/Feb/2025:16:15:12 +0800] "GET /eHR/js/jqueryui/jquery-1.4.4.min.js HTTP/1.1" 304 -
192.168.11.104 - - [07/Feb/2025:16:15:12 +0800] "GET /eHR/js/jqueryui/jquery-ui-1.8.11.custom.min.js HTTP/1.1" 304 - "http://192.168.1.83:8088/eHR/ess/redirect.php?scriptname=ESNH000" "Mozilla/4.0 (compatible; MSIE 7.0; Windows NT 10.0; WOW64; Trident/7.0; .NET4.0C; .NET4.0E)"
192.168.11.104 - - [07/Feb/2025:16:15:12 +0800] "GET /eHR/js/jqueryui/jquery-ui-1.8.11.custom.min.js HTTP/1.1" 304 -
192.168.11.104 - - [07/Feb/2025:16:15:12 +0800] "GET /eHR/css/default.css?m=20130917 HTTP/1.1" 304 -
192.168.11.104 - - [07/Feb/2025:16:15:12 +0800] "GET /eHR/css/default.css?m=20130917 HTTP/1.1" 304 - "http://192.168.1.83:8088/eHR/ess/redirect.php?scriptname=ESNH000" "Mozilla/4.0 (compatible; MSIE 7.0; Windows NT 10.0; WOW64; Trident/7.0; .NET4.0C; .NET4.0E)"
192.168.11.104 - - [07/Feb/2025:16:15:12 +0800] "GET /eHR/css/blueprint/screen.css HTTP/1.1" 304 - "http://192.168.1.83:8088/eHR/ess/redirect.php?scriptname=ESNH000" "Mozilla/4.0 (compatible; MSIE 7.0; Windows NT 10.0; WOW64; Trident/7.0; .NET4.0C; .NET4.0E)"
192.168.11.104 - - [07/Feb/2025:16:15:12 +0800] "GET /eHR/css/blueprint/screen.css HTTP/1.1" 304 -
192.168.11.104 - - [07/Feb/2025:16:15:12 +0800] "GET /eHR/js/i18n/ui.datepicker-zh-TW.min.js HTTP/1.1" 304 -
192.168.11.104 - - [07/Feb/2025:16:15:12 +0800] "GET /eHR/js/i18n/ui.datepicker-zh-TW.min.js HTTP/1.1" 304 - "http://192.168.1.83:8088/eHR/ess/redirect.php?scriptname=ESNH000" "Mozilla/4.0 (compatible; MSIE 7.0; Windows NT 10.0; WOW64; Trident/7.0; .NET4.0C; .NET4.0E)"
192.168.11.104 - - [07/Feb/2025:16:15:12 +0800] "GET /eHR/js/functions.js HTTP/1.1" 304 - "http://192.168.1.83:8088/eHR/ess/redirect.php?scriptname=ESNH000" "Mozilla/4.0 (compatible; MSIE 7.0; Windows NT 10.0; WOW64; Trident/7.0; .NET4.0C; .NET4.0E)"
192.168.11.104 - - [07/Feb/2025:16:15:12 +0800] "GET /eHR/js/functions.js HTTP/1.1" 304 -
192.168.11.104 - - [07/Feb/2025:16:15:12 +0800] "GET /eHR/img/ares.ico HTTP/1.1" 200 1406
192.168.11.104 - - [07/Feb/2025:16:15:12 +0800] "GET /eHR/img/ares.ico HTTP/1.1" 200 1406 "-" "Mozilla/5.0 (Windows NT 10.0; Win64; x64) AppleWebKit/537.36 (KHTML, like Gecko) Chrome/131.0.0.0 Safari/537.36 Edg/131.0.0.0"
192.168.11.104 - - [07/Feb/2025:16:15:12 +0800] "GET /eHR/img/ares.ico HTTP/1.1" 200 1406 "-" "Mozilla/5.0 (Windows NT 10.0; Win64; x64) AppleWebKit/537.36 (KHTML, like Gecko) Chrome/131.0.0.0 Safari/537.36 Edg/131.0.0.0"
192.168.11.104 - - [07/Feb/2025:16:15:12 +0800] "GET /eHR/img/ares.ico HTTP/1.1" 200 1406
100.64.0.1 - - [07/Feb/2025:16:15:13 +0800] "GET /Apache%20Software%20Foundation/Apache2.2/logs/error_20231213.log HTTP/1.1" 200 875352 "-" "Android/27.1"
100.64.0.1 - - [07/Feb/2025:16:15:13 +0800] "GET /Apache%20Software%20Foundation/Apache2.2/logs/error_20231213.log HTTP/1.1" 200 875352
100.64.0.1 - - [07/Feb/2025:16:15:49 +0800] "GET /Apache%20Software%20Foundation/Apache2.2/logs/access_20240626.log HTTP/1.1" 200 5242993 "-" "Android/27.1"
100.64.0.1 - - [07/Feb/2025:16:15:49 +0800] "GET /Apache%20Software%20Foundation/Apache2.2/logs/access_20240626.log HTTP/1.1" 200 5242993
100.64.0.1 - - [07/Feb/2025:16:15:52 +0800] "GET /Apache%20Software%20Foundation/Apache2.2/logs/access_20241127.log HTTP/1.1" 200 5243023 "-" "Android/27.1"
100.64.0.1 - - [07/Feb/2025:16:15:52 +0800] "GET /Apache%20Software%20Foundation/Apache2.2/logs/access_20241127.log HTTP/1.1" 200 5243023
192.168.12.66 - - [07/Feb/2025:16:16:05 +0800] "GET /eHR/ess/redirect.php?scriptname=ESNE002&appdesc=%E6%89%B9%E9%87%8F%E8%AF%B7%E5%81%87%E7%94%B3%E8%AF%B7 HTTP/1.1" 302 - "http://192.168.1.83:8088/eHR/ess/redirect.php" "Mozilla/5.0 (Windows NT 6.2; Win64; x64) AppleWebKit/537.36 (KHTML, like Gecko) Chrome/105.0.0.0 Safari/537.36"
192.168.12.66 - - [07/Feb/2025:16:16:05 +0800] "GET /eHR/ess/redirect.php?scriptname=ESNE002&appdesc=%E6%89%B9%E9%87%8F%E8%AF%B7%E5%81%87%E7%94%B3%E8%AF%B7 HTTP/1.1" 302 -
192.168.12.66 - - [07/Feb/2025:16:16:06 +0800] "GET /eHR/ess/index.php?action=logout HTTP/1.1" 200 8826 "http://192.168.1.83:8088/eHR/ess/redirect.php" "Mozilla/5.0 (Windows NT 6.2; Win64; x64) AppleWebKit/537.36 (KHTML, like Gecko) Chrome/105.0.0.0 Safari/537.36"
192.168.12.66 - - [07/Feb/2025:16:16:06 +0800] "GET /eHR/ess/index.php?action=logout HTTP/1.1" 200 8826
192.168.12.66 - - [07/Feb/2025:16:16:06 +0800] "GET /eHR/ess/index.php?action=logout HTTP/1.1" 200 8826 "http://192.168.1.83:8088/eHR/ess/index.php?action=logout" "Mozilla/5.0 (Windows NT 6.2; Win64; x64) AppleWebKit/537.36 (KHTML, like Gecko) Chrome/105.0.0.0 Safari/537.36"
192.168.12.66 - - [07/Feb/2025:16:16:06 +0800] "GET /eHR/ess/index.php?action=logout HTTP/1.1" 200 8826
192.168.12.66 - - [07/Feb/2025:16:16:08 +0800] "POST /eHR/ess/includes/login.php HTTP/1.1" 302 - "http://192.168.1.83:8088/eHR/ess/index.php?action=logout" "Mozilla/5.0 (Windows NT 6.2; Win64; x64) AppleWebKit/537.36 (KHTML, like Gecko) Chrome/105.0.0.0 Safari/537.36"
192.168.12.66 - - [07/Feb/2025:16:16:08 +0800] "POST /eHR/ess/includes/login.php HTTP/1.1" 302 -
100.64.0.1 - - [07/Feb/2025:16:16:16 +0800] "GET /Apache%20Software%20Foundation/Apache2.2/logs/access_20230428.log HTTP/1.1" 200 5243603 "-" "Android/27.1"
100.64.0.1 - - [07/Feb/2025:16:16:16 +0800] "GET /Apache%20Software%20Foundation/Apache2.2/logs/access_20230428.log HTTP/1.1" 200 5243603
192.168.12.66 - - [07/Feb/2025:16:16:09 +0800] "POST /eHR/ess/includes/login.php HTTP/1.1" 302 - "http://192.168.1.83:8088/eHR/ess/index.php?action=logout" "Mozilla/5.0 (Windows NT 6.2; Win64; x64) AppleWebKit/537.36 (KHTML, like Gecko) Chrome/105.0.0.0 Safari/537.36"
192.168.12.66 - - [07/Feb/2025:16:16:09 +0800] "POST /eHR/ess/includes/login.php HTTP/1.1" 302 -
192.168.12.66 - - [07/Feb/2025:16:16:18 +0800] "GET /eHR/ess/redirect.php HTTP/1.1" 200 8929
192.168.12.66 - - [07/Feb/2025:16:16:18 +0800] "GET /eHR/ess/redirect.php HTTP/1.1" 200 8929 "http://192.168.1.83:8088/eHR/ess/index.php?action=logout" "Mozilla/5.0 (Windows NT 6.2; Win64; x64) AppleWebKit/537.36 (KHTML, like Gecko) Chrome/105.0.0.0 Safari/537.36"
192.168.12.66 - - [07/Feb/2025:16:16:19 +0800] "GET /eHR/ess/redirect.php?scriptname=ESNH000 HTTP/1.1" 200 9845
192.168.12.66 - - [07/Feb/2025:16:16:19 +0800] "GET /eHR/ess/redirect.php?scriptname=ESNH000 HTTP/1.1" 200 9845 "http://192.168.1.83:8088/eHR/ess/redirect.php" "Mozilla/5.0 (Windows NT 6.2; Win64; x64) AppleWebKit/537.36 (KHTML, like Gecko) Chrome/105.0.0.0 Safari/537.36"
192.168.12.66 - - [07/Feb/2025:16:16:24 +0800] "GET /eHR/ess/redirect.php?scriptname=ESNE004&appdesc=%E6%89%B9%E9%87%8F%E8%AF%B7%E5%81%87%E6%9F%A5%E8%AF%A2 HTTP/1.1" 200 39237 "http://192.168.1.83:8088/eHR/ess/redirect.php" "Mozilla/5.0 (Windows NT 6.2; Win64; x64) AppleWebKit/537.36 (KHTML, like Gecko) Chrome/105.0.0.0 Safari/537.36"
192.168.12.66 - - [07/Feb/2025:16:16:24 +0800] "GET /eHR/ess/redirect.php?scriptname=ESNE004&appdesc=%E6%89%B9%E9%87%8F%E8%AF%B7%E5%81%87%E6%9F%A5%E8%AF%A2 HTTP/1.1" 200 39237
192.168.12.66 - - [07/Feb/2025:16:16:26 +0800] "GET /eHR/ess/redirect.php?scriptname=ESNE002&appdesc=%E6%89%B9%E9%87%8F%E8%AF%B7%E5%81%87%E7%94%B3%E8%AF%B7 HTTP/1.1" 200 22190 "http://192.168.1.83:8088/eHR/ess/redirect.php" "Mozilla/5.0 (Windows NT 6.2; Win64; x64) AppleWebKit/537.36 (KHTML, like Gecko) Chrome/105.0.0.0 Safari/537.36"
192.168.12.66 - - [07/Feb/2025:16:16:26 +0800] "GET /eHR/ess/redirect.php?scriptname=ESNE002&appdesc=%E6%89%B9%E9%87%8F%E8%AF%B7%E5%81%87%E7%94%B3%E8%AF%B7 HTTP/1.1" 200 22190
192.168.11.104 - - [07/Feb/2025:16:18:05 +0800] "GET /eHR/ess/redirect.php?scriptname=ESNF000&appdesc=%E6%B5%81%E7%A8%8B%E7%AE%A1%E7%90%86 HTTP/1.1" 200 34967 "http://192.168.1.83:8088/eHR/ess/redirect.php" "Mozilla/4.0 (compatible; MSIE 7.0; Windows NT 10.0; WOW64; Trident/7.0; .NET4.0C; .NET4.0E)"
192.168.11.104 - - [07/Feb/2025:16:18:05 +0800] "GET /eHR/ess/redirect.php?scriptname=ESNF000&appdesc=%E6%B5%81%E7%A8%8B%E7%AE%A1%E7%90%86 HTTP/1.1" 200 34967
100.64.0.1 - - [07/Feb/2025:16:20:17 +0800] "GET /Apache%20Software%20Foundation/Apache2.2/logs/access_20240622.log HTTP/1.1" 200 5242922 "-" "Android/27.1"
100.64.0.1 - - [07/Feb/2025:16:20:17 +0800] "GET /Apache%20Software%20Foundation/Apache2.2/logs/access_20240622.log HTTP/1.1" 200 5242922
100.64.0.1 - - [07/Feb/2025:16:20:36 +0800] "GET /Apache%20Software%20Foundation/Apache2.2/logs/error_20240313.log HTTP/1.1" 200 91326 "-" "Android/27.1"
100.64.0.1 - - [07/Feb/2025:16:20:36 +0800] "GET /Apache%20Software%20Foundation/Apache2.2/logs/error_20240313.log HTTP/1.1" 200 91326
192.168.12.66 - - [07/Feb/2025:16:21:31 +0800] "GET /eHR/ess/redirect.php?scriptname=emp_lov&openW=Y&rand=0.8850605548492647 HTTP/1.1" 200 15236 "http://192.168.1.83:8088/eHR/ess/redirect.php?scriptname=ESNE002&appdesc=%E6%89%B9%E9%87%8F%E8%AF%B7%E5%81%87%E7%94%B3%E8%AF%B7" "Mozilla/5.0 (Windows NT 6.2; Win64; x64) AppleWebKit/537.36 (KHTML, like Gecko) Chrome/105.0.0.0 Safari/537.36"
192.168.12.66 - - [07/Feb/2025:16:21:31 +0800] "GET /eHR/ess/redirect.php?scriptname=emp_lov&openW=Y&rand=0.8850605548492647 HTTP/1.1" 200 15236
192.168.12.66 - - [07/Feb/2025:16:21:31 +0800] "GET /eHR/ess/redirect.php?scriptname=emp_lov&openW=Y&rand=0.9927195807926745 HTTP/1.1" 200 15236 "http://192.168.1.83:8088/eHR/ess/redirect.php?scriptname=ESNE002&appdesc=%E6%89%B9%E9%87%8F%E8%AF%B7%E5%81%87%E7%94%B3%E8%AF%B7" "Mozilla/5.0 (Windows NT 6.2; Win64; x64) AppleWebKit/537.36 (KHTML, like Gecko) Chrome/105.0.0.0 Safari/537.36"
192.168.12.66 - - [07/Feb/2025:16:21:31 +0800] "GET /eHR/ess/redirect.php?scriptname=emp_lov&openW=Y&rand=0.9927195807926745 HTTP/1.1" 200 15236
192.168.12.66 - - [07/Feb/2025:16:21:39 +0800] "POST /eHR/ess/redirect.php?scriptname=emp_lov&openW=Y&rand=0.9927195807926745 HTTP/1.1" 200 17417 "http://192.168.1.83:8088/eHR/ess/redirect.php?scriptname=emp_lov&openW=Y&rand=0.9927195807926745" "Mozilla/5.0 (Windows NT 6.2; Win64; x64) AppleWebKit/537.36 (KHTML, like Gecko) Chrome/105.0.0.0 Safari/537.36"
192.168.12.66 - - [07/Feb/2025:16:21:39 +0800] "POST /eHR/ess/redirect.php?scriptname=emp_lov&openW=Y&rand=0.9927195807926745 HTTP/1.1" 200 17417
100.64.0.1 - - [07/Feb/2025:16:21:47 +0800] "GET /Apache%20Software%20Foundation/Apache2.2/logs/error_20241210.log HTTP/1.1" 200 531436 "-" "Android/27.1"
100.64.0.1 - - [07/Feb/2025:16:21:47 +0800] "GET /Apache%20Software%20Foundation/Apache2.2/logs/error_20241210.log HTTP/1.1" 200 531436
192.168.12.66 - - [07/Feb/2025:16:21:49 +0800] "POST /eHR/ess/redirect.php?scriptname=ESNE002&appdesc=%E6%89%B9%E9%87%8F%E8%AF%B7%E5%81%87%E7%94%B3%E8%AF%B7 HTTP/1.1" 200 4206 "http://192.168.1.83:8088/eHR/ess/redirect.php?scriptname=ESNE002&appdesc=%E6%89%B9%E9%87%8F%E8%AF%B7%E5%81%87%E7%94%B3%E8%AF%B7" "Mozilla/5.0 (Windows NT 6.2; Win64; x64) AppleWebKit/537.36 (KHTML, like Gecko) Chrome/105.0.0.0 Safari/537.36"
192.168.12.66 - - [07/Feb/2025:16:21:49 +0800] "POST /eHR/ess/redirect.php?scriptname=ESNE002&appdesc=%E6%89%B9%E9%87%8F%E8%AF%B7%E5%81%87%E7%94%B3%E8%AF%B7 HTTP/1.1" 200 4206
192.168.12.66 - - [07/Feb/2025:16:21:58 +0800] "GET /eHR/ess/redirect.php?scriptname=ESNE002&appdesc=%E6%89%B9%E9%87%8F%E8%AF%B7%E5%81%87%E7%94%B3%E8%AF%B7 HTTP/1.1" 200 22190 "http://192.168.1.83:8088/eHR/ess/redirect.php" "Mozilla/5.0 (Windows NT 6.2; Win64; x64) AppleWebKit/537.36 (KHTML, like Gecko) Chrome/105.0.0.0 Safari/537.36"
192.168.12.66 - - [07/Feb/2025:16:21:58 +0800] "GET /eHR/ess/redirect.php?scriptname=ESNE002&appdesc=%E6%89%B9%E9%87%8F%E8%AF%B7%E5%81%87%E7%94%B3%E8%AF%B7 HTTP/1.1" 200 22190
192.168.12.66 - - [07/Feb/2025:16:22:15 +0800] "GET /eHR/ess/redirect.php?scriptname=emp_lov&openW=Y&rand=0.4333255092897268 HTTP/1.1" 200 15236 "http://192.168.1.83:8088/eHR/ess/redirect.php?scriptname=ESNE002&appdesc=%E6%89%B9%E9%87%8F%E8%AF%B7%E5%81%87%E7%94%B3%E8%AF%B7" "Mozilla/5.0 (Windows NT 6.2; Win64; x64) AppleWebKit/537.36 (KHTML, like Gecko) Chrome/105.0.0.0 Safari/537.36"
192.168.12.66 - - [07/Feb/2025:16:22:15 +0800] "GET /eHR/ess/redirect.php?scriptname=emp_lov&openW=Y&rand=0.4333255092897268 HTTP/1.1" 200 15236
192.168.12.66 - - [07/Feb/2025:16:22:22 +0800] "POST /eHR/ess/redirect.php?scriptname=emp_lov&openW=Y&rand=0.4333255092897268 HTTP/1.1" 200 17417 "http://192.168.1.83:8088/eHR/ess/redirect.php?scriptname=emp_lov&openW=Y&rand=0.4333255092897268" "Mozilla/5.0 (Windows NT 6.2; Win64; x64) AppleWebKit/537.36 (KHTML, like Gecko) Chrome/105.0.0.0 Safari/537.36"
192.168.12.66 - - [07/Feb/2025:16:22:22 +0800] "POST /eHR/ess/redirect.php?scriptname=emp_lov&openW=Y&rand=0.4333255092897268 HTTP/1.1" 200 17417
192.168.12.66 - - [07/Feb/2025:16:22:26 +0800] "POST /eHR/ess/redirect.php?scriptname=ESNE002&appdesc=%E6%89%B9%E9%87%8F%E8%AF%B7%E5%81%87%E7%94%B3%E8%AF%B7 HTTP/1.1" 200 4206 "http://192.168.1.83:8088/eHR/ess/redirect.php?scriptname=ESNE002&appdesc=%E6%89%B9%E9%87%8F%E8%AF%B7%E5%81%87%E7%94%B3%E8%AF%B7" "Mozilla/5.0 (Windows NT 6.2; Win64; x64) AppleWebKit/537.36 (KHTML, like Gecko) Chrome/105.0.0.0 Safari/537.36"
192.168.12.66 - - [07/Feb/2025:16:22:26 +0800] "POST /eHR/ess/redirect.php?scriptname=ESNE002&appdesc=%E6%89%B9%E9%87%8F%E8%AF%B7%E5%81%87%E7%94%B3%E8%AF%B7 HTTP/1.1" 200 4206
100.64.0.1 - - [07/Feb/2025:16:22:42 +0800] "GET /Apache%20Software%20Foundation/Apache2.2/logs/access_20231011.log HTTP/1.1" 200 5243449 "-" "Android/27.1"
100.64.0.1 - - [07/Feb/2025:16:22:42 +0800] "GET /Apache%20Software%20Foundation/Apache2.2/logs/access_20231011.log HTTP/1.1" 200 5243449
100.64.0.1 - - [07/Feb/2025:16:22:57 +0800] "GET /Apache%20Software%20Foundation/Apache2.2/logs/access_20230912.log HTTP/1.1" 200 3240042 "-" "Android/27.1"
100.64.0.1 - - [07/Feb/2025:16:22:57 +0800] "GET /Apache%20Software%20Foundation/Apache2.2/logs/access_20230912.log HTTP/1.1" 200 3240042
100.64.0.1 - - [07/Feb/2025:16:23:15 +0800] "GET /Apache%20Software%20Foundation/Apache2.2/logs/access_20240425.log HTTP/1.1" 200 5243092 "-" "Android/27.1"
100.64.0.1 - - [07/Feb/2025:16:23:15 +0800] "GET /Apache%20Software%20Foundation/Apache2.2/logs/access_20240425.log HTTP/1.1" 200 5243092
192.168.11.104 - - [07/Feb/2025:16:23:54 +0800] "GET /eHR/ess/redirect.php?scriptname=assistant_leave_apply_search&dept_seqno=4414&flowstatus=01&whoami=admin HTTP/1.1" 200 52302 "http://192.168.1.83:8088/eHR/ess/redirect.php?scriptname=ESNF000&appdesc=%E6%B5%81%E7%A8%8B%E7%AE%A1%E7%90%86" "Mozilla/4.0 (compatible; MSIE 7.0; Windows NT 10.0; WOW64; Trident/7.0; .NET4.0C; .NET4.0E)"
192.168.11.104 - - [07/Feb/2025:16:23:54 +0800] "GET /eHR/ess/redirect.php?scriptname=assistant_leave_apply_search&dept_seqno=4414&flowstatus=01&whoami=admin HTTP/1.1" 200 52302
192.168.11.104 - - [07/Feb/2025:16:23:55 +0800] "GET /eHR/ess/redirect.php?scriptname=assistant_leave_apply_search&dept_seqno=3969&flowstatus=02&whoami=admin HTTP/1.1" 200 58726 "http://192.168.1.83:8088/eHR/ess/redirect.php?scriptname=ESNF000&appdesc=%E6%B5%81%E7%A8%8B%E7%AE%A1%E7%90%86" "Mozilla/4.0 (compatible; MSIE 7.0; Windows NT 10.0; WOW64; Trident/7.0; .NET4.0C; .NET4.0E)"
192.168.11.104 - - [07/Feb/2025:16:23:55 +0800] "GET /eHR/ess/redirect.php?scriptname=assistant_leave_apply_search&dept_seqno=3969&flowstatus=02&whoami=admin HTTP/1.1" 200 58726
192.168.11.104 - - [07/Feb/2025:16:24:03 +0800] "GET /eHR/ess/redirect.php?scriptname=ESNF000&appdesc=%E6%B5%81%E7%A8%8B%E7%AE%A1%E7%90%86 HTTP/1.1" 200 34967 "http://192.168.1.83:8088/eHR/ess/redirect.php" "Mozilla/4.0 (compatible; MSIE 7.0; Windows NT 10.0; WOW64; Trident/7.0; .NET4.0C; .NET4.0E)"
192.168.11.104 - - [07/Feb/2025:16:24:03 +0800] "GET /eHR/ess/redirect.php?scriptname=ESNF000&appdesc=%E6%B5%81%E7%A8%8B%E7%AE%A1%E7%90%86 HTTP/1.1" 200 34967
100.64.0.1 - - [07/Feb/2025:16:24:14 +0800] "GET /Apache%20Software%20Foundation/Apache2.2/logs/access_20231213.log HTTP/1.1" 200 5243176 "-" "Android/27.1"
100.64.0.1 - - [07/Feb/2025:16:24:14 +0800] "GET /Apache%20Software%20Foundation/Apache2.2/logs/access_20231213.log HTTP/1.1" 200 5243176
192.168.12.66 - - [07/Feb/2025:16:24:23 +0800] "GET /eHR/ess/redirect.php?scriptname=ESNE002&appdesc=%E6%89%B9%E9%87%8F%E8%AF%B7%E5%81%87%E7%94%B3%E8%AF%B7 HTTP/1.1" 200 22190 "http://192.168.1.83:8088/eHR/ess/redirect.php" "Mozilla/5.0 (Windows NT 6.2; Win64; x64) AppleWebKit/537.36 (KHTML, like Gecko) Chrome/105.0.0.0 Safari/537.36"
192.168.12.66 - - [07/Feb/2025:16:24:23 +0800] "GET /eHR/ess/redirect.php?scriptname=ESNE002&appdesc=%E6%89%B9%E9%87%8F%E8%AF%B7%E5%81%87%E7%94%B3%E8%AF%B7 HTTP/1.1" 200 22190
192.168.12.66 - - [07/Feb/2025:16:24:44 +0800] "GET /eHR/ess/redirect.php?scriptname=emp_lov&openW=Y&rand=0.41457691079526926 HTTP/1.1" 200 15236 "http://192.168.1.83:8088/eHR/ess/redirect.php?scriptname=ESNE002&appdesc=%E6%89%B9%E9%87%8F%E8%AF%B7%E5%81%87%E7%94%B3%E8%AF%B7" "Mozilla/5.0 (Windows NT 6.2; Win64; x64) AppleWebKit/537.36 (KHTML, like Gecko) Chrome/105.0.0.0 Safari/537.36"
192.168.12.66 - - [07/Feb/2025:16:24:44 +0800] "GET /eHR/ess/redirect.php?scriptname=emp_lov&openW=Y&rand=0.41457691079526926 HTTP/1.1" 200 15236
100.64.0.1 - - [07/Feb/2025:16:24:46 +0800] "GET /Apache%20Software%20Foundation/Apache2.2/logs/access_20241210.log HTTP/1.1" 200 5243098 "-" "Android/27.1"
100.64.0.1 - - [07/Feb/2025:16:24:46 +0800] "GET /Apache%20Software%20Foundation/Apache2.2/logs/access_20241210.log HTTP/1.1" 200 5243098
100.64.0.1 - - [07/Feb/2025:16:24:49 +0800] "GET /Apache%20Software%20Foundation/Apache2.2/logs/access_20230726.log HTTP/1.1" 200 10987235 "-" "Android/27.1"
100.64.0.1 - - [07/Feb/2025:16:24:49 +0800] "GET /Apache%20Software%20Foundation/Apache2.2/logs/access_20230726.log HTTP/1.1" 200 10987235
192.168.12.66 - - [07/Feb/2025:16:24:51 +0800] "POST /eHR/ess/redirect.php?scriptname=emp_lov&openW=Y&rand=0.41457691079526926 HTTP/1.1" 200 17416 "http://192.168.1.83:8088/eHR/ess/redirect.php?scriptname=emp_lov&openW=Y&rand=0.41457691079526926" "Mozilla/5.0 (Windows NT 6.2; Win64; x64) AppleWebKit/537.36 (KHTML, like Gecko) Chrome/105.0.0.0 Safari/537.36"
192.168.12.66 - - [07/Feb/2025:16:24:51 +0800] "POST /eHR/ess/redirect.php?scriptname=emp_lov&openW=Y&rand=0.41457691079526926 HTTP/1.1" 200 17416
192.168.11.104 - - [07/Feb/2025:16:24:54 +0800] "GET /eHR/ess/redirect.php?scriptname=assistant_leave_apply_search&dept_seqno=3969&flowstatus=02&whoami=admin HTTP/1.1" 200 58726 "http://192.168.1.83:8088/eHR/ess/redirect.php?scriptname=ESNF000&appdesc=%E6%B5%81%E7%A8%8B%E7%AE%A1%E7%90%86" "Mozilla/4.0 (compatible; MSIE 7.0; Windows NT 10.0; WOW64; Trident/7.0; .NET4.0C; .NET4.0E)"
192.168.11.104 - - [07/Feb/2025:16:24:54 +0800] "GET /eHR/ess/redirect.php?scriptname=assistant_leave_apply_search&dept_seqno=3969&flowstatus=02&whoami=admin HTTP/1.1" 200 58726
100.64.0.1 - - [07/Feb/2025:16:24:56 +0800] "GET /Apache%20Software%20Foundation/Apache2.2/logs/access_20230523.log HTTP/1.1" 200 1224326 "-" "Android/27.1"
100.64.0.1 - - [07/Feb/2025:16:24:56 +0800] "GET /Apache%20Software%20Foundation/Apache2.2/logs/access_20230523.log HTTP/1.1" 200 1224326
192.168.11.104 - - [07/Feb/2025:16:25:02 +0800] "POST /eHR/ess/redirect.php?scriptname=view_flowchart&action=viewflowchart&apply_type=absence&flow_seqno=108697 HTTP/1.1" 200 6091 "http://192.168.1.83:8088/eHR/ess/redirect.php" "Mozilla/4.0 (compatible; MSIE 7.0; Windows NT 10.0; WOW64; Trident/7.0; .NET4.0C; .NET4.0E)"
192.168.11.104 - - [07/Feb/2025:16:25:02 +0800] "POST /eHR/ess/redirect.php?scriptname=view_flowchart&action=viewflowchart&apply_type=absence&flow_seqno=108697 HTTP/1.1" 200 6091
192.168.11.104 - - [07/Feb/2025:16:25:03 +0800] "GET /eHR/img/workflow/start.png HTTP/1.1" 200 2344 "http://192.168.1.83:8088/eHR/ess/redirect.php" "Mozilla/4.0 (compatible; MSIE 7.0; Windows NT 10.0; WOW64; Trident/7.0; .NET4.0C; .NET4.0E)"
192.168.11.104 - - [07/Feb/2025:16:25:03 +0800] "GET /eHR/img/workflow/start.png HTTP/1.1" 200 2344
192.168.11.104 - - [07/Feb/2025:16:25:03 +0800] "GET /eHR/img/workflow/user_sign_unknown.png HTTP/1.1" 200 2737
192.168.11.104 - - [07/Feb/2025:16:25:03 +0800] "GET /eHR/img/workflow/user_sign_unknown.png HTTP/1.1" 200 2737 "http://192.168.1.83:8088/eHR/ess/redirect.php" "Mozilla/4.0 (compatible; MSIE 7.0; Windows NT 10.0; WOW64; Trident/7.0; .NET4.0C; .NET4.0E)"
192.168.11.104 - - [07/Feb/2025:16:25:03 +0800] "GET /eHR/img/workflow/user_sign_unknown_key.png HTTP/1.1" 200 3101 "http://192.168.1.83:8088/eHR/ess/redirect.php" "Mozilla/4.0 (compatible; MSIE 7.0; Windows NT 10.0; WOW64; Trident/7.0; .NET4.0C; .NET4.0E)"
192.168.11.104 - - [07/Feb/2025:16:25:03 +0800] "GET /eHR/img/workflow/user_sign_unknown_key.png HTTP/1.1" 200 3101
192.168.11.104 - - [07/Feb/2025:16:25:03 +0800] "GET /eHR/img/workflow/user_sign_approve.png HTTP/1.1" 200 2759 "http://192.168.1.83:8088/eHR/ess/redirect.php" "Mozilla/4.0 (compatible; MSIE 7.0; Windows NT 10.0; WOW64; Trident/7.0; .NET4.0C; .NET4.0E)"
192.168.11.104 - - [07/Feb/2025:16:25:03 +0800] "GET /eHR/img/workflow/user_sign_approve.png HTTP/1.1" 200 2759
192.168.11.104 - - [07/Feb/2025:16:25:03 +0800] "GET /eHR/img/workflow/end.png HTTP/1.1" 200 2726 "http://192.168.1.83:8088/eHR/ess/redirect.php" "Mozilla/4.0 (compatible; MSIE 7.0; Windows NT 10.0; WOW64; Trident/7.0; .NET4.0C; .NET4.0E)"
192.168.11.104 - - [07/Feb/2025:16:25:03 +0800] "GET /eHR/img/workflow/end.png HTTP/1.1" 200 2726
192.168.11.104 - - [07/Feb/2025:16:25:03 +0800] "GET /eHR/img/workflow/process.png HTTP/1.1" 200 2728 "http://192.168.1.83:8088/eHR/ess/redirect.php" "Mozilla/4.0 (compatible; MSIE 7.0; Windows NT 10.0; WOW64; Trident/7.0; .NET4.0C; .NET4.0E)"
192.168.11.104 - - [07/Feb/2025:16:25:03 +0800] "GET /eHR/img/workflow/process.png HTTP/1.1" 200 2728
192.168.11.104 - - [07/Feb/2025:16:25:03 +0800] "GET /eHR/css/jqueryui/themes/redmond/images/ui-bg_flat_0_aaaaaa_40x100.png HTTP/1.1" 200 180 "http://192.168.1.83:8088/eHR/ess/redirect.php" "Mozilla/4.0 (compatible; MSIE 7.0; Windows NT 10.0; WOW64; Trident/7.0; .NET4.0C; .NET4.0E)"
192.168.11.104 - - [07/Feb/2025:16:25:03 +0800] "GET /eHR/css/jqueryui/themes/redmond/images/ui-bg_flat_0_aaaaaa_40x100.png HTTP/1.1" 200 180
192.168.11.104 - - [07/Feb/2025:16:25:03 +0800] "GET /eHR/css/jqueryui/themes/redmond/images/ui-icons_469bdd_256x240.png HTTP/1.1" 200 4369 "http://192.168.1.83:8088/eHR/ess/redirect.php" "Mozilla/4.0 (compatible; MSIE 7.0; Windows NT 10.0; WOW64; Trident/7.0; .NET4.0C; .NET4.0E)"
192.168.11.104 - - [07/Feb/2025:16:25:03 +0800] "GET /eHR/css/jqueryui/themes/redmond/images/ui-icons_469bdd_256x240.png HTTP/1.1" 200 4369
192.168.11.104 - - [07/Feb/2025:16:25:13 +0800] "GET /eHR/ess/redirect.php?scriptname=ESNF000&appdesc=%E6%B5%81%E7%A8%8B%E7%AE%A1%E7%90%86 HTTP/1.1" 200 34967 "http://192.168.1.83:8088/eHR/ess/redirect.php" "Mozilla/4.0 (compatible; MSIE 7.0; Windows NT 10.0; WOW64; Trident/7.0; .NET4.0C; .NET4.0E)"
192.168.11.104 - - [07/Feb/2025:16:25:13 +0800] "GET /eHR/ess/redirect.php?scriptname=ESNF000&appdesc=%E6%B5%81%E7%A8%8B%E7%AE%A1%E7%90%86 HTTP/1.1" 200 34967
100.64.0.1 - - [07/Feb/2025:16:25:20 +0800] "GET /Apache%20Software%20Foundation/Apache2.2/logs/error_20230711.log HTTP/1.1" 200 49308 "-" "Android/27.1"
100.64.0.1 - - [07/Feb/2025:16:25:20 +0800] "GET /Apache%20Software%20Foundation/Apache2.2/logs/error_20230711.log HTTP/1.1" 200 49308
192.168.11.104 - - [07/Feb/2025:16:25:38 +0800] "GET /eHR/ess/redirect.php?scriptname=assistant_leave_apply_search&dept_seqno=4374&flowstatus=02&whoami=admin HTTP/1.1" 200 58867 "http://192.168.1.83:8088/eHR/ess/redirect.php?scriptname=ESNF000&appdesc=%E6%B5%81%E7%A8%8B%E7%AE%A1%E7%90%86" "Mozilla/4.0 (compatible; MSIE 7.0; Windows NT 10.0; WOW64; Trident/7.0; .NET4.0C; .NET4.0E)"
192.168.11.104 - - [07/Feb/2025:16:25:38 +0800] "GET /eHR/ess/redirect.php?scriptname=assistant_leave_apply_search&dept_seqno=4374&flowstatus=02&whoami=admin HTTP/1.1" 200 58867
100.64.0.1 - - [07/Feb/2025:16:25:41 +0800] "GET /Apache%20Software%20Foundation/Apache2.2/logs/error_20230718.log HTTP/1.1" 200 134389 "-" "Android/27.1"
100.64.0.1 - - [07/Feb/2025:16:25:41 +0800] "GET /Apache%20Software%20Foundation/Apache2.2/logs/error_20230718.log HTTP/1.1" 200 134389
192.168.11.104 - - [07/Feb/2025:16:25:43 +0800] "POST /eHR/ess/redirect.php?scriptname=view_flowchart&action=viewflowchart&apply_type=absence&flow_seqno=108565 HTTP/1.1" 200 5959 "http://192.168.1.83:8088/eHR/ess/redirect.php" "Mozilla/4.0 (compatible; MSIE 7.0; Windows NT 10.0; WOW64; Trident/7.0; .NET4.0C; .NET4.0E)"
192.168.11.104 - - [07/Feb/2025:16:25:43 +0800] "POST /eHR/ess/redirect.php?scriptname=view_flowchart&action=viewflowchart&apply_type=absence&flow_seqno=108565 HTTP/1.1" 200 5959
192.168.11.104 - - [07/Feb/2025:16:25:43 +0800] "GET /eHR/img/workflow/user_sign_approve_key.png HTTP/1.1" 200 3099 "http://192.168.1.83:8088/eHR/ess/redirect.php" "Mozilla/4.0 (compatible; MSIE 7.0; Windows NT 10.0; WOW64; Trident/7.0; .NET4.0C; .NET4.0E)"
192.168.11.104 - - [07/Feb/2025:16:25:43 +0800] "GET /eHR/img/workflow/user_sign_approve_key.png HTTP/1.1" 200 3099
192.168.12.66 - - [07/Feb/2025:16:25:47 +0800] "POST /eHR/ess/redirect.php?scriptname=ESNE002&appdesc=%E6%89%B9%E9%87%8F%E8%AF%B7%E5%81%87%E7%94%B3%E8%AF%B7 HTTP/1.1" 200 4205 "http://192.168.1.83:8088/eHR/ess/redirect.php?scriptname=ESNE002&appdesc=%E6%89%B9%E9%87%8F%E8%AF%B7%E5%81%87%E7%94%B3%E8%AF%B7" "Mozilla/5.0 (Windows NT 6.2; Win64; x64) AppleWebKit/537.36 (KHTML, like Gecko) Chrome/105.0.0.0 Safari/537.36"
192.168.12.66 - - [07/Feb/2025:16:25:47 +0800] "POST /eHR/ess/redirect.php?scriptname=ESNE002&appdesc=%E6%89%B9%E9%87%8F%E8%AF%B7%E5%81%87%E7%94%B3%E8%AF%B7 HTTP/1.1" 200 4205
192.168.11.104 - - [07/Feb/2025:16:25:51 +0800] "GET /eHR/upload/userfile/4788d2504989e014791fdecca304c06e.jpg?&openW=Y&rand=0.3139697401862257 HTTP/1.1" 200 260554 "-" "Mozilla/4.0 (compatible; MSIE 7.0; Windows NT 10.0; WOW64; Trident/7.0; .NET4.0C; .NET4.0E)"
192.168.11.104 - - [07/Feb/2025:16:25:51 +0800] "GET /eHR/upload/userfile/4788d2504989e014791fdecca304c06e.jpg?&openW=Y&rand=0.3139697401862257 HTTP/1.1" 200 260554
192.168.11.104 - - [07/Feb/2025:16:25:51 +0800] "GET /favicon.ico HTTP/1.1" 404 209 "-" "Mozilla/5.0 (Windows NT 10.0; Win64; x64) AppleWebKit/537.36 (KHTML, like Gecko) Chrome/131.0.0.0 Safari/537.36 Edg/131.0.0.0"
192.168.11.104 - - [07/Feb/2025:16:25:51 +0800] "GET /favicon.ico HTTP/1.1" 404 209
192.168.12.66 - - [07/Feb/2025:16:25:51 +0800] "GET /eHR/ess/redirect.php?scriptname=ESNE002&appdesc=%E6%89%B9%E9%87%8F%E8%AF%B7%E5%81%87%E7%94%B3%E8%AF%B7 HTTP/1.1" 200 22190
192.168.12.66 - - [07/Feb/2025:16:25:51 +0800] "GET /eHR/ess/redirect.php?scriptname=ESNE002&appdesc=%E6%89%B9%E9%87%8F%E8%AF%B7%E5%81%87%E7%94%B3%E8%AF%B7 HTTP/1.1" 200 22190 "http://192.168.1.83:8088/eHR/ess/redirect.php" "Mozilla/5.0 (Windows NT 6.2; Win64; x64) AppleWebKit/537.36 (KHTML, like Gecko) Chrome/105.0.0.0 Safari/537.36"
192.168.12.66 - - [07/Feb/2025:16:26:11 +0800] "GET /eHR/ess/redirect.php?scriptname=emp_lov&openW=Y&rand=0.32234793340713974 HTTP/1.1" 200 15236 "http://192.168.1.83:8088/eHR/ess/redirect.php?scriptname=ESNE002&appdesc=%E6%89%B9%E9%87%8F%E8%AF%B7%E5%81%87%E7%94%B3%E8%AF%B7" "Mozilla/5.0 (Windows NT 6.2; Win64; x64) AppleWebKit/537.36 (KHTML, like Gecko) Chrome/105.0.0.0 Safari/537.36"
192.168.12.66 - - [07/Feb/2025:16:26:11 +0800] "GET /eHR/ess/redirect.php?scriptname=emp_lov&openW=Y&rand=0.32234793340713974 HTTP/1.1" 200 15236
192.168.12.66 - - [07/Feb/2025:16:26:17 +0800] "POST /eHR/ess/redirect.php?scriptname=emp_lov&openW=Y&rand=0.32234793340713974 HTTP/1.1" 200 17416 "http://192.168.1.83:8088/eHR/ess/redirect.php?scriptname=emp_lov&openW=Y&rand=0.32234793340713974" "Mozilla/5.0 (Windows NT 6.2; Win64; x64) AppleWebKit/537.36 (KHTML, like Gecko) Chrome/105.0.0.0 Safari/537.36"
192.168.12.66 - - [07/Feb/2025:16:26:17 +0800] "POST /eHR/ess/redirect.php?scriptname=emp_lov&openW=Y&rand=0.32234793340713974 HTTP/1.1" 200 17416
192.168.11.104 - - [07/Feb/2025:16:26:25 +0800] "GET /eHR/ess/redirect.php?scriptname=ESNF000&appdesc=%E6%B5%81%E7%A8%8B%E7%AE%A1%E7%90%86 HTTP/1.1" 200 34967 "http://192.168.1.83:8088/eHR/ess/redirect.php" "Mozilla/4.0 (compatible; MSIE 7.0; Windows NT 10.0; WOW64; Trident/7.0; .NET4.0C; .NET4.0E)"
192.168.11.104 - - [07/Feb/2025:16:26:25 +0800] "GET /eHR/ess/redirect.php?scriptname=ESNF000&appdesc=%E6%B5%81%E7%A8%8B%E7%AE%A1%E7%90%86 HTTP/1.1" 200 34967
192.168.12.66 - - [07/Feb/2025:16:26:28 +0800] "POST /eHR/ess/redirect.php?scriptname=ESNE002&appdesc=%E6%89%B9%E9%87%8F%E8%AF%B7%E5%81%87%E7%94%B3%E8%AF%B7 HTTP/1.1" 200 4204 "http://192.168.1.83:8088/eHR/ess/redirect.php?scriptname=ESNE002&appdesc=%E6%89%B9%E9%87%8F%E8%AF%B7%E5%81%87%E7%94%B3%E8%AF%B7" "Mozilla/5.0 (Windows NT 6.2; Win64; x64) AppleWebKit/537.36 (KHTML, like Gecko) Chrome/105.0.0.0 Safari/537.36"
192.168.12.66 - - [07/Feb/2025:16:26:28 +0800] "POST /eHR/ess/redirect.php?scriptname=ESNE002&appdesc=%E6%89%B9%E9%87%8F%E8%AF%B7%E5%81%87%E7%94%B3%E8%AF%B7 HTTP/1.1" 200 4204
192.168.11.104 - - [07/Feb/2025:16:26:33 +0800] "GET /eHR/ess/redirect.php?scriptname=assistant_leave_apply_search&dept_seqno=4414&flowstatus=01&whoami=admin HTTP/1.1" 200 60954 "http://192.168.1.83:8088/eHR/ess/redirect.php?scriptname=ESNF000&appdesc=%E6%B5%81%E7%A8%8B%E7%AE%A1%E7%90%86" "Mozilla/4.0 (compatible; MSIE 7.0; Windows NT 10.0; WOW64; Trident/7.0; .NET4.0C; .NET4.0E)"
192.168.11.104 - - [07/Feb/2025:16:26:33 +0800] "GET /eHR/ess/redirect.php?scriptname=assistant_leave_apply_search&dept_seqno=4414&flowstatus=01&whoami=admin HTTP/1.1" 200 60954
192.168.12.66 - - [07/Feb/2025:16:26:34 +0800] "GET /eHR/ess/redirect.php?scriptname=ESNE002&appdesc=%E6%89%B9%E9%87%8F%E8%AF%B7%E5%81%87%E7%94%B3%E8%AF%B7 HTTP/1.1" 200 22190 "http://192.168.1.83:8088/eHR/ess/redirect.php" "Mozilla/5.0 (Windows NT 6.2; Win64; x64) AppleWebKit/537.36 (KHTML, like Gecko) Chrome/105.0.0.0 Safari/537.36"
192.168.12.66 - - [07/Feb/2025:16:26:34 +0800] "GET /eHR/ess/redirect.php?scriptname=ESNE002&appdesc=%E6%89%B9%E9%87%8F%E8%AF%B7%E5%81%87%E7%94%B3%E8%AF%B7 HTTP/1.1" 200 22190
192.168.12.66 - - [07/Feb/2025:16:26:35 +0800] "GET /eHR/ess/redirect.php?scriptname=ESNE004&appdesc=%E6%89%B9%E9%87%8F%E8%AF%B7%E5%81%87%E6%9F%A5%E8%AF%A2 HTTP/1.1" 200 39237
192.168.12.66 - - [07/Feb/2025:16:26:35 +0800] "GET /eHR/ess/redirect.php?scriptname=ESNE004&appdesc=%E6%89%B9%E9%87%8F%E8%AF%B7%E5%81%87%E6%9F%A5%E8%AF%A2 HTTP/1.1" 200 39237 "http://192.168.1.83:8088/eHR/ess/redirect.php" "Mozilla/5.0 (Windows NT 6.2; Win64; x64) AppleWebKit/537.36 (KHTML, like Gecko) Chrome/105.0.0.0 Safari/537.36"
192.168.11.104 - - [07/Feb/2025:16:26:39 +0800] "GET /eHR/ess/redirect.php?scriptname=ESNF000&appdesc=%E6%B5%81%E7%A8%8B%E7%AE%A1%E7%90%86 HTTP/1.1" 200 34967 "http://192.168.1.83:8088/eHR/ess/redirect.php" "Mozilla/4.0 (compatible; MSIE 7.0; Windows NT 10.0; WOW64; Trident/7.0; .NET4.0C; .NET4.0E)"
192.168.11.104 - - [07/Feb/2025:16:26:39 +0800] "GET /eHR/ess/redirect.php?scriptname=ESNF000&appdesc=%E6%B5%81%E7%A8%8B%E7%AE%A1%E7%90%86 HTTP/1.1" 200 34967
192.168.12.66 - - [07/Feb/2025:16:26:41 +0800] "POST /eHR/ess/redirect.php?scriptname=ESNE004&appdesc=%E6%89%B9%E9%87%8F%E8%AF%B7%E5%81%87%E6%9F%A5%E8%AF%A2 HTTP/1.1" 200 175424 "http://192.168.1.83:8088/eHR/ess/redirect.php?scriptname=ESNE004&appdesc=%E6%89%B9%E9%87%8F%E8%AF%B7%E5%81%87%E6%9F%A5%E8%AF%A2" "Mozilla/5.0 (Windows NT 6.2; Win64; x64) AppleWebKit/537.36 (KHTML, like Gecko) Chrome/105.0.0.0 Safari/537.36"
192.168.12.66 - - [07/Feb/2025:16:26:41 +0800] "POST /eHR/ess/redirect.php?scriptname=ESNE004&appdesc=%E6%89%B9%E9%87%8F%E8%AF%B7%E5%81%87%E6%9F%A5%E8%AF%A2 HTTP/1.1" 200 175424
100.64.0.1 - - [07/Feb/2025:16:28:06 +0800] "GET /Apache%20Software%20Foundation/Apache2.2/logs/access_20230509.log HTTP/1.1" 200 5242948 "-" "Android/27.1"
100.64.0.1 - - [07/Feb/2025:16:28:06 +0800] "GET /Apache%20Software%20Foundation/Apache2.2/logs/access_20230509.log HTTP/1.1" 200 5242948
100.64.0.1 - - [07/Feb/2025:16:29:05 +0800] "HEAD /ehr/mgr/approve.php?key=927AB4EEEA6F38CD589ACC23FC4F80B4E6C3B18B852550787103A87A1AB4D556135D149E861E076430684EB8122BC23438D9D100BB7B22360C5C18441C3D4C8D HTTP/1.1" 200 - "-" "-"
100.64.0.1 - - [07/Feb/2025:16:29:05 +0800] "HEAD /ehr/mgr/approve.php?key=927AB4EEEA6F38CD589ACC23FC4F80B4E6C3B18B852550787103A87A1AB4D556135D149E861E076430684EB8122BC23438D9D100BB7B22360C5C18441C3D4C8D HTTP/1.1" 200 -
192.168.40.33 - - [07/Feb/2025:16:29:07 +0800] "GET /ehr/mgr/approve.php?key=927AB4EEEA6F38CD589ACC23FC4F80B4E6C3B18B852550787103A87A1AB4D556135D149E861E076430684EB8122BC23438D9D100BB7B22360C5C18441C3D4C8D HTTP/1.1" 200 4202 "-" "Mozilla/5.0 (Windows NT 10.0; Win64; x64) AppleWebKit/537.36 (KHTML, like Gecko) Chrome/132.0.0.0 Safari/537.36 Edg/132.0.0.0"
192.168.40.33 - - [07/Feb/2025:16:29:07 +0800] "GET /ehr/mgr/approve.php?key=927AB4EEEA6F38CD589ACC23FC4F80B4E6C3B18B852550787103A87A1AB4D556135D149E861E076430684EB8122BC23438D9D100BB7B22360C5C18441C3D4C8D HTTP/1.1" 200 4202
192.168.40.33 - - [07/Feb/2025:16:29:08 +0800] "GET /ehr/css/jqueryui/themes//jquery.ui.all.css HTTP/1.1" 404 240 "http://hcp.maglayers.com.cn:8088/ehr/mgr/approve.php?key=927AB4EEEA6F38CD589ACC23FC4F80B4E6C3B18B852550787103A87A1AB4D556135D149E861E076430684EB8122BC23438D9D100BB7B22360C5C18441C3D4C8D" "Mozilla/5.0 (Windows NT 10.0; Win64; x64) AppleWebKit/537.36 (KHTML, like Gecko) Chrome/132.0.0.0 Safari/537.36 Edg/132.0.0.0"
192.168.40.33 - - [07/Feb/2025:16:29:08 +0800] "GET /ehr/css/jqueryui/themes//jquery.ui.all.css HTTP/1.1" 404 240
192.168.40.33 - - [07/Feb/2025:16:29:08 +0800] "GET /ehr/css/blueprint/screen.css HTTP/1.1" 200 11552 "http://hcp.maglayers.com.cn:8088/ehr/mgr/approve.php?key=927AB4EEEA6F38CD589ACC23FC4F80B4E6C3B18B852550787103A87A1AB4D556135D149E861E076430684EB8122BC23438D9D100BB7B22360C5C18441C3D4C8D" "Mozilla/5.0 (Windows NT 10.0; Win64; x64) AppleWebKit/537.36 (KHTML, like Gecko) Chrome/132.0.0.0 Safari/537.36 Edg/132.0.0.0"
192.168.40.33 - - [07/Feb/2025:16:29:08 +0800] "GET /ehr/css/blueprint/screen.css HTTP/1.1" 200 11552
192.168.40.33 - - [07/Feb/2025:16:29:08 +0800] "GET /ehr/css/default.css HTTP/1.1" 200 8445 "http://hcp.maglayers.com.cn:8088/ehr/mgr/approve.php?key=927AB4EEEA6F38CD589ACC23FC4F80B4E6C3B18B852550787103A87A1AB4D556135D149E861E076430684EB8122BC23438D9D100BB7B22360C5C18441C3D4C8D" "Mozilla/5.0 (Windows NT 10.0; Win64; x64) AppleWebKit/537.36 (KHTML, like Gecko) Chrome/132.0.0.0 Safari/537.36 Edg/132.0.0.0"
192.168.40.33 - - [07/Feb/2025:16:29:08 +0800] "GET /ehr/css/default.css HTTP/1.1" 200 8445
192.168.40.33 - - [07/Feb/2025:16:29:08 +0800] "GET /ehr/js/i18n/ui.datepicker-zh-TW.min.js HTTP/1.1" 200 697 "http://hcp.maglayers.com.cn:8088/ehr/mgr/approve.php?key=927AB4EEEA6F38CD589ACC23FC4F80B4E6C3B18B852550787103A87A1AB4D556135D149E861E076430684EB8122BC23438D9D100BB7B22360C5C18441C3D4C8D" "Mozilla/5.0 (Windows NT 10.0; Win64; x64) AppleWebKit/537.36 (KHTML, like Gecko) Chrome/132.0.0.0 Safari/537.36 Edg/132.0.0.0"
192.168.40.33 - - [07/Feb/2025:16:29:08 +0800] "GET /ehr/js/i18n/ui.datepicker-zh-TW.min.js HTTP/1.1" 200 697
192.168.40.33 - - [07/Feb/2025:16:29:08 +0800] "GET /ehr/img/N.png HTTP/1.1" 200 1041
192.168.40.33 - - [07/Feb/2025:16:29:08 +0800] "GET /ehr/img/N.png HTTP/1.1" 200 1041 "http://hcp.maglayers.com.cn:8088/ehr/mgr/approve.php?key=927AB4EEEA6F38CD589ACC23FC4F80B4E6C3B18B852550787103A87A1AB4D556135D149E861E076430684EB8122BC23438D9D100BB7B22360C5C18441C3D4C8D" "Mozilla/5.0 (Windows NT 10.0; Win64; x64) AppleWebKit/537.36 (KHTML, like Gecko) Chrome/132.0.0.0 Safari/537.36 Edg/132.0.0.0"
192.168.40.33 - - [07/Feb/2025:16:29:08 +0800] "GET /ehr/js/jqueryui/jquery-1.4.4.min.js HTTP/1.1" 200 78601 "http://hcp.maglayers.com.cn:8088/ehr/mgr/approve.php?key=927AB4EEEA6F38CD589ACC23FC4F80B4E6C3B18B852550787103A87A1AB4D556135D149E861E076430684EB8122BC23438D9D100BB7B22360C5C18441C3D4C8D" "Mozilla/5.0 (Windows NT 10.0; Win64; x64) AppleWebKit/537.36 (KHTML, like Gecko) Chrome/132.0.0.0 Safari/537.36 Edg/132.0.0.0"
192.168.40.33 - - [07/Feb/2025:16:29:08 +0800] "GET /ehr/js/jqueryui/jquery-1.4.4.min.js HTTP/1.1" 200 78601
192.168.40.33 - - [07/Feb/2025:16:29:08 +0800] "GET /ehr/js/jqueryui/jquery-ui-1.8.11.custom.min.js HTTP/1.1" 200 208229 "http://hcp.maglayers.com.cn:8088/ehr/mgr/approve.php?key=927AB4EEEA6F38CD589ACC23FC4F80B4E6C3B18B852550787103A87A1AB4D556135D149E861E076430684EB8122BC23438D9D100BB7B22360C5C18441C3D4C8D" "Mozilla/5.0 (Windows NT 10.0; Win64; x64) AppleWebKit/537.36 (KHTML, like Gecko) Chrome/132.0.0.0 Safari/537.36 Edg/132.0.0.0"
192.168.40.33 - - [07/Feb/2025:16:29:08 +0800] "GET /ehr/js/jqueryui/jquery-ui-1.8.11.custom.min.js HTTP/1.1" 200 208229
100.64.0.1 - - [07/Feb/2025:16:29:14 +0800] "GET /Apache%20Software%20Foundation/Apache2.2/logs/access_20240109.log HTTP/1.1" 200 2006137 "-" "Android/27.1"
100.64.0.1 - - [07/Feb/2025:16:29:14 +0800] "GET /Apache%20Software%20Foundation/Apache2.2/logs/access_20240109.log HTTP/1.1" 200 2006137
100.64.0.1 - - [07/Feb/2025:16:29:20 +0800] "GET /Apache%20Software%20Foundation/Apache2.2/logs/access_20230615.log HTTP/1.1" 200 5243095 "-" "Android/27.1"
100.64.0.1 - - [07/Feb/2025:16:29:20 +0800] "GET /Apache%20Software%20Foundation/Apache2.2/logs/access_20230615.log HTTP/1.1" 200 5243095
100.64.0.1 - - [07/Feb/2025:16:29:45 +0800] "GET /Apache%20Software%20Foundation/Apache2.2/logs/access_20240425.log HTTP/1.1" 200 5243092 "-" "Android/27.1"
100.64.0.1 - - [07/Feb/2025:16:29:45 +0800] "GET /Apache%20Software%20Foundation/Apache2.2/logs/access_20240425.log HTTP/1.1" 200 5243092
100.64.0.1 - - [07/Feb/2025:16:30:18 +0800] "GET /Apache%20Software%20Foundation/Apache2.2/logs/access_20240312.log HTTP/1.1" 200 901687 "-" "Android/27.1"
100.64.0.1 - - [07/Feb/2025:16:30:18 +0800] "GET /Apache%20Software%20Foundation/Apache2.2/logs/access_20240312.log HTTP/1.1" 200 901687
100.64.0.1 - - [07/Feb/2025:16:30:26 +0800] "GET /Apache%20Software%20Foundation/Apache2.2/logs/access_20230314.log HTTP/1.1" 200 5242939 "-" "Android/27.1"
100.64.0.1 - - [07/Feb/2025:16:30:26 +0800] "GET /Apache%20Software%20Foundation/Apache2.2/logs/access_20230314.log HTTP/1.1" 200 5242939
100.64.0.1 - - [07/Feb/2025:16:32:14 +0800] "GET /Apache%20Software%20Foundation/Apache2.2/logs/access_20231220.log HTTP/1.1" 200 5243251 "-" "Android/27.1"
100.64.0.1 - - [07/Feb/2025:16:32:14 +0800] "GET /Apache%20Software%20Foundation/Apache2.2/logs/access_20231220.log HTTP/1.1" 200 5243251
100.64.0.1 - - [07/Feb/2025:16:32:16 +0800] "GET /Apache%20Software%20Foundation/Apache2.2/logs/error_20230615.log HTTP/1.1" 200 70059 "-" "Android/27.1"
100.64.0.1 - - [07/Feb/2025:16:32:16 +0800] "GET /Apache%20Software%20Foundation/Apache2.2/logs/error_20230615.log HTTP/1.1" 200 70059
100.64.0.1 - - [07/Feb/2025:16:33:44 +0800] "GET /Apache%20Software%20Foundation/Apache2.2/logs/access_20231119.log HTTP/1.1" 200 1559390 "-" "Android/27.1"
100.64.0.1 - - [07/Feb/2025:16:33:44 +0800] "GET /Apache%20Software%20Foundation/Apache2.2/logs/access_20231119.log HTTP/1.1" 200 1559390
100.64.0.1 - - [07/Feb/2025:16:35:26 +0800] "GET /Apache%20Software%20Foundation/Apache2.2/logs/access_20230604.log HTTP/1.1" 200 5242935 "-" "Android/27.1"
100.64.0.1 - - [07/Feb/2025:16:35:26 +0800] "GET /Apache%20Software%20Foundation/Apache2.2/logs/access_20230604.log HTTP/1.1" 200 5242935
100.64.0.1 - - [07/Feb/2025:16:35:46 +0800] "GET /Apache%20Software%20Foundation/Apache2.2/logs/access_20250124.log HTTP/1.1" 200 4157514 "-" "Android/27.1"
100.64.0.1 - - [07/Feb/2025:16:35:46 +0800] "GET /Apache%20Software%20Foundation/Apache2.2/logs/access_20250124.log HTTP/1.1" 200 4157514
100.64.0.1 - - [07/Feb/2025:16:36:19 +0800] "GET /Apache%20Software%20Foundation/Apache2.2/logs/access_20240708.log HTTP/1.1" 200 4312746 "-" "Android/27.1"
100.64.0.1 - - [07/Feb/2025:16:36:19 +0800] "GET /Apache%20Software%20Foundation/Apache2.2/logs/access_20240708.log HTTP/1.1" 200 4312746
192.168.12.66 - - [07/Feb/2025:16:38:13 +0800] "GET /eHR/ess/redirect.php?scriptname=ESNE020&appdesc=%E6%89%B9%E9%87%8F%E5%88%A0%E9%99%A4%E5%8A%A0%E7%8F%AD%E7%94%B3%E8%AF%B7 HTTP/1.1" 200 38255 "http://192.168.1.83:8088/eHR/ess/redirect.php" "Mozilla/5.0 (Windows NT 6.2; Win64; x64) AppleWebKit/537.36 (KHTML, like Gecko) Chrome/105.0.0.0 Safari/537.36"
192.168.12.66 - - [07/Feb/2025:16:38:13 +0800] "GET /eHR/ess/redirect.php?scriptname=ESNE020&appdesc=%E6%89%B9%E9%87%8F%E5%88%A0%E9%99%A4%E5%8A%A0%E7%8F%AD%E7%94%B3%E8%AF%B7 HTTP/1.1" 200 38255
192.168.12.66 - - [07/Feb/2025:16:38:15 +0800] "GET /eHR/ess/redirect.php?scriptname=ESNE007&appdesc=%E5%8A%A0%E7%8F%AD%E7%94%B3%E8%AF%B7%E6%B1%87%E5%85%A5 HTTP/1.1" 200 4051 "http://192.168.1.83:8088/eHR/ess/redirect.php" "Mozilla/5.0 (Windows NT 6.2; Win64; x64) AppleWebKit/537.36 (KHTML, like Gecko) Chrome/105.0.0.0 Safari/537.36"
192.168.12.66 - - [07/Feb/2025:16:38:15 +0800] "GET /eHR/ess/redirect.php?scriptname=ESNE007&appdesc=%E5%8A%A0%E7%8F%AD%E7%94%B3%E8%AF%B7%E6%B1%87%E5%85%A5 HTTP/1.1" 200 4051
192.168.12.66 - - [07/Feb/2025:16:38:16 +0800] "GET /eHR/ess/redirect.php?scriptname=ESNE001&appdesc=%E6%89%B9%E9%87%8F%E5%8A%A0%E7%8F%AD%E7%94%B3%E8%AF%B7 HTTP/1.1" 200 15271 "http://192.168.1.83:8088/eHR/ess/redirect.php" "Mozilla/5.0 (Windows NT 6.2; Win64; x64) AppleWebKit/537.36 (KHTML, like Gecko) Chrome/105.0.0.0 Safari/537.36"
192.168.12.66 - - [07/Feb/2025:16:38:16 +0800] "GET /eHR/ess/redirect.php?scriptname=ESNE001&appdesc=%E6%89%B9%E9%87%8F%E5%8A%A0%E7%8F%AD%E7%94%B3%E8%AF%B7 HTTP/1.1" 200 15271
192.168.12.66 - - [07/Feb/2025:16:38:18 +0800] "GET /eHR/ess/redirect.php?scriptname=ESNE002&appdesc=%E6%89%B9%E9%87%8F%E8%AF%B7%E5%81%87%E7%94%B3%E8%AF%B7 HTTP/1.1" 200 22190 "http://192.168.1.83:8088/eHR/ess/redirect.php" "Mozilla/5.0 (Windows NT 6.2; Win64; x64) AppleWebKit/537.36 (KHTML, like Gecko) Chrome/105.0.0.0 Safari/537.36"
192.168.12.66 - - [07/Feb/2025:16:38:18 +0800] "GET /eHR/ess/redirect.php?scriptname=ESNE002&appdesc=%E6%89%B9%E9%87%8F%E8%AF%B7%E5%81%87%E7%94%B3%E8%AF%B7 HTTP/1.1" 200 22190
192.168.12.66 - - [07/Feb/2025:16:39:45 +0800] "GET /eHR/ess/redirect.php?scriptname=emp_lov&openW=Y&rand=0.5316481664495554 HTTP/1.1" 200 15236 "http://192.168.1.83:8088/eHR/ess/redirect.php?scriptname=ESNE002&appdesc=%E6%89%B9%E9%87%8F%E8%AF%B7%E5%81%87%E7%94%B3%E8%AF%B7" "Mozilla/5.0 (Windows NT 6.2; Win64; x64) AppleWebKit/537.36 (KHTML, like Gecko) Chrome/105.0.0.0 Safari/537.36"
192.168.12.66 - - [07/Feb/2025:16:39:45 +0800] "GET /eHR/ess/redirect.php?scriptname=emp_lov&openW=Y&rand=0.5316481664495554 HTTP/1.1" 200 15236
192.168.12.66 - - [07/Feb/2025:16:39:51 +0800] "POST /eHR/ess/redirect.php?scriptname=emp_lov&openW=Y&rand=0.5316481664495554 HTTP/1.1" 200 17436 "http://192.168.1.83:8088/eHR/ess/redirect.php?scriptname=emp_lov&openW=Y&rand=0.5316481664495554" "Mozilla/5.0 (Windows NT 6.2; Win64; x64) AppleWebKit/537.36 (KHTML, like Gecko) Chrome/105.0.0.0 Safari/537.36"
192.168.12.66 - - [07/Feb/2025:16:39:51 +0800] "POST /eHR/ess/redirect.php?scriptname=emp_lov&openW=Y&rand=0.5316481664495554 HTTP/1.1" 200 17436
192.168.12.66 - - [07/Feb/2025:16:39:57 +0800] "POST /eHR/ess/redirect.php?scriptname=emp_lov&openW=Y&rand=0.5316481664495554 HTTP/1.1" 200 17427 "http://192.168.1.83:8088/eHR/ess/redirect.php?scriptname=emp_lov&openW=Y&rand=0.5316481664495554" "Mozilla/5.0 (Windows NT 6.2; Win64; x64) AppleWebKit/537.36 (KHTML, like Gecko) Chrome/105.0.0.0 Safari/537.36"
192.168.12.66 - - [07/Feb/2025:16:39:57 +0800] "POST /eHR/ess/redirect.php?scriptname=emp_lov&openW=Y&rand=0.5316481664495554 HTTP/1.1" 200 17427
100.64.0.1 - - [07/Feb/2025:16:40:02 +0800] "GET /Apache%20Software%20Foundation/Apache2.2/logs/access_20250114.log HTTP/1.1" 200 5243384 "-" "Android/27.1"
100.64.0.1 - - [07/Feb/2025:16:40:02 +0800] "GET /Apache%20Software%20Foundation/Apache2.2/logs/access_20250114.log HTTP/1.1" 200 5243384
100.64.0.1 - - [07/Feb/2025:16:40:03 +0800] "GET /Apache%20Software%20Foundation/Apache2.2/logs/error_20240515.log HTTP/1.1" 200 1856529 "-" "Android/27.1"
100.64.0.1 - - [07/Feb/2025:16:40:03 +0800] "GET /Apache%20Software%20Foundation/Apache2.2/logs/error_20240515.log HTTP/1.1" 200 1856529
192.168.12.66 - - [07/Feb/2025:16:40:07 +0800] "POST /eHR/ess/redirect.php?scriptname=emp_lov&openW=Y&rand=0.5316481664495554 HTTP/1.1" 200 17409 "http://192.168.1.83:8088/eHR/ess/redirect.php?scriptname=emp_lov&openW=Y&rand=0.5316481664495554" "Mozilla/5.0 (Windows NT 6.2; Win64; x64) AppleWebKit/537.36 (KHTML, like Gecko) Chrome/105.0.0.0 Safari/537.36"
192.168.12.66 - - [07/Feb/2025:16:40:07 +0800] "POST /eHR/ess/redirect.php?scriptname=emp_lov&openW=Y&rand=0.5316481664495554 HTTP/1.1" 200 17409
100.64.0.1 - - [07/Feb/2025:16:40:11 +0800] "GET /Apache%20Software%20Foundation/Apache2.2/logs/access_20231112.log HTTP/1.1" 200 1107886 "-" "Android/27.1"
