192.168.11.118 - - [07/Feb/2025:12:05:15 +0800] "GET /idcard/ess/redirect.php HTTP/1.1" 200 5549
192.168.11.118 - - [07/Feb/2025:12:05:15 +0800] "GET /idcard/ess/redirect.php HTTP/1.1" 200 5549 "http://192.168.1.83:8088/idcard/ess/index.php?action=logout" "Mozilla/5.0 (Windows NT 10.0; Win64; x64) AppleWebKit/537.36 (KHTML, like Gecko) Chrome/131.0.0.0 Safari/537.36 Edg/131.0.0.0"
192.168.11.118 - - [07/Feb/2025:12:05:16 +0800] "GET /idcard/ess/redirect.php?scriptname=IDRA001 HTTP/1.1" 200 50650 "http://192.168.1.83:8088/idcard/ess/redirect.php" "Mozilla/5.0 (Windows NT 10.0; Win64; x64) AppleWebKit/537.36 (KHTML, like Gecko) Chrome/131.0.0.0 Safari/537.36 Edg/131.0.0.0"
192.168.11.118 - - [07/Feb/2025:12:05:16 +0800] "GET /idcard/ess/redirect.php?scriptname=IDRA001 HTTP/1.1" 200 50650
192.168.11.118 - - [07/Feb/2025:12:05:31 +0800] "GET /idcard/ HTTP/1.1" 200 649 "-" "Mozilla/5.0 (Windows NT 10.0; Win64; x64) AppleWebKit/537.36 (KHTML, like Gecko) Chrome/131.0.0.0 Safari/537.36 Edg/131.0.0.0"
192.168.11.118 - - [07/Feb/2025:12:05:31 +0800] "GET /idcard/ HTTP/1.1" 200 649
192.168.11.118 - - [07/Feb/2025:12:05:31 +0800] "GET /favicon.ico HTTP/1.1" 404 209 "http://192.168.1.83:8088/idcard/" "Mozilla/5.0 (Windows NT 10.0; Win64; x64) AppleWebKit/537.36 (KHTML, like Gecko) Chrome/131.0.0.0 Safari/537.36 Edg/131.0.0.0"
192.168.11.118 - - [07/Feb/2025:12:05:31 +0800] "GET /favicon.ico HTTP/1.1" 404 209
192.168.11.118 - - [07/Feb/2025:12:05:31 +0800] "GET /idcard/ess/index.php HTTP/1.1" 200 11477 "http://192.168.1.83:8088/idcard/" "Mozilla/5.0 (Windows NT 10.0; Win64; x64) AppleWebKit/537.36 (KHTML, like Gecko) Chrome/131.0.0.0 Safari/537.36 Edg/131.0.0.0"
192.168.11.118 - - [07/Feb/2025:12:05:31 +0800] "GET /idcard/ess/index.php HTTP/1.1" 200 11477
100.64.0.1 - - [07/Feb/2025:12:10:45 +0800] "GET / HTTP/1.0" 200 439 "-" "Mozilla/5.0 (X11; Ubuntu; Linux x86_64; rv:71.0) Gecko/20100101 Firefox/71.0"
100.64.0.1 - - [07/Feb/2025:12:10:45 +0800] "GET / HTTP/1.0" 200 439
100.64.0.1 - - [07/Feb/2025:12:14:07 +0800] "HEAD /ehr/mgr/approve.php?key=096786FC1A6E1BA1371CCB0049459913C39F403E3C45FAA5A056DE30E9B002E98B8A5085AB3AF19A133A1A5610AB6B04F3B0F9D0F7A5CCFF813D568BFD8A7164 HTTP/1.1" 200 - "-" "-"
100.64.0.1 - - [07/Feb/2025:12:14:07 +0800] "HEAD /ehr/mgr/approve.php?key=096786FC1A6E1BA1371CCB0049459913C39F403E3C45FAA5A056DE30E9B002E98B8A5085AB3AF19A133A1A5610AB6B04F3B0F9D0F7A5CCFF813D568BFD8A7164 HTTP/1.1" 200 -
100.64.0.1 - - [07/Feb/2025:12:14:08 +0800] "GET /ehr/mgr/approve.php?key=096786FC1A6E1BA1371CCB0049459913C39F403E3C45FAA5A056DE30E9B002E98B8A5085AB3AF19A133A1A5610AB6B04F3B0F9D0F7A5CCFF813D568BFD8A7164 HTTP/1.1" 200 4166 "-" "Mozilla/5.0 (Windows NT 10.0; Win64; x64) AppleWebKit/537.36 (KHTML, like Gecko) Chrome/132.0.0.0 Safari/537.36 Edg/132.0.0.0"
100.64.0.1 - - [07/Feb/2025:12:14:08 +0800] "GET /ehr/mgr/approve.php?key=096786FC1A6E1BA1371CCB0049459913C39F403E3C45FAA5A056DE30E9B002E98B8A5085AB3AF19A133A1A5610AB6B04F3B0F9D0F7A5CCFF813D568BFD8A7164 HTTP/1.1" 200 4166
100.64.0.1 - - [07/Feb/2025:12:14:09 +0800] "GET /ehr/css/jqueryui/themes//jquery.ui.all.css HTTP/1.1" 404 240 "http://hcp.maglayers.com.cn:8088/ehr/mgr/approve.php?key=096786FC1A6E1BA1371CCB0049459913C39F403E3C45FAA5A056DE30E9B002E98B8A5085AB3AF19A133A1A5610AB6B04F3B0F9D0F7A5CCFF813D568BFD8A7164" "Mozilla/5.0 (Windows NT 10.0; Win64; x64) AppleWebKit/537.36 (KHTML, like Gecko) Chrome/132.0.0.0 Safari/537.36 Edg/132.0.0.0"
100.64.0.1 - - [07/Feb/2025:12:14:09 +0800] "GET /ehr/css/jqueryui/themes//jquery.ui.all.css HTTP/1.1" 404 240
192.168.11.222 - - [07/Feb/2025:12:15:06 +0800] "GET /idcard/ess/redirect.php HTTP/1.1" 200 6088 "-" "Mozilla/5.0 (Windows NT 10.0; Win64; x64) AppleWebKit/537.36 (KHTML, like Gecko) Chrome/132.0.0.0 Safari/537.36 Edg/132.0.0.0"
192.168.11.222 - - [07/Feb/2025:12:15:06 +0800] "GET /idcard/ess/redirect.php HTTP/1.1" 200 6088
192.168.11.222 - - [07/Feb/2025:12:15:06 +0800] "GET /idcard/ess/redirect.php?scriptname=IDRA001 HTTP/1.1" 200 50897
192.168.11.222 - - [07/Feb/2025:12:15:06 +0800] "GET /idcard/ess/redirect.php?scriptname=IDRA001 HTTP/1.1" 200 50897 "http://192.168.1.83:8088/idcard/ess/redirect.php" "Mozilla/5.0 (Windows NT 10.0; Win64; x64) AppleWebKit/537.36 (KHTML, like Gecko) Chrome/132.0.0.0 Safari/537.36 Edg/132.0.0.0"
192.168.11.222 - - [07/Feb/2025:12:15:11 +0800] "GET /idcard/ess/redirect.php HTTP/1.1" 302 - "-" "Mozilla/4.0 (compatible; MSIE 7.0; Windows NT 10.0; WOW64; Trident/7.0; .NET4.0C; .NET4.0E; Tablet PC 2.0)"
192.168.11.222 - - [07/Feb/2025:12:15:11 +0800] "GET /idcard/ess/redirect.php HTTP/1.1" 302 -
192.168.11.222 - - [07/Feb/2025:12:15:11 +0800] "GET /idcard/ess/index.php?action=logout HTTP/1.1" 200 11477 "-" "Mozilla/4.0 (compatible; MSIE 7.0; Windows NT 10.0; WOW64; Trident/7.0; .NET4.0C; .NET4.0E; Tablet PC 2.0)"
192.168.11.222 - - [07/Feb/2025:12:15:11 +0800] "GET /idcard/ess/index.php?action=logout HTTP/1.1" 200 11477
192.168.11.222 - - [07/Feb/2025:12:15:12 +0800] "GET /idcard/img/ares.ico HTTP/1.1" 200 1406 "-" "Mozilla/5.0 (Windows NT 10.0; Win64; x64) AppleWebKit/537.36 (KHTML, like Gecko) Chrome/132.0.0.0 Safari/537.36 Edg/132.0.0.0"
192.168.11.222 - - [07/Feb/2025:12:15:12 +0800] "GET /idcard/img/ares.ico HTTP/1.1" 200 1406
192.168.11.222 - - [07/Feb/2025:12:15:12 +0800] "GET /idcard/img/ares.ico HTTP/1.1" 200 1406 "-" "Mozilla/5.0 (Windows NT 10.0; Win64; x64) AppleWebKit/537.36 (KHTML, like Gecko) Chrome/132.0.0.0 Safari/537.36 Edg/132.0.0.0"
192.168.11.222 - - [07/Feb/2025:12:15:12 +0800] "GET /idcard/img/ares.ico HTTP/1.1" 200 1406
192.168.11.222 - - [07/Feb/2025:12:15:14 +0800] "GET /idcard/ess/index.php?lang=ZHT HTTP/1.1" 200 11480 "http://192.168.1.83:8088/idcard/ess/index.php?action=logout" "Mozilla/4.0 (compatible; MSIE 7.0; Windows NT 10.0; WOW64; Trident/7.0; .NET4.0C; .NET4.0E; Tablet PC 2.0)"
192.168.11.222 - - [07/Feb/2025:12:15:14 +0800] "GET /idcard/ess/index.php?lang=ZHT HTTP/1.1" 200 11480
192.168.11.222 - - [07/Feb/2025:12:15:17 +0800] "POST /idcard/ess/includes/login.php HTTP/1.1" 302 - "http://192.168.1.83:8088/idcard/ess/index.php?lang=ZHT" "Mozilla/4.0 (compatible; MSIE 7.0; Windows NT 10.0; WOW64; Trident/7.0; .NET4.0C; .NET4.0E; Tablet PC 2.0)"
192.168.11.222 - - [07/Feb/2025:12:15:17 +0800] "POST /idcard/ess/includes/login.php HTTP/1.1" 302 -
192.168.11.222 - - [07/Feb/2025:12:15:22 +0800] "GET /idcard/ess/redirect.php HTTP/1.1" 200 6088
192.168.11.222 - - [07/Feb/2025:12:15:22 +0800] "GET /idcard/ess/redirect.php HTTP/1.1" 200 6088 "http://192.168.1.83:8088/idcard/ess/index.php?lang=ZHT" "Mozilla/4.0 (compatible; MSIE 7.0; Windows NT 10.0; WOW64; Trident/7.0; .NET4.0C; .NET4.0E; Tablet PC 2.0)"
192.168.11.222 - - [07/Feb/2025:12:15:23 +0800] "GET /idcard/ess/redirect.php?scriptname=IDRA001 HTTP/1.1" 200 50897
192.168.11.222 - - [07/Feb/2025:12:15:23 +0800] "GET /idcard/ess/redirect.php?scriptname=IDRA001 HTTP/1.1" 200 50897 "http://192.168.1.83:8088/idcard/ess/redirect.php" "Mozilla/4.0 (compatible; MSIE 7.0; Windows NT 10.0; WOW64; Trident/7.0; .NET4.0C; .NET4.0E; Tablet PC 2.0)"
192.168.11.222 - - [07/Feb/2025:12:15:30 +0800] "POST /idcard/ess/redirect.php?scriptname=new_emp HTTP/1.1" 200 52 "http://192.168.1.83:8088/idcard/ess/redirect.php?scriptname=IDRA001" "Mozilla/4.0 (compatible; MSIE 7.0; Windows NT 10.0; WOW64; Trident/7.0; .NET4.0C; .NET4.0E; Tablet PC 2.0)"
192.168.11.222 - - [07/Feb/2025:12:15:30 +0800] "POST /idcard/ess/redirect.php?scriptname=new_emp HTTP/1.1" 200 52
192.168.11.222 - - [07/Feb/2025:12:15:32 +0800] "GET /idcard/css/jqueryui/themes/redmond/images/ui-icons_217bc0_256x240.png HTTP/1.1" 200 4369 "http://192.168.1.83:8088/idcard/ess/redirect.php" "Mozilla/4.0 (compatible; MSIE 7.0; Windows NT 10.0; WOW64; Trident/7.0; .NET4.0C; .NET4.0E; Tablet PC 2.0)"
192.168.11.222 - - [07/Feb/2025:12:15:32 +0800] "GET /idcard/css/jqueryui/themes/redmond/images/ui-icons_217bc0_256x240.png HTTP/1.1" 200 4369
192.168.11.222 - - [07/Feb/2025:12:15:33 +0800] "GET /idcard/img/layout/resizable-w.gif HTTP/1.1" 200 368 "http://192.168.1.83:8088/idcard/ess/redirect.php" "Mozilla/4.0 (compatible; MSIE 7.0; Windows NT 10.0; WOW64; Trident/7.0; .NET4.0C; .NET4.0E; Tablet PC 2.0)"
192.168.11.222 - - [07/Feb/2025:12:15:33 +0800] "GET /idcard/img/layout/resizable-w.gif HTTP/1.1" 200 368
192.168.11.222 - - [07/Feb/2025:12:16:33 +0800] "POST /idcard/ess/redirect.php?scriptname=new_emp HTTP/1.1" 200 - "http://192.168.1.83:8088/idcard/ess/redirect.php?scriptname=IDRA001" "Mozilla/4.0 (compatible; MSIE 7.0; Windows NT 10.0; WOW64; Trident/7.0; .NET4.0C; .NET4.0E; Tablet PC 2.0)"
192.168.11.222 - - [07/Feb/2025:12:16:33 +0800] "POST /idcard/ess/redirect.php?scriptname=new_emp HTTP/1.1" 200 -
192.168.11.222 - - [07/Feb/2025:12:16:33 +0800] "POST /idcard/ess/redirect.php?scriptname=card_read HTTP/1.1" 200 - "http://192.168.1.83:8088/idcard/ess/redirect.php?scriptname=IDRA001" "Mozilla/4.0 (compatible; MSIE 7.0; Windows NT 10.0; WOW64; Trident/7.0; .NET4.0C; .NET4.0E; Tablet PC 2.0)"
192.168.11.222 - - [07/Feb/2025:12:16:33 +0800] "POST /idcard/ess/redirect.php?scriptname=card_read HTTP/1.1" 200 -
100.64.0.1 - - [07/Feb/2025:12:39:39 +0800] "\x16\x03\x03\x01\xa7\x01" 501 208 "-" "-"
100.64.0.1 - - [07/Feb/2025:12:39:39 +0800] "\x16\x03\x03\x01\xa7\x01" 501 208
100.64.0.1 - - [07/Feb/2025:12:39:42 +0800] "GET / HTTP/1.1" 200 439 "-" "Mozilla/5.0 (X11; Ubuntu; Linux x86_64; rv:130.0) Gecko/20100101 Firefox/130.0"
100.64.0.1 - - [07/Feb/2025:12:39:42 +0800] "GET / HTTP/1.1" 200 439
100.64.0.1 - - [07/Feb/2025:12:45:20 +0800] "GET / HTTP/1.1" 200 439 "-" "-"
100.64.0.1 - - [07/Feb/2025:12:45:20 +0800] "GET / HTTP/1.1" 200 439
100.64.0.1 - - [07/Feb/2025:12:45:24 +0800] "GET / HTTP/1.1" 200 439 "-" "Mozilla/5.0 (compatible; CensysInspect/1.1; +https://about.censys.io/)"
100.64.0.1 - - [07/Feb/2025:12:45:24 +0800] "GET / HTTP/1.1" 200 439
100.64.0.1 - - [07/Feb/2025:12:45:24 +0800] "GET /favicon.ico HTTP/1.1" 404 209 "-" "Mozilla/5.0 (compatible; CensysInspect/1.1; +https://about.censys.io/)"
100.64.0.1 - - [07/Feb/2025:12:45:24 +0800] "GET /favicon.ico HTTP/1.1" 404 209
100.64.0.1 - - [07/Feb/2025:12:45:25 +0800] "PRI * HTTP/2.0" 400 226 "-" "-"
100.64.0.1 - - [07/Feb/2025:12:45:25 +0800] "PRI * HTTP/2.0" 400 226
100.64.0.1 - - [07/Feb/2025:12:46:07 +0800] "\x16\x03\x03\x01\xa7\x01" 501 208 "-" "-"
100.64.0.1 - - [07/Feb/2025:12:46:07 +0800] "\x16\x03\x03\x01\xa7\x01" 501 208
100.64.0.1 - - [07/Feb/2025:12:46:09 +0800] "GET /favicon.ico HTTP/1.1" 404 209 "-" "Mozilla/5.0 (X11; Ubuntu; Linux x86_64; rv:130.0) Gecko/20100101 Firefox/130.0"
100.64.0.1 - - [07/Feb/2025:12:46:09 +0800] "GET /favicon.ico HTTP/1.1" 404 209
192.168.11.222 - - [07/Feb/2025:13:02:47 +0800] "POST /idcard/ess/redirect.php?scriptname=new_emp HTTP/1.1" 302 - "http://192.168.1.83:8088/idcard/ess/redirect.php?scriptname=IDRA001" "Mozilla/4.0 (compatible; MSIE 7.0; Windows NT 10.0; WOW64; Trident/7.0; .NET4.0C; .NET4.0E; Tablet PC 2.0)"
192.168.11.222 - - [07/Feb/2025:13:02:47 +0800] "POST /idcard/ess/redirect.php?scriptname=new_emp HTTP/1.1" 302 -
192.168.11.222 - - [07/Feb/2025:13:02:47 +0800] "GET /idcard/ess/index.php?action=logout HTTP/1.1" 200 11477 "http://192.168.1.83:8088/idcard/ess/redirect.php?scriptname=IDRA001" "Mozilla/4.0 (compatible; MSIE 7.0; Windows NT 10.0; WOW64; Trident/7.0; .NET4.0C; .NET4.0E; Tablet PC 2.0)"
192.168.11.222 - - [07/Feb/2025:13:02:47 +0800] "GET /idcard/ess/index.php?action=logout HTTP/1.1" 200 11477
192.168.11.222 - - [07/Feb/2025:13:02:48 +0800] "POST /idcard/ess/redirect.php?scriptname=card_read HTTP/1.1" 302 - "http://192.168.1.83:8088/idcard/ess/redirect.php?scriptname=IDRA001" "Mozilla/4.0 (compatible; MSIE 7.0; Windows NT 10.0; WOW64; Trident/7.0; .NET4.0C; .NET4.0E; Tablet PC 2.0)"
192.168.11.222 - - [07/Feb/2025:13:02:48 +0800] "POST /idcard/ess/redirect.php?scriptname=card_read HTTP/1.1" 302 -
192.168.11.222 - - [07/Feb/2025:13:02:48 +0800] "GET /idcard/ess HTTP/1.1" 301 244 "http://192.168.1.83:8088/idcard/ess/redirect.php?scriptname=IDRA001" "Mozilla/4.0 (compatible; MSIE 7.0; Windows NT 10.0; WOW64; Trident/7.0; .NET4.0C; .NET4.0E; Tablet PC 2.0)"
192.168.11.222 - - [07/Feb/2025:13:02:48 +0800] "GET /idcard/ess HTTP/1.1" 301 244
192.168.11.118 - - [07/Feb/2025:13:02:43 +0800] "POST /idcard/ess/includes/login.php HTTP/1.1" 302 - "http://192.168.1.83:8088/idcard/ess/index.php" "Mozilla/5.0 (Windows NT 10.0; Win64; x64) AppleWebKit/537.36 (KHTML, like Gecko) Chrome/131.0.0.0 Safari/537.36 Edg/131.0.0.0"
192.168.11.118 - - [07/Feb/2025:13:02:43 +0800] "POST /idcard/ess/includes/login.php HTTP/1.1" 302 -
192.168.11.118 - - [07/Feb/2025:13:02:49 +0800] "GET /idcard/ess/redirect.php HTTP/1.1" 200 5549 "http://192.168.1.83:8088/idcard/ess/index.php" "Mozilla/5.0 (Windows NT 10.0; Win64; x64) AppleWebKit/537.36 (KHTML, like Gecko) Chrome/131.0.0.0 Safari/537.36 Edg/131.0.0.0"
192.168.11.118 - - [07/Feb/2025:13:02:49 +0800] "GET /idcard/ess/redirect.php HTTP/1.1" 200 5549
192.168.11.104 - - [07/Feb/2025:13:02:50 +0800] "GET /eHR/ess/redirect.php HTTP/1.1" 302 121 "-" "Mozilla/5.0 (Windows NT 10.0; Win64; x64) AppleWebKit/537.36 (KHTML, like Gecko) Chrome/131.0.0.0 Safari/537.36 Edg/131.0.0.0"
192.168.11.104 - - [07/Feb/2025:13:02:50 +0800] "GET /eHR/ess/redirect.php HTTP/1.1" 302 121
192.168.11.118 - - [07/Feb/2025:13:02:50 +0800] "GET /idcard/ess/redirect.php?scriptname=IDRA001 HTTP/1.1" 200 50650 "http://192.168.1.83:8088/idcard/ess/redirect.php" "Mozilla/5.0 (Windows NT 10.0; Win64; x64) AppleWebKit/537.36 (KHTML, like Gecko) Chrome/131.0.0.0 Safari/537.36 Edg/131.0.0.0"
192.168.11.118 - - [07/Feb/2025:13:02:50 +0800] "GET /idcard/ess/redirect.php?scriptname=IDRA001 HTTP/1.1" 200 50650
192.168.11.104 - - [07/Feb/2025:13:02:52 +0800] "GET /eHR/ess/index.php?action=logout HTTP/1.1" 200 8829 "-" "Mozilla/4.0 (compatible; MSIE 7.0; Windows NT 10.0; WOW64; Trident/7.0; .NET4.0C; .NET4.0E)"
192.168.11.104 - - [07/Feb/2025:13:02:52 +0800] "GET /eHR/ess/index.php?action=logout HTTP/1.1" 200 8829
192.168.11.104 - - [07/Feb/2025:13:02:53 +0800] "GET /idcard/ess/index.php?action=logout HTTP/1.1" 200 11457 "-" "Mozilla/5.0 (Windows NT 10.0; Win64; x64) AppleWebKit/537.36 (KHTML, like Gecko) Chrome/131.0.0.0 Safari/537.36 Edg/131.0.0.0"
192.168.11.104 - - [07/Feb/2025:13:02:53 +0800] "GET /idcard/ess/index.php?action=logout HTTP/1.1" 200 11457
192.168.11.104 - - [07/Feb/2025:13:02:55 +0800] "GET /idcard/css/jqueryui/themes/redmond/images/ui-bg_glass_75_d0e5f5_1x400.png HTTP/1.1" 200 124 "http://192.168.1.83:8088/idcard/css/jqueryui/themes/redmond/jquery.ui.theme.css" "Mozilla/5.0 (Windows NT 10.0; Win64; x64) AppleWebKit/537.36 (KHTML, like Gecko) Chrome/131.0.0.0 Safari/537.36 Edg/131.0.0.0"
192.168.11.104 - - [07/Feb/2025:13:02:55 +0800] "GET /idcard/css/jqueryui/themes/redmond/images/ui-bg_glass_75_d0e5f5_1x400.png HTTP/1.1" 200 124
192.168.11.222 - - [07/Feb/2025:13:02:58 +0800] "GET /idcard/ess/redirect.php HTTP/1.1" 302 - "-" "Mozilla/5.0 (Windows NT 10.0; Win64; x64) AppleWebKit/537.36 (KHTML, like Gecko) Chrome/132.0.0.0 Safari/537.36 Edg/132.0.0.0"
192.168.11.222 - - [07/Feb/2025:13:02:58 +0800] "GET /idcard/ess/redirect.php HTTP/1.1" 302 -
192.168.11.222 - - [07/Feb/2025:13:02:59 +0800] "GET /idcard/ess/index.php?action=logout HTTP/1.1" 200 11477 "-" "Mozilla/4.0 (compatible; MSIE 7.0; Windows NT 10.0; WOW64; Trident/7.0; .NET4.0C; .NET4.0E; Tablet PC 2.0)"
192.168.11.222 - - [07/Feb/2025:13:02:59 +0800] "GET /idcard/ess/index.php?action=logout HTTP/1.1" 200 11477
192.168.11.222 - - [07/Feb/2025:13:03:05 +0800] "GET /idcard/ess/index.php?lang=ZHT HTTP/1.1" 200 11480 "http://192.168.1.83:8088/idcard/ess/index.php?action=logout" "Mozilla/4.0 (compatible; MSIE 7.0; Windows NT 10.0; WOW64; Trident/7.0; .NET4.0C; .NET4.0E; Tablet PC 2.0)"
192.168.11.222 - - [07/Feb/2025:13:03:05 +0800] "GET /idcard/ess/index.php?lang=ZHT HTTP/1.1" 200 11480
192.168.12.66 - - [07/Feb/2025:13:03:10 +0800] "GET /eHR/ess/index.php?action=logout HTTP/1.1" 200 8826 "-" "Mozilla/5.0 (Windows NT 6.2; Win64; x64) AppleWebKit/537.36 (KHTML, like Gecko) Chrome/105.0.0.0 Safari/537.36"
192.168.12.66 - - [07/Feb/2025:13:03:10 +0800] "GET /eHR/ess/index.php?action=logout HTTP/1.1" 200 8826
192.168.11.222 - - [07/Feb/2025:13:03:08 +0800] "POST /idcard/ess/includes/login.php HTTP/1.1" 302 - "http://192.168.1.83:8088/idcard/ess/index.php?lang=ZHT" "Mozilla/4.0 (compatible; MSIE 7.0; Windows NT 10.0; WOW64; Trident/7.0; .NET4.0C; .NET4.0E; Tablet PC 2.0)"
192.168.11.222 - - [07/Feb/2025:13:03:08 +0800] "POST /idcard/ess/includes/login.php HTTP/1.1" 302 -
192.168.11.222 - - [07/Feb/2025:13:03:13 +0800] "GET /idcard/ess/redirect.php HTTP/1.1" 200 6088 "http://192.168.1.83:8088/idcard/ess/index.php?lang=ZHT" "Mozilla/4.0 (compatible; MSIE 7.0; Windows NT 10.0; WOW64; Trident/7.0; .NET4.0C; .NET4.0E; Tablet PC 2.0)"
192.168.11.222 - - [07/Feb/2025:13:03:13 +0800] "GET /idcard/ess/redirect.php HTTP/1.1" 200 6088
192.168.11.222 - - [07/Feb/2025:13:03:13 +0800] "GET /idcard/ess/redirect.php?scriptname=IDRA001 HTTP/1.1" 200 50897 "http://192.168.1.83:8088/idcard/ess/redirect.php" "Mozilla/4.0 (compatible; MSIE 7.0; Windows NT 10.0; WOW64; Trident/7.0; .NET4.0C; .NET4.0E; Tablet PC 2.0)"
192.168.11.222 - - [07/Feb/2025:13:03:13 +0800] "GET /idcard/ess/redirect.php?scriptname=IDRA001 HTTP/1.1" 200 50897
192.168.12.66 - - [07/Feb/2025:13:03:13 +0800] "POST /eHR/ess/includes/login.php HTTP/1.1" 302 - "http://192.168.1.83:8088/eHR/ess/index.php?action=logout" "Mozilla/5.0 (Windows NT 6.2; Win64; x64) AppleWebKit/537.36 (KHTML, like Gecko) Chrome/105.0.0.0 Safari/537.36"
192.168.12.66 - - [07/Feb/2025:13:03:13 +0800] "POST /eHR/ess/includes/login.php HTTP/1.1" 302 -
192.168.12.66 - - [07/Feb/2025:13:03:18 +0800] "GET /eHR/ess/redirect.php HTTP/1.1" 200 8929 "http://192.168.1.83:8088/eHR/ess/index.php?action=logout" "Mozilla/5.0 (Windows NT 6.2; Win64; x64) AppleWebKit/537.36 (KHTML, like Gecko) Chrome/105.0.0.0 Safari/537.36"
192.168.12.66 - - [07/Feb/2025:13:03:18 +0800] "GET /eHR/ess/redirect.php HTTP/1.1" 200 8929
192.168.12.66 - - [07/Feb/2025:13:03:19 +0800] "GET /eHR/ess/redirect.php?scriptname=ESNH000 HTTP/1.1" 200 9845 "http://192.168.1.83:8088/eHR/ess/redirect.php" "Mozilla/5.0 (Windows NT 6.2; Win64; x64) AppleWebKit/537.36 (KHTML, like Gecko) Chrome/105.0.0.0 Safari/537.36"
192.168.12.66 - - [07/Feb/2025:13:03:19 +0800] "GET /eHR/ess/redirect.php?scriptname=ESNH000 HTTP/1.1" 200 9845
192.168.11.118 - - [07/Feb/2025:13:03:29 +0800] "POST /idcard/ess/redirect.php?scriptname=new_emp HTTP/1.1" 200 52 "http://192.168.1.83:8088/idcard/ess/redirect.php?scriptname=IDRA001" "Mozilla/5.0 (Windows NT 10.0; Win64; x64) AppleWebKit/537.36 (KHTML, like Gecko) Chrome/131.0.0.0 Safari/537.36 Edg/131.0.0.0"
192.168.11.118 - - [07/Feb/2025:13:03:29 +0800] "POST /idcard/ess/redirect.php?scriptname=new_emp HTTP/1.1" 200 52
192.168.11.222 - - [07/Feb/2025:13:03:30 +0800] "POST /idcard/ess/redirect.php?scriptname=new_emp HTTP/1.1" 200 52 "http://192.168.1.83:8088/idcard/ess/redirect.php?scriptname=IDRA001" "Mozilla/4.0 (compatible; MSIE 7.0; Windows NT 10.0; WOW64; Trident/7.0; .NET4.0C; .NET4.0E; Tablet PC 2.0)"
192.168.11.222 - - [07/Feb/2025:13:03:30 +0800] "POST /idcard/ess/redirect.php?scriptname=new_emp HTTP/1.1" 200 52
192.168.11.118 - - [07/Feb/2025:13:03:31 +0800] "GET /idcard/css/jqueryui/themes/redmond/images/ui-bg_flat_55_fbec88_40x100.png HTTP/1.1" 200 182 "http://192.168.1.83:8088/idcard/css/jqueryui/themes/redmond/jquery.ui.theme.css" "Mozilla/5.0 (Windows NT 10.0; Win64; x64) AppleWebKit/537.36 (KHTML, like Gecko) Chrome/131.0.0.0 Safari/537.36 Edg/131.0.0.0"
192.168.11.118 - - [07/Feb/2025:13:03:31 +0800] "GET /idcard/css/jqueryui/themes/redmond/images/ui-bg_flat_55_fbec88_40x100.png HTTP/1.1" 200 182
192.168.11.222 - - [07/Feb/2025:13:03:32 +0800] "POST /idcard/ess/redirect.php?scriptname=new_emp HTTP/1.1" 200 52 "http://192.168.1.83:8088/idcard/ess/redirect.php?scriptname=IDRA001" "Mozilla/4.0 (compatible; MSIE 7.0; Windows NT 10.0; WOW64; Trident/7.0; .NET4.0C; .NET4.0E; Tablet PC 2.0)"
192.168.11.222 - - [07/Feb/2025:13:03:32 +0800] "POST /idcard/ess/redirect.php?scriptname=new_emp HTTP/1.1" 200 52
192.168.11.222 - - [07/Feb/2025:13:04:33 +0800] "POST /idcard/ess/redirect.php?scriptname=new_emp HTTP/1.1" 200 - "http://192.168.1.83:8088/idcard/ess/redirect.php?scriptname=IDRA001" "Mozilla/4.0 (compatible; MSIE 7.0; Windows NT 10.0; WOW64; Trident/7.0; .NET4.0C; .NET4.0E; Tablet PC 2.0)"
192.168.11.222 - - [07/Feb/2025:13:04:33 +0800] "POST /idcard/ess/redirect.php?scriptname=new_emp HTTP/1.1" 200 -
192.168.11.222 - - [07/Feb/2025:13:04:33 +0800] "POST /idcard/ess/redirect.php?scriptname=card_read HTTP/1.1" 200 136
192.168.11.222 - - [07/Feb/2025:13:04:33 +0800] "POST /idcard/ess/redirect.php?scriptname=card_read HTTP/1.1" 200 136 "http://192.168.1.83:8088/idcard/ess/redirect.php?scriptname=IDRA001" "Mozilla/4.0 (compatible; MSIE 7.0; Windows NT 10.0; WOW64; Trident/7.0; .NET4.0C; .NET4.0E; Tablet PC 2.0)"
192.168.11.118 - - [07/Feb/2025:13:04:44 +0800] "POST /idcard/ess/redirect.php?scriptname=IDRA001 HTTP/1.1" 200 2159 "http://192.168.1.83:8088/idcard/ess/redirect.php?scriptname=IDRA001" "Mozilla/5.0 (Windows NT 10.0; Win64; x64) AppleWebKit/537.36 (KHTML, like Gecko) Chrome/131.0.0.0 Safari/537.36 Edg/131.0.0.0"
192.168.11.118 - - [07/Feb/2025:13:04:44 +0800] "POST /idcard/ess/redirect.php?scriptname=IDRA001 HTTP/1.1" 200 2159
192.168.11.118 - - [07/Feb/2025:13:06:00 +0800] "POST /idcard/ess/redirect.php?scriptname=new_emp HTTP/1.1" 200 - "http://192.168.1.83:8088/idcard/ess/redirect.php?scriptname=IDRA001" "Mozilla/5.0 (Windows NT 10.0; Win64; x64) AppleWebKit/537.36 (KHTML, like Gecko) Chrome/131.0.0.0 Safari/537.36 Edg/131.0.0.0"
192.168.11.118 - - [07/Feb/2025:13:06:00 +0800] "POST /idcard/ess/redirect.php?scriptname=new_emp HTTP/1.1" 200 -
192.168.11.118 - - [07/Feb/2025:13:06:01 +0800] "POST /idcard/ess/redirect.php?scriptname=card_read HTTP/1.1" 200 136 "http://192.168.1.83:8088/idcard/ess/redirect.php?scriptname=IDRA001" "Mozilla/5.0 (Windows NT 10.0; Win64; x64) AppleWebKit/537.36 (KHTML, like Gecko) Chrome/131.0.0.0 Safari/537.36 Edg/131.0.0.0"
192.168.11.118 - - [07/Feb/2025:13:06:01 +0800] "POST /idcard/ess/redirect.php?scriptname=card_read HTTP/1.1" 200 136
192.168.11.118 - - [07/Feb/2025:13:08:25 +0800] "GET /idcard/ess/index.php?action=logout HTTP/1.1" 200 11477 "http://192.168.1.83:8088/idcard/ess/redirect.php" "Mozilla/5.0 (Windows NT 10.0; Win64; x64) AppleWebKit/537.36 (KHTML, like Gecko) Chrome/131.0.0.0 Safari/537.36 Edg/131.0.0.0"
192.168.11.118 - - [07/Feb/2025:13:08:25 +0800] "GET /idcard/ess/index.php?action=logout HTTP/1.1" 200 11477
192.168.11.222 - - [07/Feb/2025:13:11:03 +0800] "POST /idcard/ess/redirect.php?scriptname=new_emp HTTP/1.1" 200 52 "http://192.168.1.83:8088/idcard/ess/redirect.php?scriptname=IDRA001" "Mozilla/4.0 (compatible; MSIE 7.0; Windows NT 10.0; WOW64; Trident/7.0; .NET4.0C; .NET4.0E; Tablet PC 2.0)"
192.168.11.222 - - [07/Feb/2025:13:11:03 +0800] "POST /idcard/ess/redirect.php?scriptname=new_emp HTTP/1.1" 200 52
192.168.11.222 - - [07/Feb/2025:13:12:03 +0800] "POST /idcard/ess/redirect.php?scriptname=new_emp HTTP/1.1" 200 - "http://192.168.1.83:8088/idcard/ess/redirect.php?scriptname=IDRA001" "Mozilla/4.0 (compatible; MSIE 7.0; Windows NT 10.0; WOW64; Trident/7.0; .NET4.0C; .NET4.0E; Tablet PC 2.0)"
192.168.11.222 - - [07/Feb/2025:13:12:03 +0800] "POST /idcard/ess/redirect.php?scriptname=new_emp HTTP/1.1" 200 -
192.168.11.222 - - [07/Feb/2025:13:12:03 +0800] "POST /idcard/ess/redirect.php?scriptname=card_read HTTP/1.1" 200 136 "http://192.168.1.83:8088/idcard/ess/redirect.php?scriptname=IDRA001" "Mozilla/4.0 (compatible; MSIE 7.0; Windows NT 10.0; WOW64; Trident/7.0; .NET4.0C; .NET4.0E; Tablet PC 2.0)"
192.168.11.222 - - [07/Feb/2025:13:12:03 +0800] "POST /idcard/ess/redirect.php?scriptname=card_read HTTP/1.1" 200 136
192.168.12.66 - - [07/Feb/2025:13:12:06 +0800] "GET /eHR/ess/redirect.php?scriptname=ESNE002&appdesc=%E6%89%B9%E9%87%8F%E8%AF%B7%E5%81%87%E7%94%B3%E8%AF%B7 HTTP/1.1" 200 22190 "http://192.168.1.83:8088/eHR/ess/redirect.php" "Mozilla/5.0 (Windows NT 6.2; Win64; x64) AppleWebKit/537.36 (KHTML, like Gecko) Chrome/105.0.0.0 Safari/537.36"
192.168.12.66 - - [07/Feb/2025:13:12:06 +0800] "GET /eHR/ess/redirect.php?scriptname=ESNE002&appdesc=%E6%89%B9%E9%87%8F%E8%AF%B7%E5%81%87%E7%94%B3%E8%AF%B7 HTTP/1.1" 200 22190
192.168.11.222 - - [07/Feb/2025:13:12:15 +0800] "POST /idcard/ess/redirect.php?scriptname=new_emp HTTP/1.1" 200 52 "http://192.168.1.83:8088/idcard/ess/redirect.php?scriptname=IDRA001" "Mozilla/4.0 (compatible; MSIE 7.0; Windows NT 10.0; WOW64; Trident/7.0; .NET4.0C; .NET4.0E; Tablet PC 2.0)"
192.168.11.222 - - [07/Feb/2025:13:12:15 +0800] "POST /idcard/ess/redirect.php?scriptname=new_emp HTTP/1.1" 200 52
192.168.12.66 - - [07/Feb/2025:13:12:31 +0800] "GET /eHR/ess/redirect.php?scriptname=emp_lov&openW=Y&rand=0.6536015084158195 HTTP/1.1" 200 15236 "http://192.168.1.83:8088/eHR/ess/redirect.php?scriptname=ESNE002&appdesc=%E6%89%B9%E9%87%8F%E8%AF%B7%E5%81%87%E7%94%B3%E8%AF%B7" "Mozilla/5.0 (Windows NT 6.2; Win64; x64) AppleWebKit/537.36 (KHTML, like Gecko) Chrome/105.0.0.0 Safari/537.36"
192.168.12.66 - - [07/Feb/2025:13:12:31 +0800] "GET /eHR/ess/redirect.php?scriptname=emp_lov&openW=Y&rand=0.6536015084158195 HTTP/1.1" 200 15236
192.168.12.66 - - [07/Feb/2025:13:12:38 +0800] "POST /eHR/ess/redirect.php?scriptname=emp_lov&openW=Y&rand=0.6536015084158195 HTTP/1.1" 200 17416 "http://192.168.1.83:8088/eHR/ess/redirect.php?scriptname=emp_lov&openW=Y&rand=0.6536015084158195" "Mozilla/5.0 (Windows NT 6.2; Win64; x64) AppleWebKit/537.36 (KHTML, like Gecko) Chrome/105.0.0.0 Safari/537.36"
192.168.12.66 - - [07/Feb/2025:13:12:38 +0800] "POST /eHR/ess/redirect.php?scriptname=emp_lov&openW=Y&rand=0.6536015084158195 HTTP/1.1" 200 17416
192.168.11.222 - - [07/Feb/2025:13:12:43 +0800] "POST /idcard/ess/redirect.php?scriptname=new_emp HTTP/1.1" 200 - "http://192.168.1.83:8088/idcard/ess/redirect.php?scriptname=IDRA001" "Mozilla/4.0 (compatible; MSIE 7.0; Windows NT 10.0; WOW64; Trident/7.0; .NET4.0C; .NET4.0E; Tablet PC 2.0)"
192.168.11.222 - - [07/Feb/2025:13:12:43 +0800] "POST /idcard/ess/redirect.php?scriptname=new_emp HTTP/1.1" 200 -
192.168.11.222 - - [07/Feb/2025:13:12:43 +0800] "POST /idcard/ess/redirect.php?scriptname=card_read HTTP/1.1" 200 136
192.168.11.222 - - [07/Feb/2025:13:12:43 +0800] "POST /idcard/ess/redirect.php?scriptname=card_read HTTP/1.1" 200 136 "http://192.168.1.83:8088/idcard/ess/redirect.php?scriptname=IDRA001" "Mozilla/4.0 (compatible; MSIE 7.0; Windows NT 10.0; WOW64; Trident/7.0; .NET4.0C; .NET4.0E; Tablet PC 2.0)"
192.168.12.66 - - [07/Feb/2025:13:12:44 +0800] "POST /eHR/ess/redirect.php?scriptname=ESNE002&appdesc=%E6%89%B9%E9%87%8F%E8%AF%B7%E5%81%87%E7%94%B3%E8%AF%B7 HTTP/1.1" 200 4205 "http://192.168.1.83:8088/eHR/ess/redirect.php?scriptname=ESNE002&appdesc=%E6%89%B9%E9%87%8F%E8%AF%B7%E5%81%87%E7%94%B3%E8%AF%B7" "Mozilla/5.0 (Windows NT 6.2; Win64; x64) AppleWebKit/537.36 (KHTML, like Gecko) Chrome/105.0.0.0 Safari/537.36"
192.168.12.66 - - [07/Feb/2025:13:12:44 +0800] "POST /eHR/ess/redirect.php?scriptname=ESNE002&appdesc=%E6%89%B9%E9%87%8F%E8%AF%B7%E5%81%87%E7%94%B3%E8%AF%B7 HTTP/1.1" 200 4205
192.168.11.222 - - [07/Feb/2025:13:12:56 +0800] "POST /idcard/ess/redirect.php?scriptname=new_emp HTTP/1.1" 200 52 "http://192.168.1.83:8088/idcard/ess/redirect.php?scriptname=IDRA001" "Mozilla/4.0 (compatible; MSIE 7.0; Windows NT 10.0; WOW64; Trident/7.0; .NET4.0C; .NET4.0E; Tablet PC 2.0)"
192.168.11.222 - - [07/Feb/2025:13:12:56 +0800] "POST /idcard/ess/redirect.php?scriptname=new_emp HTTP/1.1" 200 52
192.168.12.66 - - [07/Feb/2025:13:12:58 +0800] "GET /eHR/ess/redirect.php?scriptname=ESNE004&appdesc=%E6%89%B9%E9%87%8F%E8%AF%B7%E5%81%87%E6%9F%A5%E8%AF%A2 HTTP/1.1" 200 35908 "http://192.168.1.83:8088/eHR/ess/redirect.php" "Mozilla/5.0 (Windows NT 6.2; Win64; x64) AppleWebKit/537.36 (KHTML, like Gecko) Chrome/105.0.0.0 Safari/537.36"
192.168.12.66 - - [07/Feb/2025:13:12:58 +0800] "GET /eHR/ess/redirect.php?scriptname=ESNE004&appdesc=%E6%89%B9%E9%87%8F%E8%AF%B7%E5%81%87%E6%9F%A5%E8%AF%A2 HTTP/1.1" 200 35908
192.168.12.66 - - [07/Feb/2025:13:12:59 +0800] "GET /eHR/ess/redirect.php?scriptname=ESNE002&appdesc=%E6%89%B9%E9%87%8F%E8%AF%B7%E5%81%87%E7%94%B3%E8%AF%B7 HTTP/1.1" 200 22190 "http://192.168.1.83:8088/eHR/ess/redirect.php" "Mozilla/5.0 (Windows NT 6.2; Win64; x64) AppleWebKit/537.36 (KHTML, like Gecko) Chrome/105.0.0.0 Safari/537.36"
192.168.12.66 - - [07/Feb/2025:13:12:59 +0800] "GET /eHR/ess/redirect.php?scriptname=ESNE002&appdesc=%E6%89%B9%E9%87%8F%E8%AF%B7%E5%81%87%E7%94%B3%E8%AF%B7 HTTP/1.1" 200 22190
192.168.12.66 - - [07/Feb/2025:13:13:32 +0800] "GET /eHR/ess/redirect.php?scriptname=emp_lov&openW=Y&rand=0.5603592198947582 HTTP/1.1" 200 15236 "http://192.168.1.83:8088/eHR/ess/redirect.php?scriptname=ESNE002&appdesc=%E6%89%B9%E9%87%8F%E8%AF%B7%E5%81%87%E7%94%B3%E8%AF%B7" "Mozilla/5.0 (Windows NT 6.2; Win64; x64) AppleWebKit/537.36 (KHTML, like Gecko) Chrome/105.0.0.0 Safari/537.36"
192.168.12.66 - - [07/Feb/2025:13:13:32 +0800] "GET /eHR/ess/redirect.php?scriptname=emp_lov&openW=Y&rand=0.5603592198947582 HTTP/1.1" 200 15236
192.168.12.66 - - [07/Feb/2025:13:13:37 +0800] "POST /eHR/ess/redirect.php?scriptname=emp_lov&openW=Y&rand=0.5603592198947582 HTTP/1.1" 200 17416 "http://192.168.1.83:8088/eHR/ess/redirect.php?scriptname=emp_lov&openW=Y&rand=0.5603592198947582" "Mozilla/5.0 (Windows NT 6.2; Win64; x64) AppleWebKit/537.36 (KHTML, like Gecko) Chrome/105.0.0.0 Safari/537.36"
192.168.12.66 - - [07/Feb/2025:13:13:37 +0800] "POST /eHR/ess/redirect.php?scriptname=emp_lov&openW=Y&rand=0.5603592198947582 HTTP/1.1" 200 17416
192.168.12.66 - - [07/Feb/2025:13:13:42 +0800] "POST /eHR/ess/redirect.php?scriptname=ESNE002&appdesc=%E6%89%B9%E9%87%8F%E8%AF%B7%E5%81%87%E7%94%B3%E8%AF%B7 HTTP/1.1" 200 4226 "http://192.168.1.83:8088/eHR/ess/redirect.php?scriptname=ESNE002&appdesc=%E6%89%B9%E9%87%8F%E8%AF%B7%E5%81%87%E7%94%B3%E8%AF%B7" "Mozilla/5.0 (Windows NT 6.2; Win64; x64) AppleWebKit/537.36 (KHTML, like Gecko) Chrome/105.0.0.0 Safari/537.36"
192.168.12.66 - - [07/Feb/2025:13:13:42 +0800] "POST /eHR/ess/redirect.php?scriptname=ESNE002&appdesc=%E6%89%B9%E9%87%8F%E8%AF%B7%E5%81%87%E7%94%B3%E8%AF%B7 HTTP/1.1" 200 4226
192.168.12.66 - - [07/Feb/2025:13:14:07 +0800] "GET /eHR/ess/redirect.php?scriptname=ESNE002&appdesc=%E6%89%B9%E9%87%8F%E8%AF%B7%E5%81%87%E7%94%B3%E8%AF%B7 HTTP/1.1" 200 22190 "http://192.168.1.83:8088/eHR/ess/redirect.php" "Mozilla/5.0 (Windows NT 6.2; Win64; x64) AppleWebKit/537.36 (KHTML, like Gecko) Chrome/105.0.0.0 Safari/537.36"
192.168.12.66 - - [07/Feb/2025:13:14:07 +0800] "GET /eHR/ess/redirect.php?scriptname=ESNE002&appdesc=%E6%89%B9%E9%87%8F%E8%AF%B7%E5%81%87%E7%94%B3%E8%AF%B7 HTTP/1.1" 200 22190
192.168.12.66 - - [07/Feb/2025:13:14:09 +0800] "GET /eHR/ess/redirect.php?scriptname=ESNE004&appdesc=%E6%89%B9%E9%87%8F%E8%AF%B7%E5%81%87%E6%9F%A5%E8%AF%A2 HTTP/1.1" 200 39237 "http://192.168.1.83:8088/eHR/ess/redirect.php" "Mozilla/5.0 (Windows NT 6.2; Win64; x64) AppleWebKit/537.36 (KHTML, like Gecko) Chrome/105.0.0.0 Safari/537.36"
192.168.12.66 - - [07/Feb/2025:13:14:09 +0800] "GET /eHR/ess/redirect.php?scriptname=ESNE004&appdesc=%E6%89%B9%E9%87%8F%E8%AF%B7%E5%81%87%E6%9F%A5%E8%AF%A2 HTTP/1.1" 200 39237
192.168.12.66 - - [07/Feb/2025:13:14:17 +0800] "POST /eHR/ess/redirect.php?scriptname=ESNE004&appdesc=%E6%89%B9%E9%87%8F%E8%AF%B7%E5%81%87%E6%9F%A5%E8%AF%A2 HTTP/1.1" 200 79376 "http://192.168.1.83:8088/eHR/ess/redirect.php?scriptname=ESNE004&appdesc=%E6%89%B9%E9%87%8F%E8%AF%B7%E5%81%87%E6%9F%A5%E8%AF%A2" "Mozilla/5.0 (Windows NT 6.2; Win64; x64) AppleWebKit/537.36 (KHTML, like Gecko) Chrome/105.0.0.0 Safari/537.36"
192.168.12.66 - - [07/Feb/2025:13:14:17 +0800] "POST /eHR/ess/redirect.php?scriptname=ESNE004&appdesc=%E6%89%B9%E9%87%8F%E8%AF%B7%E5%81%87%E6%9F%A5%E8%AF%A2 HTTP/1.1" 200 79376
192.168.12.66 - - [07/Feb/2025:13:14:22 +0800] "GET /eHR/ess/redirect.php?scriptname=ESNE004&action=delete&leave_flowseqno=108713 HTTP/1.1" 302 - "http://192.168.1.83:8088/eHR/ess/redirect.php?scriptname=ESNE004&appdesc=%E6%89%B9%E9%87%8F%E8%AF%B7%E5%81%87%E6%9F%A5%E8%AF%A2" "Mozilla/5.0 (Windows NT 6.2; Win64; x64) AppleWebKit/537.36 (KHTML, like Gecko) Chrome/105.0.0.0 Safari/537.36"
192.168.12.66 - - [07/Feb/2025:13:14:22 +0800] "GET /eHR/ess/redirect.php?scriptname=ESNE004&action=delete&leave_flowseqno=108713 HTTP/1.1" 302 -
192.168.12.66 - - [07/Feb/2025:13:14:23 +0800] "GET /eHR/ess/redirect.php?scriptname=page_success&msgtxt=%E5%96%AE%E8%99%9F%3A108713+%E7%9A%84%E7%94%B3%E8%AB%8B%E5%96%AE%E5%88%AA%E9%99%A4%E6%88%90%E5%8A%9F.&target=iframe HTTP/1.1" 200 3104 "http://192.168.1.83:8088/eHR/ess/redirect.php?scriptname=ESNE004&appdesc=%E6%89%B9%E9%87%8F%E8%AF%B7%E5%81%87%E6%9F%A5%E8%AF%A2" "Mozilla/5.0 (Windows NT 6.2; Win64; x64) AppleWebKit/537.36 (KHTML, like Gecko) Chrome/105.0.0.0 Safari/537.36"
192.168.12.66 - - [07/Feb/2025:13:14:23 +0800] "GET /eHR/ess/redirect.php?scriptname=page_success&msgtxt=%E5%96%AE%E8%99%9F%3A108713+%E7%9A%84%E7%94%B3%E8%AB%8B%E5%96%AE%E5%88%AA%E9%99%A4%E6%88%90%E5%8A%9F.&target=iframe HTTP/1.1" 200 3104
192.168.12.66 - - [07/Feb/2025:13:14:24 +0800] "GET /eHR/ess/redirect.php?scriptname=ESNE002&appdesc=%E6%89%B9%E9%87%8F%E8%AF%B7%E5%81%87%E7%94%B3%E8%AF%B7 HTTP/1.1" 200 22190 "http://192.168.1.83:8088/eHR/ess/redirect.php" "Mozilla/5.0 (Windows NT 6.2; Win64; x64) AppleWebKit/537.36 (KHTML, like Gecko) Chrome/105.0.0.0 Safari/537.36"
192.168.12.66 - - [07/Feb/2025:13:14:24 +0800] "GET /eHR/ess/redirect.php?scriptname=ESNE002&appdesc=%E6%89%B9%E9%87%8F%E8%AF%B7%E5%81%87%E7%94%B3%E8%AF%B7 HTTP/1.1" 200 22190
192.168.11.222 - - [07/Feb/2025:13:14:27 +0800] "POST /idcard/ess/redirect.php?scriptname=new_emp HTTP/1.1" 200 - "http://192.168.1.83:8088/idcard/ess/redirect.php?scriptname=IDRA001" "Mozilla/4.0 (compatible; MSIE 7.0; Windows NT 10.0; WOW64; Trident/7.0; .NET4.0C; .NET4.0E; Tablet PC 2.0)"
192.168.11.222 - - [07/Feb/2025:13:14:27 +0800] "POST /idcard/ess/redirect.php?scriptname=new_emp HTTP/1.1" 200 -
192.168.11.222 - - [07/Feb/2025:13:14:27 +0800] "POST /idcard/ess/redirect.php?scriptname=card_read HTTP/1.1" 200 136
192.168.11.222 - - [07/Feb/2025:13:14:27 +0800] "POST /idcard/ess/redirect.php?scriptname=card_read HTTP/1.1" 200 136 "http://192.168.1.83:8088/idcard/ess/redirect.php?scriptname=IDRA001" "Mozilla/4.0 (compatible; MSIE 7.0; Windows NT 10.0; WOW64; Trident/7.0; .NET4.0C; .NET4.0E; Tablet PC 2.0)"
192.168.12.66 - - [07/Feb/2025:13:14:41 +0800] "GET /eHR/ess/redirect.php?scriptname=emp_lov&openW=Y&rand=0.4237264791957318 HTTP/1.1" 200 15236 "http://192.168.1.83:8088/eHR/ess/redirect.php?scriptname=ESNE002&appdesc=%E6%89%B9%E9%87%8F%E8%AF%B7%E5%81%87%E7%94%B3%E8%AF%B7" "Mozilla/5.0 (Windows NT 6.2; Win64; x64) AppleWebKit/537.36 (KHTML, like Gecko) Chrome/105.0.0.0 Safari/537.36"
192.168.12.66 - - [07/Feb/2025:13:14:41 +0800] "GET /eHR/ess/redirect.php?scriptname=emp_lov&openW=Y&rand=0.4237264791957318 HTTP/1.1" 200 15236
192.168.11.222 - - [07/Feb/2025:13:14:46 +0800] "POST /idcard/ess/redirect.php?scriptname=new_emp HTTP/1.1" 200 52 "http://192.168.1.83:8088/idcard/ess/redirect.php?scriptname=IDRA001" "Mozilla/4.0 (compatible; MSIE 7.0; Windows NT 10.0; WOW64; Trident/7.0; .NET4.0C; .NET4.0E; Tablet PC 2.0)"
192.168.11.222 - - [07/Feb/2025:13:14:46 +0800] "POST /idcard/ess/redirect.php?scriptname=new_emp HTTP/1.1" 200 52
192.168.12.66 - - [07/Feb/2025:13:14:47 +0800] "POST /eHR/ess/redirect.php?scriptname=emp_lov&openW=Y&rand=0.4237264791957318 HTTP/1.1" 200 17416 "http://192.168.1.83:8088/eHR/ess/redirect.php?scriptname=emp_lov&openW=Y&rand=0.4237264791957318" "Mozilla/5.0 (Windows NT 6.2; Win64; x64) AppleWebKit/537.36 (KHTML, like Gecko) Chrome/105.0.0.0 Safari/537.36"
192.168.12.66 - - [07/Feb/2025:13:14:47 +0800] "POST /eHR/ess/redirect.php?scriptname=emp_lov&openW=Y&rand=0.4237264791957318 HTTP/1.1" 200 17416
192.168.12.66 - - [07/Feb/2025:13:14:51 +0800] "POST /eHR/ess/redirect.php?scriptname=ESNE002&appdesc=%E6%89%B9%E9%87%8F%E8%AF%B7%E5%81%87%E7%94%B3%E8%AF%B7 HTTP/1.1" 200 4205 "http://192.168.1.83:8088/eHR/ess/redirect.php?scriptname=ESNE002&appdesc=%E6%89%B9%E9%87%8F%E8%AF%B7%E5%81%87%E7%94%B3%E8%AF%B7" "Mozilla/5.0 (Windows NT 6.2; Win64; x64) AppleWebKit/537.36 (KHTML, like Gecko) Chrome/105.0.0.0 Safari/537.36"
192.168.12.66 - - [07/Feb/2025:13:14:51 +0800] "POST /eHR/ess/redirect.php?scriptname=ESNE002&appdesc=%E6%89%B9%E9%87%8F%E8%AF%B7%E5%81%87%E7%94%B3%E8%AF%B7 HTTP/1.1" 200 4205
192.168.12.66 - - [07/Feb/2025:13:15:07 +0800] "GET /eHR/ess/redirect.php?scriptname=ESNE002&appdesc=%E6%89%B9%E9%87%8F%E8%AF%B7%E5%81%87%E7%94%B3%E8%AF%B7 HTTP/1.1" 200 22190 "http://192.168.1.83:8088/eHR/ess/redirect.php" "Mozilla/5.0 (Windows NT 6.2; Win64; x64) AppleWebKit/537.36 (KHTML, like Gecko) Chrome/105.0.0.0 Safari/537.36"
192.168.12.66 - - [07/Feb/2025:13:15:07 +0800] "GET /eHR/ess/redirect.php?scriptname=ESNE002&appdesc=%E6%89%B9%E9%87%8F%E8%AF%B7%E5%81%87%E7%94%B3%E8%AF%B7 HTTP/1.1" 200 22190
192.168.12.66 - - [07/Feb/2025:13:15:10 +0800] "GET /eHR/ess/redirect.php?scriptname=ESNE002&appdesc=%E6%89%B9%E9%87%8F%E8%AF%B7%E5%81%87%E7%94%B3%E8%AF%B7 HTTP/1.1" 200 22190 "http://192.168.1.83:8088/eHR/ess/redirect.php" "Mozilla/5.0 (Windows NT 6.2; Win64; x64) AppleWebKit/537.36 (KHTML, like Gecko) Chrome/105.0.0.0 Safari/537.36"
192.168.12.66 - - [07/Feb/2025:13:15:10 +0800] "GET /eHR/ess/redirect.php?scriptname=ESNE002&appdesc=%E6%89%B9%E9%87%8F%E8%AF%B7%E5%81%87%E7%94%B3%E8%AF%B7 HTTP/1.1" 200 22190
192.168.12.66 - - [07/Feb/2025:13:15:11 +0800] "GET /eHR/ess/redirect.php?scriptname=ESNE004&appdesc=%E6%89%B9%E9%87%8F%E8%AF%B7%E5%81%87%E6%9F%A5%E8%AF%A2 HTTP/1.1" 200 39237 "http://192.168.1.83:8088/eHR/ess/redirect.php" "Mozilla/5.0 (Windows NT 6.2; Win64; x64) AppleWebKit/537.36 (KHTML, like Gecko) Chrome/105.0.0.0 Safari/537.36"
192.168.12.66 - - [07/Feb/2025:13:15:11 +0800] "GET /eHR/ess/redirect.php?scriptname=ESNE004&appdesc=%E6%89%B9%E9%87%8F%E8%AF%B7%E5%81%87%E6%9F%A5%E8%AF%A2 HTTP/1.1" 200 39237
192.168.12.66 - - [07/Feb/2025:13:15:14 +0800] "POST /eHR/ess/redirect.php?scriptname=ESNE004&appdesc=%E6%89%B9%E9%87%8F%E8%AF%B7%E5%81%87%E6%9F%A5%E8%AF%A2 HTTP/1.1" 200 46062 "http://192.168.1.83:8088/eHR/ess/redirect.php?scriptname=ESNE004&appdesc=%E6%89%B9%E9%87%8F%E8%AF%B7%E5%81%87%E6%9F%A5%E8%AF%A2" "Mozilla/5.0 (Windows NT 6.2; Win64; x64) AppleWebKit/537.36 (KHTML, like Gecko) Chrome/105.0.0.0 Safari/537.36"
192.168.12.66 - - [07/Feb/2025:13:15:14 +0800] "POST /eHR/ess/redirect.php?scriptname=ESNE004&appdesc=%E6%89%B9%E9%87%8F%E8%AF%B7%E5%81%87%E6%9F%A5%E8%AF%A2 HTTP/1.1" 200 46062
192.168.40.44 - - [07/Feb/2025:13:15:17 +0800] "GET /eHR/ess/index.php?action=logout HTTP/1.1" 200 8826 "-" "Mozilla/5.0 (Windows NT 6.2; Win64; x64) AppleWebKit/537.36 (KHTML, like Gecko) Chrome/105.0.0.0 Safari/537.36"
192.168.40.44 - - [07/Feb/2025:13:15:17 +0800] "GET /eHR/ess/index.php?action=logout HTTP/1.1" 200 8826
192.168.40.44 - - [07/Feb/2025:13:15:20 +0800] "POST /eHR/ess/includes/login.php HTTP/1.1" 302 - "http://192.168.1.83:8088/eHR/ess/index.php?action=logout" "Mozilla/5.0 (Windows NT 6.2; Win64; x64) AppleWebKit/537.36 (KHTML, like Gecko) Chrome/105.0.0.0 Safari/537.36"
192.168.40.44 - - [07/Feb/2025:13:15:20 +0800] "POST /eHR/ess/includes/login.php HTTP/1.1" 302 -
192.168.40.44 - - [07/Feb/2025:13:15:21 +0800] "GET /eHR/ess/redirect.php HTTP/1.1" 200 7220 "http://192.168.1.83:8088/eHR/ess/index.php?action=logout" "Mozilla/5.0 (Windows NT 6.2; Win64; x64) AppleWebKit/537.36 (KHTML, like Gecko) Chrome/105.0.0.0 Safari/537.36"
192.168.40.44 - - [07/Feb/2025:13:15:21 +0800] "GET /eHR/ess/redirect.php HTTP/1.1" 200 7220
192.168.40.44 - - [07/Feb/2025:13:15:22 +0800] "GET /eHR/ess/redirect.php?scriptname=ESNH000 HTTP/1.1" 200 10299 "http://192.168.1.83:8088/eHR/ess/redirect.php" "Mozilla/5.0 (Windows NT 6.2; Win64; x64) AppleWebKit/537.36 (KHTML, like Gecko) Chrome/105.0.0.0 Safari/537.36"
192.168.40.44 - - [07/Feb/2025:13:15:22 +0800] "GET /eHR/ess/redirect.php?scriptname=ESNH000 HTTP/1.1" 200 10299
192.168.11.222 - - [07/Feb/2025:13:15:25 +0800] "POST /idcard/ess/redirect.php?scriptname=IDRA001 HTTP/1.1" 200 4409
192.168.11.222 - - [07/Feb/2025:13:15:25 +0800] "POST /idcard/ess/redirect.php?scriptname=IDRA001 HTTP/1.1" 200 4409 "http://192.168.1.83:8088/idcard/ess/redirect.php?scriptname=IDRA001" "Mozilla/4.0 (compatible; MSIE 7.0; Windows NT 10.0; WOW64; Trident/7.0; .NET4.0C; .NET4.0E; Tablet PC 2.0)"
192.168.40.44 - - [07/Feb/2025:13:15:25 +0800] "GET /eHR/mgr/redirect.php?scriptname=MDNH104&appdesc=%E8%AF%B7%E5%81%87%E5%BE%85%E7%AD%BE HTTP/1.1" 200 16547
192.168.40.44 - - [07/Feb/2025:13:15:25 +0800] "GET /eHR/mgr/redirect.php?scriptname=MDNH104&appdesc=%E8%AF%B7%E5%81%87%E5%BE%85%E7%AD%BE HTTP/1.1" 200 16547 "http://192.168.1.83:8088/eHR/ess/redirect.php?scriptname=ESNH000" "Mozilla/5.0 (Windows NT 6.2; Win64; x64) AppleWebKit/537.36 (KHTML, like Gecko) Chrome/105.0.0.0 Safari/537.36"
192.168.12.66 - - [07/Feb/2025:13:15:28 +0800] "POST /eHR/ess/redirect.php?scriptname=ESNE004&appdesc=%E6%89%B9%E9%87%8F%E8%AF%B7%E5%81%87%E6%9F%A5%E8%AF%A2 HTTP/1.1" 200 79376 "http://192.168.1.83:8088/eHR/ess/redirect.php?scriptname=ESNE004&appdesc=%E6%89%B9%E9%87%8F%E8%AF%B7%E5%81%87%E6%9F%A5%E8%AF%A2" "Mozilla/5.0 (Windows NT 6.2; Win64; x64) AppleWebKit/537.36 (KHTML, like Gecko) Chrome/105.0.0.0 Safari/537.36"
192.168.12.66 - - [07/Feb/2025:13:15:28 +0800] "POST /eHR/ess/redirect.php?scriptname=ESNE004&appdesc=%E6%89%B9%E9%87%8F%E8%AF%B7%E5%81%87%E6%9F%A5%E8%AF%A2 HTTP/1.1" 200 79376
192.168.40.44 - - [07/Feb/2025:13:15:35 +0800] "POST /eHR/mgr/redirect.php?scriptname=MDNH104&appdesc=%E8%AF%B7%E5%81%87%E5%BE%85%E7%AD%BE HTTP/1.1" 200 4994 "http://192.168.1.83:8088/eHR/mgr/redirect.php?scriptname=MDNH104&appdesc=%E8%AF%B7%E5%81%87%E5%BE%85%E7%AD%BE" "Mozilla/5.0 (Windows NT 6.2; Win64; x64) AppleWebKit/537.36 (KHTML, like Gecko) Chrome/105.0.0.0 Safari/537.36"
192.168.40.44 - - [07/Feb/2025:13:15:35 +0800] "POST /eHR/mgr/redirect.php?scriptname=MDNH104&appdesc=%E8%AF%B7%E5%81%87%E5%BE%85%E7%AD%BE HTTP/1.1" 200 4994
192.168.40.44 - - [07/Feb/2025:13:15:40 +0800] "GET /eHR/ess/redirect.php?scriptname=ESNH000&appdesc=%E9%A6%96%E9%A1%B5 HTTP/1.1" 200 10089 "http://192.168.1.83:8088/eHR/ess/redirect.php" "Mozilla/5.0 (Windows NT 6.2; Win64; x64) AppleWebKit/537.36 (KHTML, like Gecko) Chrome/105.0.0.0 Safari/537.36"
192.168.40.44 - - [07/Feb/2025:13:15:40 +0800] "GET /eHR/ess/redirect.php?scriptname=ESNH000&appdesc=%E9%A6%96%E9%A1%B5 HTTP/1.1" 200 10089
192.168.40.44 - - [07/Feb/2025:13:15:42 +0800] "GET /eHR/mgr/redirect.php?scriptname=MDNH105&appdesc=%E5%8A%A0%E7%8F%AD%E5%BE%85%E7%AD%BE HTTP/1.1" 200 34151 "http://192.168.1.83:8088/eHR/ess/redirect.php?scriptname=ESNH000&appdesc=%E9%A6%96%E9%A1%B5" "Mozilla/5.0 (Windows NT 6.2; Win64; x64) AppleWebKit/537.36 (KHTML, like Gecko) Chrome/105.0.0.0 Safari/537.36"
192.168.40.44 - - [07/Feb/2025:13:15:42 +0800] "GET /eHR/mgr/redirect.php?scriptname=MDNH105&appdesc=%E5%8A%A0%E7%8F%AD%E5%BE%85%E7%AD%BE HTTP/1.1" 200 34151
192.168.11.222 - - [07/Feb/2025:13:15:57 +0800] "POST /idcard/ess/redirect.php?scriptname=IDRA001 HTTP/1.1" 200 653 "http://192.168.1.83:8088/idcard/ess/redirect.php?scriptname=IDRA001" "Mozilla/4.0 (compatible; MSIE 7.0; Windows NT 10.0; WOW64; Trident/7.0; .NET4.0C; .NET4.0E; Tablet PC 2.0)"
192.168.11.222 - - [07/Feb/2025:13:15:57 +0800] "POST /idcard/ess/redirect.php?scriptname=IDRA001 HTTP/1.1" 200 653
192.168.40.44 - - [07/Feb/2025:13:16:00 +0800] "POST /eHR/mgr/redirect.php?scriptname=MDNH105&appdesc=%E5%8A%A0%E7%8F%AD%E5%BE%85%E7%AD%BE HTTP/1.1" 302 - "http://192.168.1.83:8088/eHR/mgr/redirect.php?scriptname=MDNH105&appdesc=%E5%8A%A0%E7%8F%AD%E5%BE%85%E7%AD%BE" "Mozilla/5.0 (Windows NT 6.2; Win64; x64) AppleWebKit/537.36 (KHTML, like Gecko) Chrome/105.0.0.0 Safari/537.36"
192.168.40.44 - - [07/Feb/2025:13:16:00 +0800] "POST /eHR/mgr/redirect.php?scriptname=MDNH105&appdesc=%E5%8A%A0%E7%8F%AD%E5%BE%85%E7%AD%BE HTTP/1.1" 302 -
192.168.40.44 - - [07/Feb/2025:13:16:00 +0800] "GET /eHR/mgr/redirect.php?scriptname=page_success&msgtxt=%E6%82%A8%E7%9A%84%E7%B0%BD%E6%A0%B8%EF%BC%8C%E5%B7%B2%E6%88%90%E5%8A%9F%E6%8F%90%E4%BA%A4%E5%88%B0%E5%BE%8C%E5%8F%B0%E8%99%95%E7%90%86.%3Cbr%3E%E6%82%A8%E5%8F%AF%E4%BB%A5%E7%82%B9%3Ca+href%3D%22..%2Fess%2Fredirect.php%3Fscriptname%3DESNH100%26requestno%3D127261%22%3E%E9%80%99%E8%A3%A1%3C%2Fa%3E%E6%9F%A5%E7%9C%8B%E7%B0%BD%E6%A0%B8%E7%B5%90%E6%9E%9C%E3%80%82%3Cbr%3E%E6%89%B9%E6%AC%A1%E8%99%9F%3A127261&target=iframe HTTP/1.1" 302 - "http://192.168.1.83:8088/eHR/mgr/redirect.php?scriptname=MDNH105&appdesc=%E5%8A%A0%E7%8F%AD%E5%BE%85%E7%AD%BE" "Mozilla/5.0 (Windows NT 6.2; Win64; x64) AppleWebKit/537.36 (KHTML, like Gecko) Chrome/105.0.0.0 Safari/537.36"
192.168.40.44 - - [07/Feb/2025:13:16:00 +0800] "GET /eHR/mgr/redirect.php?scriptname=page_success&msgtxt=%E6%82%A8%E7%9A%84%E7%B0%BD%E6%A0%B8%EF%BC%8C%E5%B7%B2%E6%88%90%E5%8A%9F%E6%8F%90%E4%BA%A4%E5%88%B0%E5%BE%8C%E5%8F%B0%E8%99%95%E7%90%86.%3Cbr%3E%E6%82%A8%E5%8F%AF%E4%BB%A5%E7%82%B9%3Ca+href%3D%22..%2Fess%2Fredirect.php%3Fscriptname%3DESNH100%26requestno%3D127261%22%3E%E9%80%99%E8%A3%A1%3C%2Fa%3E%E6%9F%A5%E7%9C%8B%E7%B0%BD%E6%A0%B8%E7%B5%90%E6%9E%9C%E3%80%82%3Cbr%3E%E6%89%B9%E6%AC%A1%E8%99%9F%3A127261&target=iframe HTTP/1.1" 302 -
192.168.40.44 - - [07/Feb/2025:13:16:01 +0800] "GET /eHR/mgr/redirect.php?scriptname=page_error&msgtxt=%3Ch3%3EHTTP+404+-+Page+not+found%3C%2Fh3%3E%3Cbr%3E%3Cstrong%3EFile+Name%3A%3C%2Fstrong%3Epage_success%3Cbr%2F%3E%3Cstrong%3EApplication+Name%3C%2Fstrong%3E%3A&target=iframe HTTP/1.1" 302 - "http://192.168.1.83:8088/eHR/mgr/redirect.php?scriptname=MDNH105&appdesc=%E5%8A%A0%E7%8F%AD%E5%BE%85%E7%AD%BE" "Mozilla/5.0 (Windows NT 6.2; Win64; x64) AppleWebKit/537.36 (KHTML, like Gecko) Chrome/105.0.0.0 Safari/537.36"
192.168.40.44 - - [07/Feb/2025:13:16:01 +0800] "GET /eHR/mgr/redirect.php?scriptname=page_error&msgtxt=%3Ch3%3EHTTP+404+-+Page+not+found%3C%2Fh3%3E%3Cbr%3E%3Cstrong%3EFile+Name%3A%3C%2Fstrong%3Epage_success%3Cbr%2F%3E%3Cstrong%3EApplication+Name%3C%2Fstrong%3E%3A&target=iframe HTTP/1.1" 302 -
192.168.40.44 - - [07/Feb/2025:13:16:01 +0800] "GET /eHR/mgr/redirect.php?scriptname=page_error&msgtxt=%3Ch3%3EHTTP+404+-+Page+not+found%3C%2Fh3%3E%3Cbr%3E%3Cstrong%3EFile+Name%3A%3C%2Fstrong%3Epage_error%3Cbr%2F%3E%3Cstrong%3EApplication+Name%3C%2Fstrong%3E%3A&target=iframe HTTP/1.1" 302 - "http://192.168.1.83:8088/eHR/mgr/redirect.php?scriptname=MDNH105&appdesc=%E5%8A%A0%E7%8F%AD%E5%BE%85%E7%AD%BE" "Mozilla/5.0 (Windows NT 6.2; Win64; x64) AppleWebKit/537.36 (KHTML, like Gecko) Chrome/105.0.0.0 Safari/537.36"
192.168.40.44 - - [07/Feb/2025:13:16:01 +0800] "GET /eHR/mgr/redirect.php?scriptname=page_error&msgtxt=%3Ch3%3EHTTP+404+-+Page+not+found%3C%2Fh3%3E%3Cbr%3E%3Cstrong%3EFile+Name%3A%3C%2Fstrong%3Epage_error%3Cbr%2F%3E%3Cstrong%3EApplication+Name%3C%2Fstrong%3E%3A&target=iframe HTTP/1.1" 302 -
192.168.40.44 - - [07/Feb/2025:13:16:01 +0800] "GET /eHR/mgr/redirect.php?scriptname=page_error&msgtxt=%3Ch3%3EHTTP+404+-+Page+not+found%3C%2Fh3%3E%3Cbr%3E%3Cstrong%3EFile+Name%3A%3C%2Fstrong%3Epage_error%3Cbr%2F%3E%3Cstrong%3EApplication+Name%3C%2Fstrong%3E%3A&target=iframe HTTP/1.1" 302 -
192.168.40.44 - - [07/Feb/2025:13:16:01 +0800] "GET /eHR/mgr/redirect.php?scriptname=page_error&msgtxt=%3Ch3%3EHTTP+404+-+Page+not+found%3C%2Fh3%3E%3Cbr%3E%3Cstrong%3EFile+Name%3A%3C%2Fstrong%3Epage_error%3Cbr%2F%3E%3Cstrong%3EApplication+Name%3C%2Fstrong%3E%3A&target=iframe HTTP/1.1" 302 - "http://192.168.1.83:8088/eHR/mgr/redirect.php?scriptname=MDNH105&appdesc=%E5%8A%A0%E7%8F%AD%E5%BE%85%E7%AD%BE" "Mozilla/5.0 (Windows NT 6.2; Win64; x64) AppleWebKit/537.36 (KHTML, like Gecko) Chrome/105.0.0.0 Safari/537.36"
192.168.40.44 - - [07/Feb/2025:13:16:01 +0800] "GET /eHR/mgr/redirect.php?scriptname=page_error&msgtxt=%3Ch3%3EHTTP+404+-+Page+not+found%3C%2Fh3%3E%3Cbr%3E%3Cstrong%3EFile+Name%3A%3C%2Fstrong%3Epage_error%3Cbr%2F%3E%3Cstrong%3EApplication+Name%3C%2Fstrong%3E%3A&target=iframe HTTP/1.1" 302 - "http://192.168.1.83:8088/eHR/mgr/redirect.php?scriptname=MDNH105&appdesc=%E5%8A%A0%E7%8F%AD%E5%BE%85%E7%AD%BE" "Mozilla/5.0 (Windows NT 6.2; Win64; x64) AppleWebKit/537.36 (KHTML, like Gecko) Chrome/105.0.0.0 Safari/537.36"
192.168.40.44 - - [07/Feb/2025:13:16:01 +0800] "GET /eHR/mgr/redirect.php?scriptname=page_error&msgtxt=%3Ch3%3EHTTP+404+-+Page+not+found%3C%2Fh3%3E%3Cbr%3E%3Cstrong%3EFile+Name%3A%3C%2Fstrong%3Epage_error%3Cbr%2F%3E%3Cstrong%3EApplication+Name%3C%2Fstrong%3E%3A&target=iframe HTTP/1.1" 302 -
192.168.40.44 - - [07/Feb/2025:13:16:01 +0800] "GET /eHR/mgr/redirect.php?scriptname=page_error&msgtxt=%3Ch3%3EHTTP+404+-+Page+not+found%3C%2Fh3%3E%3Cbr%3E%3Cstrong%3EFile+Name%3A%3C%2Fstrong%3Epage_error%3Cbr%2F%3E%3Cstrong%3EApplication+Name%3C%2Fstrong%3E%3A&target=iframe HTTP/1.1" 302 - "http://192.168.1.83:8088/eHR/mgr/redirect.php?scriptname=MDNH105&appdesc=%E5%8A%A0%E7%8F%AD%E5%BE%85%E7%AD%BE" "Mozilla/5.0 (Windows NT 6.2; Win64; x64) AppleWebKit/537.36 (KHTML, like Gecko) Chrome/105.0.0.0 Safari/537.36"
192.168.40.44 - - [07/Feb/2025:13:16:01 +0800] "GET /eHR/mgr/redirect.php?scriptname=page_error&msgtxt=%3Ch3%3EHTTP+404+-+Page+not+found%3C%2Fh3%3E%3Cbr%3E%3Cstrong%3EFile+Name%3A%3C%2Fstrong%3Epage_error%3Cbr%2F%3E%3Cstrong%3EApplication+Name%3C%2Fstrong%3E%3A&target=iframe HTTP/1.1" 302 -
