192.168.11.107 - - [07/Feb/2025:17:12:16 +0800] "GET /eHR/ess/redirect.php?scriptname=ESNE001&appdesc=%E6%89%B9%E9%87%8F%E5%8A%A0%E7%8F%AD%E7%94%B3%E8%AF%B7 HTTP/1.1" 200 15271 "http://192.168.1.83:8088/eHR/ess/redirect.php" "Mozilla/5.0 (Windows NT 6.1; Win64; x64) AppleWebKit/537.36 (KHTML, like Gecko) Chrome/105.0.0.0 Safari/537.36"
192.168.11.107 - - [07/Feb/2025:17:12:16 +0800] "GET /eHR/ess/redirect.php?scriptname=ESNE001&appdesc=%E6%89%B9%E9%87%8F%E5%8A%A0%E7%8F%AD%E7%94%B3%E8%AF%B7 HTTP/1.1" 200 15271
192.168.11.107 - - [07/Feb/2025:17:12:17 +0800] "GET /eHR/js/jquery.maskedinput.min.js HTTP/1.1" 200 3568 "http://192.168.1.83:8088/eHR/ess/redirect.php?scriptname=ESNE001&appdesc=%E6%89%B9%E9%87%8F%E5%8A%A0%E7%8F%AD%E7%94%B3%E8%AF%B7" "Mozilla/5.0 (Windows NT 6.1; Win64; x64) AppleWebKit/537.36 (KHTML, like Gecko) Chrome/105.0.0.0 Safari/537.36"
192.168.11.107 - - [07/Feb/2025:17:12:17 +0800] "GET /eHR/js/jquery.maskedinput.min.js HTTP/1.1" 200 3568
192.168.11.107 - - [07/Feb/2025:17:12:18 +0800] "GET /eHR/css/jqueryui/themes/redmond/images/ui-bg_flat_55_fbec88_40x100.png HTTP/1.1" 200 182 "http://192.168.1.83:8088/eHR/css/jqueryui/themes/redmond/jquery.ui.theme.css" "Mozilla/5.0 (Windows NT 6.1; Win64; x64) AppleWebKit/537.36 (KHTML, like Gecko) Chrome/105.0.0.0 Safari/537.36"
192.168.11.107 - - [07/Feb/2025:17:12:18 +0800] "GET /eHR/css/jqueryui/themes/redmond/images/ui-bg_flat_55_fbec88_40x100.png HTTP/1.1" 200 182
192.168.11.107 - - [07/Feb/2025:17:12:18 +0800] "GET /eHR/css/jqueryui/themes/redmond/images/ui-icons_d8e7f3_256x240.png HTTP/1.1" 200 4369 "http://192.168.1.83:8088/eHR/css/jqueryui/themes/redmond/jquery.ui.theme.css" "Mozilla/5.0 (Windows NT 6.1; Win64; x64) AppleWebKit/537.36 (KHTML, like Gecko) Chrome/105.0.0.0 Safari/537.36"
192.168.11.107 - - [07/Feb/2025:17:12:18 +0800] "GET /eHR/css/jqueryui/themes/redmond/images/ui-icons_d8e7f3_256x240.png HTTP/1.1" 200 4369
100.64.0.1 - - [07/Feb/2025:17:12:22 +0800] "GET /Apache%20Software%20Foundation/Apache2.2/logs/access_20230320.log HTTP/1.1" 200 5243383 "-" "Android/27.1"
100.64.0.1 - - [07/Feb/2025:17:12:22 +0800] "GET /Apache%20Software%20Foundation/Apache2.2/logs/access_20230320.log HTTP/1.1" 200 5243383
192.168.11.69 - - [07/Feb/2025:17:12:27 +0800] "POST /eHR/ess/redirect.php?scriptname=ESNE004&appdesc=%E6%89%B9%E9%87%8F%E8%AF%B7%E5%81%87%E6%9F%A5%E8%AF%A2 HTTP/1.1" 200 12734 "http://192.168.1.83:8088/eHR/ess/redirect.php?scriptname=ESNE004&appdesc=%E6%89%B9%E9%87%8F%E8%AF%B7%E5%81%87%E6%9F%A5%E8%AF%A2" "Mozilla/5.0 (Windows NT 6.2; Win64; x64) AppleWebKit/537.36 (KHTML, like Gecko) Chrome/105.0.0.0 Safari/537.36"
192.168.11.69 - - [07/Feb/2025:17:12:27 +0800] "POST /eHR/ess/redirect.php?scriptname=ESNE004&appdesc=%E6%89%B9%E9%87%8F%E8%AF%B7%E5%81%87%E6%9F%A5%E8%AF%A2 HTTP/1.1" 200 12734
192.168.11.107 - - [07/Feb/2025:17:12:33 +0800] "GET /eHR/ess/redirect.php?scriptname=emp_lov&openW=Y&rand=0.17867116509971148 HTTP/1.1" 200 8592 "http://192.168.1.83:8088/eHR/ess/redirect.php?scriptname=ESNE001&appdesc=%E6%89%B9%E9%87%8F%E5%8A%A0%E7%8F%AD%E7%94%B3%E8%AF%B7" "Mozilla/5.0 (Windows NT 6.1; Win64; x64) AppleWebKit/537.36 (KHTML, like Gecko) Chrome/105.0.0.0 Safari/537.36"
192.168.11.107 - - [07/Feb/2025:17:12:33 +0800] "GET /eHR/ess/redirect.php?scriptname=emp_lov&openW=Y&rand=0.17867116509971148 HTTP/1.1" 200 8592
100.64.0.1 - - [07/Feb/2025:17:12:38 +0800] "GET /Apache%20Software%20Foundation/Apache2.2/logs/error_20240213.log HTTP/1.1" 200 774255 "-" "Android/27.1"
100.64.0.1 - - [07/Feb/2025:17:12:38 +0800] "GET /Apache%20Software%20Foundation/Apache2.2/logs/error_20240213.log HTTP/1.1" 200 774255
192.168.11.107 - - [07/Feb/2025:17:12:37 +0800] "POST /eHR/ess/redirect.php?scriptname=emp_lov&openW=Y&rand=0.17867116509971148 HTTP/1.1" 200 22057 "http://192.168.1.83:8088/eHR/ess/redirect.php?scriptname=emp_lov&openW=Y&rand=0.17867116509971148" "Mozilla/5.0 (Windows NT 6.1; Win64; x64) AppleWebKit/537.36 (KHTML, like Gecko) Chrome/105.0.0.0 Safari/537.36"
192.168.11.107 - - [07/Feb/2025:17:12:37 +0800] "POST /eHR/ess/redirect.php?scriptname=emp_lov&openW=Y&rand=0.17867116509971148 HTTP/1.1" 200 22057
192.168.11.69 - - [07/Feb/2025:17:12:49 +0800] "GET /eHR/ess/redirect.php?scriptname=ESNE003&appdesc=%E6%89%B9%E9%87%8F%E5%8A%A0%E7%8F%AD%E6%9F%A5%E8%AF%A2 HTTP/1.1" 200 7521 "http://192.168.1.83:8088/eHR/ess/redirect.php" "Mozilla/5.0 (Windows NT 6.2; Win64; x64) AppleWebKit/537.36 (KHTML, like Gecko) Chrome/105.0.0.0 Safari/537.36"
192.168.11.69 - - [07/Feb/2025:17:12:49 +0800] "GET /eHR/ess/redirect.php?scriptname=ESNE003&appdesc=%E6%89%B9%E9%87%8F%E5%8A%A0%E7%8F%AD%E6%9F%A5%E8%AF%A2 HTTP/1.1" 200 7521
192.168.11.107 - - [07/Feb/2025:17:12:50 +0800] "POST /eHR/ess/redirect.php?scriptname=ESNE001&appdesc=%E6%89%B9%E9%87%8F%E5%8A%A0%E7%8F%AD%E7%94%B3%E8%AF%B7 HTTP/1.1" 200 4063 "http://192.168.1.83:8088/eHR/ess/redirect.php?scriptname=ESNE001&appdesc=%E6%89%B9%E9%87%8F%E5%8A%A0%E7%8F%AD%E7%94%B3%E8%AF%B7" "Mozilla/5.0 (Windows NT 6.1; Win64; x64) AppleWebKit/537.36 (KHTML, like Gecko) Chrome/105.0.0.0 Safari/537.36"
192.168.11.107 - - [07/Feb/2025:17:12:50 +0800] "POST /eHR/ess/redirect.php?scriptname=ESNE001&appdesc=%E6%89%B9%E9%87%8F%E5%8A%A0%E7%8F%AD%E7%94%B3%E8%AF%B7 HTTP/1.1" 200 4063
192.168.11.107 - - [07/Feb/2025:17:12:52 +0800] "GET /eHR/css/jqueryui/themes/redmond/images/ui-icons_2e83ff_256x240.png HTTP/1.1" 200 4369 "http://192.168.1.83:8088/eHR/css/jqueryui/themes/redmond/jquery.ui.theme.css" "Mozilla/5.0 (Windows NT 6.1; Win64; x64) AppleWebKit/537.36 (KHTML, like Gecko) Chrome/105.0.0.0 Safari/537.36"
192.168.11.107 - - [07/Feb/2025:17:12:52 +0800] "GET /eHR/css/jqueryui/themes/redmond/images/ui-icons_2e83ff_256x240.png HTTP/1.1" 200 4369
192.168.11.107 - - [07/Feb/2025:17:12:52 +0800] "GET /eHR/img/Y.png HTTP/1.1" 200 1084 "http://192.168.1.83:8088/eHR/ess/redirect.php?scriptname=ESNE001&appdesc=%E6%89%B9%E9%87%8F%E5%8A%A0%E7%8F%AD%E7%94%B3%E8%AF%B7" "Mozilla/5.0 (Windows NT 6.1; Win64; x64) AppleWebKit/537.36 (KHTML, like Gecko) Chrome/105.0.0.0 Safari/537.36"
192.168.11.107 - - [07/Feb/2025:17:12:52 +0800] "GET /eHR/img/Y.png HTTP/1.1" 200 1084
192.168.11.69 - - [07/Feb/2025:17:12:53 +0800] "GET /eHR/ess/redirect.php?scriptname=ESNE004&appdesc=%E6%89%B9%E9%87%8F%E8%AF%B7%E5%81%87%E6%9F%A5%E8%AF%A2 HTTP/1.1" 200 7489 "http://192.168.1.83:8088/eHR/ess/redirect.php" "Mozilla/5.0 (Windows NT 6.2; Win64; x64) AppleWebKit/537.36 (KHTML, like Gecko) Chrome/105.0.0.0 Safari/537.36"
192.168.11.69 - - [07/Feb/2025:17:12:53 +0800] "GET /eHR/ess/redirect.php?scriptname=ESNE004&appdesc=%E6%89%B9%E9%87%8F%E8%AF%B7%E5%81%87%E6%9F%A5%E8%AF%A2 HTTP/1.1" 200 7489
192.168.11.107 - - [07/Feb/2025:17:12:54 +0800] "GET /eHR/ess/redirect.php?scriptname=ESNE001&appdesc=%E6%89%B9%E9%87%8F%E5%8A%A0%E7%8F%AD%E7%94%B3%E8%AF%B7 HTTP/1.1" 200 15271 "http://192.168.1.83:8088/eHR/ess/redirect.php" "Mozilla/5.0 (Windows NT 6.1; Win64; x64) AppleWebKit/537.36 (KHTML, like Gecko) Chrome/105.0.0.0 Safari/537.36"
192.168.11.107 - - [07/Feb/2025:17:12:54 +0800] "GET /eHR/ess/redirect.php?scriptname=ESNE001&appdesc=%E6%89%B9%E9%87%8F%E5%8A%A0%E7%8F%AD%E7%94%B3%E8%AF%B7 HTTP/1.1" 200 15271
192.168.11.69 - - [07/Feb/2025:17:12:56 +0800] "POST /eHR/ess/redirect.php?scriptname=ESNE004&appdesc=%E6%89%B9%E9%87%8F%E8%AF%B7%E5%81%87%E6%9F%A5%E8%AF%A2 HTTP/1.1" 200 21383 "http://192.168.1.83:8088/eHR/ess/redirect.php?scriptname=ESNE004&appdesc=%E6%89%B9%E9%87%8F%E8%AF%B7%E5%81%87%E6%9F%A5%E8%AF%A2" "Mozilla/5.0 (Windows NT 6.2; Win64; x64) AppleWebKit/537.36 (KHTML, like Gecko) Chrome/105.0.0.0 Safari/537.36"
192.168.11.69 - - [07/Feb/2025:17:12:56 +0800] "POST /eHR/ess/redirect.php?scriptname=ESNE004&appdesc=%E6%89%B9%E9%87%8F%E8%AF%B7%E5%81%87%E6%9F%A5%E8%AF%A2 HTTP/1.1" 200 21383
192.168.11.69 - - [07/Feb/2025:17:13:08 +0800] "GET /eHR/ess/redirect.php?scriptname=ESNE003&appdesc=%E6%89%B9%E9%87%8F%E5%8A%A0%E7%8F%AD%E6%9F%A5%E8%AF%A2 HTTP/1.1" 200 7521 "http://192.168.1.83:8088/eHR/ess/redirect.php" "Mozilla/5.0 (Windows NT 6.2; Win64; x64) AppleWebKit/537.36 (KHTML, like Gecko) Chrome/105.0.0.0 Safari/537.36"
192.168.11.69 - - [07/Feb/2025:17:13:08 +0800] "GET /eHR/ess/redirect.php?scriptname=ESNE003&appdesc=%E6%89%B9%E9%87%8F%E5%8A%A0%E7%8F%AD%E6%9F%A5%E8%AF%A2 HTTP/1.1" 200 7521
192.168.11.69 - - [07/Feb/2025:17:13:11 +0800] "POST /eHR/ess/redirect.php?scriptname=ESNE003&appdesc=%E6%89%B9%E9%87%8F%E5%8A%A0%E7%8F%AD%E6%9F%A5%E8%AF%A2 HTTP/1.1" 200 57243 "http://192.168.1.83:8088/eHR/ess/redirect.php?scriptname=ESNE003&appdesc=%E6%89%B9%E9%87%8F%E5%8A%A0%E7%8F%AD%E6%9F%A5%E8%AF%A2" "Mozilla/5.0 (Windows NT 6.2; Win64; x64) AppleWebKit/537.36 (KHTML, like Gecko) Chrome/105.0.0.0 Safari/537.36"
192.168.11.69 - - [07/Feb/2025:17:13:11 +0800] "POST /eHR/ess/redirect.php?scriptname=ESNE003&appdesc=%E6%89%B9%E9%87%8F%E5%8A%A0%E7%8F%AD%E6%9F%A5%E8%AF%A2 HTTP/1.1" 200 57243
192.168.11.107 - - [07/Feb/2025:17:13:20 +0800] "GET /eHR/ess/redirect.php?scriptname=emp_lov&openW=Y&rand=0.4233260241253145 HTTP/1.1" 200 8592 "http://192.168.1.83:8088/eHR/ess/redirect.php?scriptname=ESNE001&appdesc=%E6%89%B9%E9%87%8F%E5%8A%A0%E7%8F%AD%E7%94%B3%E8%AF%B7" "Mozilla/5.0 (Windows NT 6.1; Win64; x64) AppleWebKit/537.36 (KHTML, like Gecko) Chrome/105.0.0.0 Safari/537.36"
192.168.11.107 - - [07/Feb/2025:17:13:20 +0800] "GET /eHR/ess/redirect.php?scriptname=emp_lov&openW=Y&rand=0.4233260241253145 HTTP/1.1" 200 8592
192.168.11.107 - - [07/Feb/2025:17:13:24 +0800] "POST /eHR/ess/redirect.php?scriptname=emp_lov&openW=Y&rand=0.4233260241253145 HTTP/1.1" 200 22057 "http://192.168.1.83:8088/eHR/ess/redirect.php?scriptname=emp_lov&openW=Y&rand=0.4233260241253145" "Mozilla/5.0 (Windows NT 6.1; Win64; x64) AppleWebKit/537.36 (KHTML, like Gecko) Chrome/105.0.0.0 Safari/537.36"
192.168.11.107 - - [07/Feb/2025:17:13:24 +0800] "POST /eHR/ess/redirect.php?scriptname=emp_lov&openW=Y&rand=0.4233260241253145 HTTP/1.1" 200 22057
192.168.11.69 - - [07/Feb/2025:17:13:32 +0800] "POST /eHR/ess/redirect.php?scriptname=ESNE003&appdesc=%E6%89%B9%E9%87%8F%E5%8A%A0%E7%8F%AD%E6%9F%A5%E8%AF%A2 HTTP/1.1" 200 78330 "http://192.168.1.83:8088/eHR/ess/redirect.php?scriptname=ESNE003&appdesc=%E6%89%B9%E9%87%8F%E5%8A%A0%E7%8F%AD%E6%9F%A5%E8%AF%A2" "Mozilla/5.0 (Windows NT 6.2; Win64; x64) AppleWebKit/537.36 (KHTML, like Gecko) Chrome/105.0.0.0 Safari/537.36"
192.168.11.69 - - [07/Feb/2025:17:13:32 +0800] "POST /eHR/ess/redirect.php?scriptname=ESNE003&appdesc=%E6%89%B9%E9%87%8F%E5%8A%A0%E7%8F%AD%E6%9F%A5%E8%AF%A2 HTTP/1.1" 200 78330
100.64.0.1 - - [07/Feb/2025:17:13:37 +0800] "GET /Apache%20Software%20Foundation/Apache2.2/logs/access_20240608.log HTTP/1.1" 200 5242897 "-" "Android/27.1"
100.64.0.1 - - [07/Feb/2025:17:13:37 +0800] "GET /Apache%20Software%20Foundation/Apache2.2/logs/access_20240608.log HTTP/1.1" 200 5242897
192.168.11.107 - - [07/Feb/2025:17:13:38 +0800] "POST /eHR/ess/redirect.php?scriptname=ESNE001&appdesc=%E6%89%B9%E9%87%8F%E5%8A%A0%E7%8F%AD%E7%94%B3%E8%AF%B7 HTTP/1.1" 200 4063 "http://192.168.1.83:8088/eHR/ess/redirect.php?scriptname=ESNE001&appdesc=%E6%89%B9%E9%87%8F%E5%8A%A0%E7%8F%AD%E7%94%B3%E8%AF%B7" "Mozilla/5.0 (Windows NT 6.1; Win64; x64) AppleWebKit/537.36 (KHTML, like Gecko) Chrome/105.0.0.0 Safari/537.36"
192.168.11.107 - - [07/Feb/2025:17:13:38 +0800] "POST /eHR/ess/redirect.php?scriptname=ESNE001&appdesc=%E6%89%B9%E9%87%8F%E5%8A%A0%E7%8F%AD%E7%94%B3%E8%AF%B7 HTTP/1.1" 200 4063
192.168.11.69 - - [07/Feb/2025:17:13:48 +0800] "POST /eHR/ess/redirect.php?scriptname=ESNE003&appdesc=%E6%89%B9%E9%87%8F%E5%8A%A0%E7%8F%AD%E6%9F%A5%E8%AF%A2 HTTP/1.1" 200 72556 "http://192.168.1.83:8088/eHR/ess/redirect.php?scriptname=ESNE003&appdesc=%E6%89%B9%E9%87%8F%E5%8A%A0%E7%8F%AD%E6%9F%A5%E8%AF%A2" "Mozilla/5.0 (Windows NT 6.2; Win64; x64) AppleWebKit/537.36 (KHTML, like Gecko) Chrome/105.0.0.0 Safari/537.36"
192.168.11.69 - - [07/Feb/2025:17:13:48 +0800] "POST /eHR/ess/redirect.php?scriptname=ESNE003&appdesc=%E6%89%B9%E9%87%8F%E5%8A%A0%E7%8F%AD%E6%9F%A5%E8%AF%A2 HTTP/1.1" 200 72556
100.64.0.1 - - [07/Feb/2025:17:14:33 +0800] "GET / HTTP/1.0" 200 439 "-" "Expanse, a Palo Alto Networks company, searches across the global IPv4 space multiple times per day to identify customers' presences on the Internet. If you would like to be excluded from our scans, please send IP addresses/domains to: scaninfo@paloaltonetworks.com"
100.64.0.1 - - [07/Feb/2025:17:14:33 +0800] "GET / HTTP/1.0" 200 439
100.64.0.1 - - [07/Feb/2025:17:16:31 +0800] "GET /Apache%20Software%20Foundation/Apache2.2/logs/access_20241111.log HTTP/1.1" 200 3601256 "-" "Android/27.1"
100.64.0.1 - - [07/Feb/2025:17:16:31 +0800] "GET /Apache%20Software%20Foundation/Apache2.2/logs/access_20241111.log HTTP/1.1" 200 3601256
100.64.0.1 - - [07/Feb/2025:17:16:38 +0800] "GET /Apache%20Software%20Foundation/Apache2.2/logs/error_20230301.log HTTP/1.1" 200 1765443 "-" "Android/27.1"
100.64.0.1 - - [07/Feb/2025:17:16:38 +0800] "GET /Apache%20Software%20Foundation/Apache2.2/logs/error_20230301.log HTTP/1.1" 200 1765443
100.64.0.1 - - [07/Feb/2025:17:16:55 +0800] "GET /Apache%20Software%20Foundation/Apache2.2/logs/access_20230524.log HTTP/1.1" 200 562258 "-" "Android/27.1"
100.64.0.1 - - [07/Feb/2025:17:16:55 +0800] "GET /Apache%20Software%20Foundation/Apache2.2/logs/access_20230524.log HTTP/1.1" 200 562258
100.64.0.1 - - [07/Feb/2025:17:16:56 +0800] "GET /Apache%20Software%20Foundation/Apache2.2/logs/access_20230427.log HTTP/1.1" 200 5243179 "-" "Android/27.1"
100.64.0.1 - - [07/Feb/2025:17:16:56 +0800] "GET /Apache%20Software%20Foundation/Apache2.2/logs/access_20230427.log HTTP/1.1" 200 5243179
100.64.0.1 - - [07/Feb/2025:17:17:25 +0800] "GET /Apache%20Software%20Foundation/Apache2.2/logs/access_20240821.log HTTP/1.1" 200 5243113 "-" "Android/27.1"
100.64.0.1 - - [07/Feb/2025:17:17:25 +0800] "GET /Apache%20Software%20Foundation/Apache2.2/logs/access_20240821.log HTTP/1.1" 200 5243113
100.64.0.1 - - [07/Feb/2025:17:19:06 +0800] "GET /Apache%20Software%20Foundation/Apache2.2/logs/access_20231220.log HTTP/1.1" 200 5243251 "-" "Android/27.1"
100.64.0.1 - - [07/Feb/2025:17:19:06 +0800] "GET /Apache%20Software%20Foundation/Apache2.2/logs/access_20231220.log HTTP/1.1" 200 5243251
100.64.0.1 - - [07/Feb/2025:17:20:07 +0800] "GET /Apache%20Software%20Foundation/Apache2.2/logs/access_20240408.log HTTP/1.1" 200 3535176 "-" "Android/27.1"
100.64.0.1 - - [07/Feb/2025:17:20:07 +0800] "GET /Apache%20Software%20Foundation/Apache2.2/logs/access_20240408.log HTTP/1.1" 200 3535176
100.64.0.1 - - [07/Feb/2025:17:22:21 +0800] "GET /Apache%20Software%20Foundation/Apache2.2/logs/access_20231014.log HTTP/1.1" 200 5243088 "-" "Android/27.1"
100.64.0.1 - - [07/Feb/2025:17:22:21 +0800] "GET /Apache%20Software%20Foundation/Apache2.2/logs/access_20231014.log HTTP/1.1" 200 5243088
100.64.0.1 - - [07/Feb/2025:17:22:47 +0800] "GET / HTTP/1.1" 200 439 "-" "Mozilla/5.0 (Windows NT 10.0; Win64; x64) AppleWebKit/537.36 (KHTML, like Gecko) Chrome/110.0.0.0 Safari/537.36 Edg/110.0.1587.46"
100.64.0.1 - - [07/Feb/2025:17:22:47 +0800] "GET / HTTP/1.1" 200 439
100.64.0.1 - - [07/Feb/2025:17:22:50 +0800] "GET /Apache%20Software%20Foundation/Apache2.2/logs/access_20240615.log HTTP/1.1" 200 5243058 "-" "Android/27.1"
100.64.0.1 - - [07/Feb/2025:17:22:50 +0800] "GET /Apache%20Software%20Foundation/Apache2.2/logs/access_20240615.log HTTP/1.1" 200 5243058
100.64.0.1 - - [07/Feb/2025:17:23:11 +0800] "GET /favicon.ico HTTP/1.1" 404 209 "-" "Mozilla/5.0 (Macintosh; Intel Mac OS X 10.15; rv:102.0) Gecko/20100101 Firefox/102.0"
100.64.0.1 - - [07/Feb/2025:17:23:11 +0800] "GET /favicon.ico HTTP/1.1" 404 209
100.64.0.1 - - [07/Feb/2025:17:23:43 +0800] "GET /Apache%20Software%20Foundation/Apache2.2/logs/error_20241009.log HTTP/1.1" 200 685141 "-" "Android/27.1"
100.64.0.1 - - [07/Feb/2025:17:23:43 +0800] "GET /Apache%20Software%20Foundation/Apache2.2/logs/error_20241009.log HTTP/1.1" 200 685141
100.64.0.1 - - [07/Feb/2025:17:24:19 +0800] "GET /Apache%20Software%20Foundation/Apache2.2/logs/access_20241101.log HTTP/1.1" 200 5243051 "-" "Android/27.1"
100.64.0.1 - - [07/Feb/2025:17:24:19 +0800] "GET /Apache%20Software%20Foundation/Apache2.2/logs/access_20241101.log HTTP/1.1" 200 5243051
100.64.0.1 - - [07/Feb/2025:17:24:54 +0800] "GET /Apache%20Software%20Foundation/Apache2.2/logs/access_20231013.log HTTP/1.1" 200 7006201 "-" "Android/27.1"
100.64.0.1 - - [07/Feb/2025:17:24:54 +0800] "GET /Apache%20Software%20Foundation/Apache2.2/logs/access_20231013.log HTTP/1.1" 200 7006201
100.64.0.1 - - [07/Feb/2025:17:25:04 +0800] "GET /Apache%20Software%20Foundation/Apache2.2/logs/access_20230711.log HTTP/1.1" 200 5243253 "-" "Android/27.1"
100.64.0.1 - - [07/Feb/2025:17:25:04 +0800] "GET /Apache%20Software%20Foundation/Apache2.2/logs/access_20230711.log HTTP/1.1" 200 5243253
192.168.11.134 - - [07/Feb/2025:17:26:02 +0800] "GET /eHR/ess/index.php?action=logout HTTP/1.1" 200 8826 "-" "Mozilla/5.0 (Windows NT 10.0; Win64; x64) AppleWebKit/537.36 (KHTML, like Gecko) Chrome/105.0.0.0 Safari/537.36"
192.168.11.134 - - [07/Feb/2025:17:26:02 +0800] "GET /eHR/ess/index.php?action=logout HTTP/1.1" 200 8826
192.168.11.134 - - [07/Feb/2025:17:26:09 +0800] "POST /eHR/ess/includes/login.php HTTP/1.1" 302 - "http://hcp.maglayers.com.cn:8088/eHR/ess/index.php?action=logout" "Mozilla/5.0 (Windows NT 10.0; Win64; x64) AppleWebKit/537.36 (KHTML, like Gecko) Chrome/105.0.0.0 Safari/537.36"
192.168.11.134 - - [07/Feb/2025:17:26:09 +0800] "POST /eHR/ess/includes/login.php HTTP/1.1" 302 -
192.168.11.134 - - [07/Feb/2025:17:26:10 +0800] "GET /eHR/ess/redirect.php HTTP/1.1" 200 9510 "http://hcp.maglayers.com.cn:8088/eHR/ess/index.php?action=logout" "Mozilla/5.0 (Windows NT 10.0; Win64; x64) AppleWebKit/537.36 (KHTML, like Gecko) Chrome/105.0.0.0 Safari/537.36"
192.168.11.134 - - [07/Feb/2025:17:26:10 +0800] "GET /eHR/ess/redirect.php HTTP/1.1" 200 9510
192.168.11.134 - - [07/Feb/2025:17:26:11 +0800] "GET /eHR/ess/redirect.php?scriptname=ESNH000 HTTP/1.1" 200 10299 "http://hcp.maglayers.com.cn:8088/eHR/ess/redirect.php" "Mozilla/5.0 (Windows NT 10.0; Win64; x64) AppleWebKit/537.36 (KHTML, like Gecko) Chrome/105.0.0.0 Safari/537.36"
192.168.11.134 - - [07/Feb/2025:17:26:11 +0800] "GET /eHR/ess/redirect.php?scriptname=ESNH000 HTTP/1.1" 200 10299
100.64.0.1 - - [07/Feb/2025:17:26:19 +0800] "GET /Apache%20Software%20Foundation/Apache2.2/logs/error_20250114.log HTTP/1.1" 200 250157 "-" "Android/27.1"
100.64.0.1 - - [07/Feb/2025:17:26:19 +0800] "GET /Apache%20Software%20Foundation/Apache2.2/logs/error_20250114.log HTTP/1.1" 200 250157
192.168.11.134 - - [07/Feb/2025:17:26:20 +0800] "GET /eHR/mgr/redirect.php?scriptname=MDNH104&appdesc=%E8%AF%B7%E5%81%87%E5%BE%85%E7%AD%BE HTTP/1.1" 200 16537 "http://hcp.maglayers.com.cn:8088/eHR/ess/redirect.php?scriptname=ESNH000" "Mozilla/5.0 (Windows NT 10.0; Win64; x64) AppleWebKit/537.36 (KHTML, like Gecko) Chrome/105.0.0.0 Safari/537.36"
192.168.11.134 - - [07/Feb/2025:17:26:20 +0800] "GET /eHR/mgr/redirect.php?scriptname=MDNH104&appdesc=%E8%AF%B7%E5%81%87%E5%BE%85%E7%AD%BE HTTP/1.1" 200 16537
192.168.11.134 - - [07/Feb/2025:17:27:30 +0800] "POST /eHR/mgr/redirect.php?scriptname=MDNH104&appdesc=%E8%AF%B7%E5%81%87%E5%BE%85%E7%AD%BE HTTP/1.1" 200 5007 "http://hcp.maglayers.com.cn:8088/eHR/mgr/redirect.php?scriptname=MDNH104&appdesc=%E8%AF%B7%E5%81%87%E5%BE%85%E7%AD%BE" "Mozilla/5.0 (Windows NT 10.0; Win64; x64) AppleWebKit/537.36 (KHTML, like Gecko) Chrome/105.0.0.0 Safari/537.36"
192.168.11.134 - - [07/Feb/2025:17:27:30 +0800] "POST /eHR/mgr/redirect.php?scriptname=MDNH104&appdesc=%E8%AF%B7%E5%81%87%E5%BE%85%E7%AD%BE HTTP/1.1" 200 5007
192.168.11.134 - - [07/Feb/2025:17:27:31 +0800] "GET /eHR/img/Y.png HTTP/1.1" 200 1084 "http://hcp.maglayers.com.cn:8088/eHR/mgr/redirect.php?scriptname=MDNH104&appdesc=%E8%AF%B7%E5%81%87%E5%BE%85%E7%AD%BE" "Mozilla/5.0 (Windows NT 10.0; Win64; x64) AppleWebKit/537.36 (KHTML, like Gecko) Chrome/105.0.0.0 Safari/537.36"
192.168.11.134 - - [07/Feb/2025:17:27:31 +0800] "GET /eHR/img/Y.png HTTP/1.1" 200 1084
192.168.11.134 - - [07/Feb/2025:17:27:33 +0800] "GET /eHR/ess/redirect.php?scriptname=ESNH004&appdesc=%E5%8A%A0%E7%8F%AD%E7%AD%BE%E6%A0%B8 HTTP/1.1" 302 - "http://hcp.maglayers.com.cn:8088/eHR/ess/redirect.php" "Mozilla/5.0 (Windows NT 10.0; Win64; x64) AppleWebKit/537.36 (KHTML, like Gecko) Chrome/105.0.0.0 Safari/537.36"
192.168.11.134 - - [07/Feb/2025:17:27:33 +0800] "GET /eHR/ess/redirect.php?scriptname=ESNH004&appdesc=%E5%8A%A0%E7%8F%AD%E7%AD%BE%E6%A0%B8 HTTP/1.1" 302 -
192.168.11.134 - - [07/Feb/2025:17:27:33 +0800] "GET /eHR/mgr/redirect.php?scriptname=MDNH105&appdesc=%E5%8A%A0%E7%8F%AD%E7%AD%BE%E6%A0%B8 HTTP/1.1" 200 110662 "http://hcp.maglayers.com.cn:8088/eHR/ess/redirect.php" "Mozilla/5.0 (Windows NT 10.0; Win64; x64) AppleWebKit/537.36 (KHTML, like Gecko) Chrome/105.0.0.0 Safari/537.36"
192.168.11.134 - - [07/Feb/2025:17:27:33 +0800] "GET /eHR/mgr/redirect.php?scriptname=MDNH105&appdesc=%E5%8A%A0%E7%8F%AD%E7%AD%BE%E6%A0%B8 HTTP/1.1" 200 110662
100.64.0.1 - - [07/Feb/2025:17:27:34 +0800] "GET /Apache%20Software%20Foundation/Apache2.2/logs/access_20240827.log HTTP/1.1" 200 5243037 "-" "Android/27.1"
100.64.0.1 - - [07/Feb/2025:17:27:34 +0800] "GET /Apache%20Software%20Foundation/Apache2.2/logs/access_20240827.log HTTP/1.1" 200 5243037
100.64.0.1 - - [07/Feb/2025:17:28:46 +0800] "GET /Apache%20Software%20Foundation/Apache2.2/logs/access_20240622.log HTTP/1.1" 200 5242922 "-" "Android/27.1"
100.64.0.1 - - [07/Feb/2025:17:28:46 +0800] "GET /Apache%20Software%20Foundation/Apache2.2/logs/access_20240622.log HTTP/1.1" 200 5242922
100.64.0.1 - - [07/Feb/2025:17:29:01 +0800] "GET /Apache%20Software%20Foundation/Apache2.2/logs/error_20240710.log HTTP/1.1" 200 434665 "-" "Android/27.1"
100.64.0.1 - - [07/Feb/2025:17:29:01 +0800] "GET /Apache%20Software%20Foundation/Apache2.2/logs/error_20240710.log HTTP/1.1" 200 434665
192.168.11.134 - - [07/Feb/2025:17:29:03 +0800] "POST /eHR/mgr/redirect.php?scriptname=MDNH105&appdesc=%E5%8A%A0%E7%8F%AD%E7%AD%BE%E6%A0%B8 HTTP/1.1" 302 - "http://hcp.maglayers.com.cn:8088/eHR/mgr/redirect.php?scriptname=MDNH105&appdesc=%E5%8A%A0%E7%8F%AD%E7%AD%BE%E6%A0%B8" "Mozilla/5.0 (Windows NT 10.0; Win64; x64) AppleWebKit/537.36 (KHTML, like Gecko) Chrome/105.0.0.0 Safari/537.36"
192.168.11.134 - - [07/Feb/2025:17:29:03 +0800] "POST /eHR/mgr/redirect.php?scriptname=MDNH105&appdesc=%E5%8A%A0%E7%8F%AD%E7%AD%BE%E6%A0%B8 HTTP/1.1" 302 -
192.168.11.134 - - [07/Feb/2025:17:29:04 +0800] "GET /eHR/mgr/redirect.php?scriptname=page_success&msgtxt=%E6%82%A8%E7%9A%84%E7%B0%BD%E6%A0%B8%EF%BC%8C%E5%B7%B2%E6%88%90%E5%8A%9F%E6%8F%90%E4%BA%A4%E5%88%B0%E5%BE%8C%E5%8F%B0%E8%99%95%E7%90%86.%3Cbr%3E%E6%82%A8%E5%8F%AF%E4%BB%A5%E7%82%B9%3Ca+href%3D%22..%2Fess%2Fredirect.php%3Fscriptname%3DESNH100%26requestno%3D127268%22%3E%E9%80%99%E8%A3%A1%3C%2Fa%3E%E6%9F%A5%E7%9C%8B%E7%B0%BD%E6%A0%B8%E7%B5%90%E6%9E%9C%E3%80%82%3Cbr%3E%E6%89%B9%E6%AC%A1%E8%99%9F%3A127268&target=iframe HTTP/1.1" 302 - "http://hcp.maglayers.com.cn:8088/eHR/mgr/redirect.php?scriptname=MDNH105&appdesc=%E5%8A%A0%E7%8F%AD%E7%AD%BE%E6%A0%B8" "Mozilla/5.0 (Windows NT 10.0; Win64; x64) AppleWebKit/537.36 (KHTML, like Gecko) Chrome/105.0.0.0 Safari/537.36"
192.168.11.134 - - [07/Feb/2025:17:29:04 +0800] "GET /eHR/mgr/redirect.php?scriptname=page_success&msgtxt=%E6%82%A8%E7%9A%84%E7%B0%BD%E6%A0%B8%EF%BC%8C%E5%B7%B2%E6%88%90%E5%8A%9F%E6%8F%90%E4%BA%A4%E5%88%B0%E5%BE%8C%E5%8F%B0%E8%99%95%E7%90%86.%3Cbr%3E%E6%82%A8%E5%8F%AF%E4%BB%A5%E7%82%B9%3Ca+href%3D%22..%2Fess%2Fredirect.php%3Fscriptname%3DESNH100%26requestno%3D127268%22%3E%E9%80%99%E8%A3%A1%3C%2Fa%3E%E6%9F%A5%E7%9C%8B%E7%B0%BD%E6%A0%B8%E7%B5%90%E6%9E%9C%E3%80%82%3Cbr%3E%E6%89%B9%E6%AC%A1%E8%99%9F%3A127268&target=iframe HTTP/1.1" 302 -
192.168.11.134 - - [07/Feb/2025:17:29:04 +0800] "GET /eHR/mgr/redirect.php?scriptname=page_error&msgtxt=%3Ch3%3EHTTP+404+-+Page+not+found%3C%2Fh3%3E%3Cbr%3E%3Cstrong%3EFile+Name%3A%3C%2Fstrong%3Epage_success%3Cbr%2F%3E%3Cstrong%3EApplication+Name%3C%2Fstrong%3E%3A&target=iframe HTTP/1.1" 302 - "http://hcp.maglayers.com.cn:8088/eHR/mgr/redirect.php?scriptname=MDNH105&appdesc=%E5%8A%A0%E7%8F%AD%E7%AD%BE%E6%A0%B8" "Mozilla/5.0 (Windows NT 10.0; Win64; x64) AppleWebKit/537.36 (KHTML, like Gecko) Chrome/105.0.0.0 Safari/537.36"
192.168.11.134 - - [07/Feb/2025:17:29:04 +0800] "GET /eHR/mgr/redirect.php?scriptname=page_error&msgtxt=%3Ch3%3EHTTP+404+-+Page+not+found%3C%2Fh3%3E%3Cbr%3E%3Cstrong%3EFile+Name%3A%3C%2Fstrong%3Epage_success%3Cbr%2F%3E%3Cstrong%3EApplication+Name%3C%2Fstrong%3E%3A&target=iframe HTTP/1.1" 302 -
192.168.11.134 - - [07/Feb/2025:17:29:04 +0800] "GET /eHR/mgr/redirect.php?scriptname=page_error&msgtxt=%3Ch3%3EHTTP+404+-+Page+not+found%3C%2Fh3%3E%3Cbr%3E%3Cstrong%3EFile+Name%3A%3C%2Fstrong%3Epage_error%3Cbr%2F%3E%3Cstrong%3EApplication+Name%3C%2Fstrong%3E%3A&target=iframe HTTP/1.1" 302 - "http://hcp.maglayers.com.cn:8088/eHR/mgr/redirect.php?scriptname=MDNH105&appdesc=%E5%8A%A0%E7%8F%AD%E7%AD%BE%E6%A0%B8" "Mozilla/5.0 (Windows NT 10.0; Win64; x64) AppleWebKit/537.36 (KHTML, like Gecko) Chrome/105.0.0.0 Safari/537.36"
192.168.11.134 - - [07/Feb/2025:17:29:04 +0800] "GET /eHR/mgr/redirect.php?scriptname=page_error&msgtxt=%3Ch3%3EHTTP+404+-+Page+not+found%3C%2Fh3%3E%3Cbr%3E%3Cstrong%3EFile+Name%3A%3C%2Fstrong%3Epage_error%3Cbr%2F%3E%3Cstrong%3EApplication+Name%3C%2Fstrong%3E%3A&target=iframe HTTP/1.1" 302 -
192.168.11.134 - - [07/Feb/2025:17:29:04 +0800] "GET /eHR/mgr/redirect.php?scriptname=page_error&msgtxt=%3Ch3%3EHTTP+404+-+Page+not+found%3C%2Fh3%3E%3Cbr%3E%3Cstrong%3EFile+Name%3A%3C%2Fstrong%3Epage_error%3Cbr%2F%3E%3Cstrong%3EApplication+Name%3C%2Fstrong%3E%3A&target=iframe HTTP/1.1" 302 - "http://hcp.maglayers.com.cn:8088/eHR/mgr/redirect.php?scriptname=MDNH105&appdesc=%E5%8A%A0%E7%8F%AD%E7%AD%BE%E6%A0%B8" "Mozilla/5.0 (Windows NT 10.0; Win64; x64) AppleWebKit/537.36 (KHTML, like Gecko) Chrome/105.0.0.0 Safari/537.36"
192.168.11.134 - - [07/Feb/2025:17:29:04 +0800] "GET /eHR/mgr/redirect.php?scriptname=page_error&msgtxt=%3Ch3%3EHTTP+404+-+Page+not+found%3C%2Fh3%3E%3Cbr%3E%3Cstrong%3EFile+Name%3A%3C%2Fstrong%3Epage_error%3Cbr%2F%3E%3Cstrong%3EApplication+Name%3C%2Fstrong%3E%3A&target=iframe HTTP/1.1" 302 -
192.168.11.134 - - [07/Feb/2025:17:29:04 +0800] "GET /eHR/mgr/redirect.php?scriptname=page_error&msgtxt=%3Ch3%3EHTTP+404+-+Page+not+found%3C%2Fh3%3E%3Cbr%3E%3Cstrong%3EFile+Name%3A%3C%2Fstrong%3Epage_error%3Cbr%2F%3E%3Cstrong%3EApplication+Name%3C%2Fstrong%3E%3A&target=iframe HTTP/1.1" 302 -
192.168.11.134 - - [07/Feb/2025:17:29:04 +0800] "GET /eHR/mgr/redirect.php?scriptname=page_error&msgtxt=%3Ch3%3EHTTP+404+-+Page+not+found%3C%2Fh3%3E%3Cbr%3E%3Cstrong%3EFile+Name%3A%3C%2Fstrong%3Epage_error%3Cbr%2F%3E%3Cstrong%3EApplication+Name%3C%2Fstrong%3E%3A&target=iframe HTTP/1.1" 302 - "http://hcp.maglayers.com.cn:8088/eHR/mgr/redirect.php?scriptname=MDNH105&appdesc=%E5%8A%A0%E7%8F%AD%E7%AD%BE%E6%A0%B8" "Mozilla/5.0 (Windows NT 10.0; Win64; x64) AppleWebKit/537.36 (KHTML, like Gecko) Chrome/105.0.0.0 Safari/537.36"
192.168.11.134 - - [07/Feb/2025:17:29:05 +0800] "GET /eHR/mgr/redirect.php?scriptname=page_error&msgtxt=%3Ch3%3EHTTP+404+-+Page+not+found%3C%2Fh3%3E%3Cbr%3E%3Cstrong%3EFile+Name%3A%3C%2Fstrong%3Epage_error%3Cbr%2F%3E%3Cstrong%3EApplication+Name%3C%2Fstrong%3E%3A&target=iframe HTTP/1.1" 302 - "http://hcp.maglayers.com.cn:8088/eHR/mgr/redirect.php?scriptname=MDNH105&appdesc=%E5%8A%A0%E7%8F%AD%E7%AD%BE%E6%A0%B8" "Mozilla/5.0 (Windows NT 10.0; Win64; x64) AppleWebKit/537.36 (KHTML, like Gecko) Chrome/105.0.0.0 Safari/537.36"
192.168.11.134 - - [07/Feb/2025:17:29:05 +0800] "GET /eHR/mgr/redirect.php?scriptname=page_error&msgtxt=%3Ch3%3EHTTP+404+-+Page+not+found%3C%2Fh3%3E%3Cbr%3E%3Cstrong%3EFile+Name%3A%3C%2Fstrong%3Epage_error%3Cbr%2F%3E%3Cstrong%3EApplication+Name%3C%2Fstrong%3E%3A&target=iframe HTTP/1.1" 302 -
192.168.11.134 - - [07/Feb/2025:17:29:05 +0800] "GET /eHR/mgr/redirect.php?scriptname=page_error&msgtxt=%3Ch3%3EHTTP+404+-+Page+not+found%3C%2Fh3%3E%3Cbr%3E%3Cstrong%3EFile+Name%3A%3C%2Fstrong%3Epage_error%3Cbr%2F%3E%3Cstrong%3EApplication+Name%3C%2Fstrong%3E%3A&target=iframe HTTP/1.1" 302 - "http://hcp.maglayers.com.cn:8088/eHR/mgr/redirect.php?scriptname=MDNH105&appdesc=%E5%8A%A0%E7%8F%AD%E7%AD%BE%E6%A0%B8" "Mozilla/5.0 (Windows NT 10.0; Win64; x64) AppleWebKit/537.36 (KHTML, like Gecko) Chrome/105.0.0.0 Safari/537.36"
192.168.11.134 - - [07/Feb/2025:17:29:05 +0800] "GET /eHR/mgr/redirect.php?scriptname=page_error&msgtxt=%3Ch3%3EHTTP+404+-+Page+not+found%3C%2Fh3%3E%3Cbr%3E%3Cstrong%3EFile+Name%3A%3C%2Fstrong%3Epage_error%3Cbr%2F%3E%3Cstrong%3EApplication+Name%3C%2Fstrong%3E%3A&target=iframe HTTP/1.1" 302 -
192.168.11.134 - - [07/Feb/2025:17:29:05 +0800] "GET /eHR/mgr/redirect.php?scriptname=page_error&msgtxt=%3Ch3%3EHTTP+404+-+Page+not+found%3C%2Fh3%3E%3Cbr%3E%3Cstrong%3EFile+Name%3A%3C%2Fstrong%3Epage_error%3Cbr%2F%3E%3Cstrong%3EApplication+Name%3C%2Fstrong%3E%3A&target=iframe HTTP/1.1" 302 - "http://hcp.maglayers.com.cn:8088/eHR/mgr/redirect.php?scriptname=MDNH105&appdesc=%E5%8A%A0%E7%8F%AD%E7%AD%BE%E6%A0%B8" "Mozilla/5.0 (Windows NT 10.0; Win64; x64) AppleWebKit/537.36 (KHTML, like Gecko) Chrome/105.0.0.0 Safari/537.36"
192.168.11.134 - - [07/Feb/2025:17:29:05 +0800] "GET /eHR/mgr/redirect.php?scriptname=page_error&msgtxt=%3Ch3%3EHTTP+404+-+Page+not+found%3C%2Fh3%3E%3Cbr%3E%3Cstrong%3EFile+Name%3A%3C%2Fstrong%3Epage_error%3Cbr%2F%3E%3Cstrong%3EApplication+Name%3C%2Fstrong%3E%3A&target=iframe HTTP/1.1" 302 -
192.168.11.134 - - [07/Feb/2025:17:29:05 +0800] "GET /eHR/mgr/redirect.php?scriptname=page_error&msgtxt=%3Ch3%3EHTTP+404+-+Page+not+found%3C%2Fh3%3E%3Cbr%3E%3Cstrong%3EFile+Name%3A%3C%2Fstrong%3Epage_error%3Cbr%2F%3E%3Cstrong%3EApplication+Name%3C%2Fstrong%3E%3A&target=iframe HTTP/1.1" 302 - "http://hcp.maglayers.com.cn:8088/eHR/mgr/redirect.php?scriptname=MDNH105&appdesc=%E5%8A%A0%E7%8F%AD%E7%AD%BE%E6%A0%B8" "Mozilla/5.0 (Windows NT 10.0; Win64; x64) AppleWebKit/537.36 (KHTML, like Gecko) Chrome/105.0.0.0 Safari/537.36"
192.168.11.134 - - [07/Feb/2025:17:29:05 +0800] "GET /eHR/mgr/redirect.php?scriptname=page_error&msgtxt=%3Ch3%3EHTTP+404+-+Page+not+found%3C%2Fh3%3E%3Cbr%3E%3Cstrong%3EFile+Name%3A%3C%2Fstrong%3Epage_error%3Cbr%2F%3E%3Cstrong%3EApplication+Name%3C%2Fstrong%3E%3A&target=iframe HTTP/1.1" 302 -
192.168.11.134 - - [07/Feb/2025:17:29:05 +0800] "GET /eHR/mgr/redirect.php?scriptname=page_error&msgtxt=%3Ch3%3EHTTP+404+-+Page+not+found%3C%2Fh3%3E%3Cbr%3E%3Cstrong%3EFile+Name%3A%3C%2Fstrong%3Epage_error%3Cbr%2F%3E%3Cstrong%3EApplication+Name%3C%2Fstrong%3E%3A&target=iframe HTTP/1.1" 302 -
192.168.11.134 - - [07/Feb/2025:17:29:05 +0800] "GET /eHR/mgr/redirect.php?scriptname=page_error&msgtxt=%3Ch3%3EHTTP+404+-+Page+not+found%3C%2Fh3%3E%3Cbr%3E%3Cstrong%3EFile+Name%3A%3C%2Fstrong%3Epage_error%3Cbr%2F%3E%3Cstrong%3EApplication+Name%3C%2Fstrong%3E%3A&target=iframe HTTP/1.1" 302 - "http://hcp.maglayers.com.cn:8088/eHR/mgr/redirect.php?scriptname=MDNH105&appdesc=%E5%8A%A0%E7%8F%AD%E7%AD%BE%E6%A0%B8" "Mozilla/5.0 (Windows NT 10.0; Win64; x64) AppleWebKit/537.36 (KHTML, like Gecko) Chrome/105.0.0.0 Safari/537.36"
192.168.11.134 - - [07/Feb/2025:17:29:05 +0800] "GET /eHR/mgr/redirect.php?scriptname=page_error&msgtxt=%3Ch3%3EHTTP+404+-+Page+not+found%3C%2Fh3%3E%3Cbr%3E%3Cstrong%3EFile+Name%3A%3C%2Fstrong%3Epage_error%3Cbr%2F%3E%3Cstrong%3EApplication+Name%3C%2Fstrong%3E%3A&target=iframe HTTP/1.1" 302 - "http://hcp.maglayers.com.cn:8088/eHR/mgr/redirect.php?scriptname=MDNH105&appdesc=%E5%8A%A0%E7%8F%AD%E7%AD%BE%E6%A0%B8" "Mozilla/5.0 (Windows NT 10.0; Win64; x64) AppleWebKit/537.36 (KHTML, like Gecko) Chrome/105.0.0.0 Safari/537.36"
192.168.11.134 - - [07/Feb/2025:17:29:05 +0800] "GET /eHR/mgr/redirect.php?scriptname=page_error&msgtxt=%3Ch3%3EHTTP+404+-+Page+not+found%3C%2Fh3%3E%3Cbr%3E%3Cstrong%3EFile+Name%3A%3C%2Fstrong%3Epage_error%3Cbr%2F%3E%3Cstrong%3EApplication+Name%3C%2Fstrong%3E%3A&target=iframe HTTP/1.1" 302 -
192.168.11.134 - - [07/Feb/2025:17:29:06 +0800] "GET /eHR/mgr/redirect.php?scriptname=page_error&msgtxt=%3Ch3%3EHTTP+404+-+Page+not+found%3C%2Fh3%3E%3Cbr%3E%3Cstrong%3EFile+Name%3A%3C%2Fstrong%3Epage_error%3Cbr%2F%3E%3Cstrong%3EApplication+Name%3C%2Fstrong%3E%3A&target=iframe HTTP/1.1" 302 - "http://hcp.maglayers.com.cn:8088/eHR/mgr/redirect.php?scriptname=MDNH105&appdesc=%E5%8A%A0%E7%8F%AD%E7%AD%BE%E6%A0%B8" "Mozilla/5.0 (Windows NT 10.0; Win64; x64) AppleWebKit/537.36 (KHTML, like Gecko) Chrome/105.0.0.0 Safari/537.36"
192.168.11.134 - - [07/Feb/2025:17:29:06 +0800] "GET /eHR/mgr/redirect.php?scriptname=page_error&msgtxt=%3Ch3%3EHTTP+404+-+Page+not+found%3C%2Fh3%3E%3Cbr%3E%3Cstrong%3EFile+Name%3A%3C%2Fstrong%3Epage_error%3Cbr%2F%3E%3Cstrong%3EApplication+Name%3C%2Fstrong%3E%3A&target=iframe HTTP/1.1" 302 -
192.168.11.134 - - [07/Feb/2025:17:29:06 +0800] "GET /eHR/mgr/redirect.php?scriptname=page_error&msgtxt=%3Ch3%3EHTTP+404+-+Page+not+found%3C%2Fh3%3E%3Cbr%3E%3Cstrong%3EFile+Name%3A%3C%2Fstrong%3Epage_error%3Cbr%2F%3E%3Cstrong%3EApplication+Name%3C%2Fstrong%3E%3A&target=iframe HTTP/1.1" 302 -
192.168.11.134 - - [07/Feb/2025:17:29:06 +0800] "GET /eHR/mgr/redirect.php?scriptname=page_error&msgtxt=%3Ch3%3EHTTP+404+-+Page+not+found%3C%2Fh3%3E%3Cbr%3E%3Cstrong%3EFile+Name%3A%3C%2Fstrong%3Epage_error%3Cbr%2F%3E%3Cstrong%3EApplication+Name%3C%2Fstrong%3E%3A&target=iframe HTTP/1.1" 302 - "http://hcp.maglayers.com.cn:8088/eHR/mgr/redirect.php?scriptname=MDNH105&appdesc=%E5%8A%A0%E7%8F%AD%E7%AD%BE%E6%A0%B8" "Mozilla/5.0 (Windows NT 10.0; Win64; x64) AppleWebKit/537.36 (KHTML, like Gecko) Chrome/105.0.0.0 Safari/537.36"
192.168.11.134 - - [07/Feb/2025:17:29:06 +0800] "GET /eHR/mgr/redirect.php?scriptname=page_error&msgtxt=%3Ch3%3EHTTP+404+-+Page+not+found%3C%2Fh3%3E%3Cbr%3E%3Cstrong%3EFile+Name%3A%3C%2Fstrong%3Epage_error%3Cbr%2F%3E%3Cstrong%3EApplication+Name%3C%2Fstrong%3E%3A&target=iframe HTTP/1.1" 302 - "http://hcp.maglayers.com.cn:8088/eHR/mgr/redirect.php?scriptname=MDNH105&appdesc=%E5%8A%A0%E7%8F%AD%E7%AD%BE%E6%A0%B8" "Mozilla/5.0 (Windows NT 10.0; Win64; x64) AppleWebKit/537.36 (KHTML, like Gecko) Chrome/105.0.0.0 Safari/537.36"
192.168.11.134 - - [07/Feb/2025:17:29:06 +0800] "GET /eHR/mgr/redirect.php?scriptname=page_error&msgtxt=%3Ch3%3EHTTP+404+-+Page+not+found%3C%2Fh3%3E%3Cbr%3E%3Cstrong%3EFile+Name%3A%3C%2Fstrong%3Epage_error%3Cbr%2F%3E%3Cstrong%3EApplication+Name%3C%2Fstrong%3E%3A&target=iframe HTTP/1.1" 302 -
192.168.11.134 - - [07/Feb/2025:17:29:06 +0800] "GET /eHR/mgr/redirect.php?scriptname=page_error&msgtxt=%3Ch3%3EHTTP+404+-+Page+not+found%3C%2Fh3%3E%3Cbr%3E%3Cstrong%3EFile+Name%3A%3C%2Fstrong%3Epage_error%3Cbr%2F%3E%3Cstrong%3EApplication+Name%3C%2Fstrong%3E%3A&target=iframe HTTP/1.1" 302 - "http://hcp.maglayers.com.cn:8088/eHR/mgr/redirect.php?scriptname=MDNH105&appdesc=%E5%8A%A0%E7%8F%AD%E7%AD%BE%E6%A0%B8" "Mozilla/5.0 (Windows NT 10.0; Win64; x64) AppleWebKit/537.36 (KHTML, like Gecko) Chrome/105.0.0.0 Safari/537.36"
192.168.11.134 - - [07/Feb/2025:17:29:06 +0800] "GET /eHR/mgr/redirect.php?scriptname=page_error&msgtxt=%3Ch3%3EHTTP+404+-+Page+not+found%3C%2Fh3%3E%3Cbr%3E%3Cstrong%3EFile+Name%3A%3C%2Fstrong%3Epage_error%3Cbr%2F%3E%3Cstrong%3EApplication+Name%3C%2Fstrong%3E%3A&target=iframe HTTP/1.1" 302 -
192.168.11.134 - - [07/Feb/2025:17:29:06 +0800] "GET /eHR/mgr/redirect.php?scriptname=page_error&msgtxt=%3Ch3%3EHTTP+404+-+Page+not+found%3C%2Fh3%3E%3Cbr%3E%3Cstrong%3EFile+Name%3A%3C%2Fstrong%3Epage_error%3Cbr%2F%3E%3Cstrong%3EApplication+Name%3C%2Fstrong%3E%3A&target=iframe HTTP/1.1" 302 - "http://hcp.maglayers.com.cn:8088/eHR/mgr/redirect.php?scriptname=MDNH105&appdesc=%E5%8A%A0%E7%8F%AD%E7%AD%BE%E6%A0%B8" "Mozilla/5.0 (Windows NT 10.0; Win64; x64) AppleWebKit/537.36 (KHTML, like Gecko) Chrome/105.0.0.0 Safari/537.36"
192.168.11.134 - - [07/Feb/2025:17:29:06 +0800] "GET /eHR/mgr/redirect.php?scriptname=page_error&msgtxt=%3Ch3%3EHTTP+404+-+Page+not+found%3C%2Fh3%3E%3Cbr%3E%3Cstrong%3EFile+Name%3A%3C%2Fstrong%3Epage_error%3Cbr%2F%3E%3Cstrong%3EApplication+Name%3C%2Fstrong%3E%3A&target=iframe HTTP/1.1" 302 -
192.168.11.134 - - [07/Feb/2025:17:29:06 +0800] "GET /eHR/mgr/redirect.php?scriptname=page_error&msgtxt=%3Ch3%3EHTTP+404+-+Page+not+found%3C%2Fh3%3E%3Cbr%3E%3Cstrong%3EFile+Name%3A%3C%2Fstrong%3Epage_error%3Cbr%2F%3E%3Cstrong%3EApplication+Name%3C%2Fstrong%3E%3A&target=iframe HTTP/1.1" 302 -
192.168.11.134 - - [07/Feb/2025:17:29:06 +0800] "GET /eHR/mgr/redirect.php?scriptname=page_error&msgtxt=%3Ch3%3EHTTP+404+-+Page+not+found%3C%2Fh3%3E%3Cbr%3E%3Cstrong%3EFile+Name%3A%3C%2Fstrong%3Epage_error%3Cbr%2F%3E%3Cstrong%3EApplication+Name%3C%2Fstrong%3E%3A&target=iframe HTTP/1.1" 302 - "http://hcp.maglayers.com.cn:8088/eHR/mgr/redirect.php?scriptname=MDNH105&appdesc=%E5%8A%A0%E7%8F%AD%E7%AD%BE%E6%A0%B8" "Mozilla/5.0 (Windows NT 10.0; Win64; x64) AppleWebKit/537.36 (KHTML, like Gecko) Chrome/105.0.0.0 Safari/537.36"
192.168.11.134 - - [07/Feb/2025:17:29:07 +0800] "GET /eHR/mgr/redirect.php?scriptname=page_error&msgtxt=%3Ch3%3EHTTP+404+-+Page+not+found%3C%2Fh3%3E%3Cbr%3E%3Cstrong%3EFile+Name%3A%3C%2Fstrong%3Epage_error%3Cbr%2F%3E%3Cstrong%3EApplication+Name%3C%2Fstrong%3E%3A&target=iframe HTTP/1.1" 302 - "http://hcp.maglayers.com.cn:8088/eHR/mgr/redirect.php?scriptname=MDNH105&appdesc=%E5%8A%A0%E7%8F%AD%E7%AD%BE%E6%A0%B8" "Mozilla/5.0 (Windows NT 10.0; Win64; x64) AppleWebKit/537.36 (KHTML, like Gecko) Chrome/105.0.0.0 Safari/537.36"
192.168.11.134 - - [07/Feb/2025:17:29:07 +0800] "GET /eHR/mgr/redirect.php?scriptname=page_error&msgtxt=%3Ch3%3EHTTP+404+-+Page+not+found%3C%2Fh3%3E%3Cbr%3E%3Cstrong%3EFile+Name%3A%3C%2Fstrong%3Epage_error%3Cbr%2F%3E%3Cstrong%3EApplication+Name%3C%2Fstrong%3E%3A&target=iframe HTTP/1.1" 302 -
192.168.11.134 - - [07/Feb/2025:17:29:07 +0800] "GET /eHR/mgr/redirect.php?scriptname=page_error&msgtxt=%3Ch3%3EHTTP+404+-+Page+not+found%3C%2Fh3%3E%3Cbr%3E%3Cstrong%3EFile+Name%3A%3C%2Fstrong%3Epage_error%3Cbr%2F%3E%3Cstrong%3EApplication+Name%3C%2Fstrong%3E%3A&target=iframe HTTP/1.1" 302 - "http://hcp.maglayers.com.cn:8088/eHR/mgr/redirect.php?scriptname=MDNH105&appdesc=%E5%8A%A0%E7%8F%AD%E7%AD%BE%E6%A0%B8" "Mozilla/5.0 (Windows NT 10.0; Win64; x64) AppleWebKit/537.36 (KHTML, like Gecko) Chrome/105.0.0.0 Safari/537.36"
192.168.11.134 - - [07/Feb/2025:17:29:07 +0800] "GET /eHR/mgr/redirect.php?scriptname=page_error&msgtxt=%3Ch3%3EHTTP+404+-+Page+not+found%3C%2Fh3%3E%3Cbr%3E%3Cstrong%3EFile+Name%3A%3C%2Fstrong%3Epage_error%3Cbr%2F%3E%3Cstrong%3EApplication+Name%3C%2Fstrong%3E%3A&target=iframe HTTP/1.1" 302 -
100.64.0.1 - - [07/Feb/2025:17:29:56 +0800] "GET /Apache%20Software%20Foundation/Apache2.2/logs/access_20241210.log HTTP/1.1" 200 5243098 "-" "Android/27.1"
100.64.0.1 - - [07/Feb/2025:17:29:56 +0800] "GET /Apache%20Software%20Foundation/Apache2.2/logs/access_20241210.log HTTP/1.1" 200 5243098
100.64.0.1 - - [07/Feb/2025:17:30:40 +0800] "GET /Apache%20Software%20Foundation/Apache2.2/logs/error_20230710.log HTTP/1.1" 200 5871 "-" "Android/27.1"
100.64.0.1 - - [07/Feb/2025:17:30:40 +0800] "GET /Apache%20Software%20Foundation/Apache2.2/logs/error_20230710.log HTTP/1.1" 200 5871
100.64.0.1 - - [07/Feb/2025:17:30:41 +0800] "GET /Apache%20Software%20Foundation/Apache2.2/logs/access_20230727.log HTTP/1.1" 200 4446890 "-" "Android/27.1"
100.64.0.1 - - [07/Feb/2025:17:30:41 +0800] "GET /Apache%20Software%20Foundation/Apache2.2/logs/access_20230727.log HTTP/1.1" 200 4446890
100.64.0.1 - - [07/Feb/2025:17:30:53 +0800] "GET /Apache%20Software%20Foundation/Apache2.2/logs/access_20241207.log HTTP/1.1" 200 2512715 "-" "Android/27.1"
100.64.0.1 - - [07/Feb/2025:17:30:53 +0800] "GET /Apache%20Software%20Foundation/Apache2.2/logs/access_20241207.log HTTP/1.1" 200 2512715
100.64.0.1 - - [07/Feb/2025:17:30:58 +0800] "GET /Apache%20Software%20Foundation/Apache2.2/logs/access_20240814.log HTTP/1.1" 200 5243489 "-" "Android/27.1"
100.64.0.1 - - [07/Feb/2025:17:30:58 +0800] "GET /Apache%20Software%20Foundation/Apache2.2/logs/access_20240814.log HTTP/1.1" 200 5243489
100.64.0.1 - - [07/Feb/2025:17:31:32 +0800] "GET /Apache%20Software%20Foundation/Apache2.2/logs/access_20230802.log HTTP/1.1" 200 4334095 "-" "Android/27.1"
100.64.0.1 - - [07/Feb/2025:17:31:32 +0800] "GET /Apache%20Software%20Foundation/Apache2.2/logs/access_20230802.log HTTP/1.1" 200 4334095
100.64.0.1 - - [07/Feb/2025:17:32:52 +0800] "GET /Apache%20Software%20Foundation/Apache2.2/logs/access_20250121.log HTTP/1.1" 200 5243101 "-" "Android/27.1"
100.64.0.1 - - [07/Feb/2025:17:32:52 +0800] "GET /Apache%20Software%20Foundation/Apache2.2/logs/access_20250121.log HTTP/1.1" 200 5243101
100.64.0.1 - - [07/Feb/2025:17:33:21 +0800] "GET /Apache%20Software%20Foundation/Apache2.2/logs/error_20230524.log HTTP/1.1" 200 46355 "-" "Android/27.1"
100.64.0.1 - - [07/Feb/2025:17:33:21 +0800] "GET /Apache%20Software%20Foundation/Apache2.2/logs/error_20230524.log HTTP/1.1" 200 46355
100.64.0.1 - - [07/Feb/2025:17:33:25 +0800] "GET /Apache%20Software%20Foundation/Apache2.2/logs/access.log HTTP/1.1" 200 - "-" "Android/27.1"
100.64.0.1 - - [07/Feb/2025:17:33:25 +0800] "GET /Apache%20Software%20Foundation/Apache2.2/logs/access.log HTTP/1.1" 200 -
100.64.0.1 - - [07/Feb/2025:17:33:59 +0800] "GET /Apache%20Software%20Foundation/Apache2.2/logs/error_20241113.log HTTP/1.1" 200 800858 "-" "Android/27.1"
100.64.0.1 - - [07/Feb/2025:17:33:59 +0800] "GET /Apache%20Software%20Foundation/Apache2.2/logs/error_20241113.log HTTP/1.1" 200 800858
100.64.0.1 - - [07/Feb/2025:17:34:11 +0800] "GET /Apache%20Software%20Foundation/Apache2.2/logs/access_20230827.log HTTP/1.1" 200 5242882 "-" "Android/27.1"
100.64.0.1 - - [07/Feb/2025:17:34:11 +0800] "GET /Apache%20Software%20Foundation/Apache2.2/logs/access_20230827.log HTTP/1.1" 200 5242882
100.64.0.1 - - [07/Feb/2025:17:35:46 +0800] "GET /Apache%20Software%20Foundation/Apache2.2/logs/error_20231121.log HTTP/1.1" 200 323276 "-" "Android/27.1"
100.64.0.1 - - [07/Feb/2025:17:35:46 +0800] "GET /Apache%20Software%20Foundation/Apache2.2/logs/error_20231121.log HTTP/1.1" 200 323276
100.64.0.1 - - [07/Feb/2025:17:36:06 +0800] "GET /Apache%20Software%20Foundation/Apache2.2/logs/error_20240911.log HTTP/1.1" 200 332965 "-" "Android/27.1"
100.64.0.1 - - [07/Feb/2025:17:36:06 +0800] "GET /Apache%20Software%20Foundation/Apache2.2/logs/error_20240911.log HTTP/1.1" 200 332965
100.64.0.1 - - [07/Feb/2025:17:37:25 +0800] "GET /Apache%20Software%20Foundation/Apache2.2/logs/error_20230929.log HTTP/1.1" 200 80655 "-" "Android/27.1"
100.64.0.1 - - [07/Feb/2025:17:37:25 +0800] "GET /Apache%20Software%20Foundation/Apache2.2/logs/error_20230929.log HTTP/1.1" 200 80655
100.64.0.1 - - [07/Feb/2025:17:37:59 +0800] "GET /Apache%20Software%20Foundation/Apache2.2/logs/access_20231117.log HTTP/1.1" 200 1978782 "-" "Android/27.1"
100.64.0.1 - - [07/Feb/2025:17:37:59 +0800] "GET /Apache%20Software%20Foundation/Apache2.2/logs/access_20231117.log HTTP/1.1" 200 1978782
192.168.11.134 - - [07/Feb/2025:17:38:07 +0800] "GET /eHR/ess/redirect.php?scriptname=ESNH003&appdesc=%E8%AF%B7%E5%81%87%E7%AD%BE%E6%A0%B8 HTTP/1.1" 302 - "http://hcp.maglayers.com.cn:8088/eHR/ess/redirect.php" "Mozilla/5.0 (Windows NT 10.0; Win64; x64) AppleWebKit/537.36 (KHTML, like Gecko) Chrome/105.0.0.0 Safari/537.36"
192.168.11.134 - - [07/Feb/2025:17:38:07 +0800] "GET /eHR/ess/redirect.php?scriptname=ESNH003&appdesc=%E8%AF%B7%E5%81%87%E7%AD%BE%E6%A0%B8 HTTP/1.1" 302 -
192.168.11.49 - - [07/Feb/2025:17:38:07 +0800] "GET /eHR/ess/index.php HTTP/1.1" 200 8826
192.168.11.49 - - [07/Feb/2025:17:38:07 +0800] "GET /eHR/ess/index.php HTTP/1.1" 200 8826 "-" "Mozilla/5.0 (Windows NT 10.0; WOW64) AppleWebKit/537.36 (KHTML, like Gecko) Chrome/86.0.4240.198 Safari/537.36"
192.168.11.134 - - [07/Feb/2025:17:38:08 +0800] "GET /eHR/mgr/redirect.php?scriptname=MDNH104&appdesc=%E8%AF%B7%E5%81%87%E7%AD%BE%E6%A0%B8 HTTP/1.1" 200 7256 "http://hcp.maglayers.com.cn:8088/eHR/ess/redirect.php" "Mozilla/5.0 (Windows NT 10.0; Win64; x64) AppleWebKit/537.36 (KHTML, like Gecko) Chrome/105.0.0.0 Safari/537.36"
192.168.11.134 - - [07/Feb/2025:17:38:08 +0800] "GET /eHR/mgr/redirect.php?scriptname=MDNH104&appdesc=%E8%AF%B7%E5%81%87%E7%AD%BE%E6%A0%B8 HTTP/1.1" 200 7256
192.168.11.134 - - [07/Feb/2025:17:38:10 +0800] "GET /eHR/ess/redirect.php?scriptname=ESNH004&appdesc=%E5%8A%A0%E7%8F%AD%E7%AD%BE%E6%A0%B8 HTTP/1.1" 302 - "http://hcp.maglayers.com.cn:8088/eHR/ess/redirect.php" "Mozilla/5.0 (Windows NT 10.0; Win64; x64) AppleWebKit/537.36 (KHTML, like Gecko) Chrome/105.0.0.0 Safari/537.36"
192.168.11.134 - - [07/Feb/2025:17:38:10 +0800] "GET /eHR/ess/redirect.php?scriptname=ESNH004&appdesc=%E5%8A%A0%E7%8F%AD%E7%AD%BE%E6%A0%B8 HTTP/1.1" 302 -
192.168.11.134 - - [07/Feb/2025:17:38:11 +0800] "GET /eHR/mgr/redirect.php?scriptname=MDNH105&appdesc=%E5%8A%A0%E7%8F%AD%E7%AD%BE%E6%A0%B8 HTTP/1.1" 200 6702 "http://hcp.maglayers.com.cn:8088/eHR/ess/redirect.php" "Mozilla/5.0 (Windows NT 10.0; Win64; x64) AppleWebKit/537.36 (KHTML, like Gecko) Chrome/105.0.0.0 Safari/537.36"
192.168.11.134 - - [07/Feb/2025:17:38:11 +0800] "GET /eHR/mgr/redirect.php?scriptname=MDNH105&appdesc=%E5%8A%A0%E7%8F%AD%E7%AD%BE%E6%A0%B8 HTTP/1.1" 200 6702
192.168.11.134 - - [07/Feb/2025:17:38:13 +0800] "GET /eHR/ess/redirect.php?scriptname=ESNA013&appdesc=%E8%AF%B7%E5%81%87%E7%94%B3%E8%AF%B7%E6%9F%A5%E8%AF%A2 HTTP/1.1" 200 6351 "http://hcp.maglayers.com.cn:8088/eHR/ess/redirect.php" "Mozilla/5.0 (Windows NT 10.0; Win64; x64) AppleWebKit/537.36 (KHTML, like Gecko) Chrome/105.0.0.0 Safari/537.36"
192.168.11.134 - - [07/Feb/2025:17:38:13 +0800] "GET /eHR/ess/redirect.php?scriptname=ESNA013&appdesc=%E8%AF%B7%E5%81%87%E7%94%B3%E8%AF%B7%E6%9F%A5%E8%AF%A2 HTTP/1.1" 200 6351
192.168.11.49 - - [07/Feb/2025:17:38:10 +0800] "POST /eHR/ess/includes/login.php HTTP/1.1" 302 - "http://192.168.1.83:8088/eHR/ess/index.php" "Mozilla/5.0 (Windows NT 10.0; WOW64) AppleWebKit/537.36 (KHTML, like Gecko) Chrome/86.0.4240.198 Safari/537.36"
192.168.11.49 - - [07/Feb/2025:17:38:10 +0800] "POST /eHR/ess/includes/login.php HTTP/1.1" 302 -
192.168.11.49 - - [07/Feb/2025:17:38:15 +0800] "GET /eHR/ess/redirect.php HTTP/1.1" 200 8926
192.168.11.49 - - [07/Feb/2025:17:38:15 +0800] "GET /eHR/ess/redirect.php HTTP/1.1" 200 8926 "http://192.168.1.83:8088/eHR/ess/index.php" "Mozilla/5.0 (Windows NT 10.0; WOW64) AppleWebKit/537.36 (KHTML, like Gecko) Chrome/86.0.4240.198 Safari/537.36"
192.168.11.134 - - [07/Feb/2025:17:38:16 +0800] "POST /eHR/ess/redirect.php?scriptname=ESNA013&appdesc=%E8%AF%B7%E5%81%87%E7%94%B3%E8%AF%B7%E6%9F%A5%E8%AF%A2 HTTP/1.1" 200 25546 "http://hcp.maglayers.com.cn:8088/eHR/ess/redirect.php?scriptname=ESNA013&appdesc=%E8%AF%B7%E5%81%87%E7%94%B3%E8%AF%B7%E6%9F%A5%E8%AF%A2" "Mozilla/5.0 (Windows NT 10.0; Win64; x64) AppleWebKit/537.36 (KHTML, like Gecko) Chrome/105.0.0.0 Safari/537.36"
192.168.11.134 - - [07/Feb/2025:17:38:16 +0800] "POST /eHR/ess/redirect.php?scriptname=ESNA013&appdesc=%E8%AF%B7%E5%81%87%E7%94%B3%E8%AF%B7%E6%9F%A5%E8%AF%A2 HTTP/1.1" 200 25546
192.168.11.49 - - [07/Feb/2025:17:38:17 +0800] "GET /eHR/ess/redirect.php?scriptname=ESNH000 HTTP/1.1" 200 9786 "http://192.168.1.83:8088/eHR/ess/redirect.php" "Mozilla/5.0 (Windows NT 10.0; WOW64) AppleWebKit/537.36 (KHTML, like Gecko) Chrome/86.0.4240.198 Safari/537.36"
192.168.11.49 - - [07/Feb/2025:17:38:17 +0800] "GET /eHR/ess/redirect.php?scriptname=ESNH000 HTTP/1.1" 200 9786
192.168.11.49 - - [07/Feb/2025:17:38:21 +0800] "GET /eHR/ess/redirect.php?scriptname=ESNA014&appdesc=%E5%8A%A0%E7%8F%AD%E7%94%B3%E8%AF%B7 HTTP/1.1" 200 12800
192.168.11.49 - - [07/Feb/2025:17:38:21 +0800] "GET /eHR/ess/redirect.php?scriptname=ESNA014&appdesc=%E5%8A%A0%E7%8F%AD%E7%94%B3%E8%AF%B7 HTTP/1.1" 200 12800 "http://192.168.1.83:8088/eHR/ess/redirect.php" "Mozilla/5.0 (Windows NT 10.0; WOW64) AppleWebKit/537.36 (KHTML, like Gecko) Chrome/86.0.4240.198 Safari/537.36"
192.168.11.49 - - [07/Feb/2025:17:38:22 +0800] "POST /eHR/ess/redirect.php?scriptname=ajax_overtime&do=GetOverTime HTTP/1.1" 200 28
192.168.11.49 - - [07/Feb/2025:17:38:22 +0800] "POST /eHR/ess/redirect.php?scriptname=ajax_overtime&do=GetOverTime HTTP/1.1" 200 28 "http://192.168.1.83:8088/eHR/ess/redirect.php?scriptname=ESNA014&appdesc=%E5%8A%A0%E7%8F%AD%E7%94%B3%E8%AF%B7" "Mozilla/5.0 (Windows NT 10.0; WOW64) AppleWebKit/537.36 (KHTML, like Gecko) Chrome/86.0.4240.198 Safari/537.36"
100.64.0.1 - - [07/Feb/2025:17:38:28 +0800] "GET /Apache%20Software%20Foundation/Apache2.2/logs/access_20240410.log HTTP/1.1" 200 5242994 "-" "Android/27.1"
100.64.0.1 - - [07/Feb/2025:17:38:28 +0800] "GET /Apache%20Software%20Foundation/Apache2.2/logs/access_20240410.log HTTP/1.1" 200 5242994
192.168.11.49 - - [07/Feb/2025:17:38:31 +0800] "POST /eHR/ess/redirect.php?scriptname=ajax_overtime&do=GetOverTime HTTP/1.1" 200 28 "http://192.168.1.83:8088/eHR/ess/redirect.php?scriptname=ESNA014&appdesc=%E5%8A%A0%E7%8F%AD%E7%94%B3%E8%AF%B7" "Mozilla/5.0 (Windows NT 10.0; WOW64) AppleWebKit/537.36 (KHTML, like Gecko) Chrome/86.0.4240.198 Safari/537.36"
192.168.11.49 - - [07/Feb/2025:17:38:31 +0800] "POST /eHR/ess/redirect.php?scriptname=ajax_overtime&do=GetOverTime HTTP/1.1" 200 28
192.168.11.49 - - [07/Feb/2025:17:38:36 +0800] "POST /eHR/ess/redirect.php?scriptname=ESNA014&appdesc=%E5%8A%A0%E7%8F%AD%E7%94%B3%E8%AF%B7 HTTP/1.1" 302 - "http://192.168.1.83:8088/eHR/ess/redirect.php?scriptname=ESNA014&appdesc=%E5%8A%A0%E7%8F%AD%E7%94%B3%E8%AF%B7" "Mozilla/5.0 (Windows NT 10.0; WOW64) AppleWebKit/537.36 (KHTML, like Gecko) Chrome/86.0.4240.198 Safari/537.36"
192.168.11.49 - - [07/Feb/2025:17:38:36 +0800] "POST /eHR/ess/redirect.php?scriptname=ESNA014&appdesc=%E5%8A%A0%E7%8F%AD%E7%94%B3%E8%AF%B7 HTTP/1.1" 302 -
