192.168.11.91 - - [07/Feb/2025:13:26:51 +0800] "GET /ehr/ess/redirect.php?scriptname=ESNA015&appdesc=%E5%8A%A0%E7%8F%AD%E7%94%B3%E8%AF%B7%E6%9F%A5%E8%AF%A2 HTTP/1.1" 200 6457
192.168.11.91 - - [07/Feb/2025:13:26:51 +0800] "GET /ehr/ess/redirect.php?scriptname=ESNA015&appdesc=%E5%8A%A0%E7%8F%AD%E7%94%B3%E8%AF%B7%E6%9F%A5%E8%AF%A2 HTTP/1.1" 200 6457 "http://192.168.1.83:8088/ehr/ess/redirect.php" "Mozilla/5.0 (Windows NT 10.0; Win64; x64) AppleWebKit/537.36 (KHTML, like Gecko) Chrome/132.0.0.0 Safari/537.36 Edg/132.0.0.0"
192.168.11.136 - - [07/Feb/2025:13:26:52 +0800] "GET /eHR/ess/redirect.php?scriptname=ESNH000 HTTP/1.1" 200 9786 "http://192.168.1.83:8088/eHR/ess/redirect.php" "Mozilla/5.0 (Windows NT 10.0; Win64; x64; rv:135.0) Gecko/20100101 Firefox/135.0"
192.168.11.136 - - [07/Feb/2025:13:26:52 +0800] "GET /eHR/ess/redirect.php?scriptname=ESNH000 HTTP/1.1" 200 9786
192.168.12.66 - - [07/Feb/2025:13:26:54 +0800] "GET /eHR/ess/redirect.php?scriptname=ESNE002&appdesc=%E6%89%B9%E9%87%8F%E8%AF%B7%E5%81%87%E7%94%B3%E8%AF%B7 HTTP/1.1" 200 22190
192.168.12.66 - - [07/Feb/2025:13:26:54 +0800] "GET /eHR/ess/redirect.php?scriptname=ESNE002&appdesc=%E6%89%B9%E9%87%8F%E8%AF%B7%E5%81%87%E7%94%B3%E8%AF%B7 HTTP/1.1" 200 22190 "http://192.168.1.83:8088/eHR/ess/redirect.php" "Mozilla/5.0 (Windows NT 6.2; Win64; x64) AppleWebKit/537.36 (KHTML, like Gecko) Chrome/105.0.0.0 Safari/537.36"
192.168.11.136 - - [07/Feb/2025:13:26:56 +0800] "GET /eHR/ess/redirect.php?scriptname=ESNE002&appdesc=%E6%89%B9%E9%87%8F%E8%AF%B7%E5%81%87%E7%94%B3%E8%AF%B7 HTTP/1.1" 200 22190 "http://192.168.1.83:8088/eHR/ess/redirect.php" "Mozilla/5.0 (Windows NT 10.0; Win64; x64; rv:135.0) Gecko/20100101 Firefox/135.0"
192.168.11.136 - - [07/Feb/2025:13:26:56 +0800] "GET /eHR/ess/redirect.php?scriptname=ESNE002&appdesc=%E6%89%B9%E9%87%8F%E8%AF%B7%E5%81%87%E7%94%B3%E8%AF%B7 HTTP/1.1" 200 22190
192.168.11.91 - - [07/Feb/2025:13:26:54 +0800] "POST /ehr/ess/redirect.php?scriptname=ESNA015&appdesc=%E5%8A%A0%E7%8F%AD%E7%94%B3%E8%AF%B7%E6%9F%A5%E8%AF%A2 HTTP/1.1" 200 163725
192.168.11.91 - - [07/Feb/2025:13:26:54 +0800] "POST /ehr/ess/redirect.php?scriptname=ESNA015&appdesc=%E5%8A%A0%E7%8F%AD%E7%94%B3%E8%AF%B7%E6%9F%A5%E8%AF%A2 HTTP/1.1" 200 163725 "http://192.168.1.83:8088/ehr/ess/redirect.php?scriptname=ESNA015&appdesc=%E5%8A%A0%E7%8F%AD%E7%94%B3%E8%AF%B7%E6%9F%A5%E8%AF%A2" "Mozilla/5.0 (Windows NT 10.0; Win64; x64) AppleWebKit/537.36 (KHTML, like Gecko) Chrome/132.0.0.0 Safari/537.36 Edg/132.0.0.0"
192.168.12.66 - - [07/Feb/2025:13:27:14 +0800] "GET /eHR/ess/redirect.php?scriptname=emp_lov&openW=Y&rand=0.796439927150209 HTTP/1.1" 200 15236 "http://192.168.1.83:8088/eHR/ess/redirect.php?scriptname=ESNE002&appdesc=%E6%89%B9%E9%87%8F%E8%AF%B7%E5%81%87%E7%94%B3%E8%AF%B7" "Mozilla/5.0 (Windows NT 6.2; Win64; x64) AppleWebKit/537.36 (KHTML, like Gecko) Chrome/105.0.0.0 Safari/537.36"
192.168.12.66 - - [07/Feb/2025:13:27:14 +0800] "GET /eHR/ess/redirect.php?scriptname=emp_lov&openW=Y&rand=0.796439927150209 HTTP/1.1" 200 15236
192.168.11.136 - - [07/Feb/2025:13:27:18 +0800] "GET /eHR/ess/redirect.php?scriptname=emp_lov&openW=Y&rand=0.4075279976639319 HTTP/1.1" 200 8900
192.168.11.136 - - [07/Feb/2025:13:27:18 +0800] "GET /eHR/ess/redirect.php?scriptname=emp_lov&openW=Y&rand=0.4075279976639319 HTTP/1.1" 200 8900 "http://192.168.1.83:8088/eHR/ess/redirect.php?scriptname=ESNE002&appdesc=%E6%89%B9%E9%87%8F%E8%AF%B7%E5%81%87%E7%94%B3%E8%AF%B7" "Mozilla/5.0 (Windows NT 10.0; Win64; x64; rv:135.0) Gecko/20100101 Firefox/135.0"
192.168.11.148 - - [07/Feb/2025:13:27:22 +0800] "GET /eHR/css/jqueryui/themes/redmond/images/ui-icons_217bc0_256x240.png HTTP/1.1" 200 4369 "http://192.168.1.83:8088/eHR/css/jqueryui/themes/redmond/jquery.ui.theme.css" "Mozilla/5.0 (Windows NT 10.0; Win64; x64; rv:135.0) Gecko/20100101 Firefox/135.0"
192.168.11.148 - - [07/Feb/2025:13:27:22 +0800] "GET /eHR/css/jqueryui/themes/redmond/images/ui-icons_217bc0_256x240.png HTTP/1.1" 200 4369
192.168.11.148 - - [07/Feb/2025:13:27:23 +0800] "GET /eHR/css/jqueryui/themes/redmond/images/ui-icons_f9bd01_256x240.png HTTP/1.1" 200 4369 "http://192.168.1.83:8088/eHR/css/jqueryui/themes/redmond/jquery.ui.theme.css" "Mozilla/5.0 (Windows NT 10.0; Win64; x64; rv:135.0) Gecko/20100101 Firefox/135.0"
192.168.11.148 - - [07/Feb/2025:13:27:23 +0800] "GET /eHR/css/jqueryui/themes/redmond/images/ui-icons_f9bd01_256x240.png HTTP/1.1" 200 4369
192.168.11.136 - - [07/Feb/2025:13:27:25 +0800] "POST /eHR/ess/redirect.php?scriptname=emp_lov&openW=Y&rand=0.4075279976639319 HTTP/1.1" 200 24834 "http://192.168.1.83:8088/eHR/ess/redirect.php?scriptname=emp_lov&openW=Y&rand=0.4075279976639319" "Mozilla/5.0 (Windows NT 10.0; Win64; x64; rv:135.0) Gecko/20100101 Firefox/135.0"
192.168.11.136 - - [07/Feb/2025:13:27:25 +0800] "POST /eHR/ess/redirect.php?scriptname=emp_lov&openW=Y&rand=0.4075279976639319 HTTP/1.1" 200 24834
192.168.11.148 - - [07/Feb/2025:13:27:31 +0800] "GET /eHR/img/layout/resizable-w.gif HTTP/1.1" 200 368 "http://192.168.1.83:8088/eHR/css/layout/layout.min.css" "Mozilla/5.0 (Windows NT 10.0; Win64; x64; rv:135.0) Gecko/20100101 Firefox/135.0"
192.168.11.148 - - [07/Feb/2025:13:27:31 +0800] "GET /eHR/img/layout/resizable-w.gif HTTP/1.1" 200 368
192.168.11.148 - - [07/Feb/2025:13:27:31 +0800] "GET /eHR/css/jqueryui/themes/redmond/images/ui-bg_gloss-wave_55_5c9ccc_500x100.png HTTP/1.1" 200 3457 "http://192.168.1.83:8088/eHR/css/jqueryui/themes/redmond/jquery.ui.theme.css" "Mozilla/5.0 (Windows NT 10.0; Win64; x64; rv:135.0) Gecko/20100101 Firefox/135.0"
192.168.11.148 - - [07/Feb/2025:13:27:31 +0800] "GET /eHR/css/jqueryui/themes/redmond/images/ui-bg_gloss-wave_55_5c9ccc_500x100.png HTTP/1.1" 200 3457
192.168.11.148 - - [07/Feb/2025:13:27:30 +0800] "GET /eHR/ess/redirect.php?scriptname=ESNE001&appdesc=%E6%89%B9%E9%87%8F%E5%8A%A0%E7%8F%AD%E7%94%B3%E8%AF%B7 HTTP/1.1" 200 15271 "http://192.168.1.83:8088/eHR/ess/redirect.php" "Mozilla/5.0 (Windows NT 10.0; Win64; x64; rv:135.0) Gecko/20100101 Firefox/135.0"
192.168.11.148 - - [07/Feb/2025:13:27:30 +0800] "GET /eHR/ess/redirect.php?scriptname=ESNE001&appdesc=%E6%89%B9%E9%87%8F%E5%8A%A0%E7%8F%AD%E7%94%B3%E8%AF%B7 HTTP/1.1" 200 15271
192.168.11.148 - - [07/Feb/2025:13:27:31 +0800] "GET /eHR/img/date.png HTTP/1.1" 200 626 "http://192.168.1.83:8088/eHR/ess/redirect.php?scriptname=ESNE001&appdesc=%E6%89%B9%E9%87%8F%E5%8A%A0%E7%8F%AD%E7%94%B3%E8%AF%B7" "Mozilla/5.0 (Windows NT 10.0; Win64; x64; rv:135.0) Gecko/20100101 Firefox/135.0"
192.168.11.148 - - [07/Feb/2025:13:27:31 +0800] "GET /eHR/img/date.png HTTP/1.1" 200 626
192.168.12.66 - - [07/Feb/2025:13:27:37 +0800] "POST /eHR/ess/redirect.php?scriptname=emp_lov&openW=Y&rand=0.796439927150209 HTTP/1.1" 200 17419 "http://192.168.1.83:8088/eHR/ess/redirect.php?scriptname=emp_lov&openW=Y&rand=0.796439927150209" "Mozilla/5.0 (Windows NT 6.2; Win64; x64) AppleWebKit/537.36 (KHTML, like Gecko) Chrome/105.0.0.0 Safari/537.36"
192.168.12.66 - - [07/Feb/2025:13:27:37 +0800] "POST /eHR/ess/redirect.php?scriptname=emp_lov&openW=Y&rand=0.796439927150209 HTTP/1.1" 200 17419
192.168.12.66 - - [07/Feb/2025:13:27:42 +0800] "POST /eHR/ess/redirect.php?scriptname=ESNE002&appdesc=%E6%89%B9%E9%87%8F%E8%AF%B7%E5%81%87%E7%94%B3%E8%AF%B7 HTTP/1.1" 200 4225 "http://192.168.1.83:8088/eHR/ess/redirect.php?scriptname=ESNE002&appdesc=%E6%89%B9%E9%87%8F%E8%AF%B7%E5%81%87%E7%94%B3%E8%AF%B7" "Mozilla/5.0 (Windows NT 6.2; Win64; x64) AppleWebKit/537.36 (KHTML, like Gecko) Chrome/105.0.0.0 Safari/537.36"
192.168.12.66 - - [07/Feb/2025:13:27:42 +0800] "POST /eHR/ess/redirect.php?scriptname=ESNE002&appdesc=%E6%89%B9%E9%87%8F%E8%AF%B7%E5%81%87%E7%94%B3%E8%AF%B7 HTTP/1.1" 200 4225
192.168.12.66 - - [07/Feb/2025:13:27:47 +0800] "GET /eHR/ess/redirect.php?scriptname=ESNE004&appdesc=%E6%89%B9%E9%87%8F%E8%AF%B7%E5%81%87%E6%9F%A5%E8%AF%A2 HTTP/1.1" 200 39237 "http://192.168.1.83:8088/eHR/ess/redirect.php" "Mozilla/5.0 (Windows NT 6.2; Win64; x64) AppleWebKit/537.36 (KHTML, like Gecko) Chrome/105.0.0.0 Safari/537.36"
192.168.12.66 - - [07/Feb/2025:13:27:47 +0800] "GET /eHR/ess/redirect.php?scriptname=ESNE004&appdesc=%E6%89%B9%E9%87%8F%E8%AF%B7%E5%81%87%E6%9F%A5%E8%AF%A2 HTTP/1.1" 200 39237
192.168.11.136 - - [07/Feb/2025:13:27:49 +0800] "POST /eHR/ess/redirect.php?scriptname=ESNE002&appdesc=%E6%89%B9%E9%87%8F%E8%AF%B7%E5%81%87%E7%94%B3%E8%AF%B7 HTTP/1.1" 200 4201 "http://192.168.1.83:8088/eHR/ess/redirect.php?scriptname=ESNE002&appdesc=%E6%89%B9%E9%87%8F%E8%AF%B7%E5%81%87%E7%94%B3%E8%AF%B7" "Mozilla/5.0 (Windows NT 10.0; Win64; x64; rv:135.0) Gecko/20100101 Firefox/135.0"
192.168.11.136 - - [07/Feb/2025:13:27:49 +0800] "POST /eHR/ess/redirect.php?scriptname=ESNE002&appdesc=%E6%89%B9%E9%87%8F%E8%AF%B7%E5%81%87%E7%94%B3%E8%AF%B7 HTTP/1.1" 200 4201
192.168.11.148 - - [07/Feb/2025:13:27:52 +0800] "GET /eHR/ess/redirect.php?scriptname=ESNE002&appdesc=%E6%89%B9%E9%87%8F%E8%AF%B7%E5%81%87%E7%94%B3%E8%AF%B7 HTTP/1.1" 200 22190 "http://192.168.1.83:8088/eHR/ess/redirect.php" "Mozilla/5.0 (Windows NT 10.0; Win64; x64; rv:135.0) Gecko/20100101 Firefox/135.0"
192.168.11.148 - - [07/Feb/2025:13:27:52 +0800] "GET /eHR/ess/redirect.php?scriptname=ESNE002&appdesc=%E6%89%B9%E9%87%8F%E8%AF%B7%E5%81%87%E7%94%B3%E8%AF%B7 HTTP/1.1" 200 22190
192.168.11.148 - - [07/Feb/2025:13:27:53 +0800] "GET /eHR/img/icon-time.gif HTTP/1.1" 200 242 "http://192.168.1.83:8088/eHR/ess/redirect.php?scriptname=ESNE002&appdesc=%E6%89%B9%E9%87%8F%E8%AF%B7%E5%81%87%E7%94%B3%E8%AF%B7" "Mozilla/5.0 (Windows NT 10.0; Win64; x64; rv:135.0) Gecko/20100101 Firefox/135.0"
192.168.11.148 - - [07/Feb/2025:13:27:53 +0800] "GET /eHR/img/icon-time.gif HTTP/1.1" 200 242
192.168.11.148 - - [07/Feb/2025:13:27:57 +0800] "GET /eHR/css/jqueryui/themes/redmond/images/ui-bg_flat_55_fbec88_40x100.png HTTP/1.1" 200 182 "http://192.168.1.83:8088/eHR/css/jqueryui/themes/redmond/jquery.ui.theme.css" "Mozilla/5.0 (Windows NT 10.0; Win64; x64; rv:135.0) Gecko/20100101 Firefox/135.0"
192.168.11.148 - - [07/Feb/2025:13:27:57 +0800] "GET /eHR/css/jqueryui/themes/redmond/images/ui-bg_flat_55_fbec88_40x100.png HTTP/1.1" 200 182
192.168.11.148 - - [07/Feb/2025:13:27:57 +0800] "GET /eHR/css/jqueryui/themes/redmond/images/ui-icons_d8e7f3_256x240.png HTTP/1.1" 200 4369 "http://192.168.1.83:8088/eHR/css/jqueryui/themes/redmond/jquery.ui.theme.css" "Mozilla/5.0 (Windows NT 10.0; Win64; x64; rv:135.0) Gecko/20100101 Firefox/135.0"
192.168.11.148 - - [07/Feb/2025:13:27:57 +0800] "GET /eHR/css/jqueryui/themes/redmond/images/ui-icons_d8e7f3_256x240.png HTTP/1.1" 200 4369
192.168.12.66 - - [07/Feb/2025:13:27:55 +0800] "POST /eHR/ess/redirect.php?scriptname=ESNE004&appdesc=%E6%89%B9%E9%87%8F%E8%AF%B7%E5%81%87%E6%9F%A5%E8%AF%A2 HTTP/1.1" 200 70725 "http://192.168.1.83:8088/eHR/ess/redirect.php?scriptname=ESNE004&appdesc=%E6%89%B9%E9%87%8F%E8%AF%B7%E5%81%87%E6%9F%A5%E8%AF%A2" "Mozilla/5.0 (Windows NT 6.2; Win64; x64) AppleWebKit/537.36 (KHTML, like Gecko) Chrome/105.0.0.0 Safari/537.36"
192.168.12.66 - - [07/Feb/2025:13:27:55 +0800] "POST /eHR/ess/redirect.php?scriptname=ESNE004&appdesc=%E6%89%B9%E9%87%8F%E8%AF%B7%E5%81%87%E6%9F%A5%E8%AF%A2 HTTP/1.1" 200 70725
192.168.11.136 - - [07/Feb/2025:13:27:59 +0800] "GET /eHR/ess/redirect.php?scriptname=ESNE002&appdesc=%E6%89%B9%E9%87%8F%E8%AF%B7%E5%81%87%E7%94%B3%E8%AF%B7 HTTP/1.1" 200 22190 "http://192.168.1.83:8088/eHR/ess/redirect.php" "Mozilla/5.0 (Windows NT 10.0; Win64; x64; rv:135.0) Gecko/20100101 Firefox/135.0"
192.168.11.136 - - [07/Feb/2025:13:27:59 +0800] "GET /eHR/ess/redirect.php?scriptname=ESNE002&appdesc=%E6%89%B9%E9%87%8F%E8%AF%B7%E5%81%87%E7%94%B3%E8%AF%B7 HTTP/1.1" 200 22190
192.168.12.66 - - [07/Feb/2025:13:28:02 +0800] "GET /eHR/ess/redirect.php?scriptname=ESNE002&appdesc=%E6%89%B9%E9%87%8F%E8%AF%B7%E5%81%87%E7%94%B3%E8%AF%B7 HTTP/1.1" 200 22190 "http://192.168.1.83:8088/eHR/ess/redirect.php" "Mozilla/5.0 (Windows NT 6.2; Win64; x64) AppleWebKit/537.36 (KHTML, like Gecko) Chrome/105.0.0.0 Safari/537.36"
192.168.12.66 - - [07/Feb/2025:13:28:02 +0800] "GET /eHR/ess/redirect.php?scriptname=ESNE002&appdesc=%E6%89%B9%E9%87%8F%E8%AF%B7%E5%81%87%E7%94%B3%E8%AF%B7 HTTP/1.1" 200 22190
192.168.12.66 - - [07/Feb/2025:13:28:20 +0800] "GET /eHR/ess/redirect.php?scriptname=emp_lov&openW=Y&rand=0.5734544890331976 HTTP/1.1" 200 15236 "http://192.168.1.83:8088/eHR/ess/redirect.php?scriptname=ESNE002&appdesc=%E6%89%B9%E9%87%8F%E8%AF%B7%E5%81%87%E7%94%B3%E8%AF%B7" "Mozilla/5.0 (Windows NT 6.2; Win64; x64) AppleWebKit/537.36 (KHTML, like Gecko) Chrome/105.0.0.0 Safari/537.36"
192.168.12.66 - - [07/Feb/2025:13:28:20 +0800] "GET /eHR/ess/redirect.php?scriptname=emp_lov&openW=Y&rand=0.5734544890331976 HTTP/1.1" 200 15236
192.168.12.66 - - [07/Feb/2025:13:28:26 +0800] "POST /eHR/ess/redirect.php?scriptname=emp_lov&openW=Y&rand=0.5734544890331976 HTTP/1.1" 200 17419 "http://192.168.1.83:8088/eHR/ess/redirect.php?scriptname=emp_lov&openW=Y&rand=0.5734544890331976" "Mozilla/5.0 (Windows NT 6.2; Win64; x64) AppleWebKit/537.36 (KHTML, like Gecko) Chrome/105.0.0.0 Safari/537.36"
192.168.12.66 - - [07/Feb/2025:13:28:26 +0800] "POST /eHR/ess/redirect.php?scriptname=emp_lov&openW=Y&rand=0.5734544890331976 HTTP/1.1" 200 17419
192.168.11.136 - - [07/Feb/2025:13:28:28 +0800] "GET /eHR/ess/redirect.php?scriptname=ESNE004&appdesc=%E6%89%B9%E9%87%8F%E8%AF%B7%E5%81%87%E6%9F%A5%E8%AF%A2 HTTP/1.1" 200 8395 "http://192.168.1.83:8088/eHR/ess/redirect.php" "Mozilla/5.0 (Windows NT 10.0; Win64; x64; rv:135.0) Gecko/20100101 Firefox/135.0"
192.168.11.136 - - [07/Feb/2025:13:28:28 +0800] "GET /eHR/ess/redirect.php?scriptname=ESNE004&appdesc=%E6%89%B9%E9%87%8F%E8%AF%B7%E5%81%87%E6%9F%A5%E8%AF%A2 HTTP/1.1" 200 8395
192.168.12.66 - - [07/Feb/2025:13:28:30 +0800] "POST /eHR/ess/redirect.php?scriptname=ESNE002&appdesc=%E6%89%B9%E9%87%8F%E8%AF%B7%E5%81%87%E7%94%B3%E8%AF%B7 HTTP/1.1" 200 4207 "http://192.168.1.83:8088/eHR/ess/redirect.php?scriptname=ESNE002&appdesc=%E6%89%B9%E9%87%8F%E8%AF%B7%E5%81%87%E7%94%B3%E8%AF%B7" "Mozilla/5.0 (Windows NT 6.2; Win64; x64) AppleWebKit/537.36 (KHTML, like Gecko) Chrome/105.0.0.0 Safari/537.36"
192.168.12.66 - - [07/Feb/2025:13:28:30 +0800] "POST /eHR/ess/redirect.php?scriptname=ESNE002&appdesc=%E6%89%B9%E9%87%8F%E8%AF%B7%E5%81%87%E7%94%B3%E8%AF%B7 HTTP/1.1" 200 4207
192.168.11.136 - - [07/Feb/2025:13:28:51 +0800] "POST /eHR/ess/redirect.php?scriptname=ESNE004&appdesc=%E6%89%B9%E9%87%8F%E8%AF%B7%E5%81%87%E6%9F%A5%E8%AF%A2 HTTP/1.1" 200 17316 "http://192.168.1.83:8088/eHR/ess/redirect.php?scriptname=ESNE004&appdesc=%E6%89%B9%E9%87%8F%E8%AF%B7%E5%81%87%E6%9F%A5%E8%AF%A2" "Mozilla/5.0 (Windows NT 10.0; Win64; x64; rv:135.0) Gecko/20100101 Firefox/135.0"
192.168.11.136 - - [07/Feb/2025:13:28:51 +0800] "POST /eHR/ess/redirect.php?scriptname=ESNE004&appdesc=%E6%89%B9%E9%87%8F%E8%AF%B7%E5%81%87%E6%9F%A5%E8%AF%A2 HTTP/1.1" 200 17316
192.168.12.66 - - [07/Feb/2025:13:29:07 +0800] "GET /eHR/ess/redirect.php?scriptname=ESNE002&appdesc=%E6%89%B9%E9%87%8F%E8%AF%B7%E5%81%87%E7%94%B3%E8%AF%B7 HTTP/1.1" 200 22190 "http://192.168.1.83:8088/eHR/ess/redirect.php" "Mozilla/5.0 (Windows NT 6.2; Win64; x64) AppleWebKit/537.36 (KHTML, like Gecko) Chrome/105.0.0.0 Safari/537.36"
192.168.12.66 - - [07/Feb/2025:13:29:07 +0800] "GET /eHR/ess/redirect.php?scriptname=ESNE002&appdesc=%E6%89%B9%E9%87%8F%E8%AF%B7%E5%81%87%E7%94%B3%E8%AF%B7 HTTP/1.1" 200 22190
192.168.12.66 - - [07/Feb/2025:13:29:09 +0800] "GET /eHR/ess/redirect.php?scriptname=ESNE002&appdesc=%E6%89%B9%E9%87%8F%E8%AF%B7%E5%81%87%E7%94%B3%E8%AF%B7 HTTP/1.1" 200 22190 "http://192.168.1.83:8088/eHR/ess/redirect.php" "Mozilla/5.0 (Windows NT 6.2; Win64; x64) AppleWebKit/537.36 (KHTML, like Gecko) Chrome/105.0.0.0 Safari/537.36"
192.168.12.66 - - [07/Feb/2025:13:29:09 +0800] "GET /eHR/ess/redirect.php?scriptname=ESNE002&appdesc=%E6%89%B9%E9%87%8F%E8%AF%B7%E5%81%87%E7%94%B3%E8%AF%B7 HTTP/1.1" 200 22190
192.168.12.66 - - [07/Feb/2025:13:29:11 +0800] "GET /eHR/ess/redirect.php?scriptname=ESNE004&appdesc=%E6%89%B9%E9%87%8F%E8%AF%B7%E5%81%87%E6%9F%A5%E8%AF%A2 HTTP/1.1" 200 39237 "http://192.168.1.83:8088/eHR/ess/redirect.php" "Mozilla/5.0 (Windows NT 6.2; Win64; x64) AppleWebKit/537.36 (KHTML, like Gecko) Chrome/105.0.0.0 Safari/537.36"
192.168.12.66 - - [07/Feb/2025:13:29:11 +0800] "GET /eHR/ess/redirect.php?scriptname=ESNE004&appdesc=%E6%89%B9%E9%87%8F%E8%AF%B7%E5%81%87%E6%9F%A5%E8%AF%A2 HTTP/1.1" 200 39237
192.168.12.66 - - [07/Feb/2025:13:29:15 +0800] "GET /eHR/ess/redirect.php?scriptname=ESNE002&appdesc=%E6%89%B9%E9%87%8F%E8%AF%B7%E5%81%87%E7%94%B3%E8%AF%B7 HTTP/1.1" 200 22190 "http://192.168.1.83:8088/eHR/ess/redirect.php" "Mozilla/5.0 (Windows NT 6.2; Win64; x64) AppleWebKit/537.36 (KHTML, like Gecko) Chrome/105.0.0.0 Safari/537.36"
192.168.12.66 - - [07/Feb/2025:13:29:15 +0800] "GET /eHR/ess/redirect.php?scriptname=ESNE002&appdesc=%E6%89%B9%E9%87%8F%E8%AF%B7%E5%81%87%E7%94%B3%E8%AF%B7 HTTP/1.1" 200 22190
192.168.12.66 - - [07/Feb/2025:13:29:17 +0800] "GET /eHR/ess/redirect.php?scriptname=ESNE004&appdesc=%E6%89%B9%E9%87%8F%E8%AF%B7%E5%81%87%E6%9F%A5%E8%AF%A2 HTTP/1.1" 200 39237 "http://192.168.1.83:8088/eHR/ess/redirect.php" "Mozilla/5.0 (Windows NT 6.2; Win64; x64) AppleWebKit/537.36 (KHTML, like Gecko) Chrome/105.0.0.0 Safari/537.36"
192.168.12.66 - - [07/Feb/2025:13:29:17 +0800] "GET /eHR/ess/redirect.php?scriptname=ESNE004&appdesc=%E6%89%B9%E9%87%8F%E8%AF%B7%E5%81%87%E6%9F%A5%E8%AF%A2 HTTP/1.1" 200 39237
192.168.12.66 - - [07/Feb/2025:13:29:24 +0800] "POST /eHR/ess/redirect.php?scriptname=ESNE004&appdesc=%E6%89%B9%E9%87%8F%E8%AF%B7%E5%81%87%E6%9F%A5%E8%AF%A2 HTTP/1.1" 200 69975 "http://192.168.1.83:8088/eHR/ess/redirect.php?scriptname=ESNE004&appdesc=%E6%89%B9%E9%87%8F%E8%AF%B7%E5%81%87%E6%9F%A5%E8%AF%A2" "Mozilla/5.0 (Windows NT 6.2; Win64; x64) AppleWebKit/537.36 (KHTML, like Gecko) Chrome/105.0.0.0 Safari/537.36"
192.168.12.66 - - [07/Feb/2025:13:29:24 +0800] "POST /eHR/ess/redirect.php?scriptname=ESNE004&appdesc=%E6%89%B9%E9%87%8F%E8%AF%B7%E5%81%87%E6%9F%A5%E8%AF%A2 HTTP/1.1" 200 69975
192.168.11.148 - - [07/Feb/2025:13:29:38 +0800] "GET /eHR/ess/redirect.php?scriptname=emp_lov&openW=Y&rand=0.2953994673406971 HTTP/1.1" 200 9888 "http://192.168.1.83:8088/eHR/ess/redirect.php?scriptname=ESNE002&appdesc=%E6%89%B9%E9%87%8F%E8%AF%B7%E5%81%87%E7%94%B3%E8%AF%B7" "Mozilla/5.0 (Windows NT 10.0; Win64; x64; rv:135.0) Gecko/20100101 Firefox/135.0"
192.168.11.148 - - [07/Feb/2025:13:29:38 +0800] "GET /eHR/ess/redirect.php?scriptname=emp_lov&openW=Y&rand=0.2953994673406971 HTTP/1.1" 200 9888
192.168.12.66 - - [07/Feb/2025:13:29:44 +0800] "GET /eHR/ess/redirect.php?scriptname=ESNE002&appdesc=%E6%89%B9%E9%87%8F%E8%AF%B7%E5%81%87%E7%94%B3%E8%AF%B7 HTTP/1.1" 200 22190 "http://192.168.1.83:8088/eHR/ess/redirect.php" "Mozilla/5.0 (Windows NT 6.2; Win64; x64) AppleWebKit/537.36 (KHTML, like Gecko) Chrome/105.0.0.0 Safari/537.36"
192.168.12.66 - - [07/Feb/2025:13:29:44 +0800] "GET /eHR/ess/redirect.php?scriptname=ESNE002&appdesc=%E6%89%B9%E9%87%8F%E8%AF%B7%E5%81%87%E7%94%B3%E8%AF%B7 HTTP/1.1" 200 22190
192.168.11.148 - - [07/Feb/2025:13:29:46 +0800] "POST /eHR/ess/redirect.php?scriptname=emp_lov&openW=Y&rand=0.2953994673406971 HTTP/1.1" 200 12057 "http://192.168.1.83:8088/eHR/ess/redirect.php?scriptname=emp_lov&openW=Y&rand=0.2953994673406971" "Mozilla/5.0 (Windows NT 10.0; Win64; x64; rv:135.0) Gecko/20100101 Firefox/135.0"
192.168.11.148 - - [07/Feb/2025:13:29:46 +0800] "POST /eHR/ess/redirect.php?scriptname=emp_lov&openW=Y&rand=0.2953994673406971 HTTP/1.1" 200 12057
192.168.11.148 - - [07/Feb/2025:13:29:53 +0800] "POST /eHR/ess/redirect.php?scriptname=ESNE002&appdesc=%E6%89%B9%E9%87%8F%E8%AF%B7%E5%81%87%E7%94%B3%E8%AF%B7 HTTP/1.1" 200 4191 "http://192.168.1.83:8088/eHR/ess/redirect.php?scriptname=ESNE002&appdesc=%E6%89%B9%E9%87%8F%E8%AF%B7%E5%81%87%E7%94%B3%E8%AF%B7" "Mozilla/5.0 (Windows NT 10.0; Win64; x64; rv:135.0) Gecko/20100101 Firefox/135.0"
192.168.11.148 - - [07/Feb/2025:13:29:53 +0800] "POST /eHR/ess/redirect.php?scriptname=ESNE002&appdesc=%E6%89%B9%E9%87%8F%E8%AF%B7%E5%81%87%E7%94%B3%E8%AF%B7 HTTP/1.1" 200 4191
192.168.11.148 - - [07/Feb/2025:13:29:54 +0800] "GET /eHR/css/jqueryui/themes/redmond/images/ui-icons_2e83ff_256x240.png HTTP/1.1" 200 4369 "http://192.168.1.83:8088/eHR/css/jqueryui/themes/redmond/jquery.ui.theme.css" "Mozilla/5.0 (Windows NT 10.0; Win64; x64; rv:135.0) Gecko/20100101 Firefox/135.0"
192.168.11.148 - - [07/Feb/2025:13:29:54 +0800] "GET /eHR/css/jqueryui/themes/redmond/images/ui-icons_2e83ff_256x240.png HTTP/1.1" 200 4369
192.168.11.148 - - [07/Feb/2025:13:29:54 +0800] "GET /eHR/img/Y.png HTTP/1.1" 200 1084 "http://192.168.1.83:8088/eHR/ess/redirect.php?scriptname=ESNE002&appdesc=%E6%89%B9%E9%87%8F%E8%AF%B7%E5%81%87%E7%94%B3%E8%AF%B7" "Mozilla/5.0 (Windows NT 10.0; Win64; x64; rv:135.0) Gecko/20100101 Firefox/135.0"
192.168.11.148 - - [07/Feb/2025:13:29:54 +0800] "GET /eHR/img/Y.png HTTP/1.1" 200 1084
192.168.11.148 - - [07/Feb/2025:13:29:56 +0800] "GET /eHR/ess/redirect.php?scriptname=ESNE002&appdesc=%E6%89%B9%E9%87%8F%E8%AF%B7%E5%81%87%E7%94%B3%E8%AF%B7 HTTP/1.1" 200 22190 "http://192.168.1.83:8088/eHR/ess/redirect.php" "Mozilla/5.0 (Windows NT 10.0; Win64; x64; rv:135.0) Gecko/20100101 Firefox/135.0"
192.168.11.148 - - [07/Feb/2025:13:29:56 +0800] "GET /eHR/ess/redirect.php?scriptname=ESNE002&appdesc=%E6%89%B9%E9%87%8F%E8%AF%B7%E5%81%87%E7%94%B3%E8%AF%B7 HTTP/1.1" 200 22190
192.168.12.66 - - [07/Feb/2025:13:30:03 +0800] "GET /eHR/ess/redirect.php?scriptname=emp_lov&openW=Y&rand=0.2476117818700012 HTTP/1.1" 200 15236 "http://192.168.1.83:8088/eHR/ess/redirect.php?scriptname=ESNE002&appdesc=%E6%89%B9%E9%87%8F%E8%AF%B7%E5%81%87%E7%94%B3%E8%AF%B7" "Mozilla/5.0 (Windows NT 6.2; Win64; x64) AppleWebKit/537.36 (KHTML, like Gecko) Chrome/105.0.0.0 Safari/537.36"
192.168.12.66 - - [07/Feb/2025:13:30:03 +0800] "GET /eHR/ess/redirect.php?scriptname=emp_lov&openW=Y&rand=0.2476117818700012 HTTP/1.1" 200 15236
192.168.11.148 - - [07/Feb/2025:13:30:05 +0800] "GET /eHR/ess/redirect.php?scriptname=ESNE004&appdesc=%E6%89%B9%E9%87%8F%E8%AF%B7%E5%81%87%E6%9F%A5%E8%AF%A2 HTTP/1.1" 200 9041 "http://192.168.1.83:8088/eHR/ess/redirect.php" "Mozilla/5.0 (Windows NT 10.0; Win64; x64; rv:135.0) Gecko/20100101 Firefox/135.0"
192.168.11.148 - - [07/Feb/2025:13:30:05 +0800] "GET /eHR/ess/redirect.php?scriptname=ESNE004&appdesc=%E6%89%B9%E9%87%8F%E8%AF%B7%E5%81%87%E6%9F%A5%E8%AF%A2 HTTP/1.1" 200 9041
192.168.12.66 - - [07/Feb/2025:13:30:08 +0800] "POST /eHR/ess/redirect.php?scriptname=emp_lov&openW=Y&rand=0.2476117818700012 HTTP/1.1" 200 17428 "http://192.168.1.83:8088/eHR/ess/redirect.php?scriptname=emp_lov&openW=Y&rand=0.2476117818700012" "Mozilla/5.0 (Windows NT 6.2; Win64; x64) AppleWebKit/537.36 (KHTML, like Gecko) Chrome/105.0.0.0 Safari/537.36"
192.168.12.66 - - [07/Feb/2025:13:30:08 +0800] "POST /eHR/ess/redirect.php?scriptname=emp_lov&openW=Y&rand=0.2476117818700012 HTTP/1.1" 200 17428
192.168.11.148 - - [07/Feb/2025:13:30:14 +0800] "POST /eHR/ess/redirect.php?scriptname=ESNE004&appdesc=%E6%89%B9%E9%87%8F%E8%AF%B7%E5%81%87%E6%9F%A5%E8%AF%A2 HTTP/1.1" 200 29515 "http://192.168.1.83:8088/eHR/ess/redirect.php?scriptname=ESNE004&appdesc=%E6%89%B9%E9%87%8F%E8%AF%B7%E5%81%87%E6%9F%A5%E8%AF%A2" "Mozilla/5.0 (Windows NT 10.0; Win64; x64; rv:135.0) Gecko/20100101 Firefox/135.0"
192.168.11.148 - - [07/Feb/2025:13:30:14 +0800] "POST /eHR/ess/redirect.php?scriptname=ESNE004&appdesc=%E6%89%B9%E9%87%8F%E8%AF%B7%E5%81%87%E6%9F%A5%E8%AF%A2 HTTP/1.1" 200 29515
192.168.11.148 - - [07/Feb/2025:13:30:15 +0800] "GET /eHR/img/pe.png HTTP/1.1" 200 1268 "http://192.168.1.83:8088/eHR/ess/redirect.php?scriptname=ESNE004&appdesc=%E6%89%B9%E9%87%8F%E8%AF%B7%E5%81%87%E6%9F%A5%E8%AF%A2" "Mozilla/5.0 (Windows NT 10.0; Win64; x64; rv:135.0) Gecko/20100101 Firefox/135.0"
192.168.11.148 - - [07/Feb/2025:13:30:15 +0800] "GET /eHR/img/pe.png HTTP/1.1" 200 1268
192.168.12.66 - - [07/Feb/2025:13:30:14 +0800] "POST /eHR/ess/redirect.php?scriptname=ESNE002&appdesc=%E6%89%B9%E9%87%8F%E8%AF%B7%E5%81%87%E7%94%B3%E8%AF%B7 HTTP/1.1" 200 4217 "http://192.168.1.83:8088/eHR/ess/redirect.php?scriptname=ESNE002&appdesc=%E6%89%B9%E9%87%8F%E8%AF%B7%E5%81%87%E7%94%B3%E8%AF%B7" "Mozilla/5.0 (Windows NT 6.2; Win64; x64) AppleWebKit/537.36 (KHTML, like Gecko) Chrome/105.0.0.0 Safari/537.36"
192.168.12.66 - - [07/Feb/2025:13:30:14 +0800] "POST /eHR/ess/redirect.php?scriptname=ESNE002&appdesc=%E6%89%B9%E9%87%8F%E8%AF%B7%E5%81%87%E7%94%B3%E8%AF%B7 HTTP/1.1" 200 4217
192.168.12.66 - - [07/Feb/2025:13:30:23 +0800] "GET /eHR/ess/redirect.php?scriptname=ESNE002&appdesc=%E6%89%B9%E9%87%8F%E8%AF%B7%E5%81%87%E7%94%B3%E8%AF%B7 HTTP/1.1" 200 22190 "http://192.168.1.83:8088/eHR/ess/redirect.php" "Mozilla/5.0 (Windows NT 6.2; Win64; x64) AppleWebKit/537.36 (KHTML, like Gecko) Chrome/105.0.0.0 Safari/537.36"
192.168.12.66 - - [07/Feb/2025:13:30:23 +0800] "GET /eHR/ess/redirect.php?scriptname=ESNE002&appdesc=%E6%89%B9%E9%87%8F%E8%AF%B7%E5%81%87%E7%94%B3%E8%AF%B7 HTTP/1.1" 200 22190
192.168.12.66 - - [07/Feb/2025:13:30:24 +0800] "GET /eHR/ess/redirect.php?scriptname=ESNE004&appdesc=%E6%89%B9%E9%87%8F%E8%AF%B7%E5%81%87%E6%9F%A5%E8%AF%A2 HTTP/1.1" 200 39237 "http://192.168.1.83:8088/eHR/ess/redirect.php" "Mozilla/5.0 (Windows NT 6.2; Win64; x64) AppleWebKit/537.36 (KHTML, like Gecko) Chrome/105.0.0.0 Safari/537.36"
192.168.12.66 - - [07/Feb/2025:13:30:24 +0800] "GET /eHR/ess/redirect.php?scriptname=ESNE004&appdesc=%E6%89%B9%E9%87%8F%E8%AF%B7%E5%81%87%E6%9F%A5%E8%AF%A2 HTTP/1.1" 200 39237
192.168.11.222 - - [07/Feb/2025:13:30:25 +0800] "GET /idcard/css/jqueryui/themes/redmond/images/ui-icons_f9bd01_256x240.png HTTP/1.1" 200 4369
192.168.11.222 - - [07/Feb/2025:13:30:25 +0800] "GET /idcard/css/jqueryui/themes/redmond/images/ui-icons_f9bd01_256x240.png HTTP/1.1" 200 4369 "http://192.168.1.83:8088/idcard/ess/redirect.php" "Mozilla/4.0 (compatible; MSIE 7.0; Windows NT 10.0; WOW64; Trident/7.0; .NET4.0C; .NET4.0E; Tablet PC 2.0)"
192.168.11.148 - - [07/Feb/2025:13:30:26 +0800] "GET /eHR/ess/redirect.php?scriptname=ESNE004&appdesc=%E6%89%B9%E9%87%8F%E8%AF%B7%E5%81%87%E6%9F%A5%E8%AF%A2 HTTP/1.1" 200 9041 "http://192.168.1.83:8088/eHR/ess/redirect.php" "Mozilla/5.0 (Windows NT 10.0; Win64; x64; rv:135.0) Gecko/20100101 Firefox/135.0"
192.168.11.148 - - [07/Feb/2025:13:30:26 +0800] "GET /eHR/ess/redirect.php?scriptname=ESNE004&appdesc=%E6%89%B9%E9%87%8F%E8%AF%B7%E5%81%87%E6%9F%A5%E8%AF%A2 HTTP/1.1" 200 9041
192.168.11.222 - - [07/Feb/2025:13:30:26 +0800] "GET /idcard/ess/redirect.php?scriptname=IDRB002&appdesc=%E6%89%93%E5%8D%B0%E8%AF%86%E5%88%AB%E8%AF%81 HTTP/1.1" 200 5857 "http://192.168.1.83:8088/idcard/ess/redirect.php" "Mozilla/4.0 (compatible; MSIE 7.0; Windows NT 10.0; WOW64; Trident/7.0; .NET4.0C; .NET4.0E; Tablet PC 2.0)"
192.168.11.222 - - [07/Feb/2025:13:30:26 +0800] "GET /idcard/ess/redirect.php?scriptname=IDRB002&appdesc=%E6%89%93%E5%8D%B0%E8%AF%86%E5%88%AB%E8%AF%81 HTTP/1.1" 200 5857
192.168.11.148 - - [07/Feb/2025:13:30:27 +0800] "GET /eHR/ess/redirect.php?scriptname=ESNE002&appdesc=%E6%89%B9%E9%87%8F%E8%AF%B7%E5%81%87%E7%94%B3%E8%AF%B7 HTTP/1.1" 200 22190 "http://192.168.1.83:8088/eHR/ess/redirect.php" "Mozilla/5.0 (Windows NT 10.0; Win64; x64; rv:135.0) Gecko/20100101 Firefox/135.0"
192.168.11.148 - - [07/Feb/2025:13:30:27 +0800] "GET /eHR/ess/redirect.php?scriptname=ESNE002&appdesc=%E6%89%B9%E9%87%8F%E8%AF%B7%E5%81%87%E7%94%B3%E8%AF%B7 HTTP/1.1" 200 22190
192.168.11.222 - - [07/Feb/2025:13:30:29 +0800] "POST /idcard/ess/redirect.php?scriptname=IDRB002&appdesc=%E6%89%93%E5%8D%B0%E8%AF%86%E5%88%AB%E8%AF%81 HTTP/1.1" 200 115563 "http://192.168.1.83:8088/idcard/ess/redirect.php?scriptname=IDRB002&appdesc=%E6%89%93%E5%8D%B0%E8%AF%86%E5%88%AB%E8%AF%81" "Mozilla/4.0 (compatible; MSIE 7.0; Windows NT 10.0; WOW64; Trident/7.0; .NET4.0C; .NET4.0E; Tablet PC 2.0)"
192.168.11.222 - - [07/Feb/2025:13:30:29 +0800] "POST /idcard/ess/redirect.php?scriptname=IDRB002&appdesc=%E6%89%93%E5%8D%B0%E8%AF%86%E5%88%AB%E8%AF%81 HTTP/1.1" 200 115563
192.168.11.222 - - [07/Feb/2025:13:30:30 +0800] "GET /idcard/css/jqueryui/themes/redmond/images/ui-bg_flat_55_fbec88_40x100.png HTTP/1.1" 200 182 "http://192.168.1.83:8088/idcard/ess/redirect.php?scriptname=IDRB002&appdesc=%E6%89%93%E5%8D%B0%E8%AF%86%E5%88%AB%E8%AF%81" "Mozilla/4.0 (compatible; MSIE 7.0; Windows NT 10.0; WOW64; Trident/7.0; .NET4.0C; .NET4.0E; Tablet PC 2.0)"
192.168.11.222 - - [07/Feb/2025:13:30:30 +0800] "GET /idcard/css/jqueryui/themes/redmond/images/ui-bg_flat_55_fbec88_40x100.png HTTP/1.1" 200 182
192.168.12.66 - - [07/Feb/2025:13:30:31 +0800] "POST /eHR/ess/redirect.php?scriptname=ESNE004&appdesc=%E6%89%B9%E9%87%8F%E8%AF%B7%E5%81%87%E6%9F%A5%E8%AF%A2 HTTP/1.1" 200 91422 "http://192.168.1.83:8088/eHR/ess/redirect.php?scriptname=ESNE004&appdesc=%E6%89%B9%E9%87%8F%E8%AF%B7%E5%81%87%E6%9F%A5%E8%AF%A2" "Mozilla/5.0 (Windows NT 6.2; Win64; x64) AppleWebKit/537.36 (KHTML, like Gecko) Chrome/105.0.0.0 Safari/537.36"
192.168.12.66 - - [07/Feb/2025:13:30:31 +0800] "POST /eHR/ess/redirect.php?scriptname=ESNE004&appdesc=%E6%89%B9%E9%87%8F%E8%AF%B7%E5%81%87%E6%9F%A5%E8%AF%A2 HTTP/1.1" 200 91422
192.168.11.222 - - [07/Feb/2025:13:30:36 +0800] "POST /idcard/ess/redirect.php?scriptname=IDRB002&appdesc=%E6%89%93%E5%8D%B0%E8%AF%86%E5%88%AB%E8%AF%81 HTTP/1.1" 200 13473 "http://192.168.1.83:8088/idcard/ess/redirect.php?scriptname=IDRB002&appdesc=%E6%89%93%E5%8D%B0%E8%AF%86%E5%88%AB%E8%AF%81" "Mozilla/4.0 (compatible; MSIE 7.0; Windows NT 10.0; WOW64; Trident/7.0; .NET4.0C; .NET4.0E; Tablet PC 2.0)"
192.168.11.222 - - [07/Feb/2025:13:30:36 +0800] "POST /idcard/ess/redirect.php?scriptname=IDRB002&appdesc=%E6%89%93%E5%8D%B0%E8%AF%86%E5%88%AB%E8%AF%81 HTTP/1.1" 200 13473
192.168.12.66 - - [07/Feb/2025:13:30:38 +0800] "GET /eHR/ess/redirect.php?scriptname=ESNE002&appdesc=%E6%89%B9%E9%87%8F%E8%AF%B7%E5%81%87%E7%94%B3%E8%AF%B7 HTTP/1.1" 200 22190 "http://192.168.1.83:8088/eHR/ess/redirect.php" "Mozilla/5.0 (Windows NT 6.2; Win64; x64) AppleWebKit/537.36 (KHTML, like Gecko) Chrome/105.0.0.0 Safari/537.36"
192.168.12.66 - - [07/Feb/2025:13:30:38 +0800] "GET /eHR/ess/redirect.php?scriptname=ESNE002&appdesc=%E6%89%B9%E9%87%8F%E8%AF%B7%E5%81%87%E7%94%B3%E8%AF%B7 HTTP/1.1" 200 22190
192.168.11.222 - - [07/Feb/2025:13:30:42 +0800] "GET /Apache%20Software%20Foundation/emphoto/250001.jpg HTTP/1.1" 404 243 "http://192.168.1.83:8088/idcard/ess/redirect.php?scriptname=idcard_preview&previewall=1" "Mozilla/4.0 (compatible; MSIE 7.0; Windows NT 10.0; WOW64; Trident/7.0; .NET4.0C; .NET4.0E; Tablet PC 2.0)"
192.168.11.222 - - [07/Feb/2025:13:30:42 +0800] "GET /Apache%20Software%20Foundation/emphoto/250001.jpg HTTP/1.1" 404 243
192.168.11.222 - - [07/Feb/2025:13:30:42 +0800] "GET /idcard/ess/redirect.php?scriptname=idcard_preview&previewall=1 HTTP/1.1" 200 22529 "-" "Mozilla/4.0 (compatible; MSIE 7.0; Windows NT 10.0; WOW64; Trident/7.0; .NET4.0C; .NET4.0E; Tablet PC 2.0)"
192.168.11.222 - - [07/Feb/2025:13:30:42 +0800] "GET /idcard/ess/redirect.php?scriptname=idcard_preview&previewall=1 HTTP/1.1" 200 22529
192.168.11.222 - - [07/Feb/2025:13:30:42 +0800] "GET /Apache%20Software%20Foundation/emphoto/250003.jpg HTTP/1.1" 404 243 "http://192.168.1.83:8088/idcard/ess/redirect.php?scriptname=idcard_preview&previewall=1" "Mozilla/4.0 (compatible; MSIE 7.0; Windows NT 10.0; WOW64; Trident/7.0; .NET4.0C; .NET4.0E; Tablet PC 2.0)"
192.168.11.222 - - [07/Feb/2025:13:30:42 +0800] "GET /Apache%20Software%20Foundation/emphoto/250003.jpg HTTP/1.1" 404 243
192.168.11.222 - - [07/Feb/2025:13:30:42 +0800] "GET /Apache%20Software%20Foundation/emphoto/250002.jpg HTTP/1.1" 404 243 "http://192.168.1.83:8088/idcard/ess/redirect.php?scriptname=idcard_preview&previewall=1" "Mozilla/4.0 (compatible; MSIE 7.0; Windows NT 10.0; WOW64; Trident/7.0; .NET4.0C; .NET4.0E; Tablet PC 2.0)"
192.168.11.222 - - [07/Feb/2025:13:30:42 +0800] "GET /Apache%20Software%20Foundation/emphoto/250002.jpg HTTP/1.1" 404 243
192.168.11.222 - - [07/Feb/2025:13:30:42 +0800] "GET /Apache%20Software%20Foundation/emphoto/250005.jpg HTTP/1.1" 404 243 "http://192.168.1.83:8088/idcard/ess/redirect.php?scriptname=idcard_preview&previewall=1" "Mozilla/4.0 (compatible; MSIE 7.0; Windows NT 10.0; WOW64; Trident/7.0; .NET4.0C; .NET4.0E; Tablet PC 2.0)"
192.168.11.222 - - [07/Feb/2025:13:30:42 +0800] "GET /Apache%20Software%20Foundation/emphoto/250005.jpg HTTP/1.1" 404 243
192.168.11.222 - - [07/Feb/2025:13:30:42 +0800] "GET /Apache%20Software%20Foundation/emphoto/250004.jpg HTTP/1.1" 404 243 "http://192.168.1.83:8088/idcard/ess/redirect.php?scriptname=idcard_preview&previewall=1" "Mozilla/4.0 (compatible; MSIE 7.0; Windows NT 10.0; WOW64; Trident/7.0; .NET4.0C; .NET4.0E; Tablet PC 2.0)"
192.168.11.222 - - [07/Feb/2025:13:30:42 +0800] "GET /Apache%20Software%20Foundation/emphoto/250004.jpg HTTP/1.1" 404 243
192.168.11.222 - - [07/Feb/2025:13:30:42 +0800] "GET /idcard/upload/org_pic/idcard_company_log.png HTTP/1.1" 200 26231 "http://192.168.1.83:8088/idcard/ess/redirect.php?scriptname=idcard_preview&previewall=1" "Mozilla/4.0 (compatible; MSIE 7.0; Windows NT 10.0; WOW64; Trident/7.0; .NET4.0C; .NET4.0E; Tablet PC 2.0)"
192.168.11.222 - - [07/Feb/2025:13:30:42 +0800] "GET /idcard/upload/org_pic/idcard_company_log.png HTTP/1.1" 200 26231
192.168.11.222 - - [07/Feb/2025:13:30:42 +0800] "GET /Apache%20Software%20Foundation/emphoto/X250008.jpg HTTP/1.1" 404 244 "http://192.168.1.83:8088/idcard/ess/redirect.php?scriptname=idcard_preview&previewall=1" "Mozilla/4.0 (compatible; MSIE 7.0; Windows NT 10.0; WOW64; Trident/7.0; .NET4.0C; .NET4.0E; Tablet PC 2.0)"
192.168.11.222 - - [07/Feb/2025:13:30:42 +0800] "GET /Apache%20Software%20Foundation/emphoto/X250008.jpg HTTP/1.1" 404 244
192.168.11.222 - - [07/Feb/2025:13:30:42 +0800] "GET /Apache%20Software%20Foundation/emphoto/X250009.jpg HTTP/1.1" 404 244 "http://192.168.1.83:8088/idcard/ess/redirect.php?scriptname=idcard_preview&previewall=1" "Mozilla/4.0 (compatible; MSIE 7.0; Windows NT 10.0; WOW64; Trident/7.0; .NET4.0C; .NET4.0E; Tablet PC 2.0)"
192.168.11.222 - - [07/Feb/2025:13:30:42 +0800] "GET /Apache%20Software%20Foundation/emphoto/X250009.jpg HTTP/1.1" 404 244
192.168.11.222 - - [07/Feb/2025:13:30:42 +0800] "GET /idcard/css/printidcard.css HTTP/1.1" 200 1715 "http://192.168.1.83:8088/idcard/ess/redirect.php?scriptname=idcard_preview&previewall=1" "Mozilla/4.0 (compatible; MSIE 7.0; Windows NT 10.0; WOW64; Trident/7.0; .NET4.0C; .NET4.0E; Tablet PC 2.0)"
192.168.11.222 - - [07/Feb/2025:13:30:42 +0800] "GET /idcard/css/printidcard.css HTTP/1.1" 200 1715
192.168.11.222 - - [07/Feb/2025:13:30:42 +0800] "GET /Apache%20Software%20Foundation/emphoto/X250010.jpg HTTP/1.1" 404 244 "http://192.168.1.83:8088/idcard/ess/redirect.php?scriptname=idcard_preview&previewall=1" "Mozilla/4.0 (compatible; MSIE 7.0; Windows NT 10.0; WOW64; Trident/7.0; .NET4.0C; .NET4.0E; Tablet PC 2.0)"
192.168.11.222 - - [07/Feb/2025:13:30:42 +0800] "GET /Apache%20Software%20Foundation/emphoto/X250010.jpg HTTP/1.1" 404 244
192.168.11.222 - - [07/Feb/2025:13:30:42 +0800] "GET /Apache%20Software%20Foundation/emphoto/X250011.jpg HTTP/1.1" 404 244 "http://192.168.1.83:8088/idcard/ess/redirect.php?scriptname=idcard_preview&previewall=1" "Mozilla/4.0 (compatible; MSIE 7.0; Windows NT 10.0; WOW64; Trident/7.0; .NET4.0C; .NET4.0E; Tablet PC 2.0)"
192.168.11.222 - - [07/Feb/2025:13:30:42 +0800] "GET /Apache%20Software%20Foundation/emphoto/X250011.jpg HTTP/1.1" 404 244
192.168.11.222 - - [07/Feb/2025:13:30:42 +0800] "GET /idcard/js/jquery-barcode-2.0.2.min.js HTTP/1.1" 200 25006 "http://192.168.1.83:8088/idcard/ess/redirect.php?scriptname=idcard_preview&previewall=1" "Mozilla/4.0 (compatible; MSIE 7.0; Windows NT 10.0; WOW64; Trident/7.0; .NET4.0C; .NET4.0E; Tablet PC 2.0)"
192.168.11.222 - - [07/Feb/2025:13:30:42 +0800] "GET /idcard/js/jquery-barcode-2.0.2.min.js HTTP/1.1" 200 25006
192.168.11.222 - - [07/Feb/2025:13:30:42 +0800] "GET /Apache%20Software%20Foundation/emphoto/X250012.jpg HTTP/1.1" 404 244 "http://192.168.1.83:8088/idcard/ess/redirect.php?scriptname=idcard_preview&previewall=1" "Mozilla/4.0 (compatible; MSIE 7.0; Windows NT 10.0; WOW64; Trident/7.0; .NET4.0C; .NET4.0E; Tablet PC 2.0)"
192.168.11.222 - - [07/Feb/2025:13:30:42 +0800] "GET /Apache%20Software%20Foundation/emphoto/X250012.jpg HTTP/1.1" 404 244
192.168.11.222 - - [07/Feb/2025:13:30:42 +0800] "GET /Apache%20Software%20Foundation/emphoto/X250013.jpg HTTP/1.1" 404 244 "http://192.168.1.83:8088/idcard/ess/redirect.php?scriptname=idcard_preview&previewall=1" "Mozilla/4.0 (compatible; MSIE 7.0; Windows NT 10.0; WOW64; Trident/7.0; .NET4.0C; .NET4.0E; Tablet PC 2.0)"
192.168.11.222 - - [07/Feb/2025:13:30:42 +0800] "GET /Apache%20Software%20Foundation/emphoto/X250013.jpg HTTP/1.1" 404 244
192.168.11.222 - - [07/Feb/2025:13:30:42 +0800] "GET /Apache%20Software%20Foundation/emphoto/X250014.jpg HTTP/1.1" 404 244 "http://192.168.1.83:8088/idcard/ess/redirect.php?scriptname=idcard_preview&previewall=1" "Mozilla/4.0 (compatible; MSIE 7.0; Windows NT 10.0; WOW64; Trident/7.0; .NET4.0C; .NET4.0E; Tablet PC 2.0)"
192.168.11.222 - - [07/Feb/2025:13:30:42 +0800] "GET /Apache%20Software%20Foundation/emphoto/X250014.jpg HTTP/1.1" 404 244
192.168.11.222 - - [07/Feb/2025:13:30:42 +0800] "GET /Apache%20Software%20Foundation/emphoto/X250015.jpg HTTP/1.1" 404 244 "http://192.168.1.83:8088/idcard/ess/redirect.php?scriptname=idcard_preview&previewall=1" "Mozilla/4.0 (compatible; MSIE 7.0; Windows NT 10.0; WOW64; Trident/7.0; .NET4.0C; .NET4.0E; Tablet PC 2.0)"
192.168.11.222 - - [07/Feb/2025:13:30:42 +0800] "GET /Apache%20Software%20Foundation/emphoto/X250015.jpg HTTP/1.1" 404 244
192.168.11.222 - - [07/Feb/2025:13:30:45 +0800] "GET /Apache%20Software%20Foundation/emphoto/250001.jpg HTTP/1.1" 404 243 "-" "Mozilla/5.0 (Windows NT 10.0; WOW64; Trident/7.0; rv:11.0) like Gecko"
192.168.11.222 - - [07/Feb/2025:13:30:45 +0800] "GET /Apache%20Software%20Foundation/emphoto/250001.jpg HTTP/1.1" 404 243
192.168.11.222 - - [07/Feb/2025:13:30:45 +0800] "GET /Apache%20Software%20Foundation/emphoto/250002.jpg HTTP/1.1" 404 243 "-" "Mozilla/5.0 (Windows NT 10.0; WOW64; Trident/7.0; rv:11.0) like Gecko"
192.168.11.222 - - [07/Feb/2025:13:30:45 +0800] "GET /Apache%20Software%20Foundation/emphoto/250002.jpg HTTP/1.1" 404 243
192.168.11.222 - - [07/Feb/2025:13:30:45 +0800] "GET /Apache%20Software%20Foundation/emphoto/250003.jpg HTTP/1.1" 404 243 "-" "Mozilla/5.0 (Windows NT 10.0; WOW64; Trident/7.0; rv:11.0) like Gecko"
192.168.11.222 - - [07/Feb/2025:13:30:45 +0800] "GET /Apache%20Software%20Foundation/emphoto/250003.jpg HTTP/1.1" 404 243
192.168.11.222 - - [07/Feb/2025:13:30:45 +0800] "GET /Apache%20Software%20Foundation/emphoto/250004.jpg HTTP/1.1" 404 243 "-" "Mozilla/5.0 (Windows NT 10.0; WOW64; Trident/7.0; rv:11.0) like Gecko"
192.168.11.222 - - [07/Feb/2025:13:30:45 +0800] "GET /Apache%20Software%20Foundation/emphoto/250004.jpg HTTP/1.1" 404 243
192.168.11.222 - - [07/Feb/2025:13:30:45 +0800] "GET /Apache%20Software%20Foundation/emphoto/250005.jpg HTTP/1.1" 404 243 "-" "Mozilla/5.0 (Windows NT 10.0; WOW64; Trident/7.0; rv:11.0) like Gecko"
192.168.11.222 - - [07/Feb/2025:13:30:45 +0800] "GET /Apache%20Software%20Foundation/emphoto/250005.jpg HTTP/1.1" 404 243
192.168.11.222 - - [07/Feb/2025:13:30:45 +0800] "GET /Apache%20Software%20Foundation/emphoto/X250008.jpg HTTP/1.1" 404 244 "-" "Mozilla/5.0 (Windows NT 10.0; WOW64; Trident/7.0; rv:11.0) like Gecko"
192.168.11.222 - - [07/Feb/2025:13:30:45 +0800] "GET /Apache%20Software%20Foundation/emphoto/X250008.jpg HTTP/1.1" 404 244
192.168.11.222 - - [07/Feb/2025:13:30:45 +0800] "GET /Apache%20Software%20Foundation/emphoto/X250009.jpg HTTP/1.1" 404 244 "-" "Mozilla/5.0 (Windows NT 10.0; WOW64; Trident/7.0; rv:11.0) like Gecko"
192.168.11.222 - - [07/Feb/2025:13:30:45 +0800] "GET /Apache%20Software%20Foundation/emphoto/X250009.jpg HTTP/1.1" 404 244
192.168.11.222 - - [07/Feb/2025:13:30:45 +0800] "GET /Apache%20Software%20Foundation/emphoto/X250010.jpg HTTP/1.1" 404 244 "-" "Mozilla/5.0 (Windows NT 10.0; WOW64; Trident/7.0; rv:11.0) like Gecko"
192.168.11.222 - - [07/Feb/2025:13:30:45 +0800] "GET /Apache%20Software%20Foundation/emphoto/X250010.jpg HTTP/1.1" 404 244
192.168.11.222 - - [07/Feb/2025:13:30:45 +0800] "GET /Apache%20Software%20Foundation/emphoto/X250011.jpg HTTP/1.1" 404 244 "-" "Mozilla/5.0 (Windows NT 10.0; WOW64; Trident/7.0; rv:11.0) like Gecko"
192.168.11.222 - - [07/Feb/2025:13:30:45 +0800] "GET /Apache%20Software%20Foundation/emphoto/X250011.jpg HTTP/1.1" 404 244
192.168.11.222 - - [07/Feb/2025:13:30:45 +0800] "GET /Apache%20Software%20Foundation/emphoto/X250012.jpg HTTP/1.1" 404 244 "-" "Mozilla/5.0 (Windows NT 10.0; WOW64; Trident/7.0; rv:11.0) like Gecko"
192.168.11.222 - - [07/Feb/2025:13:30:45 +0800] "GET /Apache%20Software%20Foundation/emphoto/X250012.jpg HTTP/1.1" 404 244
192.168.11.222 - - [07/Feb/2025:13:30:45 +0800] "GET /Apache%20Software%20Foundation/emphoto/X250013.jpg HTTP/1.1" 404 244 "-" "Mozilla/5.0 (Windows NT 10.0; WOW64; Trident/7.0; rv:11.0) like Gecko"
192.168.11.222 - - [07/Feb/2025:13:30:45 +0800] "GET /Apache%20Software%20Foundation/emphoto/X250013.jpg HTTP/1.1" 404 244
192.168.11.222 - - [07/Feb/2025:13:30:45 +0800] "GET /Apache%20Software%20Foundation/emphoto/X250014.jpg HTTP/1.1" 404 244 "-" "Mozilla/5.0 (Windows NT 10.0; WOW64; Trident/7.0; rv:11.0) like Gecko"
192.168.11.222 - - [07/Feb/2025:13:30:45 +0800] "GET /Apache%20Software%20Foundation/emphoto/X250014.jpg HTTP/1.1" 404 244
192.168.11.222 - - [07/Feb/2025:13:30:45 +0800] "GET /Apache%20Software%20Foundation/emphoto/X250015.jpg HTTP/1.1" 404 244 "-" "Mozilla/5.0 (Windows NT 10.0; WOW64; Trident/7.0; rv:11.0) like Gecko"
192.168.11.222 - - [07/Feb/2025:13:30:45 +0800] "GET /Apache%20Software%20Foundation/emphoto/X250015.jpg HTTP/1.1" 404 244
192.168.11.222 - - [07/Feb/2025:13:30:47 +0800] "GET /Apache%20Software%20Foundation/emphoto/250002.jpg HTTP/1.1" 404 243 "-" "Mozilla/5.0 (Windows NT 10.0; WOW64; Trident/7.0; rv:11.0) like Gecko"
192.168.11.222 - - [07/Feb/2025:13:30:47 +0800] "GET /Apache%20Software%20Foundation/emphoto/250002.jpg HTTP/1.1" 404 243
192.168.11.222 - - [07/Feb/2025:13:30:47 +0800] "GET /Apache%20Software%20Foundation/emphoto/250001.jpg HTTP/1.1" 404 243 "-" "Mozilla/5.0 (Windows NT 10.0; WOW64; Trident/7.0; rv:11.0) like Gecko"
192.168.11.222 - - [07/Feb/2025:13:30:47 +0800] "GET /Apache%20Software%20Foundation/emphoto/250001.jpg HTTP/1.1" 404 243
192.168.11.222 - - [07/Feb/2025:13:30:47 +0800] "GET /Apache%20Software%20Foundation/emphoto/250003.jpg HTTP/1.1" 404 243 "-" "Mozilla/5.0 (Windows NT 10.0; WOW64; Trident/7.0; rv:11.0) like Gecko"
192.168.11.222 - - [07/Feb/2025:13:30:47 +0800] "GET /Apache%20Software%20Foundation/emphoto/250003.jpg HTTP/1.1" 404 243
192.168.11.222 - - [07/Feb/2025:13:30:47 +0800] "GET /Apache%20Software%20Foundation/emphoto/250004.jpg HTTP/1.1" 404 243 "-" "Mozilla/5.0 (Windows NT 10.0; WOW64; Trident/7.0; rv:11.0) like Gecko"
192.168.11.222 - - [07/Feb/2025:13:30:47 +0800] "GET /Apache%20Software%20Foundation/emphoto/250004.jpg HTTP/1.1" 404 243
192.168.11.222 - - [07/Feb/2025:13:30:47 +0800] "GET /Apache%20Software%20Foundation/emphoto/250005.jpg HTTP/1.1" 404 243 "-" "Mozilla/5.0 (Windows NT 10.0; WOW64; Trident/7.0; rv:11.0) like Gecko"
192.168.11.222 - - [07/Feb/2025:13:30:47 +0800] "GET /Apache%20Software%20Foundation/emphoto/250005.jpg HTTP/1.1" 404 243
192.168.11.222 - - [07/Feb/2025:13:30:47 +0800] "GET /Apache%20Software%20Foundation/emphoto/X250008.jpg HTTP/1.1" 404 244 "-" "Mozilla/5.0 (Windows NT 10.0; WOW64; Trident/7.0; rv:11.0) like Gecko"
192.168.11.222 - - [07/Feb/2025:13:30:47 +0800] "GET /Apache%20Software%20Foundation/emphoto/X250008.jpg HTTP/1.1" 404 244
192.168.11.222 - - [07/Feb/2025:13:30:47 +0800] "GET /Apache%20Software%20Foundation/emphoto/X250009.jpg HTTP/1.1" 404 244 "-" "Mozilla/5.0 (Windows NT 10.0; WOW64; Trident/7.0; rv:11.0) like Gecko"
192.168.11.222 - - [07/Feb/2025:13:30:47 +0800] "GET /Apache%20Software%20Foundation/emphoto/X250009.jpg HTTP/1.1" 404 244
192.168.11.222 - - [07/Feb/2025:13:30:47 +0800] "GET /Apache%20Software%20Foundation/emphoto/X250010.jpg HTTP/1.1" 404 244 "-" "Mozilla/5.0 (Windows NT 10.0; WOW64; Trident/7.0; rv:11.0) like Gecko"
192.168.11.222 - - [07/Feb/2025:13:30:47 +0800] "GET /Apache%20Software%20Foundation/emphoto/X250010.jpg HTTP/1.1" 404 244
192.168.11.222 - - [07/Feb/2025:13:30:47 +0800] "GET /Apache%20Software%20Foundation/emphoto/X250011.jpg HTTP/1.1" 404 244 "-" "Mozilla/5.0 (Windows NT 10.0; WOW64; Trident/7.0; rv:11.0) like Gecko"
192.168.11.222 - - [07/Feb/2025:13:30:47 +0800] "GET /Apache%20Software%20Foundation/emphoto/X250011.jpg HTTP/1.1" 404 244
192.168.11.222 - - [07/Feb/2025:13:30:47 +0800] "GET /Apache%20Software%20Foundation/emphoto/X250012.jpg HTTP/1.1" 404 244 "-" "Mozilla/5.0 (Windows NT 10.0; WOW64; Trident/7.0; rv:11.0) like Gecko"
192.168.11.222 - - [07/Feb/2025:13:30:47 +0800] "GET /Apache%20Software%20Foundation/emphoto/X250012.jpg HTTP/1.1" 404 244
192.168.11.222 - - [07/Feb/2025:13:30:47 +0800] "GET /Apache%20Software%20Foundation/emphoto/X250013.jpg HTTP/1.1" 404 244 "-" "Mozilla/5.0 (Windows NT 10.0; WOW64; Trident/7.0; rv:11.0) like Gecko"
192.168.11.222 - - [07/Feb/2025:13:30:47 +0800] "GET /Apache%20Software%20Foundation/emphoto/X250013.jpg HTTP/1.1" 404 244
192.168.11.222 - - [07/Feb/2025:13:30:47 +0800] "GET /Apache%20Software%20Foundation/emphoto/X250014.jpg HTTP/1.1" 404 244 "-" "Mozilla/5.0 (Windows NT 10.0; WOW64; Trident/7.0; rv:11.0) like Gecko"
192.168.11.222 - - [07/Feb/2025:13:30:47 +0800] "GET /Apache%20Software%20Foundation/emphoto/X250014.jpg HTTP/1.1" 404 244
192.168.11.222 - - [07/Feb/2025:13:30:47 +0800] "GET /Apache%20Software%20Foundation/emphoto/X250015.jpg HTTP/1.1" 404 244 "-" "Mozilla/5.0 (Windows NT 10.0; WOW64; Trident/7.0; rv:11.0) like Gecko"
192.168.11.222 - - [07/Feb/2025:13:30:47 +0800] "GET /Apache%20Software%20Foundation/emphoto/X250015.jpg HTTP/1.1" 404 244
192.168.11.222 - - [07/Feb/2025:13:30:49 +0800] "GET /Apache%20Software%20Foundation/emphoto/250002.jpg HTTP/1.1" 404 243
192.168.11.222 - - [07/Feb/2025:13:30:49 +0800] "GET /Apache%20Software%20Foundation/emphoto/250002.jpg HTTP/1.1" 404 243 "-" "Mozilla/5.0 (Windows NT 10.0; WOW64; Trident/7.0; rv:11.0) like Gecko"
192.168.11.222 - - [07/Feb/2025:13:30:49 +0800] "GET /Apache%20Software%20Foundation/emphoto/250001.jpg HTTP/1.1" 404 243
192.168.11.222 - - [07/Feb/2025:13:30:49 +0800] "GET /Apache%20Software%20Foundation/emphoto/250001.jpg HTTP/1.1" 404 243 "-" "Mozilla/5.0 (Windows NT 10.0; WOW64; Trident/7.0; rv:11.0) like Gecko"
192.168.11.222 - - [07/Feb/2025:13:30:49 +0800] "GET /Apache%20Software%20Foundation/emphoto/250003.jpg HTTP/1.1" 404 243
192.168.11.222 - - [07/Feb/2025:13:30:49 +0800] "GET /Apache%20Software%20Foundation/emphoto/250003.jpg HTTP/1.1" 404 243 "-" "Mozilla/5.0 (Windows NT 10.0; WOW64; Trident/7.0; rv:11.0) like Gecko"
192.168.11.222 - - [07/Feb/2025:13:30:49 +0800] "GET /Apache%20Software%20Foundation/emphoto/250004.jpg HTTP/1.1" 404 243 "-" "Mozilla/5.0 (Windows NT 10.0; WOW64; Trident/7.0; rv:11.0) like Gecko"
192.168.11.222 - - [07/Feb/2025:13:30:49 +0800] "GET /Apache%20Software%20Foundation/emphoto/250004.jpg HTTP/1.1" 404 243
192.168.11.222 - - [07/Feb/2025:13:30:49 +0800] "GET /Apache%20Software%20Foundation/emphoto/250005.jpg HTTP/1.1" 404 243 "-" "Mozilla/5.0 (Windows NT 10.0; WOW64; Trident/7.0; rv:11.0) like Gecko"
192.168.11.222 - - [07/Feb/2025:13:30:49 +0800] "GET /Apache%20Software%20Foundation/emphoto/250005.jpg HTTP/1.1" 404 243
192.168.11.222 - - [07/Feb/2025:13:30:49 +0800] "GET /Apache%20Software%20Foundation/emphoto/X250008.jpg HTTP/1.1" 404 244 "-" "Mozilla/5.0 (Windows NT 10.0; WOW64; Trident/7.0; rv:11.0) like Gecko"
192.168.11.222 - - [07/Feb/2025:13:30:49 +0800] "GET /Apache%20Software%20Foundation/emphoto/X250008.jpg HTTP/1.1" 404 244
192.168.11.222 - - [07/Feb/2025:13:30:49 +0800] "GET /Apache%20Software%20Foundation/emphoto/X250009.jpg HTTP/1.1" 404 244 "-" "Mozilla/5.0 (Windows NT 10.0; WOW64; Trident/7.0; rv:11.0) like Gecko"
192.168.11.222 - - [07/Feb/2025:13:30:49 +0800] "GET /Apache%20Software%20Foundation/emphoto/X250009.jpg HTTP/1.1" 404 244
192.168.11.222 - - [07/Feb/2025:13:30:49 +0800] "GET /Apache%20Software%20Foundation/emphoto/X250010.jpg HTTP/1.1" 404 244 "-" "Mozilla/5.0 (Windows NT 10.0; WOW64; Trident/7.0; rv:11.0) like Gecko"
192.168.11.222 - - [07/Feb/2025:13:30:49 +0800] "GET /Apache%20Software%20Foundation/emphoto/X250010.jpg HTTP/1.1" 404 244
192.168.11.222 - - [07/Feb/2025:13:30:49 +0800] "GET /Apache%20Software%20Foundation/emphoto/X250011.jpg HTTP/1.1" 404 244 "-" "Mozilla/5.0 (Windows NT 10.0; WOW64; Trident/7.0; rv:11.0) like Gecko"
192.168.11.222 - - [07/Feb/2025:13:30:49 +0800] "GET /Apache%20Software%20Foundation/emphoto/X250011.jpg HTTP/1.1" 404 244
192.168.11.222 - - [07/Feb/2025:13:30:49 +0800] "GET /Apache%20Software%20Foundation/emphoto/X250012.jpg HTTP/1.1" 404 244 "-" "Mozilla/5.0 (Windows NT 10.0; WOW64; Trident/7.0; rv:11.0) like Gecko"
192.168.11.222 - - [07/Feb/2025:13:30:49 +0800] "GET /Apache%20Software%20Foundation/emphoto/X250012.jpg HTTP/1.1" 404 244
192.168.11.222 - - [07/Feb/2025:13:30:49 +0800] "GET /Apache%20Software%20Foundation/emphoto/X250013.jpg HTTP/1.1" 404 244 "-" "Mozilla/5.0 (Windows NT 10.0; WOW64; Trident/7.0; rv:11.0) like Gecko"
192.168.11.222 - - [07/Feb/2025:13:30:49 +0800] "GET /Apache%20Software%20Foundation/emphoto/X250013.jpg HTTP/1.1" 404 244
192.168.11.222 - - [07/Feb/2025:13:30:49 +0800] "GET /Apache%20Software%20Foundation/emphoto/X250014.jpg HTTP/1.1" 404 244 "-" "Mozilla/5.0 (Windows NT 10.0; WOW64; Trident/7.0; rv:11.0) like Gecko"
192.168.11.222 - - [07/Feb/2025:13:30:49 +0800] "GET /Apache%20Software%20Foundation/emphoto/X250014.jpg HTTP/1.1" 404 244
192.168.11.222 - - [07/Feb/2025:13:30:49 +0800] "GET /Apache%20Software%20Foundation/emphoto/X250015.jpg HTTP/1.1" 404 244 "-" "Mozilla/5.0 (Windows NT 10.0; WOW64; Trident/7.0; rv:11.0) like Gecko"
