192.168.11.136 - - [14/Jan/2025:08:54:55 +0800] "GET /eHR/css/jqueryui/themes/redmond/images/ui-icons_217bc0_256x240.png HTTP/1.1" 200 4369
192.168.11.136 - - [14/Jan/2025:08:54:54 +0800] "GET /eHR/ess/redirect.php?scriptname=ESNH000 HTTP/1.1" 200 9932 "http://192.168.1.83:8088/eHR/ess/redirect.php" "Mozilla/5.0 (Windows NT 10.0; Win64; x64; rv:134.0) Gecko/20100101 Firefox/134.0"
192.168.11.136 - - [14/Jan/2025:08:54:54 +0800] "GET /eHR/ess/redirect.php?scriptname=ESNH000 HTTP/1.1" 200 9932
192.168.11.136 - - [14/Jan/2025:08:54:56 +0800] "GET /eHR/js/functions.js HTTP/1.1" 304 - "http://192.168.1.83:8088/eHR/ess/redirect.php?scriptname=ESNH000" "Mozilla/5.0 (Windows NT 10.0; Win64; x64; rv:134.0) Gecko/20100101 Firefox/134.0"
192.168.11.136 - - [14/Jan/2025:08:54:56 +0800] "GET /eHR/js/functions.js HTTP/1.1" 304 -
192.168.11.136 - - [14/Jan/2025:08:54:56 +0800] "GET /eHR/css/jqueryui/themes/redmond/images/ui-icons_f9bd01_256x240.png HTTP/1.1" 200 4369 "http://192.168.1.83:8088/eHR/css/jqueryui/themes/redmond/jquery.ui.theme.css" "Mozilla/5.0 (Windows NT 10.0; Win64; x64; rv:134.0) Gecko/20100101 Firefox/134.0"
192.168.11.136 - - [14/Jan/2025:08:54:56 +0800] "GET /eHR/css/jqueryui/themes/redmond/images/ui-icons_f9bd01_256x240.png HTTP/1.1" 200 4369
192.168.11.136 - - [14/Jan/2025:08:54:58 +0800] "GET /eHR/img/layout/resizable-w.gif HTTP/1.1" 200 368 "http://192.168.1.83:8088/eHR/css/layout/layout.min.css" "Mozilla/5.0 (Windows NT 10.0; Win64; x64; rv:134.0) Gecko/20100101 Firefox/134.0"
192.168.11.136 - - [14/Jan/2025:08:54:58 +0800] "GET /eHR/img/layout/resizable-w.gif HTTP/1.1" 200 368
192.168.11.136 - - [14/Jan/2025:08:54:58 +0800] "GET /eHR/ess/redirect.php?scriptname=ESNE001&appdesc=%E6%89%B9%E9%87%8F%E5%8A%A0%E7%8F%AD%E7%94%B3%E8%AF%B7 HTTP/1.1" 200 15271 "http://192.168.1.83:8088/eHR/ess/redirect.php" "Mozilla/5.0 (Windows NT 10.0; Win64; x64; rv:134.0) Gecko/20100101 Firefox/134.0"
192.168.11.136 - - [14/Jan/2025:08:54:58 +0800] "GET /eHR/ess/redirect.php?scriptname=ESNE001&appdesc=%E6%89%B9%E9%87%8F%E5%8A%A0%E7%8F%AD%E7%94%B3%E8%AF%B7 HTTP/1.1" 200 15271
192.168.11.136 - - [14/Jan/2025:08:54:58 +0800] "GET /eHR/css/jqueryui/themes/redmond/images/ui-bg_gloss-wave_55_5c9ccc_500x100.png HTTP/1.1" 200 3457 "http://192.168.1.83:8088/eHR/css/jqueryui/themes/redmond/jquery.ui.theme.css" "Mozilla/5.0 (Windows NT 10.0; Win64; x64; rv:134.0) Gecko/20100101 Firefox/134.0"
192.168.11.136 - - [14/Jan/2025:08:54:58 +0800] "GET /eHR/css/jqueryui/themes/redmond/images/ui-bg_gloss-wave_55_5c9ccc_500x100.png HTTP/1.1" 200 3457
192.168.11.136 - - [14/Jan/2025:08:54:58 +0800] "GET /eHR/img/date.png HTTP/1.1" 200 626 "http://192.168.1.83:8088/eHR/ess/redirect.php?scriptname=ESNE001&appdesc=%E6%89%B9%E9%87%8F%E5%8A%A0%E7%8F%AD%E7%94%B3%E8%AF%B7" "Mozilla/5.0 (Windows NT 10.0; Win64; x64; rv:134.0) Gecko/20100101 Firefox/134.0"
192.168.11.136 - - [14/Jan/2025:08:54:58 +0800] "GET /eHR/img/date.png HTTP/1.1" 200 626
192.168.11.136 - - [14/Jan/2025:08:55:00 +0800] "GET /eHR/css/jqueryui/themes/redmond/images/ui-icons_d8e7f3_256x240.png HTTP/1.1" 200 4369 "http://192.168.1.83:8088/eHR/css/jqueryui/themes/redmond/jquery.ui.theme.css" "Mozilla/5.0 (Windows NT 10.0; Win64; x64; rv:134.0) Gecko/20100101 Firefox/134.0"
192.168.11.136 - - [14/Jan/2025:08:55:00 +0800] "GET /eHR/css/jqueryui/themes/redmond/images/ui-icons_d8e7f3_256x240.png HTTP/1.1" 200 4369
192.168.11.136 - - [14/Jan/2025:08:55:00 +0800] "GET /eHR/css/jqueryui/themes/redmond/images/ui-bg_flat_55_fbec88_40x100.png HTTP/1.1" 200 182 "http://192.168.1.83:8088/eHR/css/jqueryui/themes/redmond/jquery.ui.theme.css" "Mozilla/5.0 (Windows NT 10.0; Win64; x64; rv:134.0) Gecko/20100101 Firefox/134.0"
192.168.11.136 - - [14/Jan/2025:08:55:00 +0800] "GET /eHR/css/jqueryui/themes/redmond/images/ui-bg_flat_55_fbec88_40x100.png HTTP/1.1" 200 182
192.168.11.80 - - [14/Jan/2025:08:55:04 +0800] "GET /eHR/ess/redirect.php?scriptname=emp_lov&openW=Y&rand=0.30116536208904354 HTTP/1.1" 200 8468 "http://192.168.1.83:8088/eHR/ess/redirect.php?scriptname=ESNE001&appdesc=%E6%89%B9%E9%87%8F%E5%8A%A0%E7%8F%AD%E7%94%B3%E8%AF%B7" "Mozilla/5.0 (Windows NT 6.2; Win64; x64) AppleWebKit/537.36 (KHTML, like Gecko) Chrome/105.0.0.0 Safari/537.36"
192.168.11.80 - - [14/Jan/2025:08:55:04 +0800] "GET /eHR/ess/redirect.php?scriptname=emp_lov&openW=Y&rand=0.30116536208904354 HTTP/1.1" 200 8468
192.168.11.80 - - [14/Jan/2025:08:55:06 +0800] "POST /eHR/ess/redirect.php?scriptname=emp_lov&openW=Y&rand=0.30116536208904354 HTTP/1.1" 200 15208 "http://192.168.1.83:8088/eHR/ess/redirect.php?scriptname=emp_lov&openW=Y&rand=0.30116536208904354" "Mozilla/5.0 (Windows NT 6.2; Win64; x64) AppleWebKit/537.36 (KHTML, like Gecko) Chrome/105.0.0.0 Safari/537.36"
192.168.11.80 - - [14/Jan/2025:08:55:06 +0800] "POST /eHR/ess/redirect.php?scriptname=emp_lov&openW=Y&rand=0.30116536208904354 HTTP/1.1" 200 15208
192.168.11.136 - - [14/Jan/2025:08:55:13 +0800] "GET /eHR/ess/redirect.php?scriptname=emp_lov&openW=Y&rand=0.2711635727521383 HTTP/1.1" 200 8900 "http://192.168.1.83:8088/eHR/ess/redirect.php?scriptname=ESNE001&appdesc=%E6%89%B9%E9%87%8F%E5%8A%A0%E7%8F%AD%E7%94%B3%E8%AF%B7" "Mozilla/5.0 (Windows NT 10.0; Win64; x64; rv:134.0) Gecko/20100101 Firefox/134.0"
192.168.11.136 - - [14/Jan/2025:08:55:13 +0800] "GET /eHR/ess/redirect.php?scriptname=emp_lov&openW=Y&rand=0.2711635727521383 HTTP/1.1" 200 8900
192.168.11.136 - - [14/Jan/2025:08:55:20 +0800] "POST /eHR/ess/redirect.php?scriptname=emp_lov&openW=Y&rand=0.2711635727521383 HTTP/1.1" 200 25483 "http://192.168.1.83:8088/eHR/ess/redirect.php?scriptname=emp_lov&openW=Y&rand=0.2711635727521383" "Mozilla/5.0 (Windows NT 10.0; Win64; x64; rv:134.0) Gecko/20100101 Firefox/134.0"
192.168.11.136 - - [14/Jan/2025:08:55:20 +0800] "POST /eHR/ess/redirect.php?scriptname=emp_lov&openW=Y&rand=0.2711635727521383 HTTP/1.1" 200 25483
192.168.11.80 - - [14/Jan/2025:08:55:24 +0800] "POST /eHR/ess/redirect.php?scriptname=ESNE001&appdesc=%E6%89%B9%E9%87%8F%E5%8A%A0%E7%8F%AD%E7%94%B3%E8%AF%B7 HTTP/1.1" 200 4287 "http://192.168.1.83:8088/eHR/ess/redirect.php?scriptname=ESNE001&appdesc=%E6%89%B9%E9%87%8F%E5%8A%A0%E7%8F%AD%E7%94%B3%E8%AF%B7" "Mozilla/5.0 (Windows NT 6.2; Win64; x64) AppleWebKit/537.36 (KHTML, like Gecko) Chrome/105.0.0.0 Safari/537.36"
192.168.11.80 - - [14/Jan/2025:08:55:24 +0800] "POST /eHR/ess/redirect.php?scriptname=ESNE001&appdesc=%E6%89%B9%E9%87%8F%E5%8A%A0%E7%8F%AD%E7%94%B3%E8%AF%B7 HTTP/1.1" 200 4287
192.168.11.80 - - [14/Jan/2025:08:55:29 +0800] "GET /eHR/ess/redirect.php?scriptname=ESNE001&appdesc=%E6%89%B9%E9%87%8F%E5%8A%A0%E7%8F%AD%E7%94%B3%E8%AF%B7 HTTP/1.1" 200 15271 "http://192.168.1.83:8088/eHR/ess/redirect.php" "Mozilla/5.0 (Windows NT 6.2; Win64; x64) AppleWebKit/537.36 (KHTML, like Gecko) Chrome/105.0.0.0 Safari/537.36"
192.168.11.80 - - [14/Jan/2025:08:55:29 +0800] "GET /eHR/ess/redirect.php?scriptname=ESNE001&appdesc=%E6%89%B9%E9%87%8F%E5%8A%A0%E7%8F%AD%E7%94%B3%E8%AF%B7 HTTP/1.1" 200 15271
192.168.11.136 - - [14/Jan/2025:08:55:39 +0800] "POST /eHR/ess/redirect.php?scriptname=ESNE001&appdesc=%E6%89%B9%E9%87%8F%E5%8A%A0%E7%8F%AD%E7%94%B3%E8%AF%B7 HTTP/1.1" 200 4066 "http://192.168.1.83:8088/eHR/ess/redirect.php?scriptname=ESNE001&appdesc=%E6%89%B9%E9%87%8F%E5%8A%A0%E7%8F%AD%E7%94%B3%E8%AF%B7" "Mozilla/5.0 (Windows NT 10.0; Win64; x64; rv:134.0) Gecko/20100101 Firefox/134.0"
192.168.11.136 - - [14/Jan/2025:08:55:39 +0800] "POST /eHR/ess/redirect.php?scriptname=ESNE001&appdesc=%E6%89%B9%E9%87%8F%E5%8A%A0%E7%8F%AD%E7%94%B3%E8%AF%B7 HTTP/1.1" 200 4066
192.168.11.136 - - [14/Jan/2025:08:55:40 +0800] "GET /eHR/css/jqueryui/themes/redmond/images/ui-icons_2e83ff_256x240.png HTTP/1.1" 200 4369 "http://192.168.1.83:8088/eHR/css/jqueryui/themes/redmond/jquery.ui.theme.css" "Mozilla/5.0 (Windows NT 10.0; Win64; x64; rv:134.0) Gecko/20100101 Firefox/134.0"
192.168.11.136 - - [14/Jan/2025:08:55:40 +0800] "GET /eHR/css/jqueryui/themes/redmond/images/ui-icons_2e83ff_256x240.png HTTP/1.1" 200 4369
192.168.11.136 - - [14/Jan/2025:08:55:40 +0800] "GET /eHR/img/Y.png HTTP/1.1" 200 1084 "http://192.168.1.83:8088/eHR/ess/redirect.php?scriptname=ESNE001&appdesc=%E6%89%B9%E9%87%8F%E5%8A%A0%E7%8F%AD%E7%94%B3%E8%AF%B7" "Mozilla/5.0 (Windows NT 10.0; Win64; x64; rv:134.0) Gecko/20100101 Firefox/134.0"
192.168.11.136 - - [14/Jan/2025:08:55:40 +0800] "GET /eHR/img/Y.png HTTP/1.1" 200 1084
192.168.11.136 - - [14/Jan/2025:08:55:41 +0800] "GET /eHR/ess/redirect.php?scriptname=ESNE001&appdesc=%E6%89%B9%E9%87%8F%E5%8A%A0%E7%8F%AD%E7%94%B3%E8%AF%B7 HTTP/1.1" 200 15271 "http://192.168.1.83:8088/eHR/ess/redirect.php" "Mozilla/5.0 (Windows NT 10.0; Win64; x64; rv:134.0) Gecko/20100101 Firefox/134.0"
192.168.11.136 - - [14/Jan/2025:08:55:41 +0800] "GET /eHR/ess/redirect.php?scriptname=ESNE001&appdesc=%E6%89%B9%E9%87%8F%E5%8A%A0%E7%8F%AD%E7%94%B3%E8%AF%B7 HTTP/1.1" 200 15271
192.168.11.136 - - [14/Jan/2025:08:55:42 +0800] "GET /eHR/ess/redirect.php?scriptname=ESNE001&appdesc=%E6%89%B9%E9%87%8F%E5%8A%A0%E7%8F%AD%E7%94%B3%E8%AF%B7 HTTP/1.1" 200 15271 "http://192.168.1.83:8088/eHR/ess/redirect.php" "Mozilla/5.0 (Windows NT 10.0; Win64; x64; rv:134.0) Gecko/20100101 Firefox/134.0"
192.168.11.136 - - [14/Jan/2025:08:55:42 +0800] "GET /eHR/ess/redirect.php?scriptname=ESNE001&appdesc=%E6%89%B9%E9%87%8F%E5%8A%A0%E7%8F%AD%E7%94%B3%E8%AF%B7 HTTP/1.1" 200 15271
192.168.11.80 - - [14/Jan/2025:08:55:55 +0800] "GET /eHR/ess/redirect.php?scriptname=emp_lov&openW=Y&rand=0.7370278666214054 HTTP/1.1" 200 8468 "http://192.168.1.83:8088/eHR/ess/redirect.php?scriptname=ESNE001&appdesc=%E6%89%B9%E9%87%8F%E5%8A%A0%E7%8F%AD%E7%94%B3%E8%AF%B7" "Mozilla/5.0 (Windows NT 6.2; Win64; x64) AppleWebKit/537.36 (KHTML, like Gecko) Chrome/105.0.0.0 Safari/537.36"
192.168.11.80 - - [14/Jan/2025:08:55:55 +0800] "GET /eHR/ess/redirect.php?scriptname=emp_lov&openW=Y&rand=0.7370278666214054 HTTP/1.1" 200 8468
192.168.11.136 - - [14/Jan/2025:08:55:58 +0800] "GET /eHR/ess/redirect.php?scriptname=emp_lov&openW=Y&rand=0.08618438577715126 HTTP/1.1" 200 8900 "http://192.168.1.83:8088/eHR/ess/redirect.php?scriptname=ESNE001&appdesc=%E6%89%B9%E9%87%8F%E5%8A%A0%E7%8F%AD%E7%94%B3%E8%AF%B7" "Mozilla/5.0 (Windows NT 10.0; Win64; x64; rv:134.0) Gecko/20100101 Firefox/134.0"
192.168.11.136 - - [14/Jan/2025:08:55:58 +0800] "GET /eHR/ess/redirect.php?scriptname=emp_lov&openW=Y&rand=0.08618438577715126 HTTP/1.1" 200 8900
192.168.11.80 - - [14/Jan/2025:08:55:57 +0800] "POST /eHR/ess/redirect.php?scriptname=emp_lov&openW=Y&rand=0.7370278666214054 HTTP/1.1" 200 15208 "http://192.168.1.83:8088/eHR/ess/redirect.php?scriptname=emp_lov&openW=Y&rand=0.7370278666214054" "Mozilla/5.0 (Windows NT 6.2; Win64; x64) AppleWebKit/537.36 (KHTML, like Gecko) Chrome/105.0.0.0 Safari/537.36"
192.168.11.80 - - [14/Jan/2025:08:55:57 +0800] "POST /eHR/ess/redirect.php?scriptname=emp_lov&openW=Y&rand=0.7370278666214054 HTTP/1.1" 200 15208
192.168.11.80 - - [14/Jan/2025:08:56:09 +0800] "POST /eHR/ess/redirect.php?scriptname=ESNE001&appdesc=%E6%89%B9%E9%87%8F%E5%8A%A0%E7%8F%AD%E7%94%B3%E8%AF%B7 HTTP/1.1" 200 4287 "http://192.168.1.83:8088/eHR/ess/redirect.php?scriptname=ESNE001&appdesc=%E6%89%B9%E9%87%8F%E5%8A%A0%E7%8F%AD%E7%94%B3%E8%AF%B7" "Mozilla/5.0 (Windows NT 6.2; Win64; x64) AppleWebKit/537.36 (KHTML, like Gecko) Chrome/105.0.0.0 Safari/537.36"
192.168.11.80 - - [14/Jan/2025:08:56:09 +0800] "POST /eHR/ess/redirect.php?scriptname=ESNE001&appdesc=%E6%89%B9%E9%87%8F%E5%8A%A0%E7%8F%AD%E7%94%B3%E8%AF%B7 HTTP/1.1" 200 4287
192.168.11.80 - - [14/Jan/2025:08:56:12 +0800] "GET /eHR/ess/redirect.php?scriptname=ESNE001&appdesc=%E6%89%B9%E9%87%8F%E5%8A%A0%E7%8F%AD%E7%94%B3%E8%AF%B7 HTTP/1.1" 200 15271 "http://192.168.1.83:8088/eHR/ess/redirect.php" "Mozilla/5.0 (Windows NT 6.2; Win64; x64) AppleWebKit/537.36 (KHTML, like Gecko) Chrome/105.0.0.0 Safari/537.36"
192.168.11.80 - - [14/Jan/2025:08:56:12 +0800] "GET /eHR/ess/redirect.php?scriptname=ESNE001&appdesc=%E6%89%B9%E9%87%8F%E5%8A%A0%E7%8F%AD%E7%94%B3%E8%AF%B7 HTTP/1.1" 200 15271
192.168.11.136 - - [14/Jan/2025:08:56:09 +0800] "POST /eHR/ess/redirect.php?scriptname=emp_lov&openW=Y&rand=0.08618438577715126 HTTP/1.1" 200 25483 "http://192.168.1.83:8088/eHR/ess/redirect.php?scriptname=emp_lov&openW=Y&rand=0.08618438577715126" "Mozilla/5.0 (Windows NT 10.0; Win64; x64; rv:134.0) Gecko/20100101 Firefox/134.0"
192.168.11.136 - - [14/Jan/2025:08:56:09 +0800] "POST /eHR/ess/redirect.php?scriptname=emp_lov&openW=Y&rand=0.08618438577715126 HTTP/1.1" 200 25483
192.168.11.80 - - [14/Jan/2025:08:56:37 +0800] "GET /eHR/ess/redirect.php?scriptname=emp_lov&openW=Y&rand=0.15111485360084376 HTTP/1.1" 200 8468 "http://192.168.1.83:8088/eHR/ess/redirect.php?scriptname=ESNE001&appdesc=%E6%89%B9%E9%87%8F%E5%8A%A0%E7%8F%AD%E7%94%B3%E8%AF%B7" "Mozilla/5.0 (Windows NT 6.2; Win64; x64) AppleWebKit/537.36 (KHTML, like Gecko) Chrome/105.0.0.0 Safari/537.36"
192.168.11.80 - - [14/Jan/2025:08:56:37 +0800] "GET /eHR/ess/redirect.php?scriptname=emp_lov&openW=Y&rand=0.15111485360084376 HTTP/1.1" 200 8468
192.168.11.80 - - [14/Jan/2025:08:56:39 +0800] "POST /eHR/ess/redirect.php?scriptname=emp_lov&openW=Y&rand=0.15111485360084376 HTTP/1.1" 200 15208 "http://192.168.1.83:8088/eHR/ess/redirect.php?scriptname=emp_lov&openW=Y&rand=0.15111485360084376" "Mozilla/5.0 (Windows NT 6.2; Win64; x64) AppleWebKit/537.36 (KHTML, like Gecko) Chrome/105.0.0.0 Safari/537.36"
192.168.11.80 - - [14/Jan/2025:08:56:39 +0800] "POST /eHR/ess/redirect.php?scriptname=emp_lov&openW=Y&rand=0.15111485360084376 HTTP/1.1" 200 15208
192.168.11.136 - - [14/Jan/2025:08:56:46 +0800] "POST /eHR/ess/redirect.php?scriptname=ESNE001&appdesc=%E6%89%B9%E9%87%8F%E5%8A%A0%E7%8F%AD%E7%94%B3%E8%AF%B7 HTTP/1.1" 302 - "http://192.168.1.83:8088/eHR/ess/redirect.php?scriptname=ESNE001&appdesc=%E6%89%B9%E9%87%8F%E5%8A%A0%E7%8F%AD%E7%94%B3%E8%AF%B7" "Mozilla/5.0 (Windows NT 10.0; Win64; x64; rv:134.0) Gecko/20100101 Firefox/134.0"
192.168.11.136 - - [14/Jan/2025:08:56:46 +0800] "POST /eHR/ess/redirect.php?scriptname=ESNE001&appdesc=%E6%89%B9%E9%87%8F%E5%8A%A0%E7%8F%AD%E7%94%B3%E8%AF%B7 HTTP/1.1" 302 -
192.168.11.136 - - [14/Jan/2025:08:56:47 +0800] "GET /eHR/ess/redirect.php?scriptname=page_success&msgtxt=%E6%82%A8%E7%9A%84%E5%8A%A0%E7%8F%AD%E7%94%B3%E8%AB%8B%E5%B7%B2%E6%88%90%E5%8A%9F%E6%8F%90%E4%BA%A4%E5%BE%8C%E5%8F%B0%E8%99%95%E7%90%86.%3Cbr%3E%E6%82%A8%E5%8F%AF%E4%BB%A5%E5%9C%A8%3Ca+href%3D%22..%2Fess%2Fredirect.php%3Fscriptname%3DESNE023%26requestno%3D126915%22%3E%E9%80%99%E8%A3%A1%3C%2Fa%3E%E6%9F%A5%E7%9C%8B%E7%94%B3%E8%AB%8B%E8%99%95%E7%90%86%E7%B5%90%E6%9E%9C.%3Cbr%3E%E6%89%B9%E6%AC%A1%E8%99%9F%E7%82%BA%3A126915&target=iframe HTTP/1.1" 200 3251 "http://192.168.1.83:8088/eHR/ess/redirect.php?scriptname=ESNE001&appdesc=%E6%89%B9%E9%87%8F%E5%8A%A0%E7%8F%AD%E7%94%B3%E8%AF%B7" "Mozilla/5.0 (Windows NT 10.0; Win64; x64; rv:134.0) Gecko/20100101 Firefox/134.0"
192.168.11.136 - - [14/Jan/2025:08:56:47 +0800] "GET /eHR/ess/redirect.php?scriptname=page_success&msgtxt=%E6%82%A8%E7%9A%84%E5%8A%A0%E7%8F%AD%E7%94%B3%E8%AB%8B%E5%B7%B2%E6%88%90%E5%8A%9F%E6%8F%90%E4%BA%A4%E5%BE%8C%E5%8F%B0%E8%99%95%E7%90%86.%3Cbr%3E%E6%82%A8%E5%8F%AF%E4%BB%A5%E5%9C%A8%3Ca+href%3D%22..%2Fess%2Fredirect.php%3Fscriptname%3DESNE023%26requestno%3D126915%22%3E%E9%80%99%E8%A3%A1%3C%2Fa%3E%E6%9F%A5%E7%9C%8B%E7%94%B3%E8%AB%8B%E8%99%95%E7%90%86%E7%B5%90%E6%9E%9C.%3Cbr%3E%E6%89%B9%E6%AC%A1%E8%99%9F%E7%82%BA%3A126915&target=iframe HTTP/1.1" 200 3251
192.168.11.136 - - [14/Jan/2025:08:56:47 +0800] "GET /eHR/img/success.png HTTP/1.1" 200 1084
192.168.11.136 - - [14/Jan/2025:08:56:47 +0800] "GET /eHR/img/success.png HTTP/1.1" 200 1084 "http://192.168.1.83:8088/eHR/ess/redirect.php?scriptname=page_success&msgtxt=%E6%82%A8%E7%9A%84%E5%8A%A0%E7%8F%AD%E7%94%B3%E8%AB%8B%E5%B7%B2%E6%88%90%E5%8A%9F%E6%8F%90%E4%BA%A4%E5%BE%8C%E5%8F%B0%E8%99%95%E7%90%86.%3Cbr%3E%E6%82%A8%E5%8F%AF%E4%BB%A5%E5%9C%A8%3Ca+href%3D%22..%2Fess%2Fredirect.php%3Fscriptname%3DESNE023%26requestno%3D126915%22%3E%E9%80%99%E8%A3%A1%3C%2Fa%3E%E6%9F%A5%E7%9C%8B%E7%94%B3%E8%AB%8B%E8%99%95%E7%90%86%E7%B5%90%E6%9E%9C.%3Cbr%3E%E6%89%B9%E6%AC%A1%E8%99%9F%E7%82%BA%3A126915&target=iframe" "Mozilla/5.0 (Windows NT 10.0; Win64; x64; rv:134.0) Gecko/20100101 Firefox/134.0"
192.168.11.80 - - [14/Jan/2025:08:56:55 +0800] "POST /eHR/ess/redirect.php?scriptname=ESNE001&appdesc=%E6%89%B9%E9%87%8F%E5%8A%A0%E7%8F%AD%E7%94%B3%E8%AF%B7 HTTP/1.1" 200 4287 "http://192.168.1.83:8088/eHR/ess/redirect.php?scriptname=ESNE001&appdesc=%E6%89%B9%E9%87%8F%E5%8A%A0%E7%8F%AD%E7%94%B3%E8%AF%B7" "Mozilla/5.0 (Windows NT 6.2; Win64; x64) AppleWebKit/537.36 (KHTML, like Gecko) Chrome/105.0.0.0 Safari/537.36"
192.168.11.80 - - [14/Jan/2025:08:56:55 +0800] "POST /eHR/ess/redirect.php?scriptname=ESNE001&appdesc=%E6%89%B9%E9%87%8F%E5%8A%A0%E7%8F%AD%E7%94%B3%E8%AF%B7 HTTP/1.1" 200 4287
192.168.11.80 - - [14/Jan/2025:08:56:59 +0800] "GET /eHR/ess/redirect.php?scriptname=ESNE001&appdesc=%E6%89%B9%E9%87%8F%E5%8A%A0%E7%8F%AD%E7%94%B3%E8%AF%B7 HTTP/1.1" 200 15271 "http://192.168.1.83:8088/eHR/ess/redirect.php" "Mozilla/5.0 (Windows NT 6.2; Win64; x64) AppleWebKit/537.36 (KHTML, like Gecko) Chrome/105.0.0.0 Safari/537.36"
192.168.11.80 - - [14/Jan/2025:08:56:59 +0800] "GET /eHR/ess/redirect.php?scriptname=ESNE001&appdesc=%E6%89%B9%E9%87%8F%E5%8A%A0%E7%8F%AD%E7%94%B3%E8%AF%B7 HTTP/1.1" 200 15271
192.168.11.136 - - [14/Jan/2025:08:57:09 +0800] "GET /eHR/ess/redirect.php?scriptname=ESNE002&appdesc=%E6%89%B9%E9%87%8F%E8%AF%B7%E5%81%87%E7%94%B3%E8%AF%B7 HTTP/1.1" 200 22066 "http://192.168.1.83:8088/eHR/ess/redirect.php" "Mozilla/5.0 (Windows NT 10.0; Win64; x64; rv:134.0) Gecko/20100101 Firefox/134.0"
192.168.11.136 - - [14/Jan/2025:08:57:09 +0800] "GET /eHR/ess/redirect.php?scriptname=ESNE002&appdesc=%E6%89%B9%E9%87%8F%E8%AF%B7%E5%81%87%E7%94%B3%E8%AF%B7 HTTP/1.1" 200 22066
192.168.11.136 - - [14/Jan/2025:08:57:10 +0800] "GET /eHR/img/icon-time.gif HTTP/1.1" 200 242 "http://192.168.1.83:8088/eHR/ess/redirect.php?scriptname=ESNE002&appdesc=%E6%89%B9%E9%87%8F%E8%AF%B7%E5%81%87%E7%94%B3%E8%AF%B7" "Mozilla/5.0 (Windows NT 10.0; Win64; x64; rv:134.0) Gecko/20100101 Firefox/134.0"
192.168.11.136 - - [14/Jan/2025:08:57:10 +0800] "GET /eHR/img/icon-time.gif HTTP/1.1" 200 242
192.168.11.136 - - [14/Jan/2025:08:57:22 +0800] "GET /eHR/ess/redirect.php?scriptname=ESNE003&appdesc=%E6%89%B9%E9%87%8F%E5%8A%A0%E7%8F%AD%E6%9F%A5%E8%AF%A2 HTTP/1.1" 200 7833 "http://192.168.1.83:8088/eHR/ess/redirect.php" "Mozilla/5.0 (Windows NT 10.0; Win64; x64; rv:134.0) Gecko/20100101 Firefox/134.0"
192.168.11.136 - - [14/Jan/2025:08:57:22 +0800] "GET /eHR/ess/redirect.php?scriptname=ESNE003&appdesc=%E6%89%B9%E9%87%8F%E5%8A%A0%E7%8F%AD%E6%9F%A5%E8%AF%A2 HTTP/1.1" 200 7833
192.168.11.80 - - [14/Jan/2025:08:57:23 +0800] "GET /eHR/ess/redirect.php?scriptname=emp_lov&openW=Y&rand=0.7517364240712103 HTTP/1.1" 200 8468 "http://192.168.1.83:8088/eHR/ess/redirect.php?scriptname=ESNE001&appdesc=%E6%89%B9%E9%87%8F%E5%8A%A0%E7%8F%AD%E7%94%B3%E8%AF%B7" "Mozilla/5.0 (Windows NT 6.2; Win64; x64) AppleWebKit/537.36 (KHTML, like Gecko) Chrome/105.0.0.0 Safari/537.36"
192.168.11.80 - - [14/Jan/2025:08:57:23 +0800] "GET /eHR/ess/redirect.php?scriptname=emp_lov&openW=Y&rand=0.7517364240712103 HTTP/1.1" 200 8468
192.168.11.80 - - [14/Jan/2025:08:57:24 +0800] "POST /eHR/ess/redirect.php?scriptname=emp_lov&openW=Y&rand=0.7517364240712103 HTTP/1.1" 200 15208 "http://192.168.1.83:8088/eHR/ess/redirect.php?scriptname=emp_lov&openW=Y&rand=0.7517364240712103" "Mozilla/5.0 (Windows NT 6.2; Win64; x64) AppleWebKit/537.36 (KHTML, like Gecko) Chrome/105.0.0.0 Safari/537.36"
192.168.11.80 - - [14/Jan/2025:08:57:24 +0800] "POST /eHR/ess/redirect.php?scriptname=emp_lov&openW=Y&rand=0.7517364240712103 HTTP/1.1" 200 15208
192.168.11.136 - - [14/Jan/2025:08:57:29 +0800] "POST /eHR/ess/redirect.php?scriptname=ESNE003&appdesc=%E6%89%B9%E9%87%8F%E5%8A%A0%E7%8F%AD%E6%9F%A5%E8%AF%A2 HTTP/1.1" 200 22375 "http://192.168.1.83:8088/eHR/ess/redirect.php?scriptname=ESNE003&appdesc=%E6%89%B9%E9%87%8F%E5%8A%A0%E7%8F%AD%E6%9F%A5%E8%AF%A2" "Mozilla/5.0 (Windows NT 10.0; Win64; x64; rv:134.0) Gecko/20100101 Firefox/134.0"
192.168.11.136 - - [14/Jan/2025:08:57:29 +0800] "POST /eHR/ess/redirect.php?scriptname=ESNE003&appdesc=%E6%89%B9%E9%87%8F%E5%8A%A0%E7%8F%AD%E6%9F%A5%E8%AF%A2 HTTP/1.1" 200 22375
192.168.11.136 - - [14/Jan/2025:08:57:31 +0800] "GET /eHR/img/pe.png HTTP/1.1" 200 1268 "http://192.168.1.83:8088/eHR/ess/redirect.php?scriptname=ESNE003&appdesc=%E6%89%B9%E9%87%8F%E5%8A%A0%E7%8F%AD%E6%9F%A5%E8%AF%A2" "Mozilla/5.0 (Windows NT 10.0; Win64; x64; rv:134.0) Gecko/20100101 Firefox/134.0"
192.168.11.136 - - [14/Jan/2025:08:57:31 +0800] "GET /eHR/img/pe.png HTTP/1.1" 200 1268
192.168.11.136 - - [14/Jan/2025:08:57:31 +0800] "GET /eHR/img/cancel.png HTTP/1.1" 200 1230 "http://192.168.1.83:8088/eHR/ess/redirect.php?scriptname=ESNE003&appdesc=%E6%89%B9%E9%87%8F%E5%8A%A0%E7%8F%AD%E6%9F%A5%E8%AF%A2" "Mozilla/5.0 (Windows NT 10.0; Win64; x64; rv:134.0) Gecko/20100101 Firefox/134.0"
192.168.11.136 - - [14/Jan/2025:08:57:31 +0800] "GET /eHR/img/cancel.png HTTP/1.1" 200 1230
192.168.11.134 - - [14/Jan/2025:08:57:37 +0800] "POST /eHR/ess/includes/login.php HTTP/1.1" 302 - "http://192.168.1.83:8088/eHR/ess/" "Mozilla/5.0 (Windows NT 10.0; Win64; x64) AppleWebKit/537.36 (KHTML, like Gecko) Chrome/105.0.0.0 Safari/537.36"
192.168.11.134 - - [14/Jan/2025:08:57:37 +0800] "POST /eHR/ess/includes/login.php HTTP/1.1" 302 -
192.168.11.134 - - [14/Jan/2025:08:57:42 +0800] "GET /eHR/ess/redirect.php HTTP/1.1" 200 8926 "http://192.168.1.83:8088/eHR/ess/" "Mozilla/5.0 (Windows NT 10.0; Win64; x64) AppleWebKit/537.36 (KHTML, like Gecko) Chrome/105.0.0.0 Safari/537.36"
192.168.11.134 - - [14/Jan/2025:08:57:42 +0800] "GET /eHR/ess/redirect.php HTTP/1.1" 200 8926
192.168.11.134 - - [14/Jan/2025:08:57:42 +0800] "GET /eHR/ess/redirect.php?scriptname=ESNH000 HTTP/1.1" 200 9932 "http://192.168.1.83:8088/eHR/ess/redirect.php" "Mozilla/5.0 (Windows NT 10.0; Win64; x64) AppleWebKit/537.36 (KHTML, like Gecko) Chrome/105.0.0.0 Safari/537.36"
192.168.11.134 - - [14/Jan/2025:08:57:42 +0800] "GET /eHR/ess/redirect.php?scriptname=ESNH000 HTTP/1.1" 200 9932
192.168.11.80 - - [14/Jan/2025:08:57:44 +0800] "POST /eHR/ess/redirect.php?scriptname=ESNE001&appdesc=%E6%89%B9%E9%87%8F%E5%8A%A0%E7%8F%AD%E7%94%B3%E8%AF%B7 HTTP/1.1" 200 4287 "http://192.168.1.83:8088/eHR/ess/redirect.php?scriptname=ESNE001&appdesc=%E6%89%B9%E9%87%8F%E5%8A%A0%E7%8F%AD%E7%94%B3%E8%AF%B7" "Mozilla/5.0 (Windows NT 6.2; Win64; x64) AppleWebKit/537.36 (KHTML, like Gecko) Chrome/105.0.0.0 Safari/537.36"
192.168.11.80 - - [14/Jan/2025:08:57:44 +0800] "POST /eHR/ess/redirect.php?scriptname=ESNE001&appdesc=%E6%89%B9%E9%87%8F%E5%8A%A0%E7%8F%AD%E7%94%B3%E8%AF%B7 HTTP/1.1" 200 4287
192.168.11.80 - - [14/Jan/2025:08:57:48 +0800] "GET /eHR/ess/redirect.php?scriptname=ESNE001&appdesc=%E6%89%B9%E9%87%8F%E5%8A%A0%E7%8F%AD%E7%94%B3%E8%AF%B7 HTTP/1.1" 200 15271 "http://192.168.1.83:8088/eHR/ess/redirect.php" "Mozilla/5.0 (Windows NT 6.2; Win64; x64) AppleWebKit/537.36 (KHTML, like Gecko) Chrome/105.0.0.0 Safari/537.36"
192.168.11.80 - - [14/Jan/2025:08:57:48 +0800] "GET /eHR/ess/redirect.php?scriptname=ESNE001&appdesc=%E6%89%B9%E9%87%8F%E5%8A%A0%E7%8F%AD%E7%94%B3%E8%AF%B7 HTTP/1.1" 200 15271
192.168.11.134 - - [14/Jan/2025:08:57:53 +0800] "GET /eHR/ess/redirect.php?scriptname=ESNE001&appdesc=%E6%89%B9%E9%87%8F%E5%8A%A0%E7%8F%AD%E7%94%B3%E8%AF%B7 HTTP/1.1" 200 15271 "http://192.168.1.83:8088/eHR/ess/redirect.php" "Mozilla/5.0 (Windows NT 10.0; Win64; x64) AppleWebKit/537.36 (KHTML, like Gecko) Chrome/105.0.0.0 Safari/537.36"
192.168.11.134 - - [14/Jan/2025:08:57:53 +0800] "GET /eHR/ess/redirect.php?scriptname=ESNE001&appdesc=%E6%89%B9%E9%87%8F%E5%8A%A0%E7%8F%AD%E7%94%B3%E8%AF%B7 HTTP/1.1" 200 15271
192.168.11.80 - - [14/Jan/2025:08:58:14 +0800] "GET /eHR/ess/redirect.php?scriptname=emp_lov&openW=Y&rand=0.9684058044560417 HTTP/1.1" 200 8468 "http://192.168.1.83:8088/eHR/ess/redirect.php?scriptname=ESNE001&appdesc=%E6%89%B9%E9%87%8F%E5%8A%A0%E7%8F%AD%E7%94%B3%E8%AF%B7" "Mozilla/5.0 (Windows NT 6.2; Win64; x64) AppleWebKit/537.36 (KHTML, like Gecko) Chrome/105.0.0.0 Safari/537.36"
192.168.11.80 - - [14/Jan/2025:08:58:14 +0800] "GET /eHR/ess/redirect.php?scriptname=emp_lov&openW=Y&rand=0.9684058044560417 HTTP/1.1" 200 8468
192.168.11.80 - - [14/Jan/2025:08:58:16 +0800] "POST /eHR/ess/redirect.php?scriptname=emp_lov&openW=Y&rand=0.9684058044560417 HTTP/1.1" 200 15208 "http://192.168.1.83:8088/eHR/ess/redirect.php?scriptname=emp_lov&openW=Y&rand=0.9684058044560417" "Mozilla/5.0 (Windows NT 6.2; Win64; x64) AppleWebKit/537.36 (KHTML, like Gecko) Chrome/105.0.0.0 Safari/537.36"
192.168.11.80 - - [14/Jan/2025:08:58:16 +0800] "POST /eHR/ess/redirect.php?scriptname=emp_lov&openW=Y&rand=0.9684058044560417 HTTP/1.1" 200 15208
192.168.11.134 - - [14/Jan/2025:08:58:24 +0800] "GET /eHR/ess/redirect.php?scriptname=emp_lov&openW=Y&rand=0.385984165030983 HTTP/1.1" 200 8988 "http://192.168.1.83:8088/eHR/ess/redirect.php?scriptname=ESNE001&appdesc=%E6%89%B9%E9%87%8F%E5%8A%A0%E7%8F%AD%E7%94%B3%E8%AF%B7" "Mozilla/5.0 (Windows NT 10.0; Win64; x64) AppleWebKit/537.36 (KHTML, like Gecko) Chrome/105.0.0.0 Safari/537.36"
192.168.11.134 - - [14/Jan/2025:08:58:24 +0800] "GET /eHR/ess/redirect.php?scriptname=emp_lov&openW=Y&rand=0.385984165030983 HTTP/1.1" 200 8988
192.168.11.134 - - [14/Jan/2025:08:58:25 +0800] "POST /eHR/ess/redirect.php?scriptname=emp_lov&openW=Y&rand=0.385984165030983 HTTP/1.1" 200 28139 "http://192.168.1.83:8088/eHR/ess/redirect.php?scriptname=emp_lov&openW=Y&rand=0.385984165030983" "Mozilla/5.0 (Windows NT 10.0; Win64; x64) AppleWebKit/537.36 (KHTML, like Gecko) Chrome/105.0.0.0 Safari/537.36"
192.168.11.134 - - [14/Jan/2025:08:58:25 +0800] "POST /eHR/ess/redirect.php?scriptname=emp_lov&openW=Y&rand=0.385984165030983 HTTP/1.1" 200 28139
192.168.11.80 - - [14/Jan/2025:08:58:35 +0800] "POST /eHR/ess/redirect.php?scriptname=ESNE001&appdesc=%E6%89%B9%E9%87%8F%E5%8A%A0%E7%8F%AD%E7%94%B3%E8%AF%B7 HTTP/1.1" 200 4074 "http://192.168.1.83:8088/eHR/ess/redirect.php?scriptname=ESNE001&appdesc=%E6%89%B9%E9%87%8F%E5%8A%A0%E7%8F%AD%E7%94%B3%E8%AF%B7" "Mozilla/5.0 (Windows NT 6.2; Win64; x64) AppleWebKit/537.36 (KHTML, like Gecko) Chrome/105.0.0.0 Safari/537.36"
192.168.11.80 - - [14/Jan/2025:08:58:35 +0800] "POST /eHR/ess/redirect.php?scriptname=ESNE001&appdesc=%E6%89%B9%E9%87%8F%E5%8A%A0%E7%8F%AD%E7%94%B3%E8%AF%B7 HTTP/1.1" 200 4074
192.168.11.80 - - [14/Jan/2025:08:58:40 +0800] "GET /eHR/ess/redirect.php?scriptname=ESNE001&appdesc=%E6%89%B9%E9%87%8F%E5%8A%A0%E7%8F%AD%E7%94%B3%E8%AF%B7 HTTP/1.1" 200 15271 "http://192.168.1.83:8088/eHR/ess/redirect.php" "Mozilla/5.0 (Windows NT 6.2; Win64; x64) AppleWebKit/537.36 (KHTML, like Gecko) Chrome/105.0.0.0 Safari/537.36"
192.168.11.80 - - [14/Jan/2025:08:58:40 +0800] "GET /eHR/ess/redirect.php?scriptname=ESNE001&appdesc=%E6%89%B9%E9%87%8F%E5%8A%A0%E7%8F%AD%E7%94%B3%E8%AF%B7 HTTP/1.1" 200 15271
192.168.11.134 - - [14/Jan/2025:08:59:03 +0800] "POST /eHR/ess/redirect.php?scriptname=ESNE001&appdesc=%E6%89%B9%E9%87%8F%E5%8A%A0%E7%8F%AD%E7%94%B3%E8%AF%B7 HTTP/1.1" 200 4071 "http://192.168.1.83:8088/eHR/ess/redirect.php?scriptname=ESNE001&appdesc=%E6%89%B9%E9%87%8F%E5%8A%A0%E7%8F%AD%E7%94%B3%E8%AF%B7" "Mozilla/5.0 (Windows NT 10.0; Win64; x64) AppleWebKit/537.36 (KHTML, like Gecko) Chrome/105.0.0.0 Safari/537.36"
192.168.11.134 - - [14/Jan/2025:08:59:03 +0800] "POST /eHR/ess/redirect.php?scriptname=ESNE001&appdesc=%E6%89%B9%E9%87%8F%E5%8A%A0%E7%8F%AD%E7%94%B3%E8%AF%B7 HTTP/1.1" 200 4071
192.168.11.134 - - [14/Jan/2025:08:59:09 +0800] "GET /eHR/ess/redirect.php?scriptname=ESNE001&appdesc=%E6%89%B9%E9%87%8F%E5%8A%A0%E7%8F%AD%E7%94%B3%E8%AF%B7 HTTP/1.1" 200 15271 "http://192.168.1.83:8088/eHR/ess/redirect.php" "Mozilla/5.0 (Windows NT 10.0; Win64; x64) AppleWebKit/537.36 (KHTML, like Gecko) Chrome/105.0.0.0 Safari/537.36"
192.168.11.134 - - [14/Jan/2025:08:59:09 +0800] "GET /eHR/ess/redirect.php?scriptname=ESNE001&appdesc=%E6%89%B9%E9%87%8F%E5%8A%A0%E7%8F%AD%E7%94%B3%E8%AF%B7 HTTP/1.1" 200 15271
192.168.11.134 - - [14/Jan/2025:08:59:23 +0800] "GET /eHR/ess/redirect.php?scriptname=emp_lov&openW=Y&rand=0.41470627339424926 HTTP/1.1" 200 8988 "http://192.168.1.83:8088/eHR/ess/redirect.php?scriptname=ESNE001&appdesc=%E6%89%B9%E9%87%8F%E5%8A%A0%E7%8F%AD%E7%94%B3%E8%AF%B7" "Mozilla/5.0 (Windows NT 10.0; Win64; x64) AppleWebKit/537.36 (KHTML, like Gecko) Chrome/105.0.0.0 Safari/537.36"
192.168.11.134 - - [14/Jan/2025:08:59:23 +0800] "GET /eHR/ess/redirect.php?scriptname=emp_lov&openW=Y&rand=0.41470627339424926 HTTP/1.1" 200 8988
192.168.11.134 - - [14/Jan/2025:08:59:25 +0800] "POST /eHR/ess/redirect.php?scriptname=emp_lov&openW=Y&rand=0.41470627339424926 HTTP/1.1" 200 28139 "http://192.168.1.83:8088/eHR/ess/redirect.php?scriptname=emp_lov&openW=Y&rand=0.41470627339424926" "Mozilla/5.0 (Windows NT 10.0; Win64; x64) AppleWebKit/537.36 (KHTML, like Gecko) Chrome/105.0.0.0 Safari/537.36"
192.168.11.134 - - [14/Jan/2025:08:59:25 +0800] "POST /eHR/ess/redirect.php?scriptname=emp_lov&openW=Y&rand=0.41470627339424926 HTTP/1.1" 200 28139
192.168.11.134 - - [14/Jan/2025:08:59:45 +0800] "POST /eHR/ess/redirect.php?scriptname=ESNE001&appdesc=%E6%89%B9%E9%87%8F%E5%8A%A0%E7%8F%AD%E7%94%B3%E8%AF%B7 HTTP/1.1" 200 4698 "http://192.168.1.83:8088/eHR/ess/redirect.php?scriptname=ESNE001&appdesc=%E6%89%B9%E9%87%8F%E5%8A%A0%E7%8F%AD%E7%94%B3%E8%AF%B7" "Mozilla/5.0 (Windows NT 10.0; Win64; x64) AppleWebKit/537.36 (KHTML, like Gecko) Chrome/105.0.0.0 Safari/537.36"
192.168.11.134 - - [14/Jan/2025:08:59:45 +0800] "POST /eHR/ess/redirect.php?scriptname=ESNE001&appdesc=%E6%89%B9%E9%87%8F%E5%8A%A0%E7%8F%AD%E7%94%B3%E8%AF%B7 HTTP/1.1" 200 4698
192.168.11.134 - - [14/Jan/2025:08:59:51 +0800] "GET /eHR/ess/redirect.php?scriptname=ESNE001&appdesc=%E6%89%B9%E9%87%8F%E5%8A%A0%E7%8F%AD%E7%94%B3%E8%AF%B7 HTTP/1.1" 200 15271 "http://192.168.1.83:8088/eHR/ess/redirect.php" "Mozilla/5.0 (Windows NT 10.0; Win64; x64) AppleWebKit/537.36 (KHTML, like Gecko) Chrome/105.0.0.0 Safari/537.36"
192.168.11.134 - - [14/Jan/2025:08:59:51 +0800] "GET /eHR/ess/redirect.php?scriptname=ESNE001&appdesc=%E6%89%B9%E9%87%8F%E5%8A%A0%E7%8F%AD%E7%94%B3%E8%AF%B7 HTTP/1.1" 200 15271
192.168.11.134 - - [14/Jan/2025:09:00:08 +0800] "GET /eHR/ess/redirect.php?scriptname=emp_lov&openW=Y&rand=0.1521032410695069 HTTP/1.1" 200 8988 "http://192.168.1.83:8088/eHR/ess/redirect.php?scriptname=ESNE001&appdesc=%E6%89%B9%E9%87%8F%E5%8A%A0%E7%8F%AD%E7%94%B3%E8%AF%B7" "Mozilla/5.0 (Windows NT 10.0; Win64; x64) AppleWebKit/537.36 (KHTML, like Gecko) Chrome/105.0.0.0 Safari/537.36"
192.168.11.134 - - [14/Jan/2025:09:00:08 +0800] "GET /eHR/ess/redirect.php?scriptname=emp_lov&openW=Y&rand=0.1521032410695069 HTTP/1.1" 200 8988
192.168.11.134 - - [14/Jan/2025:09:00:09 +0800] "POST /eHR/ess/redirect.php?scriptname=emp_lov&openW=Y&rand=0.1521032410695069 HTTP/1.1" 200 28139 "http://192.168.1.83:8088/eHR/ess/redirect.php?scriptname=emp_lov&openW=Y&rand=0.1521032410695069" "Mozilla/5.0 (Windows NT 10.0; Win64; x64) AppleWebKit/537.36 (KHTML, like Gecko) Chrome/105.0.0.0 Safari/537.36"
192.168.11.134 - - [14/Jan/2025:09:00:09 +0800] "POST /eHR/ess/redirect.php?scriptname=emp_lov&openW=Y&rand=0.1521032410695069 HTTP/1.1" 200 28139
192.168.11.80 - - [14/Jan/2025:09:01:06 +0800] "GET /eHR/ess/redirect.php?scriptname=ESNE002&appdesc=%E6%89%B9%E9%87%8F%E8%AF%B7%E5%81%87%E7%94%B3%E8%AF%B7 HTTP/1.1" 200 22066 "http://192.168.1.83:8088/eHR/ess/redirect.php" "Mozilla/5.0 (Windows NT 6.2; Win64; x64) AppleWebKit/537.36 (KHTML, like Gecko) Chrome/105.0.0.0 Safari/537.36"
192.168.11.80 - - [14/Jan/2025:09:01:06 +0800] "GET /eHR/ess/redirect.php?scriptname=ESNE002&appdesc=%E6%89%B9%E9%87%8F%E8%AF%B7%E5%81%87%E7%94%B3%E8%AF%B7 HTTP/1.1" 200 22066
192.168.11.134 - - [14/Jan/2025:09:01:06 +0800] "POST /eHR/ess/redirect.php?scriptname=ESNE001&appdesc=%E6%89%B9%E9%87%8F%E5%8A%A0%E7%8F%AD%E7%94%B3%E8%AF%B7 HTTP/1.1" 200 5117 "http://192.168.1.83:8088/eHR/ess/redirect.php?scriptname=ESNE001&appdesc=%E6%89%B9%E9%87%8F%E5%8A%A0%E7%8F%AD%E7%94%B3%E8%AF%B7" "Mozilla/5.0 (Windows NT 10.0; Win64; x64) AppleWebKit/537.36 (KHTML, like Gecko) Chrome/105.0.0.0 Safari/537.36"
192.168.11.134 - - [14/Jan/2025:09:01:06 +0800] "POST /eHR/ess/redirect.php?scriptname=ESNE001&appdesc=%E6%89%B9%E9%87%8F%E5%8A%A0%E7%8F%AD%E7%94%B3%E8%AF%B7 HTTP/1.1" 200 5117
192.168.11.134 - - [14/Jan/2025:09:01:18 +0800] "GET /eHR/ess/redirect.php?scriptname=ESNE003&appdesc=%E6%89%B9%E9%87%8F%E5%8A%A0%E7%8F%AD%E6%9F%A5%E8%AF%A2 HTTP/1.1" 200 7921 "http://192.168.1.83:8088/eHR/ess/redirect.php" "Mozilla/5.0 (Windows NT 10.0; Win64; x64) AppleWebKit/537.36 (KHTML, like Gecko) Chrome/105.0.0.0 Safari/537.36"
192.168.11.134 - - [14/Jan/2025:09:01:18 +0800] "GET /eHR/ess/redirect.php?scriptname=ESNE003&appdesc=%E6%89%B9%E9%87%8F%E5%8A%A0%E7%8F%AD%E6%9F%A5%E8%AF%A2 HTTP/1.1" 200 7921
192.168.11.134 - - [14/Jan/2025:09:01:23 +0800] "POST /eHR/ess/redirect.php?scriptname=ESNE003&appdesc=%E6%89%B9%E9%87%8F%E5%8A%A0%E7%8F%AD%E6%9F%A5%E8%AF%A2 HTTP/1.1" 200 20428 "http://192.168.1.83:8088/eHR/ess/redirect.php?scriptname=ESNE003&appdesc=%E6%89%B9%E9%87%8F%E5%8A%A0%E7%8F%AD%E6%9F%A5%E8%AF%A2" "Mozilla/5.0 (Windows NT 10.0; Win64; x64) AppleWebKit/537.36 (KHTML, like Gecko) Chrome/105.0.0.0 Safari/537.36"
192.168.11.134 - - [14/Jan/2025:09:01:23 +0800] "POST /eHR/ess/redirect.php?scriptname=ESNE003&appdesc=%E6%89%B9%E9%87%8F%E5%8A%A0%E7%8F%AD%E6%9F%A5%E8%AF%A2 HTTP/1.1" 200 20428
192.168.11.80 - - [14/Jan/2025:09:02:48 +0800] "GET /eHR/ess/redirect.php?scriptname=emp_lov&openW=Y&rand=0.21736758608181694 HTTP/1.1" 200 8468 "http://192.168.1.83:8088/eHR/ess/redirect.php?scriptname=ESNE002&appdesc=%E6%89%B9%E9%87%8F%E8%AF%B7%E5%81%87%E7%94%B3%E8%AF%B7" "Mozilla/5.0 (Windows NT 6.2; Win64; x64) AppleWebKit/537.36 (KHTML, like Gecko) Chrome/105.0.0.0 Safari/537.36"
192.168.11.80 - - [14/Jan/2025:09:02:48 +0800] "GET /eHR/ess/redirect.php?scriptname=emp_lov&openW=Y&rand=0.21736758608181694 HTTP/1.1" 200 8468
192.168.11.80 - - [14/Jan/2025:09:02:51 +0800] "POST /eHR/ess/redirect.php?scriptname=emp_lov&openW=Y&rand=0.21736758608181694 HTTP/1.1" 200 15208 "http://192.168.1.83:8088/eHR/ess/redirect.php?scriptname=emp_lov&openW=Y&rand=0.21736758608181694" "Mozilla/5.0 (Windows NT 6.2; Win64; x64) AppleWebKit/537.36 (KHTML, like Gecko) Chrome/105.0.0.0 Safari/537.36"
192.168.11.80 - - [14/Jan/2025:09:02:51 +0800] "POST /eHR/ess/redirect.php?scriptname=emp_lov&openW=Y&rand=0.21736758608181694 HTTP/1.1" 200 15208
192.168.11.80 - - [14/Jan/2025:09:03:14 +0800] "POST /eHR/ess/redirect.php?scriptname=ESNE002&appdesc=%E6%89%B9%E9%87%8F%E8%AF%B7%E5%81%87%E7%94%B3%E8%AF%B7 HTTP/1.1" 200 4204 "http://192.168.1.83:8088/eHR/ess/redirect.php?scriptname=ESNE002&appdesc=%E6%89%B9%E9%87%8F%E8%AF%B7%E5%81%87%E7%94%B3%E8%AF%B7" "Mozilla/5.0 (Windows NT 6.2; Win64; x64) AppleWebKit/537.36 (KHTML, like Gecko) Chrome/105.0.0.0 Safari/537.36"
192.168.11.80 - - [14/Jan/2025:09:03:14 +0800] "POST /eHR/ess/redirect.php?scriptname=ESNE002&appdesc=%E6%89%B9%E9%87%8F%E8%AF%B7%E5%81%87%E7%94%B3%E8%AF%B7 HTTP/1.1" 200 4204
192.168.11.80 - - [14/Jan/2025:09:03:18 +0800] "GET /eHR/ess/redirect.php?scriptname=ESNE001&appdesc=%E6%89%B9%E9%87%8F%E5%8A%A0%E7%8F%AD%E7%94%B3%E8%AF%B7 HTTP/1.1" 200 15271 "http://192.168.1.83:8088/eHR/ess/redirect.php" "Mozilla/5.0 (Windows NT 6.2; Win64; x64) AppleWebKit/537.36 (KHTML, like Gecko) Chrome/105.0.0.0 Safari/537.36"
192.168.11.80 - - [14/Jan/2025:09:03:18 +0800] "GET /eHR/ess/redirect.php?scriptname=ESNE001&appdesc=%E6%89%B9%E9%87%8F%E5%8A%A0%E7%8F%AD%E7%94%B3%E8%AF%B7 HTTP/1.1" 200 15271
192.168.11.80 - - [14/Jan/2025:09:03:23 +0800] "GET /eHR/ess/redirect.php?scriptname=ESNE002&appdesc=%E6%89%B9%E9%87%8F%E8%AF%B7%E5%81%87%E7%94%B3%E8%AF%B7 HTTP/1.1" 200 22066 "http://192.168.1.83:8088/eHR/ess/redirect.php" "Mozilla/5.0 (Windows NT 6.2; Win64; x64) AppleWebKit/537.36 (KHTML, like Gecko) Chrome/105.0.0.0 Safari/537.36"
192.168.11.80 - - [14/Jan/2025:09:03:23 +0800] "GET /eHR/ess/redirect.php?scriptname=ESNE002&appdesc=%E6%89%B9%E9%87%8F%E8%AF%B7%E5%81%87%E7%94%B3%E8%AF%B7 HTTP/1.1" 200 22066
192.168.11.80 - - [14/Jan/2025:09:04:17 +0800] "GET /eHR/ess/redirect.php?scriptname=emp_lov&openW=Y&rand=0.5733101908502309 HTTP/1.1" 200 8468 "http://192.168.1.83:8088/eHR/ess/redirect.php?scriptname=ESNE002&appdesc=%E6%89%B9%E9%87%8F%E8%AF%B7%E5%81%87%E7%94%B3%E8%AF%B7" "Mozilla/5.0 (Windows NT 6.2; Win64; x64) AppleWebKit/537.36 (KHTML, like Gecko) Chrome/105.0.0.0 Safari/537.36"
192.168.11.80 - - [14/Jan/2025:09:04:17 +0800] "GET /eHR/ess/redirect.php?scriptname=emp_lov&openW=Y&rand=0.5733101908502309 HTTP/1.1" 200 8468
192.168.11.80 - - [14/Jan/2025:09:04:19 +0800] "POST /eHR/ess/redirect.php?scriptname=emp_lov&openW=Y&rand=0.5733101908502309 HTTP/1.1" 200 15208 "http://192.168.1.83:8088/eHR/ess/redirect.php?scriptname=emp_lov&openW=Y&rand=0.5733101908502309" "Mozilla/5.0 (Windows NT 6.2; Win64; x64) AppleWebKit/537.36 (KHTML, like Gecko) Chrome/105.0.0.0 Safari/537.36"
192.168.11.80 - - [14/Jan/2025:09:04:19 +0800] "POST /eHR/ess/redirect.php?scriptname=emp_lov&openW=Y&rand=0.5733101908502309 HTTP/1.1" 200 15208
192.168.11.80 - - [14/Jan/2025:09:04:22 +0800] "POST /eHR/ess/redirect.php?scriptname=emp_lov&openW=Y&rand=0.5733101908502309 HTTP/1.1" 200 15208 "http://192.168.1.83:8088/eHR/ess/redirect.php?scriptname=emp_lov&openW=Y&rand=0.5733101908502309" "Mozilla/5.0 (Windows NT 6.2; Win64; x64) AppleWebKit/537.36 (KHTML, like Gecko) Chrome/105.0.0.0 Safari/537.36"
192.168.11.80 - - [14/Jan/2025:09:04:22 +0800] "POST /eHR/ess/redirect.php?scriptname=emp_lov&openW=Y&rand=0.5733101908502309 HTTP/1.1" 200 15208
192.168.11.80 - - [14/Jan/2025:09:04:47 +0800] "POST /eHR/ess/redirect.php?scriptname=ESNE002&appdesc=%E6%89%B9%E9%87%8F%E8%AF%B7%E5%81%87%E7%94%B3%E8%AF%B7 HTTP/1.1" 200 4218 "http://192.168.1.83:8088/eHR/ess/redirect.php?scriptname=ESNE002&appdesc=%E6%89%B9%E9%87%8F%E8%AF%B7%E5%81%87%E7%94%B3%E8%AF%B7" "Mozilla/5.0 (Windows NT 6.2; Win64; x64) AppleWebKit/537.36 (KHTML, like Gecko) Chrome/105.0.0.0 Safari/537.36"
192.168.11.80 - - [14/Jan/2025:09:04:47 +0800] "POST /eHR/ess/redirect.php?scriptname=ESNE002&appdesc=%E6%89%B9%E9%87%8F%E8%AF%B7%E5%81%87%E7%94%B3%E8%AF%B7 HTTP/1.1" 200 4218
192.168.11.80 - - [14/Jan/2025:09:05:09 +0800] "GET /eHR/ess/redirect.php?scriptname=ESNE002&appdesc=%E6%89%B9%E9%87%8F%E8%AF%B7%E5%81%87%E7%94%B3%E8%AF%B7 HTTP/1.1" 200 22066 "http://192.168.1.83:8088/eHR/ess/redirect.php" "Mozilla/5.0 (Windows NT 6.2; Win64; x64) AppleWebKit/537.36 (KHTML, like Gecko) Chrome/105.0.0.0 Safari/537.36"
192.168.11.80 - - [14/Jan/2025:09:05:09 +0800] "GET /eHR/ess/redirect.php?scriptname=ESNE002&appdesc=%E6%89%B9%E9%87%8F%E8%AF%B7%E5%81%87%E7%94%B3%E8%AF%B7 HTTP/1.1" 200 22066
192.168.11.80 - - [14/Jan/2025:09:05:55 +0800] "GET /eHR/ess/redirect.php?scriptname=emp_lov&openW=Y&rand=0.369452263299193 HTTP/1.1" 200 8468 "http://192.168.1.83:8088/eHR/ess/redirect.php?scriptname=ESNE002&appdesc=%E6%89%B9%E9%87%8F%E8%AF%B7%E5%81%87%E7%94%B3%E8%AF%B7" "Mozilla/5.0 (Windows NT 6.2; Win64; x64) AppleWebKit/537.36 (KHTML, like Gecko) Chrome/105.0.0.0 Safari/537.36"
192.168.11.80 - - [14/Jan/2025:09:05:55 +0800] "GET /eHR/ess/redirect.php?scriptname=emp_lov&openW=Y&rand=0.369452263299193 HTTP/1.1" 200 8468
192.168.11.80 - - [14/Jan/2025:09:05:57 +0800] "POST /eHR/ess/redirect.php?scriptname=emp_lov&openW=Y&rand=0.369452263299193 HTTP/1.1" 200 15208 "http://192.168.1.83:8088/eHR/ess/redirect.php?scriptname=emp_lov&openW=Y&rand=0.369452263299193" "Mozilla/5.0 (Windows NT 6.2; Win64; x64) AppleWebKit/537.36 (KHTML, like Gecko) Chrome/105.0.0.0 Safari/537.36"
192.168.11.80 - - [14/Jan/2025:09:05:57 +0800] "POST /eHR/ess/redirect.php?scriptname=emp_lov&openW=Y&rand=0.369452263299193 HTTP/1.1" 200 15208
192.168.11.80 - - [14/Jan/2025:09:06:10 +0800] "POST /eHR/ess/redirect.php?scriptname=ESNE002&appdesc=%E6%89%B9%E9%87%8F%E8%AF%B7%E5%81%87%E7%94%B3%E8%AF%B7 HTTP/1.1" 200 4218 "http://192.168.1.83:8088/eHR/ess/redirect.php?scriptname=ESNE002&appdesc=%E6%89%B9%E9%87%8F%E8%AF%B7%E5%81%87%E7%94%B3%E8%AF%B7" "Mozilla/5.0 (Windows NT 6.2; Win64; x64) AppleWebKit/537.36 (KHTML, like Gecko) Chrome/105.0.0.0 Safari/537.36"
192.168.11.80 - - [14/Jan/2025:09:06:10 +0800] "POST /eHR/ess/redirect.php?scriptname=ESNE002&appdesc=%E6%89%B9%E9%87%8F%E8%AF%B7%E5%81%87%E7%94%B3%E8%AF%B7 HTTP/1.1" 200 4218
192.168.11.205 - - [14/Jan/2025:09:09:57 +0800] "GET /eHR/ess/index.php?action=logout HTTP/1.1" 200 8826 "-" "Mozilla/5.0 (Windows NT 10.0; Win64; x64; rv:134.0) Gecko/20100101 Firefox/134.0"
192.168.11.205 - - [14/Jan/2025:09:09:57 +0800] "GET /eHR/ess/index.php?action=logout HTTP/1.1" 200 8826
192.168.11.205 - - [14/Jan/2025:09:09:57 +0800] "GET /eHR/img/logo.gif HTTP/1.1" 200 3837 "http://192.168.1.83:8088/eHR/ess/index.php?action=logout" "Mozilla/5.0 (Windows NT 10.0; Win64; x64; rv:134.0) Gecko/20100101 Firefox/134.0"
192.168.11.205 - - [14/Jan/2025:09:09:57 +0800] "GET /eHR/img/logo.gif HTTP/1.1" 200 3837
192.168.11.205 - - [14/Jan/2025:09:09:57 +0800] "GET /eHR/css/jqueryui/themes/redmond/jquery.ui.base.css HTTP/1.1" 200 427 "http://192.168.1.83:8088/eHR/css/jqueryui/themes/redmond/jquery.ui.all.css" "Mozilla/5.0 (Windows NT 10.0; Win64; x64; rv:134.0) Gecko/20100101 Firefox/134.0"
192.168.11.205 - - [14/Jan/2025:09:09:57 +0800] "GET /eHR/css/jqueryui/themes/redmond/jquery.ui.base.css HTTP/1.1" 200 427
192.168.11.205 - - [14/Jan/2025:09:09:57 +0800] "GET /eHR/img/index_banner_2.jpg HTTP/1.1" 200 45216 "http://192.168.1.83:8088/eHR/ess/index.php?action=logout" "Mozilla/5.0 (Windows NT 10.0; Win64; x64; rv:134.0) Gecko/20100101 Firefox/134.0"
192.168.11.205 - - [14/Jan/2025:09:09:57 +0800] "GET /eHR/img/index_banner_2.jpg HTTP/1.1" 200 45216
192.168.11.205 - - [14/Jan/2025:09:09:57 +0800] "GET /eHR/img/loginbg.gif HTTP/1.1" 200 7026 "http://192.168.1.83:8088/eHR/ess/index.php?action=logout" "Mozilla/5.0 (Windows NT 10.0; Win64; x64; rv:134.0) Gecko/20100101 Firefox/134.0"
192.168.11.205 - - [14/Jan/2025:09:09:57 +0800] "GET /eHR/img/loginbg.gif HTTP/1.1" 200 7026
192.168.11.205 - - [14/Jan/2025:09:09:57 +0800] "GET /eHR/img/img1.jpg HTTP/1.1" 200 33358 "http://192.168.1.83:8088/eHR/ess/index.php?action=logout" "Mozilla/5.0 (Windows NT 10.0; Win64; x64; rv:134.0) Gecko/20100101 Firefox/134.0"
192.168.11.205 - - [14/Jan/2025:09:09:57 +0800] "GET /eHR/img/img1.jpg HTTP/1.1" 200 33358
192.168.11.205 - - [14/Jan/2025:09:09:57 +0800] "GET /eHR/css/jqueryui/themes/redmond/images/ui-bg_glass_85_dfeffc_1x400.png HTTP/1.1" 200 123 "http://192.168.1.83:8088/eHR/css/jqueryui/themes/redmond/jquery.ui.theme.css" "Mozilla/5.0 (Windows NT 10.0; Win64; x64; rv:134.0) Gecko/20100101 Firefox/134.0"
192.168.11.205 - - [14/Jan/2025:09:09:57 +0800] "GET /eHR/css/jqueryui/themes/redmond/images/ui-bg_glass_85_dfeffc_1x400.png HTTP/1.1" 200 123
192.168.11.205 - - [14/Jan/2025:09:09:58 +0800] "GET /eHR/css/jqueryui/themes/redmond/images/ui-bg_glass_75_d0e5f5_1x400.png HTTP/1.1" 200 124 "http://192.168.1.83:8088/eHR/css/jqueryui/themes/redmond/jquery.ui.theme.css" "Mozilla/5.0 (Windows NT 10.0; Win64; x64; rv:134.0) Gecko/20100101 Firefox/134.0"
192.168.11.205 - - [14/Jan/2025:09:09:58 +0800] "GET /eHR/css/jqueryui/themes/redmond/images/ui-bg_glass_75_d0e5f5_1x400.png HTTP/1.1" 200 124
192.168.11.205 - - [14/Jan/2025:09:09:58 +0800] "GET /eHR/css/jqueryui/themes/redmond/images/ui-bg_inset-hard_100_f5f8f9_1x100.png HTTP/1.1" 200 104 "http://192.168.1.83:8088/eHR/css/jqueryui/themes/redmond/jquery.ui.theme.css" "Mozilla/5.0 (Windows NT 10.0; Win64; x64; rv:134.0) Gecko/20100101 Firefox/134.0"
192.168.11.205 - - [14/Jan/2025:09:09:58 +0800] "GET /eHR/css/jqueryui/themes/redmond/images/ui-bg_inset-hard_100_f5f8f9_1x100.png HTTP/1.1" 200 104
192.168.11.205 - - [14/Jan/2025:09:09:59 +0800] "POST /eHR/ess/includes/login.php HTTP/1.1" 302 - "http://192.168.1.83:8088/eHR/ess/index.php?action=logout" "Mozilla/5.0 (Windows NT 10.0; Win64; x64; rv:134.0) Gecko/20100101 Firefox/134.0"
192.168.11.205 - - [14/Jan/2025:09:09:59 +0800] "POST /eHR/ess/includes/login.php HTTP/1.1" 302 -
192.168.11.205 - - [14/Jan/2025:09:10:04 +0800] "GET /eHR/ess/redirect.php HTTP/1.1" 200 8929 "http://192.168.1.83:8088/eHR/ess/index.php?action=logout" "Mozilla/5.0 (Windows NT 10.0; Win64; x64; rv:134.0) Gecko/20100101 Firefox/134.0"
192.168.11.205 - - [14/Jan/2025:09:10:04 +0800] "GET /eHR/ess/redirect.php HTTP/1.1" 200 8929
192.168.11.205 - - [14/Jan/2025:09:10:04 +0800] "GET /eHR/img/icon_obj.png HTTP/1.1" 200 3270 "http://192.168.1.83:8088/eHR/ess/redirect.php" "Mozilla/5.0 (Windows NT 10.0; Win64; x64; rv:134.0) Gecko/20100101 Firefox/134.0"
192.168.11.205 - - [14/Jan/2025:09:10:04 +0800] "GET /eHR/img/icon_obj.png HTTP/1.1" 200 3270
192.168.11.205 - - [14/Jan/2025:09:10:04 +0800] "GET /eHR/img/icon_jd.png HTTP/1.1" 200 3186 "http://192.168.1.83:8088/eHR/ess/redirect.php" "Mozilla/5.0 (Windows NT 10.0; Win64; x64; rv:134.0) Gecko/20100101 Firefox/134.0"
192.168.11.205 - - [14/Jan/2025:09:10:04 +0800] "GET /eHR/img/icon_jd.png HTTP/1.1" 200 3186
192.168.11.205 - - [14/Jan/2025:09:10:04 +0800] "GET /eHR/img/icon_exit.png HTTP/1.1" 200 3607 "http://192.168.1.83:8088/eHR/ess/redirect.php" "Mozilla/5.0 (Windows NT 10.0; Win64; x64; rv:134.0) Gecko/20100101 Firefox/134.0"
192.168.11.205 - - [14/Jan/2025:09:10:04 +0800] "GET /eHR/img/icon_exit.png HTTP/1.1" 200 3607
192.168.11.205 - - [14/Jan/2025:09:10:04 +0800] "GET /eHR/img/icon_help.png HTTP/1.1" 200 3588 "http://192.168.1.83:8088/eHR/ess/redirect.php" "Mozilla/5.0 (Windows NT 10.0; Win64; x64; rv:134.0) Gecko/20100101 Firefox/134.0"
192.168.11.205 - - [14/Jan/2025:09:10:04 +0800] "GET /eHR/img/icon_help.png HTTP/1.1" 200 3588
192.168.11.205 - - [14/Jan/2025:09:10:04 +0800] "GET /eHR/img/ess-logo.png HTTP/1.1" 200 9030 "http://192.168.1.83:8088/eHR/css/layout/layout.min.css" "Mozilla/5.0 (Windows NT 10.0; Win64; x64; rv:134.0) Gecko/20100101 Firefox/134.0"
192.168.11.205 - - [14/Jan/2025:09:10:04 +0800] "GET /eHR/img/ess-logo.png HTTP/1.1" 200 9030
192.168.11.205 - - [14/Jan/2025:09:10:04 +0800] "GET /eHR/img/human.png HTTP/1.1" 200 26107 "http://192.168.1.83:8088/eHR/css/layout/layout.min.css" "Mozilla/5.0 (Windows NT 10.0; Win64; x64; rv:134.0) Gecko/20100101 Firefox/134.0"
192.168.11.205 - - [14/Jan/2025:09:10:04 +0800] "GET /eHR/img/human.png HTTP/1.1" 200 26107
192.168.11.205 - - [14/Jan/2025:09:10:04 +0800] "GET /eHR/img/icon_about.png HTTP/1.1" 200 3493 "http://192.168.1.83:8088/eHR/ess/redirect.php" "Mozilla/5.0 (Windows NT 10.0; Win64; x64; rv:134.0) Gecko/20100101 Firefox/134.0"
192.168.11.205 - - [14/Jan/2025:09:10:04 +0800] "GET /eHR/img/icon_about.png HTTP/1.1" 200 3493
192.168.11.205 - - [14/Jan/2025:09:10:04 +0800] "GET /eHR/img/Person.png HTTP/1.1" 200 960 "http://192.168.1.83:8088/eHR/ess/redirect.php" "Mozilla/5.0 (Windows NT 10.0; Win64; x64; rv:134.0) Gecko/20100101 Firefox/134.0"
192.168.11.205 - - [14/Jan/2025:09:10:04 +0800] "GET /eHR/img/Person.png HTTP/1.1" 200 960
192.168.11.205 - - [14/Jan/2025:09:10:04 +0800] "GET /eHR/img/layout/toggle-lt.gif HTTP/1.1" 200 871 "http://192.168.1.83:8088/eHR/css/layout/layout.min.css" "Mozilla/5.0 (Windows NT 10.0; Win64; x64; rv:134.0) Gecko/20100101 Firefox/134.0"
192.168.11.205 - - [14/Jan/2025:09:10:04 +0800] "GET /eHR/img/layout/toggle-lt.gif HTTP/1.1" 200 871
192.168.11.205 - - [14/Jan/2025:09:10:04 +0800] "GET /eHR/css/jqueryui/themes/redmond/images/ui-icons_6da8d5_256x240.png HTTP/1.1" 200 4369 "http://192.168.1.83:8088/eHR/css/jqueryui/themes/redmond/jquery.ui.theme.css" "Mozilla/5.0 (Windows NT 10.0; Win64; x64; rv:134.0) Gecko/20100101 Firefox/134.0"
192.168.11.205 - - [14/Jan/2025:09:10:04 +0800] "GET /eHR/css/jqueryui/themes/redmond/images/ui-icons_6da8d5_256x240.png HTTP/1.1" 200 4369
192.168.11.205 - - [14/Jan/2025:09:10:04 +0800] "GET /eHR/css/jqueryui/themes/redmond/images/ui-bg_inset-hard_100_fcfdfd_1x100.png HTTP/1.1" 200 88 "http://192.168.1.83:8088/eHR/css/jqueryui/themes/redmond/jquery.ui.theme.css" "Mozilla/5.0 (Windows NT 10.0; Win64; x64; rv:134.0) Gecko/20100101 Firefox/134.0"
192.168.11.205 - - [14/Jan/2025:09:10:04 +0800] "GET /eHR/css/jqueryui/themes/redmond/images/ui-bg_inset-hard_100_fcfdfd_1x100.png HTTP/1.1" 200 88
192.168.11.205 - - [14/Jan/2025:09:10:05 +0800] "GET /eHR/img/layout/resizable-w.gif HTTP/1.1" 200 368 "http://192.168.1.83:8088/eHR/css/layout/layout.min.css" "Mozilla/5.0 (Windows NT 10.0; Win64; x64; rv:134.0) Gecko/20100101 Firefox/134.0"
192.168.11.205 - - [14/Jan/2025:09:10:05 +0800] "GET /eHR/img/layout/resizable-w.gif HTTP/1.1" 200 368
192.168.11.205 - - [14/Jan/2025:09:10:05 +0800] "GET /eHR/css/jqueryui/themes/redmond/images/ui-icons_217bc0_256x240.png HTTP/1.1" 200 4369 "http://192.168.1.83:8088/eHR/css/jqueryui/themes/redmond/jquery.ui.theme.css" "Mozilla/5.0 (Windows NT 10.0; Win64; x64; rv:134.0) Gecko/20100101 Firefox/134.0"
192.168.11.205 - - [14/Jan/2025:09:10:05 +0800] "GET /eHR/css/jqueryui/themes/redmond/images/ui-icons_217bc0_256x240.png HTTP/1.1" 200 4369
192.168.11.205 - - [14/Jan/2025:09:10:04 +0800] "GET /eHR/ess/redirect.php?scriptname=ESNH000 HTTP/1.1" 200 9932 "http://192.168.1.83:8088/eHR/ess/redirect.php" "Mozilla/5.0 (Windows NT 10.0; Win64; x64; rv:134.0) Gecko/20100101 Firefox/134.0"
192.168.11.205 - - [14/Jan/2025:09:10:04 +0800] "GET /eHR/ess/redirect.php?scriptname=ESNH000 HTTP/1.1" 200 9932
192.168.11.205 - - [14/Jan/2025:09:10:06 +0800] "GET /eHR/css/jqueryui/themes/redmond/images/ui-icons_f9bd01_256x240.png HTTP/1.1" 200 4369 "http://192.168.1.83:8088/eHR/css/jqueryui/themes/redmond/jquery.ui.theme.css" "Mozilla/5.0 (Windows NT 10.0; Win64; x64; rv:134.0) Gecko/20100101 Firefox/134.0"
192.168.11.205 - - [14/Jan/2025:09:10:06 +0800] "GET /eHR/css/jqueryui/themes/redmond/images/ui-icons_f9bd01_256x240.png HTTP/1.1" 200 4369
