192.168.40.71 - - [24/Dec/2024:13:42:24 +0800] "GET /eHR/ess/redirect.php?scriptname=ESNA014&appdesc=%E5%8A%A0%E7%8F%AD%E7%94%B3%E8%AF%B7 HTTP/1.1" 200 12800
192.168.40.71 - - [24/Dec/2024:13:42:25 +0800] "POST /eHR/ess/redirect.php?scriptname=ajax_overtime&do=GetOverTime HTTP/1.1" 200 28 "http://192.168.1.83:8088/eHR/ess/redirect.php?scriptname=ESNA014&appdesc=%E5%8A%A0%E7%8F%AD%E7%94%B3%E8%AF%B7" "Mozilla/5.0 (Windows NT 10.0; Win64; x64) AppleWebKit/537.36 (KHTML, like Gecko) Chrome/131.0.0.0 Safari/537.36 Edg/131.0.0.0"
192.168.40.71 - - [24/Dec/2024:13:42:25 +0800] "POST /eHR/ess/redirect.php?scriptname=ajax_overtime&do=GetOverTime HTTP/1.1" 200 28
192.168.40.71 - - [24/Dec/2024:13:42:30 +0800] "POST /eHR/ess/redirect.php?scriptname=ajax_overtime&do=GetOverTime HTTP/1.1" 200 30 "http://192.168.1.83:8088/eHR/ess/redirect.php?scriptname=ESNA014&appdesc=%E5%8A%A0%E7%8F%AD%E7%94%B3%E8%AF%B7" "Mozilla/5.0 (Windows NT 10.0; Win64; x64) AppleWebKit/537.36 (KHTML, like Gecko) Chrome/131.0.0.0 Safari/537.36 Edg/131.0.0.0"
192.168.40.71 - - [24/Dec/2024:13:42:30 +0800] "POST /eHR/ess/redirect.php?scriptname=ajax_overtime&do=GetOverTime HTTP/1.1" 200 30
192.168.11.205 - - [24/Dec/2024:13:42:36 +0800] "GET /eHR/ess/index.php?action=logout HTTP/1.1" 200 8826 "-" "Mozilla/5.0 (Windows NT 10.0; Win64; x64; rv:133.0) Gecko/20100101 Firefox/133.0"
192.168.11.205 - - [24/Dec/2024:13:42:36 +0800] "GET /eHR/ess/index.php?action=logout HTTP/1.1" 200 8826
192.168.11.205 - - [24/Dec/2024:13:42:36 +0800] "GET /eHR/css/jqueryui/themes/redmond/jquery.ui.base.css HTTP/1.1" 200 427 "http://192.168.1.83:8088/eHR/css/jqueryui/themes/redmond/jquery.ui.all.css" "Mozilla/5.0 (Windows NT 10.0; Win64; x64; rv:133.0) Gecko/20100101 Firefox/133.0"
192.168.11.205 - - [24/Dec/2024:13:42:36 +0800] "GET /eHR/css/jqueryui/themes/redmond/jquery.ui.base.css HTTP/1.1" 200 427
192.168.40.71 - - [24/Dec/2024:13:42:37 +0800] "POST /eHR/ess/redirect.php?scriptname=ajax_overtime&do=GetOverTime HTTP/1.1" 200 30 "http://192.168.1.83:8088/eHR/ess/redirect.php?scriptname=ESNA014&appdesc=%E5%8A%A0%E7%8F%AD%E7%94%B3%E8%AF%B7" "Mozilla/5.0 (Windows NT 10.0; Win64; x64) AppleWebKit/537.36 (KHTML, like Gecko) Chrome/131.0.0.0 Safari/537.36 Edg/131.0.0.0"
192.168.40.71 - - [24/Dec/2024:13:42:37 +0800] "POST /eHR/ess/redirect.php?scriptname=ajax_overtime&do=GetOverTime HTTP/1.1" 200 30
192.168.40.71 - - [24/Dec/2024:13:42:40 +0800] "POST /eHR/ess/redirect.php?scriptname=ajax_overtime&do=GetOverTime HTTP/1.1" 200 30 "http://192.168.1.83:8088/eHR/ess/redirect.php?scriptname=ESNA014&appdesc=%E5%8A%A0%E7%8F%AD%E7%94%B3%E8%AF%B7" "Mozilla/5.0 (Windows NT 10.0; Win64; x64) AppleWebKit/537.36 (KHTML, like Gecko) Chrome/131.0.0.0 Safari/537.36 Edg/131.0.0.0"
192.168.40.71 - - [24/Dec/2024:13:42:40 +0800] "POST /eHR/ess/redirect.php?scriptname=ajax_overtime&do=GetOverTime HTTP/1.1" 200 30
192.168.11.205 - - [24/Dec/2024:13:42:37 +0800] "POST /eHR/ess/includes/login.php HTTP/1.1" 302 - "http://192.168.1.83:8088/eHR/ess/index.php?action=logout" "Mozilla/5.0 (Windows NT 10.0; Win64; x64; rv:133.0) Gecko/20100101 Firefox/133.0"
192.168.11.205 - - [24/Dec/2024:13:42:37 +0800] "POST /eHR/ess/includes/login.php HTTP/1.1" 302 -
192.168.40.71 - - [24/Dec/2024:13:42:42 +0800] "POST /eHR/ess/redirect.php?scriptname=ESNA014&appdesc=%E5%8A%A0%E7%8F%AD%E7%94%B3%E8%AF%B7 HTTP/1.1" 302 - "http://192.168.1.83:8088/eHR/ess/redirect.php?scriptname=ESNA014&appdesc=%E5%8A%A0%E7%8F%AD%E7%94%B3%E8%AF%B7" "Mozilla/5.0 (Windows NT 10.0; Win64; x64) AppleWebKit/537.36 (KHTML, like Gecko) Chrome/131.0.0.0 Safari/537.36 Edg/131.0.0.0"
192.168.40.71 - - [24/Dec/2024:13:42:42 +0800] "POST /eHR/ess/redirect.php?scriptname=ESNA014&appdesc=%E5%8A%A0%E7%8F%AD%E7%94%B3%E8%AF%B7 HTTP/1.1" 302 -
192.168.40.71 - - [24/Dec/2024:13:42:43 +0800] "GET /eHR/ess/redirect.php?scriptname=page_success&msgtxt=%E5%8A%A0%E7%8F%AD%E7%94%B3%E8%AF%B7%E6%8F%90%E4%BA%A4%E6%88%90%E5%8A%9F%2C%E8%AF%B7%E7%AD%89%E5%BE%85%E4%B8%BB%E7%AE%A1%E7%AD%BE%E6%A0%B8.&target=iframe HTTP/1.1" 200 3112 "http://192.168.1.83:8088/eHR/ess/redirect.php?scriptname=ESNA014&appdesc=%E5%8A%A0%E7%8F%AD%E7%94%B3%E8%AF%B7" "Mozilla/5.0 (Windows NT 10.0; Win64; x64) AppleWebKit/537.36 (KHTML, like Gecko) Chrome/131.0.0.0 Safari/537.36 Edg/131.0.0.0"
192.168.40.71 - - [24/Dec/2024:13:42:43 +0800] "GET /eHR/ess/redirect.php?scriptname=page_success&msgtxt=%E5%8A%A0%E7%8F%AD%E7%94%B3%E8%AF%B7%E6%8F%90%E4%BA%A4%E6%88%90%E5%8A%9F%2C%E8%AF%B7%E7%AD%89%E5%BE%85%E4%B8%BB%E7%AE%A1%E7%AD%BE%E6%A0%B8.&target=iframe HTTP/1.1" 200 3112
192.168.11.205 - - [24/Dec/2024:13:42:42 +0800] "GET /eHR/ess/redirect.php HTTP/1.1" 200 9206 "http://192.168.1.83:8088/eHR/ess/index.php?action=logout" "Mozilla/5.0 (Windows NT 10.0; Win64; x64; rv:133.0) Gecko/20100101 Firefox/133.0"
192.168.11.205 - - [24/Dec/2024:13:42:42 +0800] "GET /eHR/ess/redirect.php HTTP/1.1" 200 9206
192.168.11.205 - - [24/Dec/2024:13:42:43 +0800] "GET /eHR/ess/redirect.php?scriptname=ESNH000 HTTP/1.1" 200 10377 "http://192.168.1.83:8088/eHR/ess/redirect.php" "Mozilla/5.0 (Windows NT 10.0; Win64; x64; rv:133.0) Gecko/20100101 Firefox/133.0"
192.168.11.205 - - [24/Dec/2024:13:42:43 +0800] "GET /eHR/ess/redirect.php?scriptname=ESNH000 HTTP/1.1" 200 10377
192.168.11.205 - - [24/Dec/2024:13:42:45 +0800] "GET /eHR/css/jqueryui/themes/redmond/images/ui-icons_f9bd01_256x240.png HTTP/1.1" 200 4369 "http://192.168.1.83:8088/eHR/css/jqueryui/themes/redmond/jquery.ui.theme.css" "Mozilla/5.0 (Windows NT 10.0; Win64; x64; rv:133.0) Gecko/20100101 Firefox/133.0"
192.168.11.205 - - [24/Dec/2024:13:42:45 +0800] "GET /eHR/css/jqueryui/themes/redmond/images/ui-icons_f9bd01_256x240.png HTTP/1.1" 200 4369
192.168.40.71 - - [24/Dec/2024:13:42:53 +0800] "GET /eHR/ess/redirect.php?scriptname=ESNA014&appdesc=%E5%8A%A0%E7%8F%AD%E7%94%B3%E8%AF%B7 HTTP/1.1" 200 12800 "http://192.168.1.83:8088/eHR/ess/redirect.php" "Mozilla/5.0 (Windows NT 10.0; Win64; x64) AppleWebKit/537.36 (KHTML, like Gecko) Chrome/131.0.0.0 Safari/537.36 Edg/131.0.0.0"
192.168.40.71 - - [24/Dec/2024:13:42:53 +0800] "GET /eHR/ess/redirect.php?scriptname=ESNA014&appdesc=%E5%8A%A0%E7%8F%AD%E7%94%B3%E8%AF%B7 HTTP/1.1" 200 12800
192.168.40.71 - - [24/Dec/2024:13:42:54 +0800] "POST /eHR/ess/redirect.php?scriptname=ajax_overtime&do=GetOverTime HTTP/1.1" 200 28 "http://192.168.1.83:8088/eHR/ess/redirect.php?scriptname=ESNA014&appdesc=%E5%8A%A0%E7%8F%AD%E7%94%B3%E8%AF%B7" "Mozilla/5.0 (Windows NT 10.0; Win64; x64) AppleWebKit/537.36 (KHTML, like Gecko) Chrome/131.0.0.0 Safari/537.36 Edg/131.0.0.0"
192.168.40.71 - - [24/Dec/2024:13:42:54 +0800] "POST /eHR/ess/redirect.php?scriptname=ajax_overtime&do=GetOverTime HTTP/1.1" 200 28
192.168.11.205 - - [24/Dec/2024:13:43:00 +0800] "GET /eHR/ess/redirect.php?scriptname=ESNH003&appdesc=%E8%AF%B7%E5%81%87%E7%AD%BE%E6%A0%B8 HTTP/1.1" 302 - "http://192.168.1.83:8088/eHR/ess/redirect.php" "Mozilla/5.0 (Windows NT 10.0; Win64; x64; rv:133.0) Gecko/20100101 Firefox/133.0"
192.168.11.205 - - [24/Dec/2024:13:43:00 +0800] "GET /eHR/ess/redirect.php?scriptname=ESNH003&appdesc=%E8%AF%B7%E5%81%87%E7%AD%BE%E6%A0%B8 HTTP/1.1" 302 -
192.168.11.205 - - [24/Dec/2024:13:43:01 +0800] "GET /eHR/mgr/redirect.php?scriptname=MDNH104&appdesc=%E8%AF%B7%E5%81%87%E7%AD%BE%E6%A0%B8 HTTP/1.1" 200 7257 "http://192.168.1.83:8088/eHR/ess/redirect.php" "Mozilla/5.0 (Windows NT 10.0; Win64; x64; rv:133.0) Gecko/20100101 Firefox/133.0"
192.168.11.205 - - [24/Dec/2024:13:43:01 +0800] "GET /eHR/mgr/redirect.php?scriptname=MDNH104&appdesc=%E8%AF%B7%E5%81%87%E7%AD%BE%E6%A0%B8 HTTP/1.1" 200 7257
192.168.11.205 - - [24/Dec/2024:13:43:02 +0800] "GET /eHR/css/default.css HTTP/1.1" 304 -
192.168.11.205 - - [24/Dec/2024:13:43:02 +0800] "GET /eHR/css/default.css HTTP/1.1" 304 - "http://192.168.1.83:8088/eHR/mgr/redirect.php?scriptname=MDNH104&appdesc=%E8%AF%B7%E5%81%87%E7%AD%BE%E6%A0%B8" "Mozilla/5.0 (Windows NT 10.0; Win64; x64; rv:133.0) Gecko/20100101 Firefox/133.0"
192.168.11.205 - - [24/Dec/2024:13:43:02 +0800] "GET /eHR/css/jqueryui/themes/redmond/images/ui-bg_flat_55_fbec88_40x100.png HTTP/1.1" 200 182
192.168.11.205 - - [24/Dec/2024:13:43:02 +0800] "GET /eHR/css/jqueryui/themes/redmond/images/ui-bg_flat_55_fbec88_40x100.png HTTP/1.1" 200 182 "http://192.168.1.83:8088/eHR/css/jqueryui/themes/redmond/jquery.ui.theme.css" "Mozilla/5.0 (Windows NT 10.0; Win64; x64; rv:133.0) Gecko/20100101 Firefox/133.0"
192.168.11.205 - - [24/Dec/2024:13:43:02 +0800] "GET /eHR/css/jqueryui/themes/redmond/images/ui-icons_2e83ff_256x240.png HTTP/1.1" 200 4369
192.168.11.205 - - [24/Dec/2024:13:43:02 +0800] "GET /eHR/css/jqueryui/themes/redmond/images/ui-icons_2e83ff_256x240.png HTTP/1.1" 200 4369 "http://192.168.1.83:8088/eHR/css/jqueryui/themes/redmond/jquery.ui.theme.css" "Mozilla/5.0 (Windows NT 10.0; Win64; x64; rv:133.0) Gecko/20100101 Firefox/133.0"
192.168.11.205 - - [24/Dec/2024:13:43:02 +0800] "GET /eHR/css/jqueryui/themes/redmond/images/ui-bg_gloss-wave_55_5c9ccc_500x100.png HTTP/1.1" 200 3457 "http://192.168.1.83:8088/eHR/css/jqueryui/themes/redmond/jquery.ui.theme.css" "Mozilla/5.0 (Windows NT 10.0; Win64; x64; rv:133.0) Gecko/20100101 Firefox/133.0"
192.168.11.205 - - [24/Dec/2024:13:43:02 +0800] "GET /eHR/css/jqueryui/themes/redmond/images/ui-bg_gloss-wave_55_5c9ccc_500x100.png HTTP/1.1" 200 3457
192.168.11.205 - - [24/Dec/2024:13:43:02 +0800] "GET /eHR/img/date.png HTTP/1.1" 200 626 "http://192.168.1.83:8088/eHR/css/default.css" "Mozilla/5.0 (Windows NT 10.0; Win64; x64; rv:133.0) Gecko/20100101 Firefox/133.0"
192.168.11.205 - - [24/Dec/2024:13:43:02 +0800] "GET /eHR/img/date.png HTTP/1.1" 200 626
192.168.11.205 - - [24/Dec/2024:13:43:04 +0800] "GET /eHR/ess/redirect.php?scriptname=ESNH004&appdesc=%E5%8A%A0%E7%8F%AD%E7%AD%BE%E6%A0%B8 HTTP/1.1" 302 - "http://192.168.1.83:8088/eHR/ess/redirect.php" "Mozilla/5.0 (Windows NT 10.0; Win64; x64; rv:133.0) Gecko/20100101 Firefox/133.0"
192.168.11.205 - - [24/Dec/2024:13:43:04 +0800] "GET /eHR/ess/redirect.php?scriptname=ESNH004&appdesc=%E5%8A%A0%E7%8F%AD%E7%AD%BE%E6%A0%B8 HTTP/1.1" 302 -
192.168.11.205 - - [24/Dec/2024:13:43:05 +0800] "GET /eHR/mgr/redirect.php?scriptname=MDNH105&appdesc=%E5%8A%A0%E7%8F%AD%E7%AD%BE%E6%A0%B8 HTTP/1.1" 200 65488 "http://192.168.1.83:8088/eHR/ess/redirect.php" "Mozilla/5.0 (Windows NT 10.0; Win64; x64; rv:133.0) Gecko/20100101 Firefox/133.0"
192.168.11.205 - - [24/Dec/2024:13:43:05 +0800] "GET /eHR/mgr/redirect.php?scriptname=MDNH105&appdesc=%E5%8A%A0%E7%8F%AD%E7%AD%BE%E6%A0%B8 HTTP/1.1" 200 65488
192.168.11.205 - - [24/Dec/2024:13:43:05 +0800] "GET /eHR/img/pe.png HTTP/1.1" 200 1268 "http://192.168.1.83:8088/eHR/mgr/redirect.php?scriptname=MDNH105&appdesc=%E5%8A%A0%E7%8F%AD%E7%AD%BE%E6%A0%B8" "Mozilla/5.0 (Windows NT 10.0; Win64; x64; rv:133.0) Gecko/20100101 Firefox/133.0"
192.168.11.205 - - [24/Dec/2024:13:43:05 +0800] "GET /eHR/img/pe.png HTTP/1.1" 200 1268
192.168.40.71 - - [24/Dec/2024:13:43:10 +0800] "GET /eHR/ess/redirect.php?scriptname=ESNA012&appdesc=%E8%AF%B7%E5%81%87%E7%94%B3%E8%AF%B7 HTTP/1.1" 200 20779 "http://192.168.1.83:8088/eHR/ess/redirect.php" "Mozilla/5.0 (Windows NT 10.0; Win64; x64) AppleWebKit/537.36 (KHTML, like Gecko) Chrome/131.0.0.0 Safari/537.36 Edg/131.0.0.0"
192.168.40.71 - - [24/Dec/2024:13:43:10 +0800] "GET /eHR/ess/redirect.php?scriptname=ESNA012&appdesc=%E8%AF%B7%E5%81%87%E7%94%B3%E8%AF%B7 HTTP/1.1" 200 20779
192.168.11.205 - - [24/Dec/2024:13:43:15 +0800] "POST /eHR/mgr/redirect.php?scriptname=MDNH105&appdesc=%E5%8A%A0%E7%8F%AD%E7%AD%BE%E6%A0%B8 HTTP/1.1" 302 - "http://192.168.1.83:8088/eHR/mgr/redirect.php?scriptname=MDNH105&appdesc=%E5%8A%A0%E7%8F%AD%E7%AD%BE%E6%A0%B8" "Mozilla/5.0 (Windows NT 10.0; Win64; x64; rv:133.0) Gecko/20100101 Firefox/133.0"
192.168.11.205 - - [24/Dec/2024:13:43:15 +0800] "POST /eHR/mgr/redirect.php?scriptname=MDNH105&appdesc=%E5%8A%A0%E7%8F%AD%E7%AD%BE%E6%A0%B8 HTTP/1.1" 302 -
192.168.11.205 - - [24/Dec/2024:13:43:16 +0800] "GET /eHR/mgr/redirect.php?scriptname=page_success&msgtxt=%E6%82%A8%E7%9A%84%E7%B0%BD%E6%A0%B8%EF%BC%8C%E5%B7%B2%E6%88%90%E5%8A%9F%E6%8F%90%E4%BA%A4%E5%88%B0%E5%BE%8C%E5%8F%B0%E8%99%95%E7%90%86.%3Cbr%3E%E6%82%A8%E5%8F%AF%E4%BB%A5%E7%82%B9%3Ca+href%3D%22..%2Fess%2Fredirect.php%3Fscriptname%3DESNH100%26requestno%3D126544%22%3E%E9%80%99%E8%A3%A1%3C%2Fa%3E%E6%9F%A5%E7%9C%8B%E7%B0%BD%E6%A0%B8%E7%B5%90%E6%9E%9C%E3%80%82%3Cbr%3E%E6%89%B9%E6%AC%A1%E8%99%9F%3A126544&target=iframe HTTP/1.1" 302 - "http://192.168.1.83:8088/eHR/mgr/redirect.php?scriptname=MDNH105&appdesc=%E5%8A%A0%E7%8F%AD%E7%AD%BE%E6%A0%B8" "Mozilla/5.0 (Windows NT 10.0; Win64; x64; rv:133.0) Gecko/20100101 Firefox/133.0"
192.168.11.205 - - [24/Dec/2024:13:43:16 +0800] "GET /eHR/mgr/redirect.php?scriptname=page_success&msgtxt=%E6%82%A8%E7%9A%84%E7%B0%BD%E6%A0%B8%EF%BC%8C%E5%B7%B2%E6%88%90%E5%8A%9F%E6%8F%90%E4%BA%A4%E5%88%B0%E5%BE%8C%E5%8F%B0%E8%99%95%E7%90%86.%3Cbr%3E%E6%82%A8%E5%8F%AF%E4%BB%A5%E7%82%B9%3Ca+href%3D%22..%2Fess%2Fredirect.php%3Fscriptname%3DESNH100%26requestno%3D126544%22%3E%E9%80%99%E8%A3%A1%3C%2Fa%3E%E6%9F%A5%E7%9C%8B%E7%B0%BD%E6%A0%B8%E7%B5%90%E6%9E%9C%E3%80%82%3Cbr%3E%E6%89%B9%E6%AC%A1%E8%99%9F%3A126544&target=iframe HTTP/1.1" 302 -
192.168.11.205 - - [24/Dec/2024:13:43:16 +0800] "GET /eHR/mgr/redirect.php?scriptname=page_error&msgtxt=%3Ch3%3EHTTP+404+-+Page+not+found%3C%2Fh3%3E%3Cbr%3E%3Cstrong%3EFile+Name%3A%3C%2Fstrong%3Epage_success%3Cbr%2F%3E%3Cstrong%3EApplication+Name%3C%2Fstrong%3E%3A&target=iframe HTTP/1.1" 302 - "http://192.168.1.83:8088/eHR/mgr/redirect.php?scriptname=MDNH105&appdesc=%E5%8A%A0%E7%8F%AD%E7%AD%BE%E6%A0%B8" "Mozilla/5.0 (Windows NT 10.0; Win64; x64; rv:133.0) Gecko/20100101 Firefox/133.0"
192.168.11.205 - - [24/Dec/2024:13:43:16 +0800] "GET /eHR/mgr/redirect.php?scriptname=page_error&msgtxt=%3Ch3%3EHTTP+404+-+Page+not+found%3C%2Fh3%3E%3Cbr%3E%3Cstrong%3EFile+Name%3A%3C%2Fstrong%3Epage_success%3Cbr%2F%3E%3Cstrong%3EApplication+Name%3C%2Fstrong%3E%3A&target=iframe HTTP/1.1" 302 -
192.168.11.205 - - [24/Dec/2024:13:43:16 +0800] "GET /eHR/mgr/redirect.php?scriptname=page_error&msgtxt=%3Ch3%3EHTTP+404+-+Page+not+found%3C%2Fh3%3E%3Cbr%3E%3Cstrong%3EFile+Name%3A%3C%2Fstrong%3Epage_error%3Cbr%2F%3E%3Cstrong%3EApplication+Name%3C%2Fstrong%3E%3A&target=iframe HTTP/1.1" 302 - "http://192.168.1.83:8088/eHR/mgr/redirect.php?scriptname=MDNH105&appdesc=%E5%8A%A0%E7%8F%AD%E7%AD%BE%E6%A0%B8" "Mozilla/5.0 (Windows NT 10.0; Win64; x64; rv:133.0) Gecko/20100101 Firefox/133.0"
192.168.11.205 - - [24/Dec/2024:13:43:16 +0800] "GET /eHR/mgr/redirect.php?scriptname=page_error&msgtxt=%3Ch3%3EHTTP+404+-+Page+not+found%3C%2Fh3%3E%3Cbr%3E%3Cstrong%3EFile+Name%3A%3C%2Fstrong%3Epage_error%3Cbr%2F%3E%3Cstrong%3EApplication+Name%3C%2Fstrong%3E%3A&target=iframe HTTP/1.1" 302 -
192.168.11.205 - - [24/Dec/2024:13:43:16 +0800] "GET /eHR/mgr/redirect.php?scriptname=page_error&msgtxt=%3Ch3%3EHTTP+404+-+Page+not+found%3C%2Fh3%3E%3Cbr%3E%3Cstrong%3EFile+Name%3A%3C%2Fstrong%3Epage_error%3Cbr%2F%3E%3Cstrong%3EApplication+Name%3C%2Fstrong%3E%3A&target=iframe HTTP/1.1" 302 - "http://192.168.1.83:8088/eHR/mgr/redirect.php?scriptname=MDNH105&appdesc=%E5%8A%A0%E7%8F%AD%E7%AD%BE%E6%A0%B8" "Mozilla/5.0 (Windows NT 10.0; Win64; x64; rv:133.0) Gecko/20100101 Firefox/133.0"
192.168.11.205 - - [24/Dec/2024:13:43:16 +0800] "GET /eHR/mgr/redirect.php?scriptname=page_error&msgtxt=%3Ch3%3EHTTP+404+-+Page+not+found%3C%2Fh3%3E%3Cbr%3E%3Cstrong%3EFile+Name%3A%3C%2Fstrong%3Epage_error%3Cbr%2F%3E%3Cstrong%3EApplication+Name%3C%2Fstrong%3E%3A&target=iframe HTTP/1.1" 302 -
192.168.11.205 - - [24/Dec/2024:13:43:16 +0800] "GET /eHR/mgr/redirect.php?scriptname=page_error&msgtxt=%3Ch3%3EHTTP+404+-+Page+not+found%3C%2Fh3%3E%3Cbr%3E%3Cstrong%3EFile+Name%3A%3C%2Fstrong%3Epage_error%3Cbr%2F%3E%3Cstrong%3EApplication+Name%3C%2Fstrong%3E%3A&target=iframe HTTP/1.1" 302 - "http://192.168.1.83:8088/eHR/mgr/redirect.php?scriptname=MDNH105&appdesc=%E5%8A%A0%E7%8F%AD%E7%AD%BE%E6%A0%B8" "Mozilla/5.0 (Windows NT 10.0; Win64; x64; rv:133.0) Gecko/20100101 Firefox/133.0"
192.168.11.205 - - [24/Dec/2024:13:43:16 +0800] "GET /eHR/mgr/redirect.php?scriptname=page_error&msgtxt=%3Ch3%3EHTTP+404+-+Page+not+found%3C%2Fh3%3E%3Cbr%3E%3Cstrong%3EFile+Name%3A%3C%2Fstrong%3Epage_error%3Cbr%2F%3E%3Cstrong%3EApplication+Name%3C%2Fstrong%3E%3A&target=iframe HTTP/1.1" 302 -
192.168.11.205 - - [24/Dec/2024:13:43:17 +0800] "GET /eHR/mgr/redirect.php?scriptname=page_error&msgtxt=%3Ch3%3EHTTP+404+-+Page+not+found%3C%2Fh3%3E%3Cbr%3E%3Cstrong%3EFile+Name%3A%3C%2Fstrong%3Epage_error%3Cbr%2F%3E%3Cstrong%3EApplication+Name%3C%2Fstrong%3E%3A&target=iframe HTTP/1.1" 302 - "http://192.168.1.83:8088/eHR/mgr/redirect.php?scriptname=MDNH105&appdesc=%E5%8A%A0%E7%8F%AD%E7%AD%BE%E6%A0%B8" "Mozilla/5.0 (Windows NT 10.0; Win64; x64; rv:133.0) Gecko/20100101 Firefox/133.0"
192.168.11.205 - - [24/Dec/2024:13:43:17 +0800] "GET /eHR/mgr/redirect.php?scriptname=page_error&msgtxt=%3Ch3%3EHTTP+404+-+Page+not+found%3C%2Fh3%3E%3Cbr%3E%3Cstrong%3EFile+Name%3A%3C%2Fstrong%3Epage_error%3Cbr%2F%3E%3Cstrong%3EApplication+Name%3C%2Fstrong%3E%3A&target=iframe HTTP/1.1" 302 -
192.168.11.205 - - [24/Dec/2024:13:43:17 +0800] "GET /eHR/mgr/redirect.php?scriptname=page_error&msgtxt=%3Ch3%3EHTTP+404+-+Page+not+found%3C%2Fh3%3E%3Cbr%3E%3Cstrong%3EFile+Name%3A%3C%2Fstrong%3Epage_error%3Cbr%2F%3E%3Cstrong%3EApplication+Name%3C%2Fstrong%3E%3A&target=iframe HTTP/1.1" 302 - "http://192.168.1.83:8088/eHR/mgr/redirect.php?scriptname=MDNH105&appdesc=%E5%8A%A0%E7%8F%AD%E7%AD%BE%E6%A0%B8" "Mozilla/5.0 (Windows NT 10.0; Win64; x64; rv:133.0) Gecko/20100101 Firefox/133.0"
192.168.11.205 - - [24/Dec/2024:13:43:17 +0800] "GET /eHR/mgr/redirect.php?scriptname=page_error&msgtxt=%3Ch3%3EHTTP+404+-+Page+not+found%3C%2Fh3%3E%3Cbr%3E%3Cstrong%3EFile+Name%3A%3C%2Fstrong%3Epage_error%3Cbr%2F%3E%3Cstrong%3EApplication+Name%3C%2Fstrong%3E%3A&target=iframe HTTP/1.1" 302 -
192.168.11.205 - - [24/Dec/2024:13:43:17 +0800] "GET /eHR/mgr/redirect.php?scriptname=page_error&msgtxt=%3Ch3%3EHTTP+404+-+Page+not+found%3C%2Fh3%3E%3Cbr%3E%3Cstrong%3EFile+Name%3A%3C%2Fstrong%3Epage_error%3Cbr%2F%3E%3Cstrong%3EApplication+Name%3C%2Fstrong%3E%3A&target=iframe HTTP/1.1" 302 - "http://192.168.1.83:8088/eHR/mgr/redirect.php?scriptname=MDNH105&appdesc=%E5%8A%A0%E7%8F%AD%E7%AD%BE%E6%A0%B8" "Mozilla/5.0 (Windows NT 10.0; Win64; x64; rv:133.0) Gecko/20100101 Firefox/133.0"
192.168.11.205 - - [24/Dec/2024:13:43:17 +0800] "GET /eHR/mgr/redirect.php?scriptname=page_error&msgtxt=%3Ch3%3EHTTP+404+-+Page+not+found%3C%2Fh3%3E%3Cbr%3E%3Cstrong%3EFile+Name%3A%3C%2Fstrong%3Epage_error%3Cbr%2F%3E%3Cstrong%3EApplication+Name%3C%2Fstrong%3E%3A&target=iframe HTTP/1.1" 302 -
192.168.11.205 - - [24/Dec/2024:13:43:17 +0800] "GET /eHR/mgr/redirect.php?scriptname=page_error&msgtxt=%3Ch3%3EHTTP+404+-+Page+not+found%3C%2Fh3%3E%3Cbr%3E%3Cstrong%3EFile+Name%3A%3C%2Fstrong%3Epage_error%3Cbr%2F%3E%3Cstrong%3EApplication+Name%3C%2Fstrong%3E%3A&target=iframe HTTP/1.1" 302 - "http://192.168.1.83:8088/eHR/mgr/redirect.php?scriptname=MDNH105&appdesc=%E5%8A%A0%E7%8F%AD%E7%AD%BE%E6%A0%B8" "Mozilla/5.0 (Windows NT 10.0; Win64; x64; rv:133.0) Gecko/20100101 Firefox/133.0"
192.168.11.205 - - [24/Dec/2024:13:43:17 +0800] "GET /eHR/mgr/redirect.php?scriptname=page_error&msgtxt=%3Ch3%3EHTTP+404+-+Page+not+found%3C%2Fh3%3E%3Cbr%3E%3Cstrong%3EFile+Name%3A%3C%2Fstrong%3Epage_error%3Cbr%2F%3E%3Cstrong%3EApplication+Name%3C%2Fstrong%3E%3A&target=iframe HTTP/1.1" 302 -
192.168.11.205 - - [24/Dec/2024:13:43:17 +0800] "GET /eHR/mgr/redirect.php?scriptname=page_error&msgtxt=%3Ch3%3EHTTP+404+-+Page+not+found%3C%2Fh3%3E%3Cbr%3E%3Cstrong%3EFile+Name%3A%3C%2Fstrong%3Epage_error%3Cbr%2F%3E%3Cstrong%3EApplication+Name%3C%2Fstrong%3E%3A&target=iframe HTTP/1.1" 302 - "http://192.168.1.83:8088/eHR/mgr/redirect.php?scriptname=MDNH105&appdesc=%E5%8A%A0%E7%8F%AD%E7%AD%BE%E6%A0%B8" "Mozilla/5.0 (Windows NT 10.0; Win64; x64; rv:133.0) Gecko/20100101 Firefox/133.0"
192.168.11.205 - - [24/Dec/2024:13:43:17 +0800] "GET /eHR/mgr/redirect.php?scriptname=page_error&msgtxt=%3Ch3%3EHTTP+404+-+Page+not+found%3C%2Fh3%3E%3Cbr%3E%3Cstrong%3EFile+Name%3A%3C%2Fstrong%3Epage_error%3Cbr%2F%3E%3Cstrong%3EApplication+Name%3C%2Fstrong%3E%3A&target=iframe HTTP/1.1" 302 -
192.168.11.205 - - [24/Dec/2024:13:43:18 +0800] "GET /eHR/mgr/redirect.php?scriptname=page_error&msgtxt=%3Ch3%3EHTTP+404+-+Page+not+found%3C%2Fh3%3E%3Cbr%3E%3Cstrong%3EFile+Name%3A%3C%2Fstrong%3Epage_error%3Cbr%2F%3E%3Cstrong%3EApplication+Name%3C%2Fstrong%3E%3A&target=iframe HTTP/1.1" 302 - "http://192.168.1.83:8088/eHR/mgr/redirect.php?scriptname=MDNH105&appdesc=%E5%8A%A0%E7%8F%AD%E7%AD%BE%E6%A0%B8" "Mozilla/5.0 (Windows NT 10.0; Win64; x64; rv:133.0) Gecko/20100101 Firefox/133.0"
192.168.11.205 - - [24/Dec/2024:13:43:18 +0800] "GET /eHR/mgr/redirect.php?scriptname=page_error&msgtxt=%3Ch3%3EHTTP+404+-+Page+not+found%3C%2Fh3%3E%3Cbr%3E%3Cstrong%3EFile+Name%3A%3C%2Fstrong%3Epage_error%3Cbr%2F%3E%3Cstrong%3EApplication+Name%3C%2Fstrong%3E%3A&target=iframe HTTP/1.1" 302 -
192.168.11.205 - - [24/Dec/2024:13:43:18 +0800] "GET /eHR/mgr/redirect.php?scriptname=page_error&msgtxt=%3Ch3%3EHTTP+404+-+Page+not+found%3C%2Fh3%3E%3Cbr%3E%3Cstrong%3EFile+Name%3A%3C%2Fstrong%3Epage_error%3Cbr%2F%3E%3Cstrong%3EApplication+Name%3C%2Fstrong%3E%3A&target=iframe HTTP/1.1" 302 - "http://192.168.1.83:8088/eHR/mgr/redirect.php?scriptname=MDNH105&appdesc=%E5%8A%A0%E7%8F%AD%E7%AD%BE%E6%A0%B8" "Mozilla/5.0 (Windows NT 10.0; Win64; x64; rv:133.0) Gecko/20100101 Firefox/133.0"
192.168.11.205 - - [24/Dec/2024:13:43:18 +0800] "GET /eHR/mgr/redirect.php?scriptname=page_error&msgtxt=%3Ch3%3EHTTP+404+-+Page+not+found%3C%2Fh3%3E%3Cbr%3E%3Cstrong%3EFile+Name%3A%3C%2Fstrong%3Epage_error%3Cbr%2F%3E%3Cstrong%3EApplication+Name%3C%2Fstrong%3E%3A&target=iframe HTTP/1.1" 302 -
192.168.11.205 - - [24/Dec/2024:13:43:18 +0800] "GET /eHR/mgr/redirect.php?scriptname=page_error&msgtxt=%3Ch3%3EHTTP+404+-+Page+not+found%3C%2Fh3%3E%3Cbr%3E%3Cstrong%3EFile+Name%3A%3C%2Fstrong%3Epage_error%3Cbr%2F%3E%3Cstrong%3EApplication+Name%3C%2Fstrong%3E%3A&target=iframe HTTP/1.1" 302 - "http://192.168.1.83:8088/eHR/mgr/redirect.php?scriptname=MDNH105&appdesc=%E5%8A%A0%E7%8F%AD%E7%AD%BE%E6%A0%B8" "Mozilla/5.0 (Windows NT 10.0; Win64; x64; rv:133.0) Gecko/20100101 Firefox/133.0"
192.168.11.205 - - [24/Dec/2024:13:43:18 +0800] "GET /eHR/mgr/redirect.php?scriptname=page_error&msgtxt=%3Ch3%3EHTTP+404+-+Page+not+found%3C%2Fh3%3E%3Cbr%3E%3Cstrong%3EFile+Name%3A%3C%2Fstrong%3Epage_error%3Cbr%2F%3E%3Cstrong%3EApplication+Name%3C%2Fstrong%3E%3A&target=iframe HTTP/1.1" 302 -
192.168.11.205 - - [24/Dec/2024:13:43:18 +0800] "GET /eHR/mgr/redirect.php?scriptname=page_error&msgtxt=%3Ch3%3EHTTP+404+-+Page+not+found%3C%2Fh3%3E%3Cbr%3E%3Cstrong%3EFile+Name%3A%3C%2Fstrong%3Epage_error%3Cbr%2F%3E%3Cstrong%3EApplication+Name%3C%2Fstrong%3E%3A&target=iframe HTTP/1.1" 302 -
192.168.11.205 - - [24/Dec/2024:13:43:18 +0800] "GET /eHR/mgr/redirect.php?scriptname=page_error&msgtxt=%3Ch3%3EHTTP+404+-+Page+not+found%3C%2Fh3%3E%3Cbr%3E%3Cstrong%3EFile+Name%3A%3C%2Fstrong%3Epage_error%3Cbr%2F%3E%3Cstrong%3EApplication+Name%3C%2Fstrong%3E%3A&target=iframe HTTP/1.1" 302 - "http://192.168.1.83:8088/eHR/mgr/redirect.php?scriptname=MDNH105&appdesc=%E5%8A%A0%E7%8F%AD%E7%AD%BE%E6%A0%B8" "Mozilla/5.0 (Windows NT 10.0; Win64; x64; rv:133.0) Gecko/20100101 Firefox/133.0"
192.168.11.205 - - [24/Dec/2024:13:43:18 +0800] "GET /eHR/mgr/redirect.php?scriptname=page_error&msgtxt=%3Ch3%3EHTTP+404+-+Page+not+found%3C%2Fh3%3E%3Cbr%3E%3Cstrong%3EFile+Name%3A%3C%2Fstrong%3Epage_error%3Cbr%2F%3E%3Cstrong%3EApplication+Name%3C%2Fstrong%3E%3A&target=iframe HTTP/1.1" 302 - "http://192.168.1.83:8088/eHR/mgr/redirect.php?scriptname=MDNH105&appdesc=%E5%8A%A0%E7%8F%AD%E7%AD%BE%E6%A0%B8" "Mozilla/5.0 (Windows NT 10.0; Win64; x64; rv:133.0) Gecko/20100101 Firefox/133.0"
192.168.11.205 - - [24/Dec/2024:13:43:18 +0800] "GET /eHR/mgr/redirect.php?scriptname=page_error&msgtxt=%3Ch3%3EHTTP+404+-+Page+not+found%3C%2Fh3%3E%3Cbr%3E%3Cstrong%3EFile+Name%3A%3C%2Fstrong%3Epage_error%3Cbr%2F%3E%3Cstrong%3EApplication+Name%3C%2Fstrong%3E%3A&target=iframe HTTP/1.1" 302 -
192.168.11.205 - - [24/Dec/2024:13:43:18 +0800] "GET /eHR/mgr/redirect.php?scriptname=page_error&msgtxt=%3Ch3%3EHTTP+404+-+Page+not+found%3C%2Fh3%3E%3Cbr%3E%3Cstrong%3EFile+Name%3A%3C%2Fstrong%3Epage_error%3Cbr%2F%3E%3Cstrong%3EApplication+Name%3C%2Fstrong%3E%3A&target=iframe HTTP/1.1" 302 - "http://192.168.1.83:8088/eHR/mgr/redirect.php?scriptname=MDNH105&appdesc=%E5%8A%A0%E7%8F%AD%E7%AD%BE%E6%A0%B8" "Mozilla/5.0 (Windows NT 10.0; Win64; x64; rv:133.0) Gecko/20100101 Firefox/133.0"
192.168.11.205 - - [24/Dec/2024:13:43:18 +0800] "GET /eHR/mgr/redirect.php?scriptname=page_error&msgtxt=%3Ch3%3EHTTP+404+-+Page+not+found%3C%2Fh3%3E%3Cbr%3E%3Cstrong%3EFile+Name%3A%3C%2Fstrong%3Epage_error%3Cbr%2F%3E%3Cstrong%3EApplication+Name%3C%2Fstrong%3E%3A&target=iframe HTTP/1.1" 302 -
192.168.11.205 - - [24/Dec/2024:13:43:19 +0800] "GET /eHR/mgr/redirect.php?scriptname=page_error&msgtxt=%3Ch3%3EHTTP+404+-+Page+not+found%3C%2Fh3%3E%3Cbr%3E%3Cstrong%3EFile+Name%3A%3C%2Fstrong%3Epage_error%3Cbr%2F%3E%3Cstrong%3EApplication+Name%3C%2Fstrong%3E%3A&target=iframe HTTP/1.1" 302 - "http://192.168.1.83:8088/eHR/mgr/redirect.php?scriptname=MDNH105&appdesc=%E5%8A%A0%E7%8F%AD%E7%AD%BE%E6%A0%B8" "Mozilla/5.0 (Windows NT 10.0; Win64; x64; rv:133.0) Gecko/20100101 Firefox/133.0"
192.168.11.205 - - [24/Dec/2024:13:43:19 +0800] "GET /eHR/mgr/redirect.php?scriptname=page_error&msgtxt=%3Ch3%3EHTTP+404+-+Page+not+found%3C%2Fh3%3E%3Cbr%3E%3Cstrong%3EFile+Name%3A%3C%2Fstrong%3Epage_error%3Cbr%2F%3E%3Cstrong%3EApplication+Name%3C%2Fstrong%3E%3A&target=iframe HTTP/1.1" 302 -
192.168.11.205 - - [24/Dec/2024:13:43:19 +0800] "GET /eHR/mgr/redirect.php?scriptname=page_error&msgtxt=%3Ch3%3EHTTP+404+-+Page+not+found%3C%2Fh3%3E%3Cbr%3E%3Cstrong%3EFile+Name%3A%3C%2Fstrong%3Epage_error%3Cbr%2F%3E%3Cstrong%3EApplication+Name%3C%2Fstrong%3E%3A&target=iframe HTTP/1.1" 302 - "http://192.168.1.83:8088/eHR/mgr/redirect.php?scriptname=MDNH105&appdesc=%E5%8A%A0%E7%8F%AD%E7%AD%BE%E6%A0%B8" "Mozilla/5.0 (Windows NT 10.0; Win64; x64; rv:133.0) Gecko/20100101 Firefox/133.0"
192.168.11.205 - - [24/Dec/2024:13:43:19 +0800] "GET /eHR/mgr/redirect.php?scriptname=page_error&msgtxt=%3Ch3%3EHTTP+404+-+Page+not+found%3C%2Fh3%3E%3Cbr%3E%3Cstrong%3EFile+Name%3A%3C%2Fstrong%3Epage_error%3Cbr%2F%3E%3Cstrong%3EApplication+Name%3C%2Fstrong%3E%3A&target=iframe HTTP/1.1" 302 -
192.168.11.205 - - [24/Dec/2024:13:43:19 +0800] "GET /eHR/mgr/redirect.php?scriptname=page_error&msgtxt=%3Ch3%3EHTTP+404+-+Page+not+found%3C%2Fh3%3E%3Cbr%3E%3Cstrong%3EFile+Name%3A%3C%2Fstrong%3Epage_error%3Cbr%2F%3E%3Cstrong%3EApplication+Name%3C%2Fstrong%3E%3A&target=iframe HTTP/1.1" 302 - "http://192.168.1.83:8088/eHR/mgr/redirect.php?scriptname=MDNH105&appdesc=%E5%8A%A0%E7%8F%AD%E7%AD%BE%E6%A0%B8" "Mozilla/5.0 (Windows NT 10.0; Win64; x64; rv:133.0) Gecko/20100101 Firefox/133.0"
192.168.11.205 - - [24/Dec/2024:13:43:19 +0800] "GET /eHR/mgr/redirect.php?scriptname=page_error&msgtxt=%3Ch3%3EHTTP+404+-+Page+not+found%3C%2Fh3%3E%3Cbr%3E%3Cstrong%3EFile+Name%3A%3C%2Fstrong%3Epage_error%3Cbr%2F%3E%3Cstrong%3EApplication+Name%3C%2Fstrong%3E%3A&target=iframe HTTP/1.1" 302 -
192.168.11.205 - - [24/Dec/2024:13:43:19 +0800] "GET /eHR/mgr/redirect.php?scriptname=page_error&msgtxt=%3Ch3%3EHTTP+404+-+Page+not+found%3C%2Fh3%3E%3Cbr%3E%3Cstrong%3EFile+Name%3A%3C%2Fstrong%3Epage_error%3Cbr%2F%3E%3Cstrong%3EApplication+Name%3C%2Fstrong%3E%3A&target=iframe HTTP/1.1" 302 - "http://192.168.1.83:8088/eHR/mgr/redirect.php?scriptname=MDNH105&appdesc=%E5%8A%A0%E7%8F%AD%E7%AD%BE%E6%A0%B8" "Mozilla/5.0 (Windows NT 10.0; Win64; x64; rv:133.0) Gecko/20100101 Firefox/133.0"
192.168.11.205 - - [24/Dec/2024:13:43:19 +0800] "GET /eHR/mgr/redirect.php?scriptname=page_error&msgtxt=%3Ch3%3EHTTP+404+-+Page+not+found%3C%2Fh3%3E%3Cbr%3E%3Cstrong%3EFile+Name%3A%3C%2Fstrong%3Epage_error%3Cbr%2F%3E%3Cstrong%3EApplication+Name%3C%2Fstrong%3E%3A&target=iframe HTTP/1.1" 302 -
192.168.11.205 - - [24/Dec/2024:13:43:27 +0800] "GET /eHR/ess/redirect.php?scriptname=ESNH004&appdesc=%E5%8A%A0%E7%8F%AD%E7%AD%BE%E6%A0%B8 HTTP/1.1" 302 - "http://192.168.1.83:8088/eHR/ess/redirect.php" "Mozilla/5.0 (Windows NT 10.0; Win64; x64; rv:133.0) Gecko/20100101 Firefox/133.0"
192.168.11.205 - - [24/Dec/2024:13:43:27 +0800] "GET /eHR/ess/redirect.php?scriptname=ESNH004&appdesc=%E5%8A%A0%E7%8F%AD%E7%AD%BE%E6%A0%B8 HTTP/1.1" 302 -
192.168.11.205 - - [24/Dec/2024:13:43:27 +0800] "GET /eHR/mgr/redirect.php?scriptname=MDNH105&appdesc=%E5%8A%A0%E7%8F%AD%E7%AD%BE%E6%A0%B8 HTTP/1.1" 200 6703 "http://192.168.1.83:8088/eHR/ess/redirect.php" "Mozilla/5.0 (Windows NT 10.0; Win64; x64; rv:133.0) Gecko/20100101 Firefox/133.0"
192.168.11.205 - - [24/Dec/2024:13:43:27 +0800] "GET /eHR/mgr/redirect.php?scriptname=MDNH105&appdesc=%E5%8A%A0%E7%8F%AD%E7%AD%BE%E6%A0%B8 HTTP/1.1" 200 6703
192.168.40.71 - - [24/Dec/2024:13:43:59 +0800] "GET /eHR/ess/redirect.php?scriptname=ESNA012&appdesc=%E8%AF%B7%E5%81%87%E7%94%B3%E8%AF%B7&ajaxcall=1&func=getShiftBeginTime&shiftdate=2024-12-24 HTTP/1.1" 200 7 "http://192.168.1.83:8088/eHR/ess/redirect.php?scriptname=ESNA012&appdesc=%E8%AF%B7%E5%81%87%E7%94%B3%E8%AF%B7" "Mozilla/5.0 (Windows NT 10.0; Win64; x64) AppleWebKit/537.36 (KHTML, like Gecko) Chrome/131.0.0.0 Safari/537.36 Edg/131.0.0.0"
192.168.40.71 - - [24/Dec/2024:13:43:59 +0800] "GET /eHR/ess/redirect.php?scriptname=ESNA012&appdesc=%E8%AF%B7%E5%81%87%E7%94%B3%E8%AF%B7&ajaxcall=1&func=getShiftBeginTime&shiftdate=2024-12-24 HTTP/1.1" 200 7
192.168.40.71 - - [24/Dec/2024:13:44:21 +0800] "GET /eHR/ess/redirect.php?scriptname=ESNA012&appdesc=%E8%AF%B7%E5%81%87%E7%94%B3%E8%AF%B7&ajaxcall=1&func=getShiftEndTime&shiftdate=2024-12-24 HTTP/1.1" 200 7 "http://192.168.1.83:8088/eHR/ess/redirect.php?scriptname=ESNA012&appdesc=%E8%AF%B7%E5%81%87%E7%94%B3%E8%AF%B7" "Mozilla/5.0 (Windows NT 10.0; Win64; x64) AppleWebKit/537.36 (KHTML, like Gecko) Chrome/131.0.0.0 Safari/537.36 Edg/131.0.0.0"
192.168.40.71 - - [24/Dec/2024:13:44:21 +0800] "GET /eHR/ess/redirect.php?scriptname=ESNA012&appdesc=%E8%AF%B7%E5%81%87%E7%94%B3%E8%AF%B7&ajaxcall=1&func=getShiftEndTime&shiftdate=2024-12-24 HTTP/1.1" 200 7
192.168.12.81 - - [24/Dec/2024:13:45:49 +0800] "GET /eHR/ess/redirect.php?scriptname=ESNE002&appdesc=%E6%89%B9%E9%87%8F%E8%AF%B7%E5%81%87%E7%94%B3%E8%AF%B7 HTTP/1.1" 200 22066 "http://192.168.1.83:8088/eHR/ess/redirect.php" "Mozilla/5.0 (Windows NT 6.2; Win64; x64) AppleWebKit/537.36 (KHTML, like Gecko) Chrome/105.0.0.0 Safari/537.36"
192.168.12.81 - - [24/Dec/2024:13:45:49 +0800] "GET /eHR/ess/redirect.php?scriptname=ESNE002&appdesc=%E6%89%B9%E9%87%8F%E8%AF%B7%E5%81%87%E7%94%B3%E8%AF%B7 HTTP/1.1" 200 22066
192.168.40.71 - - [24/Dec/2024:13:45:55 +0800] "POST /eHR/ess/redirect.php?scriptname=ajax_overtime&do=CheckLeaveApplyTimeArea HTTP/1.1" 200 2 "http://192.168.1.83:8088/eHR/ess/redirect.php?scriptname=ESNA012&appdesc=%E8%AF%B7%E5%81%87%E7%94%B3%E8%AF%B7" "Mozilla/5.0 (Windows NT 10.0; Win64; x64) AppleWebKit/537.36 (KHTML, like Gecko) Chrome/131.0.0.0 Safari/537.36 Edg/131.0.0.0"
192.168.40.71 - - [24/Dec/2024:13:45:55 +0800] "POST /eHR/ess/redirect.php?scriptname=ajax_overtime&do=CheckLeaveApplyTimeArea HTTP/1.1" 200 2
192.168.40.71 - - [24/Dec/2024:13:46:03 +0800] "POST /eHR/ess/redirect.php?scriptname=ESNA012&appdesc=%E8%AF%B7%E5%81%87%E7%94%B3%E8%AF%B7 HTTP/1.1" 302 - "http://192.168.1.83:8088/eHR/ess/redirect.php?scriptname=ESNA012&appdesc=%E8%AF%B7%E5%81%87%E7%94%B3%E8%AF%B7" "Mozilla/5.0 (Windows NT 10.0; Win64; x64) AppleWebKit/537.36 (KHTML, like Gecko) Chrome/131.0.0.0 Safari/537.36 Edg/131.0.0.0"
192.168.40.71 - - [24/Dec/2024:13:46:03 +0800] "POST /eHR/ess/redirect.php?scriptname=ESNA012&appdesc=%E8%AF%B7%E5%81%87%E7%94%B3%E8%AF%B7 HTTP/1.1" 302 -
192.168.40.71 - - [24/Dec/2024:13:46:04 +0800] "GET /eHR/ess/redirect.php?scriptname=page_success&msgtxt=%E8%AF%B7%E5%81%87%E7%94%B3%E8%AF%B7%E6%8F%90%E4%BA%A4%E6%88%90%E5%8A%9F%2C%E8%AF%B7%E7%AD%89%E5%BE%85%E4%B8%BB%E7%AE%A1%E7%AD%BE%E6%A0%B8.%3Cbr%3E%E6%82%A8%E5%8F%AF%E4%BB%A5%E5%88%B0+%3Cstrong%3E+%3Ca+href%3D%22%3Fscriptname%3Demp_leave_apply_search%26flowseqno%3D107249%22%3E%E8%AF%B7%E5%81%87%E7%94%B3%E8%AF%B7%E6%9F%A5%E8%AF%A2+%3C%2Fa%3E%3C%2Fstrong%3E+%E6%9F%A5%E8%AF%A2%E6%89%80%E6%8F%90%E4%BA%A4%E7%9A%84%E7%94%B3%E8%AF%B7%E5%8D%95%E8%AF%A6%E6%83%85%E5%8F%8A%E6%B5%81%E7%A8%8B.&target=iframe HTTP/1.1" 200 3276 "http://192.168.1.83:8088/eHR/ess/redirect.php?scriptname=ESNA012&appdesc=%E8%AF%B7%E5%81%87%E7%94%B3%E8%AF%B7" "Mozilla/5.0 (Windows NT 10.0; Win64; x64) AppleWebKit/537.36 (KHTML, like Gecko) Chrome/131.0.0.0 Safari/537.36 Edg/131.0.0.0"
192.168.40.71 - - [24/Dec/2024:13:46:04 +0800] "GET /eHR/ess/redirect.php?scriptname=page_success&msgtxt=%E8%AF%B7%E5%81%87%E7%94%B3%E8%AF%B7%E6%8F%90%E4%BA%A4%E6%88%90%E5%8A%9F%2C%E8%AF%B7%E7%AD%89%E5%BE%85%E4%B8%BB%E7%AE%A1%E7%AD%BE%E6%A0%B8.%3Cbr%3E%E6%82%A8%E5%8F%AF%E4%BB%A5%E5%88%B0+%3Cstrong%3E+%3Ca+href%3D%22%3Fscriptname%3Demp_leave_apply_search%26flowseqno%3D107249%22%3E%E8%AF%B7%E5%81%87%E7%94%B3%E8%AF%B7%E6%9F%A5%E8%AF%A2+%3C%2Fa%3E%3C%2Fstrong%3E+%E6%9F%A5%E8%AF%A2%E6%89%80%E6%8F%90%E4%BA%A4%E7%9A%84%E7%94%B3%E8%AF%B7%E5%8D%95%E8%AF%A6%E6%83%85%E5%8F%8A%E6%B5%81%E7%A8%8B.&target=iframe HTTP/1.1" 200 3276
192.168.40.71 - - [24/Dec/2024:13:46:06 +0800] "GET /eHR/ess/redirect.php?scriptname=ESNA012&appdesc=%E8%AF%B7%E5%81%87%E7%94%B3%E8%AF%B7 HTTP/1.1" 200 20779 "http://192.168.1.83:8088/eHR/ess/redirect.php" "Mozilla/5.0 (Windows NT 10.0; Win64; x64) AppleWebKit/537.36 (KHTML, like Gecko) Chrome/131.0.0.0 Safari/537.36 Edg/131.0.0.0"
192.168.40.71 - - [24/Dec/2024:13:46:06 +0800] "GET /eHR/ess/redirect.php?scriptname=ESNA012&appdesc=%E8%AF%B7%E5%81%87%E7%94%B3%E8%AF%B7 HTTP/1.1" 200 20779
192.168.40.71 - - [24/Dec/2024:13:46:18 +0800] "GET /eHR/ess/redirect.php?scriptname=ESNA012&appdesc=%E8%AF%B7%E5%81%87%E7%94%B3%E8%AF%B7&ajaxcall=1&func=getShiftBeginTime&shiftdate=2024-12-20 HTTP/1.1" 200 7 "http://192.168.1.83:8088/eHR/ess/redirect.php?scriptname=ESNA012&appdesc=%E8%AF%B7%E5%81%87%E7%94%B3%E8%AF%B7" "Mozilla/5.0 (Windows NT 10.0; Win64; x64) AppleWebKit/537.36 (KHTML, like Gecko) Chrome/131.0.0.0 Safari/537.36 Edg/131.0.0.0"
192.168.40.71 - - [24/Dec/2024:13:46:18 +0800] "GET /eHR/ess/redirect.php?scriptname=ESNA012&appdesc=%E8%AF%B7%E5%81%87%E7%94%B3%E8%AF%B7&ajaxcall=1&func=getShiftBeginTime&shiftdate=2024-12-20 HTTP/1.1" 200 7
192.168.40.71 - - [24/Dec/2024:13:46:24 +0800] "GET /eHR/ess/redirect.php?scriptname=ESNA012&appdesc=%E8%AF%B7%E5%81%87%E7%94%B3%E8%AF%B7&ajaxcall=1&func=getShiftEndTime&shiftdate=2024-12-20 HTTP/1.1" 200 7 "http://192.168.1.83:8088/eHR/ess/redirect.php?scriptname=ESNA012&appdesc=%E8%AF%B7%E5%81%87%E7%94%B3%E8%AF%B7" "Mozilla/5.0 (Windows NT 10.0; Win64; x64) AppleWebKit/537.36 (KHTML, like Gecko) Chrome/131.0.0.0 Safari/537.36 Edg/131.0.0.0"
192.168.40.71 - - [24/Dec/2024:13:46:24 +0800] "GET /eHR/ess/redirect.php?scriptname=ESNA012&appdesc=%E8%AF%B7%E5%81%87%E7%94%B3%E8%AF%B7&ajaxcall=1&func=getShiftEndTime&shiftdate=2024-12-20 HTTP/1.1" 200 7
192.168.12.81 - - [24/Dec/2024:13:46:28 +0800] "GET /eHR/ess/redirect.php?scriptname=emp_lov&openW=Y&rand=0.7501624236230164 HTTP/1.1" 200 15236 "http://192.168.1.83:8088/eHR/ess/redirect.php?scriptname=ESNE002&appdesc=%E6%89%B9%E9%87%8F%E8%AF%B7%E5%81%87%E7%94%B3%E8%AF%B7" "Mozilla/5.0 (Windows NT 6.2; Win64; x64) AppleWebKit/537.36 (KHTML, like Gecko) Chrome/105.0.0.0 Safari/537.36"
192.168.12.81 - - [24/Dec/2024:13:46:28 +0800] "GET /eHR/ess/redirect.php?scriptname=emp_lov&openW=Y&rand=0.7501624236230164 HTTP/1.1" 200 15236
192.168.40.71 - - [24/Dec/2024:13:46:34 +0800] "POST /eHR/ess/redirect.php?scriptname=ajax_overtime&do=CheckLeaveApplyTimeArea HTTP/1.1" 200 2 "http://192.168.1.83:8088/eHR/ess/redirect.php?scriptname=ESNA012&appdesc=%E8%AF%B7%E5%81%87%E7%94%B3%E8%AF%B7" "Mozilla/5.0 (Windows NT 10.0; Win64; x64) AppleWebKit/537.36 (KHTML, like Gecko) Chrome/131.0.0.0 Safari/537.36 Edg/131.0.0.0"
192.168.40.71 - - [24/Dec/2024:13:46:34 +0800] "POST /eHR/ess/redirect.php?scriptname=ajax_overtime&do=CheckLeaveApplyTimeArea HTTP/1.1" 200 2
192.168.12.81 - - [24/Dec/2024:13:46:37 +0800] "POST /eHR/ess/redirect.php?scriptname=emp_lov&openW=Y&rand=0.7501624236230164 HTTP/1.1" 200 17416 "http://192.168.1.83:8088/eHR/ess/redirect.php?scriptname=emp_lov&openW=Y&rand=0.7501624236230164" "Mozilla/5.0 (Windows NT 6.2; Win64; x64) AppleWebKit/537.36 (KHTML, like Gecko) Chrome/105.0.0.0 Safari/537.36"
192.168.12.81 - - [24/Dec/2024:13:46:37 +0800] "POST /eHR/ess/redirect.php?scriptname=emp_lov&openW=Y&rand=0.7501624236230164 HTTP/1.1" 200 17416
192.168.40.71 - - [24/Dec/2024:13:46:41 +0800] "POST /eHR/ess/redirect.php?scriptname=ESNA012&appdesc=%E8%AF%B7%E5%81%87%E7%94%B3%E8%AF%B7 HTTP/1.1" 302 - "http://192.168.1.83:8088/eHR/ess/redirect.php?scriptname=ESNA012&appdesc=%E8%AF%B7%E5%81%87%E7%94%B3%E8%AF%B7" "Mozilla/5.0 (Windows NT 10.0; Win64; x64) AppleWebKit/537.36 (KHTML, like Gecko) Chrome/131.0.0.0 Safari/537.36 Edg/131.0.0.0"
192.168.40.71 - - [24/Dec/2024:13:46:41 +0800] "POST /eHR/ess/redirect.php?scriptname=ESNA012&appdesc=%E8%AF%B7%E5%81%87%E7%94%B3%E8%AF%B7 HTTP/1.1" 302 -
192.168.40.71 - - [24/Dec/2024:13:46:41 +0800] "GET /eHR/ess/redirect.php?scriptname=page_success&msgtxt=%E8%AF%B7%E5%81%87%E7%94%B3%E8%AF%B7%E6%8F%90%E4%BA%A4%E6%88%90%E5%8A%9F%2C%E8%AF%B7%E7%AD%89%E5%BE%85%E4%B8%BB%E7%AE%A1%E7%AD%BE%E6%A0%B8.%3Cbr%3E%E6%82%A8%E5%8F%AF%E4%BB%A5%E5%88%B0+%3Cstrong%3E+%3Ca+href%3D%22%3Fscriptname%3Demp_leave_apply_search%26flowseqno%3D107250%22%3E%E8%AF%B7%E5%81%87%E7%94%B3%E8%AF%B7%E6%9F%A5%E8%AF%A2+%3C%2Fa%3E%3C%2Fstrong%3E+%E6%9F%A5%E8%AF%A2%E6%89%80%E6%8F%90%E4%BA%A4%E7%9A%84%E7%94%B3%E8%AF%B7%E5%8D%95%E8%AF%A6%E6%83%85%E5%8F%8A%E6%B5%81%E7%A8%8B.&target=iframe HTTP/1.1" 200 3276 "http://192.168.1.83:8088/eHR/ess/redirect.php?scriptname=ESNA012&appdesc=%E8%AF%B7%E5%81%87%E7%94%B3%E8%AF%B7" "Mozilla/5.0 (Windows NT 10.0; Win64; x64) AppleWebKit/537.36 (KHTML, like Gecko) Chrome/131.0.0.0 Safari/537.36 Edg/131.0.0.0"
192.168.40.71 - - [24/Dec/2024:13:46:41 +0800] "GET /eHR/ess/redirect.php?scriptname=page_success&msgtxt=%E8%AF%B7%E5%81%87%E7%94%B3%E8%AF%B7%E6%8F%90%E4%BA%A4%E6%88%90%E5%8A%9F%2C%E8%AF%B7%E7%AD%89%E5%BE%85%E4%B8%BB%E7%AE%A1%E7%AD%BE%E6%A0%B8.%3Cbr%3E%E6%82%A8%E5%8F%AF%E4%BB%A5%E5%88%B0+%3Cstrong%3E+%3Ca+href%3D%22%3Fscriptname%3Demp_leave_apply_search%26flowseqno%3D107250%22%3E%E8%AF%B7%E5%81%87%E7%94%B3%E8%AF%B7%E6%9F%A5%E8%AF%A2+%3C%2Fa%3E%3C%2Fstrong%3E+%E6%9F%A5%E8%AF%A2%E6%89%80%E6%8F%90%E4%BA%A4%E7%9A%84%E7%94%B3%E8%AF%B7%E5%8D%95%E8%AF%A6%E6%83%85%E5%8F%8A%E6%B5%81%E7%A8%8B.&target=iframe HTTP/1.1" 200 3276
192.168.12.81 - - [24/Dec/2024:13:46:46 +0800] "POST /eHR/ess/redirect.php?scriptname=ESNE002&appdesc=%E6%89%B9%E9%87%8F%E8%AF%B7%E5%81%87%E7%94%B3%E8%AF%B7 HTTP/1.1" 200 4204 "http://192.168.1.83:8088/eHR/ess/redirect.php?scriptname=ESNE002&appdesc=%E6%89%B9%E9%87%8F%E8%AF%B7%E5%81%87%E7%94%B3%E8%AF%B7" "Mozilla/5.0 (Windows NT 6.2; Win64; x64) AppleWebKit/537.36 (KHTML, like Gecko) Chrome/105.0.0.0 Safari/537.36"
192.168.12.81 - - [24/Dec/2024:13:46:46 +0800] "POST /eHR/ess/redirect.php?scriptname=ESNE002&appdesc=%E6%89%B9%E9%87%8F%E8%AF%B7%E5%81%87%E7%94%B3%E8%AF%B7 HTTP/1.1" 200 4204
192.168.38.156 - - [24/Dec/2024:13:46:52 +0800] "GET /eHR/ess/redirect.php HTTP/1.1" 302 121 "-" "Mozilla/5.0 (Windows NT 6.2; Win64; x64) AppleWebKit/537.36 (KHTML, like Gecko) Chrome/105.0.0.0 Safari/537.36"
192.168.38.156 - - [24/Dec/2024:13:46:52 +0800] "GET /eHR/ess/redirect.php HTTP/1.1" 302 121
192.168.38.156 - - [24/Dec/2024:13:46:52 +0800] "GET /eHR/ess/index.php?action=logout HTTP/1.1" 200 8826 "-" "Mozilla/5.0 (Windows NT 6.2; Win64; x64) AppleWebKit/537.36 (KHTML, like Gecko) Chrome/105.0.0.0 Safari/537.36"
192.168.38.156 - - [24/Dec/2024:13:46:52 +0800] "GET /eHR/ess/index.php?action=logout HTTP/1.1" 200 8826
192.168.40.71 - - [24/Dec/2024:13:46:58 +0800] "GET /eHR/ess/redirect.php?scriptname=ESNA012&appdesc=%E8%AF%B7%E5%81%87%E7%94%B3%E8%AF%B7 HTTP/1.1" 200 20779 "http://192.168.1.83:8088/eHR/ess/redirect.php" "Mozilla/5.0 (Windows NT 10.0; Win64; x64) AppleWebKit/537.36 (KHTML, like Gecko) Chrome/131.0.0.0 Safari/537.36 Edg/131.0.0.0"
192.168.40.71 - - [24/Dec/2024:13:46:58 +0800] "GET /eHR/ess/redirect.php?scriptname=ESNA012&appdesc=%E8%AF%B7%E5%81%87%E7%94%B3%E8%AF%B7 HTTP/1.1" 200 20779
192.168.38.156 - - [24/Dec/2024:13:47:01 +0800] "POST /eHR/ess/includes/login.php HTTP/1.1" 302 - "http://192.168.1.83:8088/eHR/ess/index.php?action=logout" "Mozilla/5.0 (Windows NT 6.2; Win64; x64) AppleWebKit/537.36 (KHTML, like Gecko) Chrome/105.0.0.0 Safari/537.36"
192.168.38.156 - - [24/Dec/2024:13:47:01 +0800] "POST /eHR/ess/includes/login.php HTTP/1.1" 302 -
192.168.38.156 - - [24/Dec/2024:13:47:02 +0800] "GET /eHR/ess/redirect.php HTTP/1.1" 200 9206 "http://192.168.1.83:8088/eHR/ess/index.php?action=logout" "Mozilla/5.0 (Windows NT 6.2; Win64; x64) AppleWebKit/537.36 (KHTML, like Gecko) Chrome/105.0.0.0 Safari/537.36"
192.168.38.156 - - [24/Dec/2024:13:47:02 +0800] "GET /eHR/ess/redirect.php HTTP/1.1" 200 9206
192.168.38.156 - - [24/Dec/2024:13:47:04 +0800] "GET /eHR/ess/redirect.php?scriptname=ESNH000 HTTP/1.1" 200 10588 "http://192.168.1.83:8088/eHR/ess/redirect.php" "Mozilla/5.0 (Windows NT 6.2; Win64; x64) AppleWebKit/537.36 (KHTML, like Gecko) Chrome/105.0.0.0 Safari/537.36"
192.168.38.156 - - [24/Dec/2024:13:47:04 +0800] "GET /eHR/ess/redirect.php?scriptname=ESNH000 HTTP/1.1" 200 10588
192.168.38.156 - - [24/Dec/2024:13:47:10 +0800] "GET /eHR/ess/redirect.php?scriptname=ESNH003&appdesc=%E8%AF%B7%E5%81%87%E7%AD%BE%E6%A0%B8 HTTP/1.1" 302 - "http://192.168.1.83:8088/eHR/ess/redirect.php" "Mozilla/5.0 (Windows NT 6.2; Win64; x64) AppleWebKit/537.36 (KHTML, like Gecko) Chrome/105.0.0.0 Safari/537.36"
192.168.38.156 - - [24/Dec/2024:13:47:10 +0800] "GET /eHR/ess/redirect.php?scriptname=ESNH003&appdesc=%E8%AF%B7%E5%81%87%E7%AD%BE%E6%A0%B8 HTTP/1.1" 302 -
192.168.38.156 - - [24/Dec/2024:13:47:11 +0800] "GET /eHR/mgr/redirect.php?scriptname=MDNH104&appdesc=%E8%AF%B7%E5%81%87%E7%AD%BE%E6%A0%B8 HTTP/1.1" 200 16694 "http://192.168.1.83:8088/eHR/ess/redirect.php" "Mozilla/5.0 (Windows NT 6.2; Win64; x64) AppleWebKit/537.36 (KHTML, like Gecko) Chrome/105.0.0.0 Safari/537.36"
192.168.38.156 - - [24/Dec/2024:13:47:11 +0800] "GET /eHR/mgr/redirect.php?scriptname=MDNH104&appdesc=%E8%AF%B7%E5%81%87%E7%AD%BE%E6%A0%B8 HTTP/1.1" 200 16694
192.168.40.71 - - [24/Dec/2024:13:47:13 +0800] "GET /eHR/ess/redirect.php?scriptname=ESNA012&appdesc=%E8%AF%B7%E5%81%87%E7%94%B3%E8%AF%B7&ajaxcall=1&func=getShiftBeginTime&shiftdate=2024-12-23 HTTP/1.1" 200 7 "http://192.168.1.83:8088/eHR/ess/redirect.php?scriptname=ESNA012&appdesc=%E8%AF%B7%E5%81%87%E7%94%B3%E8%AF%B7" "Mozilla/5.0 (Windows NT 10.0; Win64; x64) AppleWebKit/537.36 (KHTML, like Gecko) Chrome/131.0.0.0 Safari/537.36 Edg/131.0.0.0"
192.168.40.71 - - [24/Dec/2024:13:47:13 +0800] "GET /eHR/ess/redirect.php?scriptname=ESNA012&appdesc=%E8%AF%B7%E5%81%87%E7%94%B3%E8%AF%B7&ajaxcall=1&func=getShiftBeginTime&shiftdate=2024-12-23 HTTP/1.1" 200 7
192.168.40.71 - - [24/Dec/2024:13:47:17 +0800] "GET /eHR/ess/redirect.php?scriptname=ESNA012&appdesc=%E8%AF%B7%E5%81%87%E7%94%B3%E8%AF%B7&ajaxcall=1&func=getShiftEndTime&shiftdate=2024-12-23 HTTP/1.1" 200 7 "http://192.168.1.83:8088/eHR/ess/redirect.php?scriptname=ESNA012&appdesc=%E8%AF%B7%E5%81%87%E7%94%B3%E8%AF%B7" "Mozilla/5.0 (Windows NT 10.0; Win64; x64) AppleWebKit/537.36 (KHTML, like Gecko) Chrome/131.0.0.0 Safari/537.36 Edg/131.0.0.0"
192.168.40.71 - - [24/Dec/2024:13:47:17 +0800] "GET /eHR/ess/redirect.php?scriptname=ESNA012&appdesc=%E8%AF%B7%E5%81%87%E7%94%B3%E8%AF%B7&ajaxcall=1&func=getShiftEndTime&shiftdate=2024-12-23 HTTP/1.1" 200 7
192.168.40.71 - - [24/Dec/2024:13:47:25 +0800] "POST /eHR/ess/redirect.php?scriptname=ajax_overtime&do=CheckLeaveApplyTimeArea HTTP/1.1" 200 2 "http://192.168.1.83:8088/eHR/ess/redirect.php?scriptname=ESNA012&appdesc=%E8%AF%B7%E5%81%87%E7%94%B3%E8%AF%B7" "Mozilla/5.0 (Windows NT 10.0; Win64; x64) AppleWebKit/537.36 (KHTML, like Gecko) Chrome/131.0.0.0 Safari/537.36 Edg/131.0.0.0"
192.168.40.71 - - [24/Dec/2024:13:47:25 +0800] "POST /eHR/ess/redirect.php?scriptname=ajax_overtime&do=CheckLeaveApplyTimeArea HTTP/1.1" 200 2
192.168.38.156 - - [24/Dec/2024:13:47:24 +0800] "POST /eHR/mgr/redirect.php?scriptname=MDNH104&appdesc=%E8%AF%B7%E5%81%87%E7%AD%BE%E6%A0%B8 HTTP/1.1" 200 5138 "http://192.168.1.83:8088/eHR/mgr/redirect.php?scriptname=MDNH104&appdesc=%E8%AF%B7%E5%81%87%E7%AD%BE%E6%A0%B8" "Mozilla/5.0 (Windows NT 6.2; Win64; x64) AppleWebKit/537.36 (KHTML, like Gecko) Chrome/105.0.0.0 Safari/537.36"
192.168.38.156 - - [24/Dec/2024:13:47:24 +0800] "POST /eHR/mgr/redirect.php?scriptname=MDNH104&appdesc=%E8%AF%B7%E5%81%87%E7%AD%BE%E6%A0%B8 HTTP/1.1" 200 5138
192.168.38.156 - - [24/Dec/2024:13:47:28 +0800] "GET /eHR/ess/redirect.php?scriptname=ESNH004&appdesc=%E5%8A%A0%E7%8F%AD%E7%AD%BE%E6%A0%B8 HTTP/1.1" 302 - "http://192.168.1.83:8088/eHR/ess/redirect.php" "Mozilla/5.0 (Windows NT 6.2; Win64; x64) AppleWebKit/537.36 (KHTML, like Gecko) Chrome/105.0.0.0 Safari/537.36"
192.168.38.156 - - [24/Dec/2024:13:47:28 +0800] "GET /eHR/ess/redirect.php?scriptname=ESNH004&appdesc=%E5%8A%A0%E7%8F%AD%E7%AD%BE%E6%A0%B8 HTTP/1.1" 302 -
192.168.40.71 - - [24/Dec/2024:13:47:31 +0800] "POST /eHR/ess/redirect.php?scriptname=ESNA012&appdesc=%E8%AF%B7%E5%81%87%E7%94%B3%E8%AF%B7 HTTP/1.1" 302 - "http://192.168.1.83:8088/eHR/ess/redirect.php?scriptname=ESNA012&appdesc=%E8%AF%B7%E5%81%87%E7%94%B3%E8%AF%B7" "Mozilla/5.0 (Windows NT 10.0; Win64; x64) AppleWebKit/537.36 (KHTML, like Gecko) Chrome/131.0.0.0 Safari/537.36 Edg/131.0.0.0"
192.168.40.71 - - [24/Dec/2024:13:47:31 +0800] "POST /eHR/ess/redirect.php?scriptname=ESNA012&appdesc=%E8%AF%B7%E5%81%87%E7%94%B3%E8%AF%B7 HTTP/1.1" 302 -
192.168.40.71 - - [24/Dec/2024:13:47:31 +0800] "GET /eHR/ess/redirect.php?scriptname=page_success&msgtxt=%E8%AF%B7%E5%81%87%E7%94%B3%E8%AF%B7%E6%8F%90%E4%BA%A4%E6%88%90%E5%8A%9F%2C%E8%AF%B7%E7%AD%89%E5%BE%85%E4%B8%BB%E7%AE%A1%E7%AD%BE%E6%A0%B8.%3Cbr%3E%E6%82%A8%E5%8F%AF%E4%BB%A5%E5%88%B0+%3Cstrong%3E+%3Ca+href%3D%22%3Fscriptname%3Demp_leave_apply_search%26flowseqno%3D107252%22%3E%E8%AF%B7%E5%81%87%E7%94%B3%E8%AF%B7%E6%9F%A5%E8%AF%A2+%3C%2Fa%3E%3C%2Fstrong%3E+%E6%9F%A5%E8%AF%A2%E6%89%80%E6%8F%90%E4%BA%A4%E7%9A%84%E7%94%B3%E8%AF%B7%E5%8D%95%E8%AF%A6%E6%83%85%E5%8F%8A%E6%B5%81%E7%A8%8B.&target=iframe HTTP/1.1" 200 3276 "http://192.168.1.83:8088/eHR/ess/redirect.php?scriptname=ESNA012&appdesc=%E8%AF%B7%E5%81%87%E7%94%B3%E8%AF%B7" "Mozilla/5.0 (Windows NT 10.0; Win64; x64) AppleWebKit/537.36 (KHTML, like Gecko) Chrome/131.0.0.0 Safari/537.36 Edg/131.0.0.0"
192.168.40.71 - - [24/Dec/2024:13:47:31 +0800] "GET /eHR/ess/redirect.php?scriptname=page_success&msgtxt=%E8%AF%B7%E5%81%87%E7%94%B3%E8%AF%B7%E6%8F%90%E4%BA%A4%E6%88%90%E5%8A%9F%2C%E8%AF%B7%E7%AD%89%E5%BE%85%E4%B8%BB%E7%AE%A1%E7%AD%BE%E6%A0%B8.%3Cbr%3E%E6%82%A8%E5%8F%AF%E4%BB%A5%E5%88%B0+%3Cstrong%3E+%3Ca+href%3D%22%3Fscriptname%3Demp_leave_apply_search%26flowseqno%3D107252%22%3E%E8%AF%B7%E5%81%87%E7%94%B3%E8%AF%B7%E6%9F%A5%E8%AF%A2+%3C%2Fa%3E%3C%2Fstrong%3E+%E6%9F%A5%E8%AF%A2%E6%89%80%E6%8F%90%E4%BA%A4%E7%9A%84%E7%94%B3%E8%AF%B7%E5%8D%95%E8%AF%A6%E6%83%85%E5%8F%8A%E6%B5%81%E7%A8%8B.&target=iframe HTTP/1.1" 200 3276
192.168.38.156 - - [24/Dec/2024:13:47:29 +0800] "GET /eHR/mgr/redirect.php?scriptname=MDNH105&appdesc=%E5%8A%A0%E7%8F%AD%E7%AD%BE%E6%A0%B8 HTTP/1.1" 200 565685 "http://192.168.1.83:8088/eHR/ess/redirect.php" "Mozilla/5.0 (Windows NT 6.2; Win64; x64) AppleWebKit/537.36 (KHTML, like Gecko) Chrome/105.0.0.0 Safari/537.36"
192.168.38.156 - - [24/Dec/2024:13:47:29 +0800] "GET /eHR/mgr/redirect.php?scriptname=MDNH105&appdesc=%E5%8A%A0%E7%8F%AD%E7%AD%BE%E6%A0%B8 HTTP/1.1" 200 565685
192.168.40.71 - - [24/Dec/2024:13:47:33 +0800] "GET /eHR/ess/redirect.php?scriptname=ESNA012&appdesc=%E8%AF%B7%E5%81%87%E7%94%B3%E8%AF%B7 HTTP/1.1" 200 20779 "http://192.168.1.83:8088/eHR/ess/redirect.php" "Mozilla/5.0 (Windows NT 10.0; Win64; x64) AppleWebKit/537.36 (KHTML, like Gecko) Chrome/131.0.0.0 Safari/537.36 Edg/131.0.0.0"
192.168.40.71 - - [24/Dec/2024:13:47:33 +0800] "GET /eHR/ess/redirect.php?scriptname=ESNA012&appdesc=%E8%AF%B7%E5%81%87%E7%94%B3%E8%AF%B7 HTTP/1.1" 200 20779
192.168.40.71 - - [24/Dec/2024:13:47:40 +0800] "GET /eHR/ess/redirect.php?scriptname=ESNA012&appdesc=%E8%AF%B7%E5%81%87%E7%94%B3%E8%AF%B7&ajaxcall=1&func=getShiftBeginTime&shiftdate=2024-12-24 HTTP/1.1" 200 7 "http://192.168.1.83:8088/eHR/ess/redirect.php?scriptname=ESNA012&appdesc=%E8%AF%B7%E5%81%87%E7%94%B3%E8%AF%B7" "Mozilla/5.0 (Windows NT 10.0; Win64; x64) AppleWebKit/537.36 (KHTML, like Gecko) Chrome/131.0.0.0 Safari/537.36 Edg/131.0.0.0"
192.168.40.71 - - [24/Dec/2024:13:47:40 +0800] "GET /eHR/ess/redirect.php?scriptname=ESNA012&appdesc=%E8%AF%B7%E5%81%87%E7%94%B3%E8%AF%B7&ajaxcall=1&func=getShiftBeginTime&shiftdate=2024-12-24 HTTP/1.1" 200 7
192.168.40.71 - - [24/Dec/2024:13:47:44 +0800] "GET /eHR/ess/redirect.php?scriptname=ESNA012&appdesc=%E8%AF%B7%E5%81%87%E7%94%B3%E8%AF%B7&ajaxcall=1&func=getShiftEndTime&shiftdate=2024-12-24 HTTP/1.1" 200 7 "http://192.168.1.83:8088/eHR/ess/redirect.php?scriptname=ESNA012&appdesc=%E8%AF%B7%E5%81%87%E7%94%B3%E8%AF%B7" "Mozilla/5.0 (Windows NT 10.0; Win64; x64) AppleWebKit/537.36 (KHTML, like Gecko) Chrome/131.0.0.0 Safari/537.36 Edg/131.0.0.0"
192.168.40.71 - - [24/Dec/2024:13:47:44 +0800] "GET /eHR/ess/redirect.php?scriptname=ESNA012&appdesc=%E8%AF%B7%E5%81%87%E7%94%B3%E8%AF%B7&ajaxcall=1&func=getShiftEndTime&shiftdate=2024-12-24 HTTP/1.1" 200 7
