192.168.11.73 - - [09/Dec/2024:08:31:38 +0800] "POST /eHR/ess/redirect.php?scriptname=ESNE001&appdesc=%E6%89%B9%E9%87%8F%E5%8A%A0%E7%8F%AD%E7%94%B3%E8%AF%B7 HTTP/1.1" 200 4478 "http://192.168.1.83:8088/eHR/ess/redirect.php?scriptname=ESNE001&appdesc=%E6%89%B9%E9%87%8F%E5%8A%A0%E7%8F%AD%E7%94%B3%E8%AF%B7" "Mozilla/5.0 (Windows NT 6.1; Win64; x64) AppleWebKit/537.36 (KHTML, like Gecko) Chrome/105.0.0.0 Safari/537.36"
192.168.11.73 - - [09/Dec/2024:08:31:38 +0800] "POST /eHR/ess/redirect.php?scriptname=ESNE001&appdesc=%E6%89%B9%E9%87%8F%E5%8A%A0%E7%8F%AD%E7%94%B3%E8%AF%B7 HTTP/1.1" 200 4478
100.64.0.1 - - [09/Dec/2024:08:31:42 +0800] "HEAD /ehr/mgr/approve.php?key=C745081140A75E879C6C434D47669650C28BD4902DA92C57BCB573E7AD7825EE55B87E2342425107201B8F6A7384A1FF1A89CEB4E3047A22A054BD0821177441 HTTP/1.1" 200 - "-" "-"
100.64.0.1 - - [09/Dec/2024:08:31:42 +0800] "HEAD /ehr/mgr/approve.php?key=C745081140A75E879C6C434D47669650C28BD4902DA92C57BCB573E7AD7825EE55B87E2342425107201B8F6A7384A1FF1A89CEB4E3047A22A054BD0821177441 HTTP/1.1" 200 -
192.168.182.95 - - [09/Dec/2024:08:31:43 +0800] "\x16\x03\x01\x06\xfd\x01" 501 208 "-" "-"
192.168.182.95 - - [09/Dec/2024:08:31:43 +0800] "\x16\x03\x01\x06\xfd\x01" 501 208
192.168.182.95 - - [09/Dec/2024:08:31:43 +0800] "\x16\x03\x01\x06\xfd\x01" 501 208 "-" "-"
192.168.182.95 - - [09/Dec/2024:08:31:43 +0800] "\x16\x03\x01\x06\xfd\x01" 501 208
192.168.182.95 - - [09/Dec/2024:08:31:43 +0800] "GET /ehr/mgr/approve.php?key=C745081140A75E879C6C434D47669650C28BD4902DA92C57BCB573E7AD7825EE55B87E2342425107201B8F6A7384A1FF1A89CEB4E3047A22A054BD0821177441 HTTP/1.1" 200 4202 "-" "Mozilla/5.0 (Windows NT 10.0; Win64; x64) AppleWebKit/537.36 (KHTML, like Gecko) Chrome/131.0.0.0 Safari/537.36 Edg/131.0.0.0"
192.168.182.95 - - [09/Dec/2024:08:31:43 +0800] "GET /ehr/mgr/approve.php?key=C745081140A75E879C6C434D47669650C28BD4902DA92C57BCB573E7AD7825EE55B87E2342425107201B8F6A7384A1FF1A89CEB4E3047A22A054BD0821177441 HTTP/1.1" 200 4202
192.168.182.95 - - [09/Dec/2024:08:31:43 +0800] "GET /ehr/css/blueprint/screen.css HTTP/1.1" 200 11552 "http://hcp.maglayers.com.cn:8088/ehr/mgr/approve.php?key=C745081140A75E879C6C434D47669650C28BD4902DA92C57BCB573E7AD7825EE55B87E2342425107201B8F6A7384A1FF1A89CEB4E3047A22A054BD0821177441" "Mozilla/5.0 (Windows NT 10.0; Win64; x64) AppleWebKit/537.36 (KHTML, like Gecko) Chrome/131.0.0.0 Safari/537.36 Edg/131.0.0.0"
192.168.182.95 - - [09/Dec/2024:08:31:43 +0800] "GET /ehr/css/blueprint/screen.css HTTP/1.1" 200 11552
192.168.182.95 - - [09/Dec/2024:08:31:43 +0800] "GET /ehr/css/jqueryui/themes//jquery.ui.all.css HTTP/1.1" 404 240 "http://hcp.maglayers.com.cn:8088/ehr/mgr/approve.php?key=C745081140A75E879C6C434D47669650C28BD4902DA92C57BCB573E7AD7825EE55B87E2342425107201B8F6A7384A1FF1A89CEB4E3047A22A054BD0821177441" "Mozilla/5.0 (Windows NT 10.0; Win64; x64) AppleWebKit/537.36 (KHTML, like Gecko) Chrome/131.0.0.0 Safari/537.36 Edg/131.0.0.0"
192.168.182.95 - - [09/Dec/2024:08:31:43 +0800] "GET /ehr/css/jqueryui/themes//jquery.ui.all.css HTTP/1.1" 404 240
192.168.182.95 - - [09/Dec/2024:08:31:43 +0800] "GET /ehr/css/default.css HTTP/1.1" 200 8445 "http://hcp.maglayers.com.cn:8088/ehr/mgr/approve.php?key=C745081140A75E879C6C434D47669650C28BD4902DA92C57BCB573E7AD7825EE55B87E2342425107201B8F6A7384A1FF1A89CEB4E3047A22A054BD0821177441" "Mozilla/5.0 (Windows NT 10.0; Win64; x64) AppleWebKit/537.36 (KHTML, like Gecko) Chrome/131.0.0.0 Safari/537.36 Edg/131.0.0.0"
192.168.182.95 - - [09/Dec/2024:08:31:43 +0800] "GET /ehr/css/default.css HTTP/1.1" 200 8445
192.168.182.95 - - [09/Dec/2024:08:31:43 +0800] "GET /ehr/img/N.png HTTP/1.1" 200 1041 "http://hcp.maglayers.com.cn:8088/ehr/mgr/approve.php?key=C745081140A75E879C6C434D47669650C28BD4902DA92C57BCB573E7AD7825EE55B87E2342425107201B8F6A7384A1FF1A89CEB4E3047A22A054BD0821177441" "Mozilla/5.0 (Windows NT 10.0; Win64; x64) AppleWebKit/537.36 (KHTML, like Gecko) Chrome/131.0.0.0 Safari/537.36 Edg/131.0.0.0"
192.168.182.95 - - [09/Dec/2024:08:31:43 +0800] "GET /ehr/img/N.png HTTP/1.1" 200 1041
192.168.182.95 - - [09/Dec/2024:08:31:43 +0800] "GET /ehr/js/i18n/ui.datepicker-zh-TW.min.js HTTP/1.1" 200 697 "http://hcp.maglayers.com.cn:8088/ehr/mgr/approve.php?key=C745081140A75E879C6C434D47669650C28BD4902DA92C57BCB573E7AD7825EE55B87E2342425107201B8F6A7384A1FF1A89CEB4E3047A22A054BD0821177441" "Mozilla/5.0 (Windows NT 10.0; Win64; x64) AppleWebKit/537.36 (KHTML, like Gecko) Chrome/131.0.0.0 Safari/537.36 Edg/131.0.0.0"
192.168.182.95 - - [09/Dec/2024:08:31:43 +0800] "GET /ehr/js/i18n/ui.datepicker-zh-TW.min.js HTTP/1.1" 200 697
192.168.182.95 - - [09/Dec/2024:08:31:43 +0800] "GET /ehr/js/jqueryui/jquery-1.4.4.min.js HTTP/1.1" 200 78601 "http://hcp.maglayers.com.cn:8088/ehr/mgr/approve.php?key=C745081140A75E879C6C434D47669650C28BD4902DA92C57BCB573E7AD7825EE55B87E2342425107201B8F6A7384A1FF1A89CEB4E3047A22A054BD0821177441" "Mozilla/5.0 (Windows NT 10.0; Win64; x64) AppleWebKit/537.36 (KHTML, like Gecko) Chrome/131.0.0.0 Safari/537.36 Edg/131.0.0.0"
192.168.182.95 - - [09/Dec/2024:08:31:43 +0800] "GET /ehr/js/jqueryui/jquery-1.4.4.min.js HTTP/1.1" 200 78601
192.168.182.95 - - [09/Dec/2024:08:31:43 +0800] "GET /ehr/js/jqueryui/jquery-ui-1.8.11.custom.min.js HTTP/1.1" 200 208229 "http://hcp.maglayers.com.cn:8088/ehr/mgr/approve.php?key=C745081140A75E879C6C434D47669650C28BD4902DA92C57BCB573E7AD7825EE55B87E2342425107201B8F6A7384A1FF1A89CEB4E3047A22A054BD0821177441" "Mozilla/5.0 (Windows NT 10.0; Win64; x64) AppleWebKit/537.36 (KHTML, like Gecko) Chrome/131.0.0.0 Safari/537.36 Edg/131.0.0.0"
192.168.182.95 - - [09/Dec/2024:08:31:43 +0800] "GET /ehr/js/jqueryui/jquery-ui-1.8.11.custom.min.js HTTP/1.1" 200 208229
192.168.11.73 - - [09/Dec/2024:08:31:43 +0800] "GET /eHR/ess/redirect.php?scriptname=ESNE001&appdesc=%E6%89%B9%E9%87%8F%E5%8A%A0%E7%8F%AD%E7%94%B3%E8%AF%B7 HTTP/1.1" 200 15271 "http://192.168.1.83:8088/eHR/ess/redirect.php" "Mozilla/5.0 (Windows NT 6.1; Win64; x64) AppleWebKit/537.36 (KHTML, like Gecko) Chrome/105.0.0.0 Safari/537.36"
192.168.11.73 - - [09/Dec/2024:08:31:43 +0800] "GET /eHR/ess/redirect.php?scriptname=ESNE001&appdesc=%E6%89%B9%E9%87%8F%E5%8A%A0%E7%8F%AD%E7%94%B3%E8%AF%B7 HTTP/1.1" 200 15271
192.168.11.73 - - [09/Dec/2024:08:31:44 +0800] "GET /eHR/ess/redirect.php?scriptname=ESNE001&appdesc=%E6%89%B9%E9%87%8F%E5%8A%A0%E7%8F%AD%E7%94%B3%E8%AF%B7 HTTP/1.1" 200 15271 "http://192.168.1.83:8088/eHR/ess/redirect.php" "Mozilla/5.0 (Windows NT 6.1; Win64; x64) AppleWebKit/537.36 (KHTML, like Gecko) Chrome/105.0.0.0 Safari/537.36"
192.168.11.73 - - [09/Dec/2024:08:31:44 +0800] "GET /eHR/ess/redirect.php?scriptname=ESNE001&appdesc=%E6%89%B9%E9%87%8F%E5%8A%A0%E7%8F%AD%E7%94%B3%E8%AF%B7 HTTP/1.1" 200 15271
192.168.11.73 - - [09/Dec/2024:08:32:02 +0800] "GET /eHR/ess/redirect.php?scriptname=emp_lov&openW=Y&rand=0.49500429014031244 HTTP/1.1" 200 13560 "http://192.168.1.83:8088/eHR/ess/redirect.php?scriptname=ESNE001&appdesc=%E6%89%B9%E9%87%8F%E5%8A%A0%E7%8F%AD%E7%94%B3%E8%AF%B7" "Mozilla/5.0 (Windows NT 6.1; Win64; x64) AppleWebKit/537.36 (KHTML, like Gecko) Chrome/105.0.0.0 Safari/537.36"
192.168.11.73 - - [09/Dec/2024:08:32:02 +0800] "GET /eHR/ess/redirect.php?scriptname=emp_lov&openW=Y&rand=0.49500429014031244 HTTP/1.1" 200 13560
100.64.0.1 - - [09/Dec/2024:08:32:10 +0800] "HEAD /ehr/mgr/approve.php?key=096786FC1A6E1BA1EF430D38AEE59D36AAC16E43AEC55A4F410460B3F97CF2648925E1C290CDB8B82ED68A737BAE8FB36038705119AAE60400E7A6A15C0C5005 HTTP/1.1" 200 - "-" "-"
100.64.0.1 - - [09/Dec/2024:08:32:10 +0800] "HEAD /ehr/mgr/approve.php?key=096786FC1A6E1BA1EF430D38AEE59D36AAC16E43AEC55A4F410460B3F97CF2648925E1C290CDB8B82ED68A737BAE8FB36038705119AAE60400E7A6A15C0C5005 HTTP/1.1" 200 -
192.168.11.73 - - [09/Dec/2024:08:32:10 +0800] "POST /eHR/ess/redirect.php?scriptname=emp_lov&openW=Y&rand=0.49500429014031244 HTTP/1.1" 200 15749 "http://192.168.1.83:8088/eHR/ess/redirect.php?scriptname=emp_lov&openW=Y&rand=0.49500429014031244" "Mozilla/5.0 (Windows NT 6.1; Win64; x64) AppleWebKit/537.36 (KHTML, like Gecko) Chrome/105.0.0.0 Safari/537.36"
192.168.11.73 - - [09/Dec/2024:08:32:10 +0800] "POST /eHR/ess/redirect.php?scriptname=emp_lov&openW=Y&rand=0.49500429014031244 HTTP/1.1" 200 15749
192.168.182.95 - - [09/Dec/2024:08:32:11 +0800] "GET /ehr/mgr/approve.php?key=096786FC1A6E1BA1EF430D38AEE59D36AAC16E43AEC55A4F410460B3F97CF2648925E1C290CDB8B82ED68A737BAE8FB36038705119AAE60400E7A6A15C0C5005 HTTP/1.1" 200 4166 "-" "Mozilla/5.0 (Windows NT 10.0; Win64; x64) AppleWebKit/537.36 (KHTML, like Gecko) Chrome/131.0.0.0 Safari/537.36 Edg/131.0.0.0"
192.168.182.95 - - [09/Dec/2024:08:32:11 +0800] "GET /ehr/mgr/approve.php?key=096786FC1A6E1BA1EF430D38AEE59D36AAC16E43AEC55A4F410460B3F97CF2648925E1C290CDB8B82ED68A737BAE8FB36038705119AAE60400E7A6A15C0C5005 HTTP/1.1" 200 4166
192.168.182.95 - - [09/Dec/2024:08:32:11 +0800] "GET /ehr/css/jqueryui/themes//jquery.ui.all.css HTTP/1.1" 404 240
192.168.182.95 - - [09/Dec/2024:08:32:11 +0800] "GET /ehr/css/jqueryui/themes//jquery.ui.all.css HTTP/1.1" 404 240 "http://hcp.maglayers.com.cn:8088/ehr/mgr/approve.php?key=096786FC1A6E1BA1EF430D38AEE59D36AAC16E43AEC55A4F410460B3F97CF2648925E1C290CDB8B82ED68A737BAE8FB36038705119AAE60400E7A6A15C0C5005" "Mozilla/5.0 (Windows NT 10.0; Win64; x64) AppleWebKit/537.36 (KHTML, like Gecko) Chrome/131.0.0.0 Safari/537.36 Edg/131.0.0.0"
192.168.11.73 - - [09/Dec/2024:08:32:15 +0800] "POST /eHR/ess/redirect.php?scriptname=ESNE001&appdesc=%E6%89%B9%E9%87%8F%E5%8A%A0%E7%8F%AD%E7%94%B3%E8%AF%B7 HTTP/1.1" 200 4075 "http://192.168.1.83:8088/eHR/ess/redirect.php?scriptname=ESNE001&appdesc=%E6%89%B9%E9%87%8F%E5%8A%A0%E7%8F%AD%E7%94%B3%E8%AF%B7" "Mozilla/5.0 (Windows NT 6.1; Win64; x64) AppleWebKit/537.36 (KHTML, like Gecko) Chrome/105.0.0.0 Safari/537.36"
192.168.11.73 - - [09/Dec/2024:08:32:15 +0800] "POST /eHR/ess/redirect.php?scriptname=ESNE001&appdesc=%E6%89%B9%E9%87%8F%E5%8A%A0%E7%8F%AD%E7%94%B3%E8%AF%B7 HTTP/1.1" 200 4075
192.168.11.73 - - [09/Dec/2024:08:32:36 +0800] "GET /eHR/ess/redirect.php?scriptname=ESNE001&appdesc=%E6%89%B9%E9%87%8F%E5%8A%A0%E7%8F%AD%E7%94%B3%E8%AF%B7 HTTP/1.1" 200 15271 "http://192.168.1.83:8088/eHR/ess/redirect.php" "Mozilla/5.0 (Windows NT 6.1; Win64; x64) AppleWebKit/537.36 (KHTML, like Gecko) Chrome/105.0.0.0 Safari/537.36"
192.168.11.73 - - [09/Dec/2024:08:32:36 +0800] "GET /eHR/ess/redirect.php?scriptname=ESNE001&appdesc=%E6%89%B9%E9%87%8F%E5%8A%A0%E7%8F%AD%E7%94%B3%E8%AF%B7 HTTP/1.1" 200 15271
192.168.11.73 - - [09/Dec/2024:08:32:37 +0800] "GET /eHR/ess/redirect.php?scriptname=ESNE001&appdesc=%E6%89%B9%E9%87%8F%E5%8A%A0%E7%8F%AD%E7%94%B3%E8%AF%B7 HTTP/1.1" 200 15271 "http://192.168.1.83:8088/eHR/ess/redirect.php" "Mozilla/5.0 (Windows NT 6.1; Win64; x64) AppleWebKit/537.36 (KHTML, like Gecko) Chrome/105.0.0.0 Safari/537.36"
192.168.11.73 - - [09/Dec/2024:08:32:37 +0800] "GET /eHR/ess/redirect.php?scriptname=ESNE001&appdesc=%E6%89%B9%E9%87%8F%E5%8A%A0%E7%8F%AD%E7%94%B3%E8%AF%B7 HTTP/1.1" 200 15271
100.64.0.1 - - [09/Dec/2024:08:34:12 +0800] "GET /robots.txt HTTP/1.1" 404 208 "-" "Mozilla/5.0 (compatible; Googlebot/2.1; +http://www.google.com/bot.html)"
100.64.0.1 - - [09/Dec/2024:08:34:12 +0800] "GET /robots.txt HTTP/1.1" 404 208
100.64.0.1 - - [09/Dec/2024:08:34:14 +0800] "GET /Apache%20Software%20Foundation/Apache2.2/icons/small/tar.png HTTP/1.1" 200 173 "-" "Googlebot-Image/1.0"
100.64.0.1 - - [09/Dec/2024:08:34:14 +0800] "GET /Apache%20Software%20Foundation/Apache2.2/icons/small/tar.png HTTP/1.1" 200 173
192.168.11.73 - - [09/Dec/2024:08:34:32 +0800] "GET /eHR/ess/redirect.php?scriptname=ESNE001&appdesc=%E6%89%B9%E9%87%8F%E5%8A%A0%E7%8F%AD%E7%94%B3%E8%AF%B7 HTTP/1.1" 200 15271 "http://192.168.1.83:8088/eHR/ess/redirect.php" "Mozilla/5.0 (Windows NT 6.1; Win64; x64) AppleWebKit/537.36 (KHTML, like Gecko) Chrome/105.0.0.0 Safari/537.36"
192.168.11.73 - - [09/Dec/2024:08:34:32 +0800] "GET /eHR/ess/redirect.php?scriptname=ESNE001&appdesc=%E6%89%B9%E9%87%8F%E5%8A%A0%E7%8F%AD%E7%94%B3%E8%AF%B7 HTTP/1.1" 200 15271
192.168.11.73 - - [09/Dec/2024:08:34:50 +0800] "GET /eHR/ess/redirect.php?scriptname=user_excel_upload&used_program=emp_import&openW=Y&rand=0.9152433268387976 HTTP/1.1" 200 5264 "http://192.168.1.83:8088/eHR/ess/redirect.php?scriptname=ESNE001&appdesc=%E6%89%B9%E9%87%8F%E5%8A%A0%E7%8F%AD%E7%94%B3%E8%AF%B7" "Mozilla/5.0 (Windows NT 6.1; Win64; x64) AppleWebKit/537.36 (KHTML, like Gecko) Chrome/105.0.0.0 Safari/537.36"
192.168.11.73 - - [09/Dec/2024:08:34:50 +0800] "GET /eHR/ess/redirect.php?scriptname=user_excel_upload&used_program=emp_import&openW=Y&rand=0.9152433268387976 HTTP/1.1" 200 5264
192.168.11.73 - - [09/Dec/2024:08:34:55 +0800] "POST /eHR/ess/redirect.php?scriptname=user_excel_upload&used_program=emp_import&openW=Y&rand=0.9152433268387976 HTTP/1.1" 302 - "http://192.168.1.83:8088/eHR/ess/redirect.php?scriptname=user_excel_upload&used_program=emp_import&openW=Y&rand=0.9152433268387976" "Mozilla/5.0 (Windows NT 6.1; Win64; x64) AppleWebKit/537.36 (KHTML, like Gecko) Chrome/105.0.0.0 Safari/537.36"
192.168.11.73 - - [09/Dec/2024:08:34:55 +0800] "POST /eHR/ess/redirect.php?scriptname=user_excel_upload&used_program=emp_import&openW=Y&rand=0.9152433268387976 HTTP/1.1" 302 -
192.168.11.73 - - [09/Dec/2024:08:34:55 +0800] "GET /eHR/ess/redirect.php?scriptname=emp_import&id=3 HTTP/1.1" 200 5152 "http://192.168.1.83:8088/eHR/ess/redirect.php?scriptname=user_excel_upload&used_program=emp_import&openW=Y&rand=0.9152433268387976" "Mozilla/5.0 (Windows NT 6.1; Win64; x64) AppleWebKit/537.36 (KHTML, like Gecko) Chrome/105.0.0.0 Safari/537.36"
192.168.11.73 - - [09/Dec/2024:08:34:55 +0800] "GET /eHR/ess/redirect.php?scriptname=emp_import&id=3 HTTP/1.1" 200 5152
192.168.11.73 - - [09/Dec/2024:08:35:00 +0800] "POST /eHR/ess/redirect.php?scriptname=ESNE001&appdesc=%E6%89%B9%E9%87%8F%E5%8A%A0%E7%8F%AD%E7%94%B3%E8%AF%B7 HTTP/1.1" 200 4754 "http://192.168.1.83:8088/eHR/ess/redirect.php?scriptname=ESNE001&appdesc=%E6%89%B9%E9%87%8F%E5%8A%A0%E7%8F%AD%E7%94%B3%E8%AF%B7" "Mozilla/5.0 (Windows NT 6.1; Win64; x64) AppleWebKit/537.36 (KHTML, like Gecko) Chrome/105.0.0.0 Safari/537.36"
192.168.11.73 - - [09/Dec/2024:08:35:00 +0800] "POST /eHR/ess/redirect.php?scriptname=ESNE001&appdesc=%E6%89%B9%E9%87%8F%E5%8A%A0%E7%8F%AD%E7%94%B3%E8%AF%B7 HTTP/1.1" 200 4754
192.168.11.73 - - [09/Dec/2024:08:35:03 +0800] "GET /eHR/ess/redirect.php?scriptname=ESNE001&appdesc=%E6%89%B9%E9%87%8F%E5%8A%A0%E7%8F%AD%E7%94%B3%E8%AF%B7 HTTP/1.1" 200 15271 "http://192.168.1.83:8088/eHR/ess/redirect.php" "Mozilla/5.0 (Windows NT 6.1; Win64; x64) AppleWebKit/537.36 (KHTML, like Gecko) Chrome/105.0.0.0 Safari/537.36"
192.168.11.73 - - [09/Dec/2024:08:35:03 +0800] "GET /eHR/ess/redirect.php?scriptname=ESNE001&appdesc=%E6%89%B9%E9%87%8F%E5%8A%A0%E7%8F%AD%E7%94%B3%E8%AF%B7 HTTP/1.1" 200 15271
100.64.0.1 - - [09/Dec/2024:08:35:04 +0800] "GET / HTTP/1.1" 200 439 "-" "Mozilla/5.0 (Macintosh; Intel Mac OS X 10_11) AppleWebKit/601.1.27 (KHTML, like Gecko) Chrome/47.0.2526.106 Safari/601.1.27"
100.64.0.1 - - [09/Dec/2024:08:35:04 +0800] "GET / HTTP/1.1" 200 439
192.168.11.73 - - [09/Dec/2024:08:35:04 +0800] "GET /eHR/ess/redirect.php?scriptname=ESNE001&appdesc=%E6%89%B9%E9%87%8F%E5%8A%A0%E7%8F%AD%E7%94%B3%E8%AF%B7 HTTP/1.1" 200 15271 "http://192.168.1.83:8088/eHR/ess/redirect.php" "Mozilla/5.0 (Windows NT 6.1; Win64; x64) AppleWebKit/537.36 (KHTML, like Gecko) Chrome/105.0.0.0 Safari/537.36"
192.168.11.73 - - [09/Dec/2024:08:35:04 +0800] "GET /eHR/ess/redirect.php?scriptname=ESNE001&appdesc=%E6%89%B9%E9%87%8F%E5%8A%A0%E7%8F%AD%E7%94%B3%E8%AF%B7 HTTP/1.1" 200 15271
100.64.0.1 - - [09/Dec/2024:08:35:10 +0800] "GET /Apache%20Software%20Foundation/Apache2.2/logs/error_20240109.log HTTP/1.1" 304 - "-" "Mozilla/5.0 (Linux; Android 6.0.1; Nexus 5X Build/MMB29P) AppleWebKit/537.36 (KHTML, like Gecko) Chrome/131.0.6778.85 Mobile Safari/537.36 (compatible; Googlebot/2.1; +http://www.google.com/bot.html)"
100.64.0.1 - - [09/Dec/2024:08:35:10 +0800] "GET /Apache%20Software%20Foundation/Apache2.2/logs/error_20240109.log HTTP/1.1" 304 -
192.168.11.73 - - [09/Dec/2024:08:35:18 +0800] "GET /eHR/ess/redirect.php?scriptname=ESNE001&appdesc=%E6%89%B9%E9%87%8F%E5%8A%A0%E7%8F%AD%E7%94%B3%E8%AF%B7 HTTP/1.1" 200 15271 "http://192.168.1.83:8088/eHR/ess/redirect.php" "Mozilla/5.0 (Windows NT 6.1; Win64; x64) AppleWebKit/537.36 (KHTML, like Gecko) Chrome/105.0.0.0 Safari/537.36"
192.168.11.73 - - [09/Dec/2024:08:35:18 +0800] "GET /eHR/ess/redirect.php?scriptname=ESNE001&appdesc=%E6%89%B9%E9%87%8F%E5%8A%A0%E7%8F%AD%E7%94%B3%E8%AF%B7 HTTP/1.1" 200 15271
100.64.0.1 - - [09/Dec/2024:08:35:19 +0800] "HEAD /ehr/mgr/approve.php?key=C745081140A75E87A3DC3FFF2BBFDA25E7F426B9B1B1700577948EA9871B979600AF74F4BEB8234ED5B3D57190B1ABB097F8FBB3109424F240C8F7F9B08A5BC4 HTTP/1.1" 200 - "-" "-"
100.64.0.1 - - [09/Dec/2024:08:35:19 +0800] "HEAD /ehr/mgr/approve.php?key=C745081140A75E87A3DC3FFF2BBFDA25E7F426B9B1B1700577948EA9871B979600AF74F4BEB8234ED5B3D57190B1ABB097F8FBB3109424F240C8F7F9B08A5BC4 HTTP/1.1" 200 -
192.168.182.95 - - [09/Dec/2024:08:35:20 +0800] "GET /ehr/mgr/approve.php?key=C745081140A75E87A3DC3FFF2BBFDA25E7F426B9B1B1700577948EA9871B979600AF74F4BEB8234ED5B3D57190B1ABB097F8FBB3109424F240C8F7F9B08A5BC4 HTTP/1.1" 200 4202 "-" "Mozilla/5.0 (Windows NT 10.0; Win64; x64) AppleWebKit/537.36 (KHTML, like Gecko) Chrome/131.0.0.0 Safari/537.36 Edg/131.0.0.0"
192.168.182.95 - - [09/Dec/2024:08:35:20 +0800] "GET /ehr/mgr/approve.php?key=C745081140A75E87A3DC3FFF2BBFDA25E7F426B9B1B1700577948EA9871B979600AF74F4BEB8234ED5B3D57190B1ABB097F8FBB3109424F240C8F7F9B08A5BC4 HTTP/1.1" 200 4202
192.168.182.95 - - [09/Dec/2024:08:35:20 +0800] "GET /ehr/css/jqueryui/themes//jquery.ui.all.css HTTP/1.1" 404 240 "http://hcp.maglayers.com.cn:8088/ehr/mgr/approve.php?key=C745081140A75E87A3DC3FFF2BBFDA25E7F426B9B1B1700577948EA9871B979600AF74F4BEB8234ED5B3D57190B1ABB097F8FBB3109424F240C8F7F9B08A5BC4" "Mozilla/5.0 (Windows NT 10.0; Win64; x64) AppleWebKit/537.36 (KHTML, like Gecko) Chrome/131.0.0.0 Safari/537.36 Edg/131.0.0.0"
192.168.182.95 - - [09/Dec/2024:08:35:20 +0800] "GET /ehr/css/jqueryui/themes//jquery.ui.all.css HTTP/1.1" 404 240
192.168.11.73 - - [09/Dec/2024:08:35:28 +0800] "GET /eHR/ess/redirect.php?scriptname=user_excel_upload&used_program=emp_import&openW=Y&rand=0.5634350318938395 HTTP/1.1" 200 5264 "http://192.168.1.83:8088/eHR/ess/redirect.php?scriptname=ESNE001&appdesc=%E6%89%B9%E9%87%8F%E5%8A%A0%E7%8F%AD%E7%94%B3%E8%AF%B7" "Mozilla/5.0 (Windows NT 6.1; Win64; x64) AppleWebKit/537.36 (KHTML, like Gecko) Chrome/105.0.0.0 Safari/537.36"
192.168.11.73 - - [09/Dec/2024:08:35:28 +0800] "GET /eHR/ess/redirect.php?scriptname=user_excel_upload&used_program=emp_import&openW=Y&rand=0.5634350318938395 HTTP/1.1" 200 5264
192.168.11.73 - - [09/Dec/2024:08:35:33 +0800] "POST /eHR/ess/redirect.php?scriptname=user_excel_upload&used_program=emp_import&openW=Y&rand=0.5634350318938395 HTTP/1.1" 302 - "http://192.168.1.83:8088/eHR/ess/redirect.php?scriptname=user_excel_upload&used_program=emp_import&openW=Y&rand=0.5634350318938395" "Mozilla/5.0 (Windows NT 6.1; Win64; x64) AppleWebKit/537.36 (KHTML, like Gecko) Chrome/105.0.0.0 Safari/537.36"
192.168.11.73 - - [09/Dec/2024:08:35:33 +0800] "POST /eHR/ess/redirect.php?scriptname=user_excel_upload&used_program=emp_import&openW=Y&rand=0.5634350318938395 HTTP/1.1" 302 -
192.168.11.73 - - [09/Dec/2024:08:35:34 +0800] "GET /eHR/ess/redirect.php?scriptname=emp_import&id=3 HTTP/1.1" 200 12498 "http://192.168.1.83:8088/eHR/ess/redirect.php?scriptname=user_excel_upload&used_program=emp_import&openW=Y&rand=0.5634350318938395" "Mozilla/5.0 (Windows NT 6.1; Win64; x64) AppleWebKit/537.36 (KHTML, like Gecko) Chrome/105.0.0.0 Safari/537.36"
192.168.11.73 - - [09/Dec/2024:08:35:34 +0800] "GET /eHR/ess/redirect.php?scriptname=emp_import&id=3 HTTP/1.1" 200 12498
192.168.11.73 - - [09/Dec/2024:08:35:38 +0800] "POST /eHR/ess/redirect.php?scriptname=ESNE001&appdesc=%E6%89%B9%E9%87%8F%E5%8A%A0%E7%8F%AD%E7%94%B3%E8%AF%B7 HTTP/1.1" 302 - "http://192.168.1.83:8088/eHR/ess/redirect.php?scriptname=ESNE001&appdesc=%E6%89%B9%E9%87%8F%E5%8A%A0%E7%8F%AD%E7%94%B3%E8%AF%B7" "Mozilla/5.0 (Windows NT 6.1; Win64; x64) AppleWebKit/537.36 (KHTML, like Gecko) Chrome/105.0.0.0 Safari/537.36"
192.168.11.73 - - [09/Dec/2024:08:35:38 +0800] "POST /eHR/ess/redirect.php?scriptname=ESNE001&appdesc=%E6%89%B9%E9%87%8F%E5%8A%A0%E7%8F%AD%E7%94%B3%E8%AF%B7 HTTP/1.1" 302 -
100.64.0.1 - - [09/Dec/2024:08:35:40 +0800] "HEAD /ehr/mgr/approve.php?key=096786FC1A6E1BA1F5AB68E4A8E0F2EFFDF391590044F041CBF8743D22CDDFA4511A3C9D9DC88E0007DD8071DC0BB8C7F0C5E280888BC9F44E59DEBB2CFC59D9 HTTP/1.1" 200 - "-" "-"
100.64.0.1 - - [09/Dec/2024:08:35:40 +0800] "HEAD /ehr/mgr/approve.php?key=096786FC1A6E1BA1F5AB68E4A8E0F2EFFDF391590044F041CBF8743D22CDDFA4511A3C9D9DC88E0007DD8071DC0BB8C7F0C5E280888BC9F44E59DEBB2CFC59D9 HTTP/1.1" 200 -
192.168.11.73 - - [09/Dec/2024:08:35:39 +0800] "GET /eHR/ess/redirect.php?scriptname=page_success&msgtxt=%E6%82%A8%E7%9A%84%E5%8A%A0%E7%8F%AD%E7%94%B3%E8%AB%8B%E5%B7%B2%E6%88%90%E5%8A%9F%E6%8F%90%E4%BA%A4%E5%BE%8C%E5%8F%B0%E8%99%95%E7%90%86.%3Cbr%3E%E6%82%A8%E5%8F%AF%E4%BB%A5%E5%9C%A8%3Ca+href%3D%22..%2Fess%2Fredirect.php%3Fscriptname%3DESNE023%26requestno%3D126253%22%3E%E9%80%99%E8%A3%A1%3C%2Fa%3E%E6%9F%A5%E7%9C%8B%E7%94%B3%E8%AB%8B%E8%99%95%E7%90%86%E7%B5%90%E6%9E%9C.%3Cbr%3E%E6%89%B9%E6%AC%A1%E8%99%9F%E7%82%BA%3A126253&target=iframe HTTP/1.1" 200 3251 "http://192.168.1.83:8088/eHR/ess/redirect.php?scriptname=ESNE001&appdesc=%E6%89%B9%E9%87%8F%E5%8A%A0%E7%8F%AD%E7%94%B3%E8%AF%B7" "Mozilla/5.0 (Windows NT 6.1; Win64; x64) AppleWebKit/537.36 (KHTML, like Gecko) Chrome/105.0.0.0 Safari/537.36"
192.168.11.73 - - [09/Dec/2024:08:35:39 +0800] "GET /eHR/ess/redirect.php?scriptname=page_success&msgtxt=%E6%82%A8%E7%9A%84%E5%8A%A0%E7%8F%AD%E7%94%B3%E8%AB%8B%E5%B7%B2%E6%88%90%E5%8A%9F%E6%8F%90%E4%BA%A4%E5%BE%8C%E5%8F%B0%E8%99%95%E7%90%86.%3Cbr%3E%E6%82%A8%E5%8F%AF%E4%BB%A5%E5%9C%A8%3Ca+href%3D%22..%2Fess%2Fredirect.php%3Fscriptname%3DESNE023%26requestno%3D126253%22%3E%E9%80%99%E8%A3%A1%3C%2Fa%3E%E6%9F%A5%E7%9C%8B%E7%94%B3%E8%AB%8B%E8%99%95%E7%90%86%E7%B5%90%E6%9E%9C.%3Cbr%3E%E6%89%B9%E6%AC%A1%E8%99%9F%E7%82%BA%3A126253&target=iframe HTTP/1.1" 200 3251
192.168.11.73 - - [09/Dec/2024:08:35:40 +0800] "GET /eHR/img/success.png HTTP/1.1" 200 1084 "http://192.168.1.83:8088/eHR/ess/redirect.php?scriptname=page_success&msgtxt=%E6%82%A8%E7%9A%84%E5%8A%A0%E7%8F%AD%E7%94%B3%E8%AB%8B%E5%B7%B2%E6%88%90%E5%8A%9F%E6%8F%90%E4%BA%A4%E5%BE%8C%E5%8F%B0%E8%99%95%E7%90%86.%3Cbr%3E%E6%82%A8%E5%8F%AF%E4%BB%A5%E5%9C%A8%3Ca+href%3D%22..%2Fess%2Fredirect.php%3Fscriptname%3DESNE023%26requestno%3D126253%22%3E%E9%80%99%E8%A3%A1%3C%2Fa%3E%E6%9F%A5%E7%9C%8B%E7%94%B3%E8%AB%8B%E8%99%95%E7%90%86%E7%B5%90%E6%9E%9C.%3Cbr%3E%E6%89%B9%E6%AC%A1%E8%99%9F%E7%82%BA%3A126253&target=iframe" "Mozilla/5.0 (Windows NT 6.1; Win64; x64) AppleWebKit/537.36 (KHTML, like Gecko) Chrome/105.0.0.0 Safari/537.36"
192.168.11.73 - - [09/Dec/2024:08:35:40 +0800] "GET /eHR/img/success.png HTTP/1.1" 200 1084
192.168.182.95 - - [09/Dec/2024:08:35:40 +0800] "GET /ehr/mgr/approve.php?key=096786FC1A6E1BA1F5AB68E4A8E0F2EFFDF391590044F041CBF8743D22CDDFA4511A3C9D9DC88E0007DD8071DC0BB8C7F0C5E280888BC9F44E59DEBB2CFC59D9 HTTP/1.1" 200 4166 "-" "Mozilla/5.0 (Windows NT 10.0; Win64; x64) AppleWebKit/537.36 (KHTML, like Gecko) Chrome/131.0.0.0 Safari/537.36 Edg/131.0.0.0"
192.168.182.95 - - [09/Dec/2024:08:35:40 +0800] "GET /ehr/mgr/approve.php?key=096786FC1A6E1BA1F5AB68E4A8E0F2EFFDF391590044F041CBF8743D22CDDFA4511A3C9D9DC88E0007DD8071DC0BB8C7F0C5E280888BC9F44E59DEBB2CFC59D9 HTTP/1.1" 200 4166
192.168.182.95 - - [09/Dec/2024:08:35:41 +0800] "GET /ehr/css/jqueryui/themes//jquery.ui.all.css HTTP/1.1" 404 240 "http://hcp.maglayers.com.cn:8088/ehr/mgr/approve.php?key=096786FC1A6E1BA1F5AB68E4A8E0F2EFFDF391590044F041CBF8743D22CDDFA4511A3C9D9DC88E0007DD8071DC0BB8C7F0C5E280888BC9F44E59DEBB2CFC59D9" "Mozilla/5.0 (Windows NT 10.0; Win64; x64) AppleWebKit/537.36 (KHTML, like Gecko) Chrome/131.0.0.0 Safari/537.36 Edg/131.0.0.0"
192.168.182.95 - - [09/Dec/2024:08:35:41 +0800] "GET /ehr/css/jqueryui/themes//jquery.ui.all.css HTTP/1.1" 404 240
192.168.11.73 - - [09/Dec/2024:08:35:43 +0800] "GET /eHR/ess/redirect.php?scriptname=ESNE023&requestno=126253 HTTP/1.1" 200 5530 "http://192.168.1.83:8088/eHR/ess/redirect.php?scriptname=page_success&msgtxt=%E6%82%A8%E7%9A%84%E5%8A%A0%E7%8F%AD%E7%94%B3%E8%AB%8B%E5%B7%B2%E6%88%90%E5%8A%9F%E6%8F%90%E4%BA%A4%E5%BE%8C%E5%8F%B0%E8%99%95%E7%90%86.%3Cbr%3E%E6%82%A8%E5%8F%AF%E4%BB%A5%E5%9C%A8%3Ca+href%3D%22..%2Fess%2Fredirect.php%3Fscriptname%3DESNE023%26requestno%3D126253%22%3E%E9%80%99%E8%A3%A1%3C%2Fa%3E%E6%9F%A5%E7%9C%8B%E7%94%B3%E8%AB%8B%E8%99%95%E7%90%86%E7%B5%90%E6%9E%9C.%3Cbr%3E%E6%89%B9%E6%AC%A1%E8%99%9F%E7%82%BA%3A126253&target=iframe" "Mozilla/5.0 (Windows NT 6.1; Win64; x64) AppleWebKit/537.36 (KHTML, like Gecko) Chrome/105.0.0.0 Safari/537.36"
192.168.11.73 - - [09/Dec/2024:08:35:43 +0800] "GET /eHR/ess/redirect.php?scriptname=ESNE023&requestno=126253 HTTP/1.1" 200 5530
192.168.11.73 - - [09/Dec/2024:08:35:43 +0800] "GET /eHR/img/cancel.png HTTP/1.1" 200 1230 "http://192.168.1.83:8088/eHR/ess/redirect.php?scriptname=ESNE023&requestno=126253" "Mozilla/5.0 (Windows NT 6.1; Win64; x64) AppleWebKit/537.36 (KHTML, like Gecko) Chrome/105.0.0.0 Safari/537.36"
192.168.11.73 - - [09/Dec/2024:08:35:43 +0800] "GET /eHR/img/cancel.png HTTP/1.1" 200 1230
192.168.11.73 - - [09/Dec/2024:08:35:43 +0800] "GET /eHR/img/pe.png HTTP/1.1" 200 1268 "http://192.168.1.83:8088/eHR/ess/redirect.php?scriptname=ESNE023&requestno=126253" "Mozilla/5.0 (Windows NT 6.1; Win64; x64) AppleWebKit/537.36 (KHTML, like Gecko) Chrome/105.0.0.0 Safari/537.36"
192.168.11.73 - - [09/Dec/2024:08:35:43 +0800] "GET /eHR/img/pe.png HTTP/1.1" 200 1268
192.168.11.73 - - [09/Dec/2024:08:35:44 +0800] "GET /eHR/ess/redirect.php?scriptname=ESNE022&requestno=126253&appdesc=%E5%8A%A0%E7%8F%AD%E6%B1%87%E5%85%A5%E6%98%8E%E7%BB%86 HTTP/1.1" 200 14425 "http://192.168.1.83:8088/eHR/ess/redirect.php?scriptname=ESNE023&requestno=126253" "Mozilla/5.0 (Windows NT 6.1; Win64; x64) AppleWebKit/537.36 (KHTML, like Gecko) Chrome/105.0.0.0 Safari/537.36"
192.168.11.73 - - [09/Dec/2024:08:35:44 +0800] "GET /eHR/ess/redirect.php?scriptname=ESNE022&requestno=126253&appdesc=%E5%8A%A0%E7%8F%AD%E6%B1%87%E5%85%A5%E6%98%8E%E7%BB%86 HTTP/1.1" 200 14425
192.168.11.73 - - [09/Dec/2024:08:35:46 +0800] "GET /eHR/ess/redirect.php?scriptname=ESNE001&appdesc=%E6%89%B9%E9%87%8F%E5%8A%A0%E7%8F%AD%E7%94%B3%E8%AF%B7 HTTP/1.1" 200 15271 "http://192.168.1.83:8088/eHR/ess/redirect.php" "Mozilla/5.0 (Windows NT 6.1; Win64; x64) AppleWebKit/537.36 (KHTML, like Gecko) Chrome/105.0.0.0 Safari/537.36"
192.168.11.73 - - [09/Dec/2024:08:35:46 +0800] "GET /eHR/ess/redirect.php?scriptname=ESNE001&appdesc=%E6%89%B9%E9%87%8F%E5%8A%A0%E7%8F%AD%E7%94%B3%E8%AF%B7 HTTP/1.1" 200 15271
192.168.11.73 - - [09/Dec/2024:08:36:13 +0800] "GET /eHR/ess/redirect.php?scriptname=ESNE001&appdesc=%E6%89%B9%E9%87%8F%E5%8A%A0%E7%8F%AD%E7%94%B3%E8%AF%B7 HTTP/1.1" 200 15271 "http://192.168.1.83:8088/eHR/ess/redirect.php" "Mozilla/5.0 (Windows NT 6.1; Win64; x64) AppleWebKit/537.36 (KHTML, like Gecko) Chrome/105.0.0.0 Safari/537.36"
192.168.11.73 - - [09/Dec/2024:08:36:13 +0800] "GET /eHR/ess/redirect.php?scriptname=ESNE001&appdesc=%E6%89%B9%E9%87%8F%E5%8A%A0%E7%8F%AD%E7%94%B3%E8%AF%B7 HTTP/1.1" 200 15271
192.168.11.73 - - [09/Dec/2024:08:36:22 +0800] "GET /eHR/ess/redirect.php?scriptname=user_excel_upload&used_program=emp_import&openW=Y&rand=0.43467098415871797 HTTP/1.1" 200 5264 "http://192.168.1.83:8088/eHR/ess/redirect.php?scriptname=ESNE001&appdesc=%E6%89%B9%E9%87%8F%E5%8A%A0%E7%8F%AD%E7%94%B3%E8%AF%B7" "Mozilla/5.0 (Windows NT 6.1; Win64; x64) AppleWebKit/537.36 (KHTML, like Gecko) Chrome/105.0.0.0 Safari/537.36"
192.168.11.73 - - [09/Dec/2024:08:36:22 +0800] "GET /eHR/ess/redirect.php?scriptname=user_excel_upload&used_program=emp_import&openW=Y&rand=0.43467098415871797 HTTP/1.1" 200 5264
192.168.11.73 - - [09/Dec/2024:08:36:27 +0800] "POST /eHR/ess/redirect.php?scriptname=user_excel_upload&used_program=emp_import&openW=Y&rand=0.43467098415871797 HTTP/1.1" 302 - "http://192.168.1.83:8088/eHR/ess/redirect.php?scriptname=user_excel_upload&used_program=emp_import&openW=Y&rand=0.43467098415871797" "Mozilla/5.0 (Windows NT 6.1; Win64; x64) AppleWebKit/537.36 (KHTML, like Gecko) Chrome/105.0.0.0 Safari/537.36"
192.168.11.73 - - [09/Dec/2024:08:36:27 +0800] "POST /eHR/ess/redirect.php?scriptname=user_excel_upload&used_program=emp_import&openW=Y&rand=0.43467098415871797 HTTP/1.1" 302 -
192.168.11.73 - - [09/Dec/2024:08:36:27 +0800] "GET /eHR/ess/redirect.php?scriptname=emp_import&id=3 HTTP/1.1" 200 6934 "http://192.168.1.83:8088/eHR/ess/redirect.php?scriptname=user_excel_upload&used_program=emp_import&openW=Y&rand=0.43467098415871797" "Mozilla/5.0 (Windows NT 6.1; Win64; x64) AppleWebKit/537.36 (KHTML, like Gecko) Chrome/105.0.0.0 Safari/537.36"
192.168.11.73 - - [09/Dec/2024:08:36:27 +0800] "GET /eHR/ess/redirect.php?scriptname=emp_import&id=3 HTTP/1.1" 200 6934
192.168.11.73 - - [09/Dec/2024:08:36:31 +0800] "POST /eHR/ess/redirect.php?scriptname=ESNE001&appdesc=%E6%89%B9%E9%87%8F%E5%8A%A0%E7%8F%AD%E7%94%B3%E8%AF%B7 HTTP/1.1" 302 - "http://192.168.1.83:8088/eHR/ess/redirect.php?scriptname=ESNE001&appdesc=%E6%89%B9%E9%87%8F%E5%8A%A0%E7%8F%AD%E7%94%B3%E8%AF%B7" "Mozilla/5.0 (Windows NT 6.1; Win64; x64) AppleWebKit/537.36 (KHTML, like Gecko) Chrome/105.0.0.0 Safari/537.36"
192.168.11.73 - - [09/Dec/2024:08:36:31 +0800] "POST /eHR/ess/redirect.php?scriptname=ESNE001&appdesc=%E6%89%B9%E9%87%8F%E5%8A%A0%E7%8F%AD%E7%94%B3%E8%AF%B7 HTTP/1.1" 302 -
192.168.11.73 - - [09/Dec/2024:08:36:32 +0800] "GET /eHR/ess/redirect.php?scriptname=page_success&msgtxt=%E6%82%A8%E7%9A%84%E5%8A%A0%E7%8F%AD%E7%94%B3%E8%AB%8B%E5%B7%B2%E6%88%90%E5%8A%9F%E6%8F%90%E4%BA%A4%E5%BE%8C%E5%8F%B0%E8%99%95%E7%90%86.%3Cbr%3E%E6%82%A8%E5%8F%AF%E4%BB%A5%E5%9C%A8%3Ca+href%3D%22..%2Fess%2Fredirect.php%3Fscriptname%3DESNE023%26requestno%3D126254%22%3E%E9%80%99%E8%A3%A1%3C%2Fa%3E%E6%9F%A5%E7%9C%8B%E7%94%B3%E8%AB%8B%E8%99%95%E7%90%86%E7%B5%90%E6%9E%9C.%3Cbr%3E%E6%89%B9%E6%AC%A1%E8%99%9F%E7%82%BA%3A126254&target=iframe HTTP/1.1" 200 3251 "http://192.168.1.83:8088/eHR/ess/redirect.php?scriptname=ESNE001&appdesc=%E6%89%B9%E9%87%8F%E5%8A%A0%E7%8F%AD%E7%94%B3%E8%AF%B7" "Mozilla/5.0 (Windows NT 6.1; Win64; x64) AppleWebKit/537.36 (KHTML, like Gecko) Chrome/105.0.0.0 Safari/537.36"
192.168.11.73 - - [09/Dec/2024:08:36:32 +0800] "GET /eHR/ess/redirect.php?scriptname=page_success&msgtxt=%E6%82%A8%E7%9A%84%E5%8A%A0%E7%8F%AD%E7%94%B3%E8%AB%8B%E5%B7%B2%E6%88%90%E5%8A%9F%E6%8F%90%E4%BA%A4%E5%BE%8C%E5%8F%B0%E8%99%95%E7%90%86.%3Cbr%3E%E6%82%A8%E5%8F%AF%E4%BB%A5%E5%9C%A8%3Ca+href%3D%22..%2Fess%2Fredirect.php%3Fscriptname%3DESNE023%26requestno%3D126254%22%3E%E9%80%99%E8%A3%A1%3C%2Fa%3E%E6%9F%A5%E7%9C%8B%E7%94%B3%E8%AB%8B%E8%99%95%E7%90%86%E7%B5%90%E6%9E%9C.%3Cbr%3E%E6%89%B9%E6%AC%A1%E8%99%9F%E7%82%BA%3A126254&target=iframe HTTP/1.1" 200 3251
192.168.11.73 - - [09/Dec/2024:08:36:36 +0800] "GET /eHR/ess/redirect.php?scriptname=ESNE023&requestno=126254 HTTP/1.1" 200 5530 "http://192.168.1.83:8088/eHR/ess/redirect.php?scriptname=page_success&msgtxt=%E6%82%A8%E7%9A%84%E5%8A%A0%E7%8F%AD%E7%94%B3%E8%AB%8B%E5%B7%B2%E6%88%90%E5%8A%9F%E6%8F%90%E4%BA%A4%E5%BE%8C%E5%8F%B0%E8%99%95%E7%90%86.%3Cbr%3E%E6%82%A8%E5%8F%AF%E4%BB%A5%E5%9C%A8%3Ca+href%3D%22..%2Fess%2Fredirect.php%3Fscriptname%3DESNE023%26requestno%3D126254%22%3E%E9%80%99%E8%A3%A1%3C%2Fa%3E%E6%9F%A5%E7%9C%8B%E7%94%B3%E8%AB%8B%E8%99%95%E7%90%86%E7%B5%90%E6%9E%9C.%3Cbr%3E%E6%89%B9%E6%AC%A1%E8%99%9F%E7%82%BA%3A126254&target=iframe" "Mozilla/5.0 (Windows NT 6.1; Win64; x64) AppleWebKit/537.36 (KHTML, like Gecko) Chrome/105.0.0.0 Safari/537.36"
192.168.11.73 - - [09/Dec/2024:08:36:36 +0800] "GET /eHR/ess/redirect.php?scriptname=ESNE023&requestno=126254 HTTP/1.1" 200 5530
192.168.11.73 - - [09/Dec/2024:08:36:38 +0800] "GET /eHR/ess/redirect.php?scriptname=ESNE022&requestno=126254&appdesc=%E5%8A%A0%E7%8F%AD%E6%B1%87%E5%85%A5%E6%98%8E%E7%BB%86 HTTP/1.1" 200 7050 "http://192.168.1.83:8088/eHR/ess/redirect.php?scriptname=ESNE023&requestno=126254" "Mozilla/5.0 (Windows NT 6.1; Win64; x64) AppleWebKit/537.36 (KHTML, like Gecko) Chrome/105.0.0.0 Safari/537.36"
192.168.11.73 - - [09/Dec/2024:08:36:38 +0800] "GET /eHR/ess/redirect.php?scriptname=ESNE022&requestno=126254&appdesc=%E5%8A%A0%E7%8F%AD%E6%B1%87%E5%85%A5%E6%98%8E%E7%BB%86 HTTP/1.1" 200 7050
192.168.11.73 - - [09/Dec/2024:08:36:48 +0800] "GET /eHR/ess/redirect.php?scriptname=ESNE001&appdesc=%E6%89%B9%E9%87%8F%E5%8A%A0%E7%8F%AD%E7%94%B3%E8%AF%B7 HTTP/1.1" 200 15271 "http://192.168.1.83:8088/eHR/ess/redirect.php" "Mozilla/5.0 (Windows NT 6.1; Win64; x64) AppleWebKit/537.36 (KHTML, like Gecko) Chrome/105.0.0.0 Safari/537.36"
192.168.11.73 - - [09/Dec/2024:08:36:48 +0800] "GET /eHR/ess/redirect.php?scriptname=ESNE001&appdesc=%E6%89%B9%E9%87%8F%E5%8A%A0%E7%8F%AD%E7%94%B3%E8%AF%B7 HTTP/1.1" 200 15271
100.64.0.1 - - [09/Dec/2024:08:36:52 +0800] "HEAD /ehr/mgr/approve.php?key=C745081140A75E87A63A167A876B814C95090653AD6BE129FBCC9A0AC0E0EC2DE03A2D7A90EAAE4847B80070FB0E15AFCF185BE5543DF0A764DF2324DEA3CE55 HTTP/1.1" 200 - "-" "-"
100.64.0.1 - - [09/Dec/2024:08:36:52 +0800] "HEAD /ehr/mgr/approve.php?key=C745081140A75E87A63A167A876B814C95090653AD6BE129FBCC9A0AC0E0EC2DE03A2D7A90EAAE4847B80070FB0E15AFCF185BE5543DF0A764DF2324DEA3CE55 HTTP/1.1" 200 -
192.168.182.95 - - [09/Dec/2024:08:36:52 +0800] "GET /ehr/mgr/approve.php?key=C745081140A75E87A63A167A876B814C95090653AD6BE129FBCC9A0AC0E0EC2DE03A2D7A90EAAE4847B80070FB0E15AFCF185BE5543DF0A764DF2324DEA3CE55 HTTP/1.1" 200 4202 "-" "Mozilla/5.0 (Windows NT 10.0; Win64; x64) AppleWebKit/537.36 (KHTML, like Gecko) Chrome/131.0.0.0 Safari/537.36 Edg/131.0.0.0"
192.168.182.95 - - [09/Dec/2024:08:36:52 +0800] "GET /ehr/mgr/approve.php?key=C745081140A75E87A63A167A876B814C95090653AD6BE129FBCC9A0AC0E0EC2DE03A2D7A90EAAE4847B80070FB0E15AFCF185BE5543DF0A764DF2324DEA3CE55 HTTP/1.1" 200 4202
192.168.182.95 - - [09/Dec/2024:08:36:52 +0800] "GET /ehr/css/jqueryui/themes//jquery.ui.all.css HTTP/1.1" 404 240 "http://hcp.maglayers.com.cn:8088/ehr/mgr/approve.php?key=C745081140A75E87A63A167A876B814C95090653AD6BE129FBCC9A0AC0E0EC2DE03A2D7A90EAAE4847B80070FB0E15AFCF185BE5543DF0A764DF2324DEA3CE55" "Mozilla/5.0 (Windows NT 10.0; Win64; x64) AppleWebKit/537.36 (KHTML, like Gecko) Chrome/131.0.0.0 Safari/537.36 Edg/131.0.0.0"
192.168.182.95 - - [09/Dec/2024:08:36:52 +0800] "GET /ehr/css/jqueryui/themes//jquery.ui.all.css HTTP/1.1" 404 240
192.168.11.141 - - [09/Dec/2024:08:37:25 +0800] "GET /eHR/ess/index.php?action=logout HTTP/1.1" 200 8826 "-" "Mozilla/5.0 (Windows NT 6.1; Win64; x64) AppleWebKit/537.36 (KHTML, like Gecko) Chrome/105.0.0.0 Safari/537.36"
192.168.11.141 - - [09/Dec/2024:08:37:25 +0800] "GET /eHR/ess/index.php?action=logout HTTP/1.1" 200 8826
100.64.0.1 - - [09/Dec/2024:08:37:28 +0800] "HEAD /ehr/mgr/approve.php?key=096786FC1A6E1BA16568B4596F0F9E7F962F913AF78F3EF924C6421B527E186ADAEFAFA57119EF9E6F856F922BC5E3ACEA6BE5179634708A3F2F40AF98C2CEDD HTTP/1.1" 200 - "-" "-"
100.64.0.1 - - [09/Dec/2024:08:37:28 +0800] "HEAD /ehr/mgr/approve.php?key=096786FC1A6E1BA16568B4596F0F9E7F962F913AF78F3EF924C6421B527E186ADAEFAFA57119EF9E6F856F922BC5E3ACEA6BE5179634708A3F2F40AF98C2CEDD HTTP/1.1" 200 -
192.168.182.95 - - [09/Dec/2024:08:37:28 +0800] "GET /ehr/mgr/approve.php?key=096786FC1A6E1BA16568B4596F0F9E7F962F913AF78F3EF924C6421B527E186ADAEFAFA57119EF9E6F856F922BC5E3ACEA6BE5179634708A3F2F40AF98C2CEDD HTTP/1.1" 200 4166 "-" "Mozilla/5.0 (Windows NT 10.0; Win64; x64) AppleWebKit/537.36 (KHTML, like Gecko) Chrome/131.0.0.0 Safari/537.36 Edg/131.0.0.0"
192.168.182.95 - - [09/Dec/2024:08:37:28 +0800] "GET /ehr/mgr/approve.php?key=096786FC1A6E1BA16568B4596F0F9E7F962F913AF78F3EF924C6421B527E186ADAEFAFA57119EF9E6F856F922BC5E3ACEA6BE5179634708A3F2F40AF98C2CEDD HTTP/1.1" 200 4166
192.168.182.95 - - [09/Dec/2024:08:37:28 +0800] "GET /ehr/css/jqueryui/themes//jquery.ui.all.css HTTP/1.1" 404 240 "http://hcp.maglayers.com.cn:8088/ehr/mgr/approve.php?key=096786FC1A6E1BA16568B4596F0F9E7F962F913AF78F3EF924C6421B527E186ADAEFAFA57119EF9E6F856F922BC5E3ACEA6BE5179634708A3F2F40AF98C2CEDD" "Mozilla/5.0 (Windows NT 10.0; Win64; x64) AppleWebKit/537.36 (KHTML, like Gecko) Chrome/131.0.0.0 Safari/537.36 Edg/131.0.0.0"
192.168.182.95 - - [09/Dec/2024:08:37:28 +0800] "GET /ehr/css/jqueryui/themes//jquery.ui.all.css HTTP/1.1" 404 240
192.168.11.141 - - [09/Dec/2024:08:37:28 +0800] "POST /eHR/ess/includes/login.php HTTP/1.1" 302 - "http://192.168.1.83:8088/eHR/ess/index.php?action=logout" "Mozilla/5.0 (Windows NT 6.1; Win64; x64) AppleWebKit/537.36 (KHTML, like Gecko) Chrome/105.0.0.0 Safari/537.36"
192.168.11.141 - - [09/Dec/2024:08:37:28 +0800] "POST /eHR/ess/includes/login.php HTTP/1.1" 302 -
192.168.11.141 - - [09/Dec/2024:08:37:33 +0800] "GET /eHR/ess/redirect.php HTTP/1.1" 200 8929 "http://192.168.1.83:8088/eHR/ess/index.php?action=logout" "Mozilla/5.0 (Windows NT 6.1; Win64; x64) AppleWebKit/537.36 (KHTML, like Gecko) Chrome/105.0.0.0 Safari/537.36"
192.168.11.141 - - [09/Dec/2024:08:37:33 +0800] "GET /eHR/ess/redirect.php HTTP/1.1" 200 8929
192.168.11.141 - - [09/Dec/2024:08:37:35 +0800] "GET /eHR/img/layout/resizable-w.gif HTTP/1.1" 304 - "http://192.168.1.83:8088/eHR/css/layout/layout.min.css" "Mozilla/5.0 (Windows NT 6.1; Win64; x64) AppleWebKit/537.36 (KHTML, like Gecko) Chrome/105.0.0.0 Safari/537.36"
192.168.11.141 - - [09/Dec/2024:08:37:35 +0800] "GET /eHR/img/layout/resizable-w.gif HTTP/1.1" 304 -
192.168.11.141 - - [09/Dec/2024:08:37:34 +0800] "GET /eHR/ess/redirect.php?scriptname=ESNH000 HTTP/1.1" 200 10074 "http://192.168.1.83:8088/eHR/ess/redirect.php" "Mozilla/5.0 (Windows NT 6.1; Win64; x64) AppleWebKit/537.36 (KHTML, like Gecko) Chrome/105.0.0.0 Safari/537.36"
192.168.11.141 - - [09/Dec/2024:08:37:34 +0800] "GET /eHR/ess/redirect.php?scriptname=ESNH000 HTTP/1.1" 200 10074
192.168.11.141 - - [09/Dec/2024:08:37:39 +0800] "GET /eHR/ess/redirect.php?scriptname=ESNE003&appdesc=%E6%89%B9%E9%87%8F%E5%8A%A0%E7%8F%AD%E6%9F%A5%E8%AF%A2 HTTP/1.1" 200 7573 "http://192.168.1.83:8088/eHR/ess/redirect.php" "Mozilla/5.0 (Windows NT 6.1; Win64; x64) AppleWebKit/537.36 (KHTML, like Gecko) Chrome/105.0.0.0 Safari/537.36"
192.168.11.141 - - [09/Dec/2024:08:37:39 +0800] "GET /eHR/ess/redirect.php?scriptname=ESNE003&appdesc=%E6%89%B9%E9%87%8F%E5%8A%A0%E7%8F%AD%E6%9F%A5%E8%AF%A2 HTTP/1.1" 200 7573
192.168.11.141 - - [09/Dec/2024:08:37:43 +0800] "POST /eHR/ess/redirect.php?scriptname=ESNE003&appdesc=%E6%89%B9%E9%87%8F%E5%8A%A0%E7%8F%AD%E6%9F%A5%E8%AF%A2 HTTP/1.1" 200 167347 "http://192.168.1.83:8088/eHR/ess/redirect.php?scriptname=ESNE003&appdesc=%E6%89%B9%E9%87%8F%E5%8A%A0%E7%8F%AD%E6%9F%A5%E8%AF%A2" "Mozilla/5.0 (Windows NT 6.1; Win64; x64) AppleWebKit/537.36 (KHTML, like Gecko) Chrome/105.0.0.0 Safari/537.36"
192.168.11.141 - - [09/Dec/2024:08:37:43 +0800] "POST /eHR/ess/redirect.php?scriptname=ESNE003&appdesc=%E6%89%B9%E9%87%8F%E5%8A%A0%E7%8F%AD%E6%9F%A5%E8%AF%A2 HTTP/1.1" 200 167347
192.168.11.141 - - [09/Dec/2024:08:37:50 +0800] "POST /eHR/ess/redirect.php?scriptname=view_flowchart&action=view_flowchart&apply_type=overtime&flow_seqno=1177207 HTTP/1.1" 200 5899 "http://192.168.1.83:8088/eHR/ess/redirect.php" "Mozilla/5.0 (Windows NT 6.1; Win64; x64) AppleWebKit/537.36 (KHTML, like Gecko) Chrome/105.0.0.0 Safari/537.36"
192.168.11.141 - - [09/Dec/2024:08:37:50 +0800] "POST /eHR/ess/redirect.php?scriptname=view_flowchart&action=view_flowchart&apply_type=overtime&flow_seqno=1177207 HTTP/1.1" 200 5899
192.168.11.141 - - [09/Dec/2024:08:37:55 +0800] "POST /eHR/ess/redirect.php?scriptname=view_flowchart&action=view_flowchart&apply_type=overtime&flow_seqno=1177644 HTTP/1.1" 200 5895 "http://192.168.1.83:8088/eHR/ess/redirect.php" "Mozilla/5.0 (Windows NT 6.1; Win64; x64) AppleWebKit/537.36 (KHTML, like Gecko) Chrome/105.0.0.0 Safari/537.36"
192.168.11.141 - - [09/Dec/2024:08:37:55 +0800] "POST /eHR/ess/redirect.php?scriptname=view_flowchart&action=view_flowchart&apply_type=overtime&flow_seqno=1177644 HTTP/1.1" 200 5895
192.168.40.75 - - [09/Dec/2024:08:39:36 +0800] "GET /eHR/ess/index.php?action=logout HTTP/1.1" 200 8826 "-" "Mozilla/5.0 (Windows NT 10.0; Win64; x64) AppleWebKit/537.36 (KHTML, like Gecko) Chrome/105.0.0.0 Safari/537.36"
192.168.40.75 - - [09/Dec/2024:08:39:36 +0800] "GET /eHR/ess/index.php?action=logout HTTP/1.1" 200 8826
192.168.40.75 - - [09/Dec/2024:08:39:37 +0800] "GET /eHR/ess/index.php?action=logout HTTP/1.1" 200 8826 "-" "Mozilla/5.0 (Windows NT 10.0; Win64; x64) AppleWebKit/537.36 (KHTML, like Gecko) Chrome/105.0.0.0 Safari/537.36"
192.168.40.75 - - [09/Dec/2024:08:39:37 +0800] "GET /eHR/ess/index.php?action=logout HTTP/1.1" 200 8826
192.168.11.228 - - [09/Dec/2024:08:40:24 +0800] "GET /eHR/ess/redirect.php HTTP/1.1" 302 121 "-" "Mozilla/5.0 (Windows NT 6.2; Win64; x64) AppleWebKit/537.36 (KHTML, like Gecko) Chrome/105.0.0.0 Safari/537.36"
192.168.11.228 - - [09/Dec/2024:08:40:24 +0800] "GET /eHR/ess/redirect.php HTTP/1.1" 302 121
192.168.11.228 - - [09/Dec/2024:08:40:25 +0800] "GET /eHR/ess/index.php?action=logout HTTP/1.1" 200 8826 "-" "Mozilla/5.0 (Windows NT 6.2; Win64; x64) AppleWebKit/537.36 (KHTML, like Gecko) Chrome/105.0.0.0 Safari/537.36"
192.168.11.228 - - [09/Dec/2024:08:40:25 +0800] "GET /eHR/ess/index.php?action=logout HTTP/1.1" 200 8826
192.168.11.228 - - [09/Dec/2024:08:40:31 +0800] "POST /eHR/ess/includes/login.php HTTP/1.1" 302 - "http://192.168.1.83:8088/eHR/ess/index.php?action=logout" "Mozilla/5.0 (Windows NT 6.2; Win64; x64) AppleWebKit/537.36 (KHTML, like Gecko) Chrome/105.0.0.0 Safari/537.36"
192.168.11.228 - - [09/Dec/2024:08:40:31 +0800] "POST /eHR/ess/includes/login.php HTTP/1.1" 302 -
192.168.11.228 - - [09/Dec/2024:08:40:37 +0800] "GET /eHR/ess/redirect.php HTTP/1.1" 200 8926 "http://192.168.1.83:8088/eHR/ess/index.php?action=logout" "Mozilla/5.0 (Windows NT 6.2; Win64; x64) AppleWebKit/537.36 (KHTML, like Gecko) Chrome/105.0.0.0 Safari/537.36"
192.168.11.228 - - [09/Dec/2024:08:40:37 +0800] "GET /eHR/ess/redirect.php HTTP/1.1" 200 8926
192.168.40.75 - - [09/Dec/2024:08:40:39 +0800] "POST /eHR/ess/includes/login.php HTTP/1.1" 302 - "http://hcp.maglayers.com.cn:8088/eHR/ess/index.php?action=logout" "Mozilla/5.0 (Windows NT 10.0; Win64; x64) AppleWebKit/537.36 (KHTML, like Gecko) Chrome/105.0.0.0 Safari/537.36"
192.168.40.75 - - [09/Dec/2024:08:40:39 +0800] "POST /eHR/ess/includes/login.php HTTP/1.1" 302 -
192.168.11.228 - - [09/Dec/2024:08:40:38 +0800] "GET /eHR/ess/redirect.php?scriptname=ESNH000 HTTP/1.1" 200 10074 "http://192.168.1.83:8088/eHR/ess/redirect.php" "Mozilla/5.0 (Windows NT 6.2; Win64; x64) AppleWebKit/537.36 (KHTML, like Gecko) Chrome/105.0.0.0 Safari/537.36"
192.168.11.228 - - [09/Dec/2024:08:40:38 +0800] "GET /eHR/ess/redirect.php?scriptname=ESNH000 HTTP/1.1" 200 10074
192.168.40.75 - - [09/Dec/2024:08:40:40 +0800] "GET /eHR/ess/redirect.php HTTP/1.1" 200 9510 "http://hcp.maglayers.com.cn:8088/eHR/ess/index.php?action=logout" "Mozilla/5.0 (Windows NT 10.0; Win64; x64) AppleWebKit/537.36 (KHTML, like Gecko) Chrome/105.0.0.0 Safari/537.36"
192.168.40.75 - - [09/Dec/2024:08:40:40 +0800] "GET /eHR/ess/redirect.php HTTP/1.1" 200 9510
192.168.40.75 - - [09/Dec/2024:08:40:41 +0800] "GET /eHR/ess/redirect.php?scriptname=ESNH000 HTTP/1.1" 200 10377 "http://hcp.maglayers.com.cn:8088/eHR/ess/redirect.php" "Mozilla/5.0 (Windows NT 10.0; Win64; x64) AppleWebKit/537.36 (KHTML, like Gecko) Chrome/105.0.0.0 Safari/537.36"
192.168.40.75 - - [09/Dec/2024:08:40:41 +0800] "GET /eHR/ess/redirect.php?scriptname=ESNH000 HTTP/1.1" 200 10377
192.168.11.228 - - [09/Dec/2024:08:41:00 +0800] "GET /eHR/ess/redirect.php?scriptname=ESNE001&appdesc=%E6%89%B9%E9%87%8F%E5%8A%A0%E7%8F%AD%E7%94%B3%E8%AF%B7 HTTP/1.1" 200 15271 "http://192.168.1.83:8088/eHR/ess/redirect.php" "Mozilla/5.0 (Windows NT 6.2; Win64; x64) AppleWebKit/537.36 (KHTML, like Gecko) Chrome/105.0.0.0 Safari/537.36"
192.168.11.228 - - [09/Dec/2024:08:41:00 +0800] "GET /eHR/ess/redirect.php?scriptname=ESNE001&appdesc=%E6%89%B9%E9%87%8F%E5%8A%A0%E7%8F%AD%E7%94%B3%E8%AF%B7 HTTP/1.1" 200 15271
192.168.11.228 - - [09/Dec/2024:08:41:15 +0800] "GET /eHR/ess/redirect.php?scriptname=emp_lov&openW=Y&rand=0.5034003334245083 HTTP/1.1" 200 8728 "http://192.168.1.83:8088/eHR/ess/redirect.php?scriptname=ESNE001&appdesc=%E6%89%B9%E9%87%8F%E5%8A%A0%E7%8F%AD%E7%94%B3%E8%AF%B7" "Mozilla/5.0 (Windows NT 6.2; Win64; x64) AppleWebKit/537.36 (KHTML, like Gecko) Chrome/105.0.0.0 Safari/537.36"
192.168.11.228 - - [09/Dec/2024:08:41:15 +0800] "GET /eHR/ess/redirect.php?scriptname=emp_lov&openW=Y&rand=0.5034003334245083 HTTP/1.1" 200 8728
192.168.11.228 - - [09/Dec/2024:08:41:19 +0800] "POST /eHR/ess/redirect.php?scriptname=emp_lov&openW=Y&rand=0.5034003334245083 HTTP/1.1" 200 14146 "http://192.168.1.83:8088/eHR/ess/redirect.php?scriptname=emp_lov&openW=Y&rand=0.5034003334245083" "Mozilla/5.0 (Windows NT 6.2; Win64; x64) AppleWebKit/537.36 (KHTML, like Gecko) Chrome/105.0.0.0 Safari/537.36"
192.168.11.228 - - [09/Dec/2024:08:41:19 +0800] "POST /eHR/ess/redirect.php?scriptname=emp_lov&openW=Y&rand=0.5034003334245083 HTTP/1.1" 200 14146
192.168.11.228 - - [09/Dec/2024:08:41:29 +0800] "POST /eHR/ess/redirect.php?scriptname=ESNE001&appdesc=%E6%89%B9%E9%87%8F%E5%8A%A0%E7%8F%AD%E7%94%B3%E8%AF%B7 HTTP/1.1" 200 4062 "http://192.168.1.83:8088/eHR/ess/redirect.php?scriptname=ESNE001&appdesc=%E6%89%B9%E9%87%8F%E5%8A%A0%E7%8F%AD%E7%94%B3%E8%AF%B7" "Mozilla/5.0 (Windows NT 6.2; Win64; x64) AppleWebKit/537.36 (KHTML, like Gecko) Chrome/105.0.0.0 Safari/537.36"
192.168.11.228 - - [09/Dec/2024:08:41:29 +0800] "POST /eHR/ess/redirect.php?scriptname=ESNE001&appdesc=%E6%89%B9%E9%87%8F%E5%8A%A0%E7%8F%AD%E7%94%B3%E8%AF%B7 HTTP/1.1" 200 4062
192.168.11.228 - - [09/Dec/2024:08:41:32 +0800] "GET /eHR/ess/redirect.php?scriptname=ESNE003&appdesc=%E6%89%B9%E9%87%8F%E5%8A%A0%E7%8F%AD%E6%9F%A5%E8%AF%A2 HTTP/1.1" 200 7969 "http://192.168.1.83:8088/eHR/ess/redirect.php" "Mozilla/5.0 (Windows NT 6.2; Win64; x64) AppleWebKit/537.36 (KHTML, like Gecko) Chrome/105.0.0.0 Safari/537.36"
192.168.11.228 - - [09/Dec/2024:08:41:32 +0800] "GET /eHR/ess/redirect.php?scriptname=ESNE003&appdesc=%E6%89%B9%E9%87%8F%E5%8A%A0%E7%8F%AD%E6%9F%A5%E8%AF%A2 HTTP/1.1" 200 7969
192.168.11.228 - - [09/Dec/2024:08:41:37 +0800] "POST /eHR/ess/redirect.php?scriptname=ESNE003&appdesc=%E6%89%B9%E9%87%8F%E5%8A%A0%E7%8F%AD%E6%9F%A5%E8%AF%A2 HTTP/1.1" 200 166233
192.168.11.228 - - [09/Dec/2024:08:41:37 +0800] "POST /eHR/ess/redirect.php?scriptname=ESNE003&appdesc=%E6%89%B9%E9%87%8F%E5%8A%A0%E7%8F%AD%E6%9F%A5%E8%AF%A2 HTTP/1.1" 200 166233 "http://192.168.1.83:8088/eHR/ess/redirect.php?scriptname=ESNE003&appdesc=%E6%89%B9%E9%87%8F%E5%8A%A0%E7%8F%AD%E6%9F%A5%E8%AF%A2" "Mozilla/5.0 (Windows NT 6.2; Win64; x64) AppleWebKit/537.36 (KHTML, like Gecko) Chrome/105.0.0.0 Safari/537.36"
100.64.0.1 - - [09/Dec/2024:08:42:49 +0800] "GET /Apache%20Software%20Foundation/emphoto/162481.jpg HTTP/1.1" 200 58218 "-" "Googlebot-Image/1.0"
100.64.0.1 - - [09/Dec/2024:08:42:49 +0800] "GET /Apache%20Software%20Foundation/emphoto/162481.jpg HTTP/1.1" 200 58218
192.168.183.64 - - [09/Dec/2024:08:42:59 +0800] "GET /ehr/ess/index.php?action=logout HTTP/1.1" 200 8826 "-" "Mozilla/5.0 (Windows NT 10.0; Win64; x64) AppleWebKit/537.36 (KHTML, like Gecko) Chrome/131.0.0.0 Safari/537.36 Edg/131.0.0.0"
192.168.183.64 - - [09/Dec/2024:08:42:59 +0800] "GET /ehr/ess/index.php?action=logout HTTP/1.1" 200 8826
192.168.183.64 - - [09/Dec/2024:08:43:03 +0800] "POST /ehr/ess/includes/login.php HTTP/1.1" 302 - "http://hcp.maglayers.com.cn:8088/ehr/ess/index.php?action=logout" "Mozilla/5.0 (Windows NT 10.0; Win64; x64) AppleWebKit/537.36 (KHTML, like Gecko) Chrome/131.0.0.0 Safari/537.36 Edg/131.0.0.0"
192.168.183.64 - - [09/Dec/2024:08:43:03 +0800] "POST /ehr/ess/includes/login.php HTTP/1.1" 302 -
192.168.183.64 - - [09/Dec/2024:08:43:08 +0800] "GET /ehr/ess/redirect.php HTTP/1.1" 200 7220 "http://hcp.maglayers.com.cn:8088/ehr/ess/index.php?action=logout" "Mozilla/5.0 (Windows NT 10.0; Win64; x64) AppleWebKit/537.36 (KHTML, like Gecko) Chrome/131.0.0.0 Safari/537.36 Edg/131.0.0.0"
192.168.183.64 - - [09/Dec/2024:08:43:08 +0800] "GET /ehr/ess/redirect.php HTTP/1.1" 200 7220
192.168.183.64 - - [09/Dec/2024:08:43:10 +0800] "GET /ehr/ess/redirect.php?scriptname=ESNH000 HTTP/1.1" 200 10377 "http://hcp.maglayers.com.cn:8088/ehr/ess/redirect.php" "Mozilla/5.0 (Windows NT 10.0; Win64; x64) AppleWebKit/537.36 (KHTML, like Gecko) Chrome/131.0.0.0 Safari/537.36 Edg/131.0.0.0"
192.168.183.64 - - [09/Dec/2024:08:43:10 +0800] "GET /ehr/ess/redirect.php?scriptname=ESNH000 HTTP/1.1" 200 10377
192.168.183.64 - - [09/Dec/2024:08:43:14 +0800] "GET /ehr/mgr/redirect.php?scriptname=MDNH105&appdesc=%E5%8A%A0%E7%8F%AD%E5%BE%85%E7%AD%BE HTTP/1.1" 200 43078 "http://hcp.maglayers.com.cn:8088/ehr/ess/redirect.php?scriptname=ESNH000" "Mozilla/5.0 (Windows NT 10.0; Win64; x64) AppleWebKit/537.36 (KHTML, like Gecko) Chrome/131.0.0.0 Safari/537.36 Edg/131.0.0.0"
192.168.183.64 - - [09/Dec/2024:08:43:14 +0800] "GET /ehr/mgr/redirect.php?scriptname=MDNH105&appdesc=%E5%8A%A0%E7%8F%AD%E5%BE%85%E7%AD%BE HTTP/1.1" 200 43078
192.168.183.64 - - [09/Dec/2024:08:43:23 +0800] "POST /ehr/mgr/redirect.php?scriptname=MDNH105&appdesc=%E5%8A%A0%E7%8F%AD%E5%BE%85%E7%AD%BE HTTP/1.1" 302 - "http://hcp.maglayers.com.cn:8088/ehr/mgr/redirect.php?scriptname=MDNH105&appdesc=%E5%8A%A0%E7%8F%AD%E5%BE%85%E7%AD%BE" "Mozilla/5.0 (Windows NT 10.0; Win64; x64) AppleWebKit/537.36 (KHTML, like Gecko) Chrome/131.0.0.0 Safari/537.36 Edg/131.0.0.0"
192.168.183.64 - - [09/Dec/2024:08:43:23 +0800] "POST /ehr/mgr/redirect.php?scriptname=MDNH105&appdesc=%E5%8A%A0%E7%8F%AD%E5%BE%85%E7%AD%BE HTTP/1.1" 302 -
