192.168.11.133 - - [24/Jul/2024:14:14:22 +0800] "GET /eHR/mgr/redirect.php?scriptname=page_error&msgtxt=%3Ch3%3EHTTP+404+-+Page+not+found%3C%2Fh3%3E%3Cbr%3E%3Cstrong%3EFile+Name%3A%3C%2Fstrong%3Epage_error%3Cbr%2F%3E%3Cstrong%3EApplication+Name%3C%2Fstrong%3E%3A&target=iframe HTTP/1.1" 302 - "http://hcp.maglayers.com.cn:8088/eHR/mgr/redirect.php?scriptname=MDNH105&appdesc=%E5%8A%A0%E7%8F%AD%E5%BE%85%E7%AD%BE" "Mozilla/5.0 (Windows NT 10.0; Win64; x64) AppleWebKit/537.36 (KHTML, like Gecko) Chrome/105.0.0.0 Safari/537.36"
192.168.11.133 - - [24/Jul/2024:14:14:22 +0800] "GET /eHR/mgr/redirect.php?scriptname=page_error&msgtxt=%3Ch3%3EHTTP+404+-+Page+not+found%3C%2Fh3%3E%3Cbr%3E%3Cstrong%3EFile+Name%3A%3C%2Fstrong%3Epage_error%3Cbr%2F%3E%3Cstrong%3EApplication+Name%3C%2Fstrong%3E%3A&target=iframe HTTP/1.1" 302 -
192.168.40.74 - - [24/Jul/2024:14:14:22 +0800] "GET /eHR/mgr/redirect.php?scriptname=page_success&msgtxt=%E6%82%A8%E7%9A%84%E7%B0%BD%E6%A0%B8%EF%BC%8C%E5%B7%B2%E6%88%90%E5%8A%9F%E6%8F%90%E4%BA%A4%E5%88%B0%E5%BE%8C%E5%8F%B0%E8%99%95%E7%90%86.%3Cbr%3E%E6%82%A8%E5%8F%AF%E4%BB%A5%E7%82%B9%3Ca+href%3D%22..%2Fess%2Fredirect.php%3Fscriptname%3DESNH100%26requestno%3D123603%22%3E%E9%80%99%E8%A3%A1%3C%2Fa%3E%E6%9F%A5%E7%9C%8B%E7%B0%BD%E6%A0%B8%E7%B5%90%E6%9E%9C%E3%80%82%3Cbr%3E%E6%89%B9%E6%AC%A1%E8%99%9F%3A123603&target=iframe HTTP/1.1" 302 - "http://hcp.maglayers.com.cn:8088/eHR/mgr/redirect.php?scriptname=MDNH105&appdesc=%E5%8A%A0%E7%8F%AD%E7%AD%BE%E6%A0%B8" "Mozilla/5.0 (Windows NT 10.0; Win64; x64) AppleWebKit/537.36 (KHTML, like Gecko) Chrome/126.0.0.0 Safari/537.36 Edg/126.0.0.0"
192.168.40.74 - - [24/Jul/2024:14:14:22 +0800] "GET /eHR/mgr/redirect.php?scriptname=page_success&msgtxt=%E6%82%A8%E7%9A%84%E7%B0%BD%E6%A0%B8%EF%BC%8C%E5%B7%B2%E6%88%90%E5%8A%9F%E6%8F%90%E4%BA%A4%E5%88%B0%E5%BE%8C%E5%8F%B0%E8%99%95%E7%90%86.%3Cbr%3E%E6%82%A8%E5%8F%AF%E4%BB%A5%E7%82%B9%3Ca+href%3D%22..%2Fess%2Fredirect.php%3Fscriptname%3DESNH100%26requestno%3D123603%22%3E%E9%80%99%E8%A3%A1%3C%2Fa%3E%E6%9F%A5%E7%9C%8B%E7%B0%BD%E6%A0%B8%E7%B5%90%E6%9E%9C%E3%80%82%3Cbr%3E%E6%89%B9%E6%AC%A1%E8%99%9F%3A123603&target=iframe HTTP/1.1" 302 -
192.168.11.133 - - [24/Jul/2024:14:14:22 +0800] "GET /eHR/mgr/redirect.php?scriptname=page_error&msgtxt=%3Ch3%3EHTTP+404+-+Page+not+found%3C%2Fh3%3E%3Cbr%3E%3Cstrong%3EFile+Name%3A%3C%2Fstrong%3Epage_error%3Cbr%2F%3E%3Cstrong%3EApplication+Name%3C%2Fstrong%3E%3A&target=iframe HTTP/1.1" 302 - "http://hcp.maglayers.com.cn:8088/eHR/mgr/redirect.php?scriptname=MDNH105&appdesc=%E5%8A%A0%E7%8F%AD%E5%BE%85%E7%AD%BE" "Mozilla/5.0 (Windows NT 10.0; Win64; x64) AppleWebKit/537.36 (KHTML, like Gecko) Chrome/105.0.0.0 Safari/537.36"
192.168.11.133 - - [24/Jul/2024:14:14:22 +0800] "GET /eHR/mgr/redirect.php?scriptname=page_error&msgtxt=%3Ch3%3EHTTP+404+-+Page+not+found%3C%2Fh3%3E%3Cbr%3E%3Cstrong%3EFile+Name%3A%3C%2Fstrong%3Epage_error%3Cbr%2F%3E%3Cstrong%3EApplication+Name%3C%2Fstrong%3E%3A&target=iframe HTTP/1.1" 302 -
192.168.40.74 - - [24/Jul/2024:14:14:22 +0800] "GET /eHR/mgr/redirect.php?scriptname=page_error&msgtxt=%3Ch3%3EHTTP+404+-+Page+not+found%3C%2Fh3%3E%3Cbr%3E%3Cstrong%3EFile+Name%3A%3C%2Fstrong%3Epage_success%3Cbr%2F%3E%3Cstrong%3EApplication+Name%3C%2Fstrong%3E%3A&target=iframe HTTP/1.1" 302 - "http://hcp.maglayers.com.cn:8088/eHR/mgr/redirect.php?scriptname=MDNH105&appdesc=%E5%8A%A0%E7%8F%AD%E7%AD%BE%E6%A0%B8" "Mozilla/5.0 (Windows NT 10.0; Win64; x64) AppleWebKit/537.36 (KHTML, like Gecko) Chrome/126.0.0.0 Safari/537.36 Edg/126.0.0.0"
192.168.40.74 - - [24/Jul/2024:14:14:22 +0800] "GET /eHR/mgr/redirect.php?scriptname=page_error&msgtxt=%3Ch3%3EHTTP+404+-+Page+not+found%3C%2Fh3%3E%3Cbr%3E%3Cstrong%3EFile+Name%3A%3C%2Fstrong%3Epage_success%3Cbr%2F%3E%3Cstrong%3EApplication+Name%3C%2Fstrong%3E%3A&target=iframe HTTP/1.1" 302 -
192.168.11.133 - - [24/Jul/2024:14:14:22 +0800] "GET /eHR/mgr/redirect.php?scriptname=page_error&msgtxt=%3Ch3%3EHTTP+404+-+Page+not+found%3C%2Fh3%3E%3Cbr%3E%3Cstrong%3EFile+Name%3A%3C%2Fstrong%3Epage_error%3Cbr%2F%3E%3Cstrong%3EApplication+Name%3C%2Fstrong%3E%3A&target=iframe HTTP/1.1" 302 - "http://hcp.maglayers.com.cn:8088/eHR/mgr/redirect.php?scriptname=MDNH105&appdesc=%E5%8A%A0%E7%8F%AD%E5%BE%85%E7%AD%BE" "Mozilla/5.0 (Windows NT 10.0; Win64; x64) AppleWebKit/537.36 (KHTML, like Gecko) Chrome/105.0.0.0 Safari/537.36"
192.168.11.133 - - [24/Jul/2024:14:14:22 +0800] "GET /eHR/mgr/redirect.php?scriptname=page_error&msgtxt=%3Ch3%3EHTTP+404+-+Page+not+found%3C%2Fh3%3E%3Cbr%3E%3Cstrong%3EFile+Name%3A%3C%2Fstrong%3Epage_error%3Cbr%2F%3E%3Cstrong%3EApplication+Name%3C%2Fstrong%3E%3A&target=iframe HTTP/1.1" 302 -
192.168.40.74 - - [24/Jul/2024:14:14:22 +0800] "GET /eHR/mgr/redirect.php?scriptname=page_error&msgtxt=%3Ch3%3EHTTP+404+-+Page+not+found%3C%2Fh3%3E%3Cbr%3E%3Cstrong%3EFile+Name%3A%3C%2Fstrong%3Epage_error%3Cbr%2F%3E%3Cstrong%3EApplication+Name%3C%2Fstrong%3E%3A&target=iframe HTTP/1.1" 302 - "http://hcp.maglayers.com.cn:8088/eHR/mgr/redirect.php?scriptname=MDNH105&appdesc=%E5%8A%A0%E7%8F%AD%E7%AD%BE%E6%A0%B8" "Mozilla/5.0 (Windows NT 10.0; Win64; x64) AppleWebKit/537.36 (KHTML, like Gecko) Chrome/126.0.0.0 Safari/537.36 Edg/126.0.0.0"
192.168.40.74 - - [24/Jul/2024:14:14:22 +0800] "GET /eHR/mgr/redirect.php?scriptname=page_error&msgtxt=%3Ch3%3EHTTP+404+-+Page+not+found%3C%2Fh3%3E%3Cbr%3E%3Cstrong%3EFile+Name%3A%3C%2Fstrong%3Epage_error%3Cbr%2F%3E%3Cstrong%3EApplication+Name%3C%2Fstrong%3E%3A&target=iframe HTTP/1.1" 302 -
192.168.11.133 - - [24/Jul/2024:14:14:23 +0800] "GET /eHR/mgr/redirect.php?scriptname=page_error&msgtxt=%3Ch3%3EHTTP+404+-+Page+not+found%3C%2Fh3%3E%3Cbr%3E%3Cstrong%3EFile+Name%3A%3C%2Fstrong%3Epage_error%3Cbr%2F%3E%3Cstrong%3EApplication+Name%3C%2Fstrong%3E%3A&target=iframe HTTP/1.1" 302 - "http://hcp.maglayers.com.cn:8088/eHR/mgr/redirect.php?scriptname=MDNH105&appdesc=%E5%8A%A0%E7%8F%AD%E5%BE%85%E7%AD%BE" "Mozilla/5.0 (Windows NT 10.0; Win64; x64) AppleWebKit/537.36 (KHTML, like Gecko) Chrome/105.0.0.0 Safari/537.36"
192.168.11.133 - - [24/Jul/2024:14:14:23 +0800] "GET /eHR/mgr/redirect.php?scriptname=page_error&msgtxt=%3Ch3%3EHTTP+404+-+Page+not+found%3C%2Fh3%3E%3Cbr%3E%3Cstrong%3EFile+Name%3A%3C%2Fstrong%3Epage_error%3Cbr%2F%3E%3Cstrong%3EApplication+Name%3C%2Fstrong%3E%3A&target=iframe HTTP/1.1" 302 -
192.168.40.74 - - [24/Jul/2024:14:14:23 +0800] "GET /eHR/mgr/redirect.php?scriptname=page_error&msgtxt=%3Ch3%3EHTTP+404+-+Page+not+found%3C%2Fh3%3E%3Cbr%3E%3Cstrong%3EFile+Name%3A%3C%2Fstrong%3Epage_error%3Cbr%2F%3E%3Cstrong%3EApplication+Name%3C%2Fstrong%3E%3A&target=iframe HTTP/1.1" 302 - "http://hcp.maglayers.com.cn:8088/eHR/mgr/redirect.php?scriptname=MDNH105&appdesc=%E5%8A%A0%E7%8F%AD%E7%AD%BE%E6%A0%B8" "Mozilla/5.0 (Windows NT 10.0; Win64; x64) AppleWebKit/537.36 (KHTML, like Gecko) Chrome/126.0.0.0 Safari/537.36 Edg/126.0.0.0"
192.168.40.74 - - [24/Jul/2024:14:14:23 +0800] "GET /eHR/mgr/redirect.php?scriptname=page_error&msgtxt=%3Ch3%3EHTTP+404+-+Page+not+found%3C%2Fh3%3E%3Cbr%3E%3Cstrong%3EFile+Name%3A%3C%2Fstrong%3Epage_error%3Cbr%2F%3E%3Cstrong%3EApplication+Name%3C%2Fstrong%3E%3A&target=iframe HTTP/1.1" 302 -
192.168.11.133 - - [24/Jul/2024:14:14:23 +0800] "GET /eHR/mgr/redirect.php?scriptname=page_error&msgtxt=%3Ch3%3EHTTP+404+-+Page+not+found%3C%2Fh3%3E%3Cbr%3E%3Cstrong%3EFile+Name%3A%3C%2Fstrong%3Epage_error%3Cbr%2F%3E%3Cstrong%3EApplication+Name%3C%2Fstrong%3E%3A&target=iframe HTTP/1.1" 302 - "http://hcp.maglayers.com.cn:8088/eHR/mgr/redirect.php?scriptname=MDNH105&appdesc=%E5%8A%A0%E7%8F%AD%E5%BE%85%E7%AD%BE" "Mozilla/5.0 (Windows NT 10.0; Win64; x64) AppleWebKit/537.36 (KHTML, like Gecko) Chrome/105.0.0.0 Safari/537.36"
192.168.11.133 - - [24/Jul/2024:14:14:23 +0800] "GET /eHR/mgr/redirect.php?scriptname=page_error&msgtxt=%3Ch3%3EHTTP+404+-+Page+not+found%3C%2Fh3%3E%3Cbr%3E%3Cstrong%3EFile+Name%3A%3C%2Fstrong%3Epage_error%3Cbr%2F%3E%3Cstrong%3EApplication+Name%3C%2Fstrong%3E%3A&target=iframe HTTP/1.1" 302 -
192.168.40.74 - - [24/Jul/2024:14:14:23 +0800] "GET /eHR/mgr/redirect.php?scriptname=page_error&msgtxt=%3Ch3%3EHTTP+404+-+Page+not+found%3C%2Fh3%3E%3Cbr%3E%3Cstrong%3EFile+Name%3A%3C%2Fstrong%3Epage_error%3Cbr%2F%3E%3Cstrong%3EApplication+Name%3C%2Fstrong%3E%3A&target=iframe HTTP/1.1" 302 - "http://hcp.maglayers.com.cn:8088/eHR/mgr/redirect.php?scriptname=MDNH105&appdesc=%E5%8A%A0%E7%8F%AD%E7%AD%BE%E6%A0%B8" "Mozilla/5.0 (Windows NT 10.0; Win64; x64) AppleWebKit/537.36 (KHTML, like Gecko) Chrome/126.0.0.0 Safari/537.36 Edg/126.0.0.0"
192.168.40.74 - - [24/Jul/2024:14:14:23 +0800] "GET /eHR/mgr/redirect.php?scriptname=page_error&msgtxt=%3Ch3%3EHTTP+404+-+Page+not+found%3C%2Fh3%3E%3Cbr%3E%3Cstrong%3EFile+Name%3A%3C%2Fstrong%3Epage_error%3Cbr%2F%3E%3Cstrong%3EApplication+Name%3C%2Fstrong%3E%3A&target=iframe HTTP/1.1" 302 -
192.168.11.133 - - [24/Jul/2024:14:14:23 +0800] "GET /eHR/mgr/redirect.php?scriptname=page_error&msgtxt=%3Ch3%3EHTTP+404+-+Page+not+found%3C%2Fh3%3E%3Cbr%3E%3Cstrong%3EFile+Name%3A%3C%2Fstrong%3Epage_error%3Cbr%2F%3E%3Cstrong%3EApplication+Name%3C%2Fstrong%3E%3A&target=iframe HTTP/1.1" 302 - "http://hcp.maglayers.com.cn:8088/eHR/mgr/redirect.php?scriptname=MDNH105&appdesc=%E5%8A%A0%E7%8F%AD%E5%BE%85%E7%AD%BE" "Mozilla/5.0 (Windows NT 10.0; Win64; x64) AppleWebKit/537.36 (KHTML, like Gecko) Chrome/105.0.0.0 Safari/537.36"
192.168.11.133 - - [24/Jul/2024:14:14:23 +0800] "GET /eHR/mgr/redirect.php?scriptname=page_error&msgtxt=%3Ch3%3EHTTP+404+-+Page+not+found%3C%2Fh3%3E%3Cbr%3E%3Cstrong%3EFile+Name%3A%3C%2Fstrong%3Epage_error%3Cbr%2F%3E%3Cstrong%3EApplication+Name%3C%2Fstrong%3E%3A&target=iframe HTTP/1.1" 302 -
192.168.40.74 - - [24/Jul/2024:14:14:23 +0800] "GET /eHR/mgr/redirect.php?scriptname=page_error&msgtxt=%3Ch3%3EHTTP+404+-+Page+not+found%3C%2Fh3%3E%3Cbr%3E%3Cstrong%3EFile+Name%3A%3C%2Fstrong%3Epage_error%3Cbr%2F%3E%3Cstrong%3EApplication+Name%3C%2Fstrong%3E%3A&target=iframe HTTP/1.1" 302 - "http://hcp.maglayers.com.cn:8088/eHR/mgr/redirect.php?scriptname=MDNH105&appdesc=%E5%8A%A0%E7%8F%AD%E7%AD%BE%E6%A0%B8" "Mozilla/5.0 (Windows NT 10.0; Win64; x64) AppleWebKit/537.36 (KHTML, like Gecko) Chrome/126.0.0.0 Safari/537.36 Edg/126.0.0.0"
192.168.40.74 - - [24/Jul/2024:14:14:23 +0800] "GET /eHR/mgr/redirect.php?scriptname=page_error&msgtxt=%3Ch3%3EHTTP+404+-+Page+not+found%3C%2Fh3%3E%3Cbr%3E%3Cstrong%3EFile+Name%3A%3C%2Fstrong%3Epage_error%3Cbr%2F%3E%3Cstrong%3EApplication+Name%3C%2Fstrong%3E%3A&target=iframe HTTP/1.1" 302 -
192.168.11.133 - - [24/Jul/2024:14:14:23 +0800] "GET /eHR/mgr/redirect.php?scriptname=page_error&msgtxt=%3Ch3%3EHTTP+404+-+Page+not+found%3C%2Fh3%3E%3Cbr%3E%3Cstrong%3EFile+Name%3A%3C%2Fstrong%3Epage_error%3Cbr%2F%3E%3Cstrong%3EApplication+Name%3C%2Fstrong%3E%3A&target=iframe HTTP/1.1" 302 - "http://hcp.maglayers.com.cn:8088/eHR/mgr/redirect.php?scriptname=MDNH105&appdesc=%E5%8A%A0%E7%8F%AD%E5%BE%85%E7%AD%BE" "Mozilla/5.0 (Windows NT 10.0; Win64; x64) AppleWebKit/537.36 (KHTML, like Gecko) Chrome/105.0.0.0 Safari/537.36"
192.168.11.133 - - [24/Jul/2024:14:14:23 +0800] "GET /eHR/mgr/redirect.php?scriptname=page_error&msgtxt=%3Ch3%3EHTTP+404+-+Page+not+found%3C%2Fh3%3E%3Cbr%3E%3Cstrong%3EFile+Name%3A%3C%2Fstrong%3Epage_error%3Cbr%2F%3E%3Cstrong%3EApplication+Name%3C%2Fstrong%3E%3A&target=iframe HTTP/1.1" 302 -
192.168.40.74 - - [24/Jul/2024:14:14:24 +0800] "GET /eHR/mgr/redirect.php?scriptname=page_error&msgtxt=%3Ch3%3EHTTP+404+-+Page+not+found%3C%2Fh3%3E%3Cbr%3E%3Cstrong%3EFile+Name%3A%3C%2Fstrong%3Epage_error%3Cbr%2F%3E%3Cstrong%3EApplication+Name%3C%2Fstrong%3E%3A&target=iframe HTTP/1.1" 302 - "http://hcp.maglayers.com.cn:8088/eHR/mgr/redirect.php?scriptname=MDNH105&appdesc=%E5%8A%A0%E7%8F%AD%E7%AD%BE%E6%A0%B8" "Mozilla/5.0 (Windows NT 10.0; Win64; x64) AppleWebKit/537.36 (KHTML, like Gecko) Chrome/126.0.0.0 Safari/537.36 Edg/126.0.0.0"
192.168.40.74 - - [24/Jul/2024:14:14:24 +0800] "GET /eHR/mgr/redirect.php?scriptname=page_error&msgtxt=%3Ch3%3EHTTP+404+-+Page+not+found%3C%2Fh3%3E%3Cbr%3E%3Cstrong%3EFile+Name%3A%3C%2Fstrong%3Epage_error%3Cbr%2F%3E%3Cstrong%3EApplication+Name%3C%2Fstrong%3E%3A&target=iframe HTTP/1.1" 302 -
192.168.11.133 - - [24/Jul/2024:14:14:24 +0800] "GET /eHR/mgr/redirect.php?scriptname=page_error&msgtxt=%3Ch3%3EHTTP+404+-+Page+not+found%3C%2Fh3%3E%3Cbr%3E%3Cstrong%3EFile+Name%3A%3C%2Fstrong%3Epage_error%3Cbr%2F%3E%3Cstrong%3EApplication+Name%3C%2Fstrong%3E%3A&target=iframe HTTP/1.1" 302 - "http://hcp.maglayers.com.cn:8088/eHR/mgr/redirect.php?scriptname=MDNH105&appdesc=%E5%8A%A0%E7%8F%AD%E5%BE%85%E7%AD%BE" "Mozilla/5.0 (Windows NT 10.0; Win64; x64) AppleWebKit/537.36 (KHTML, like Gecko) Chrome/105.0.0.0 Safari/537.36"
192.168.11.133 - - [24/Jul/2024:14:14:24 +0800] "GET /eHR/mgr/redirect.php?scriptname=page_error&msgtxt=%3Ch3%3EHTTP+404+-+Page+not+found%3C%2Fh3%3E%3Cbr%3E%3Cstrong%3EFile+Name%3A%3C%2Fstrong%3Epage_error%3Cbr%2F%3E%3Cstrong%3EApplication+Name%3C%2Fstrong%3E%3A&target=iframe HTTP/1.1" 302 -
192.168.40.74 - - [24/Jul/2024:14:14:24 +0800] "GET /eHR/mgr/redirect.php?scriptname=page_error&msgtxt=%3Ch3%3EHTTP+404+-+Page+not+found%3C%2Fh3%3E%3Cbr%3E%3Cstrong%3EFile+Name%3A%3C%2Fstrong%3Epage_error%3Cbr%2F%3E%3Cstrong%3EApplication+Name%3C%2Fstrong%3E%3A&target=iframe HTTP/1.1" 302 - "http://hcp.maglayers.com.cn:8088/eHR/mgr/redirect.php?scriptname=MDNH105&appdesc=%E5%8A%A0%E7%8F%AD%E7%AD%BE%E6%A0%B8" "Mozilla/5.0 (Windows NT 10.0; Win64; x64) AppleWebKit/537.36 (KHTML, like Gecko) Chrome/126.0.0.0 Safari/537.36 Edg/126.0.0.0"
192.168.40.74 - - [24/Jul/2024:14:14:24 +0800] "GET /eHR/mgr/redirect.php?scriptname=page_error&msgtxt=%3Ch3%3EHTTP+404+-+Page+not+found%3C%2Fh3%3E%3Cbr%3E%3Cstrong%3EFile+Name%3A%3C%2Fstrong%3Epage_error%3Cbr%2F%3E%3Cstrong%3EApplication+Name%3C%2Fstrong%3E%3A&target=iframe HTTP/1.1" 302 -
192.168.11.133 - - [24/Jul/2024:14:14:24 +0800] "GET /eHR/mgr/redirect.php?scriptname=page_error&msgtxt=%3Ch3%3EHTTP+404+-+Page+not+found%3C%2Fh3%3E%3Cbr%3E%3Cstrong%3EFile+Name%3A%3C%2Fstrong%3Epage_error%3Cbr%2F%3E%3Cstrong%3EApplication+Name%3C%2Fstrong%3E%3A&target=iframe HTTP/1.1" 302 - "http://hcp.maglayers.com.cn:8088/eHR/mgr/redirect.php?scriptname=MDNH105&appdesc=%E5%8A%A0%E7%8F%AD%E5%BE%85%E7%AD%BE" "Mozilla/5.0 (Windows NT 10.0; Win64; x64) AppleWebKit/537.36 (KHTML, like Gecko) Chrome/105.0.0.0 Safari/537.36"
192.168.11.133 - - [24/Jul/2024:14:14:24 +0800] "GET /eHR/mgr/redirect.php?scriptname=page_error&msgtxt=%3Ch3%3EHTTP+404+-+Page+not+found%3C%2Fh3%3E%3Cbr%3E%3Cstrong%3EFile+Name%3A%3C%2Fstrong%3Epage_error%3Cbr%2F%3E%3Cstrong%3EApplication+Name%3C%2Fstrong%3E%3A&target=iframe HTTP/1.1" 302 -
192.168.40.74 - - [24/Jul/2024:14:14:24 +0800] "GET /eHR/mgr/redirect.php?scriptname=page_error&msgtxt=%3Ch3%3EHTTP+404+-+Page+not+found%3C%2Fh3%3E%3Cbr%3E%3Cstrong%3EFile+Name%3A%3C%2Fstrong%3Epage_error%3Cbr%2F%3E%3Cstrong%3EApplication+Name%3C%2Fstrong%3E%3A&target=iframe HTTP/1.1" 302 - "http://hcp.maglayers.com.cn:8088/eHR/mgr/redirect.php?scriptname=MDNH105&appdesc=%E5%8A%A0%E7%8F%AD%E7%AD%BE%E6%A0%B8" "Mozilla/5.0 (Windows NT 10.0; Win64; x64) AppleWebKit/537.36 (KHTML, like Gecko) Chrome/126.0.0.0 Safari/537.36 Edg/126.0.0.0"
192.168.40.74 - - [24/Jul/2024:14:14:24 +0800] "GET /eHR/mgr/redirect.php?scriptname=page_error&msgtxt=%3Ch3%3EHTTP+404+-+Page+not+found%3C%2Fh3%3E%3Cbr%3E%3Cstrong%3EFile+Name%3A%3C%2Fstrong%3Epage_error%3Cbr%2F%3E%3Cstrong%3EApplication+Name%3C%2Fstrong%3E%3A&target=iframe HTTP/1.1" 302 -
192.168.11.133 - - [24/Jul/2024:14:14:24 +0800] "GET /eHR/mgr/redirect.php?scriptname=page_error&msgtxt=%3Ch3%3EHTTP+404+-+Page+not+found%3C%2Fh3%3E%3Cbr%3E%3Cstrong%3EFile+Name%3A%3C%2Fstrong%3Epage_error%3Cbr%2F%3E%3Cstrong%3EApplication+Name%3C%2Fstrong%3E%3A&target=iframe HTTP/1.1" 302 - "http://hcp.maglayers.com.cn:8088/eHR/mgr/redirect.php?scriptname=MDNH105&appdesc=%E5%8A%A0%E7%8F%AD%E5%BE%85%E7%AD%BE" "Mozilla/5.0 (Windows NT 10.0; Win64; x64) AppleWebKit/537.36 (KHTML, like Gecko) Chrome/105.0.0.0 Safari/537.36"
192.168.11.133 - - [24/Jul/2024:14:14:24 +0800] "GET /eHR/mgr/redirect.php?scriptname=page_error&msgtxt=%3Ch3%3EHTTP+404+-+Page+not+found%3C%2Fh3%3E%3Cbr%3E%3Cstrong%3EFile+Name%3A%3C%2Fstrong%3Epage_error%3Cbr%2F%3E%3Cstrong%3EApplication+Name%3C%2Fstrong%3E%3A&target=iframe HTTP/1.1" 302 -
192.168.40.74 - - [24/Jul/2024:14:14:24 +0800] "GET /eHR/mgr/redirect.php?scriptname=page_error&msgtxt=%3Ch3%3EHTTP+404+-+Page+not+found%3C%2Fh3%3E%3Cbr%3E%3Cstrong%3EFile+Name%3A%3C%2Fstrong%3Epage_error%3Cbr%2F%3E%3Cstrong%3EApplication+Name%3C%2Fstrong%3E%3A&target=iframe HTTP/1.1" 302 - "http://hcp.maglayers.com.cn:8088/eHR/mgr/redirect.php?scriptname=MDNH105&appdesc=%E5%8A%A0%E7%8F%AD%E7%AD%BE%E6%A0%B8" "Mozilla/5.0 (Windows NT 10.0; Win64; x64) AppleWebKit/537.36 (KHTML, like Gecko) Chrome/126.0.0.0 Safari/537.36 Edg/126.0.0.0"
192.168.40.74 - - [24/Jul/2024:14:14:24 +0800] "GET /eHR/mgr/redirect.php?scriptname=page_error&msgtxt=%3Ch3%3EHTTP+404+-+Page+not+found%3C%2Fh3%3E%3Cbr%3E%3Cstrong%3EFile+Name%3A%3C%2Fstrong%3Epage_error%3Cbr%2F%3E%3Cstrong%3EApplication+Name%3C%2Fstrong%3E%3A&target=iframe HTTP/1.1" 302 -
192.168.11.133 - - [24/Jul/2024:14:14:24 +0800] "GET /eHR/mgr/redirect.php?scriptname=page_error&msgtxt=%3Ch3%3EHTTP+404+-+Page+not+found%3C%2Fh3%3E%3Cbr%3E%3Cstrong%3EFile+Name%3A%3C%2Fstrong%3Epage_error%3Cbr%2F%3E%3Cstrong%3EApplication+Name%3C%2Fstrong%3E%3A&target=iframe HTTP/1.1" 302 - "http://hcp.maglayers.com.cn:8088/eHR/mgr/redirect.php?scriptname=MDNH105&appdesc=%E5%8A%A0%E7%8F%AD%E5%BE%85%E7%AD%BE" "Mozilla/5.0 (Windows NT 10.0; Win64; x64) AppleWebKit/537.36 (KHTML, like Gecko) Chrome/105.0.0.0 Safari/537.36"
192.168.11.133 - - [24/Jul/2024:14:14:24 +0800] "GET /eHR/mgr/redirect.php?scriptname=page_error&msgtxt=%3Ch3%3EHTTP+404+-+Page+not+found%3C%2Fh3%3E%3Cbr%3E%3Cstrong%3EFile+Name%3A%3C%2Fstrong%3Epage_error%3Cbr%2F%3E%3Cstrong%3EApplication+Name%3C%2Fstrong%3E%3A&target=iframe HTTP/1.1" 302 -
192.168.40.74 - - [24/Jul/2024:14:14:25 +0800] "GET /eHR/mgr/redirect.php?scriptname=page_error&msgtxt=%3Ch3%3EHTTP+404+-+Page+not+found%3C%2Fh3%3E%3Cbr%3E%3Cstrong%3EFile+Name%3A%3C%2Fstrong%3Epage_error%3Cbr%2F%3E%3Cstrong%3EApplication+Name%3C%2Fstrong%3E%3A&target=iframe HTTP/1.1" 302 - "http://hcp.maglayers.com.cn:8088/eHR/mgr/redirect.php?scriptname=MDNH105&appdesc=%E5%8A%A0%E7%8F%AD%E7%AD%BE%E6%A0%B8" "Mozilla/5.0 (Windows NT 10.0; Win64; x64) AppleWebKit/537.36 (KHTML, like Gecko) Chrome/126.0.0.0 Safari/537.36 Edg/126.0.0.0"
192.168.40.74 - - [24/Jul/2024:14:14:25 +0800] "GET /eHR/mgr/redirect.php?scriptname=page_error&msgtxt=%3Ch3%3EHTTP+404+-+Page+not+found%3C%2Fh3%3E%3Cbr%3E%3Cstrong%3EFile+Name%3A%3C%2Fstrong%3Epage_error%3Cbr%2F%3E%3Cstrong%3EApplication+Name%3C%2Fstrong%3E%3A&target=iframe HTTP/1.1" 302 -
192.168.11.133 - - [24/Jul/2024:14:14:25 +0800] "GET /eHR/mgr/redirect.php?scriptname=page_error&msgtxt=%3Ch3%3EHTTP+404+-+Page+not+found%3C%2Fh3%3E%3Cbr%3E%3Cstrong%3EFile+Name%3A%3C%2Fstrong%3Epage_error%3Cbr%2F%3E%3Cstrong%3EApplication+Name%3C%2Fstrong%3E%3A&target=iframe HTTP/1.1" 302 - "http://hcp.maglayers.com.cn:8088/eHR/mgr/redirect.php?scriptname=MDNH105&appdesc=%E5%8A%A0%E7%8F%AD%E5%BE%85%E7%AD%BE" "Mozilla/5.0 (Windows NT 10.0; Win64; x64) AppleWebKit/537.36 (KHTML, like Gecko) Chrome/105.0.0.0 Safari/537.36"
192.168.11.133 - - [24/Jul/2024:14:14:25 +0800] "GET /eHR/mgr/redirect.php?scriptname=page_error&msgtxt=%3Ch3%3EHTTP+404+-+Page+not+found%3C%2Fh3%3E%3Cbr%3E%3Cstrong%3EFile+Name%3A%3C%2Fstrong%3Epage_error%3Cbr%2F%3E%3Cstrong%3EApplication+Name%3C%2Fstrong%3E%3A&target=iframe HTTP/1.1" 302 -
192.168.40.74 - - [24/Jul/2024:14:14:25 +0800] "GET /eHR/mgr/redirect.php?scriptname=page_error&msgtxt=%3Ch3%3EHTTP+404+-+Page+not+found%3C%2Fh3%3E%3Cbr%3E%3Cstrong%3EFile+Name%3A%3C%2Fstrong%3Epage_error%3Cbr%2F%3E%3Cstrong%3EApplication+Name%3C%2Fstrong%3E%3A&target=iframe HTTP/1.1" 302 - "http://hcp.maglayers.com.cn:8088/eHR/mgr/redirect.php?scriptname=MDNH105&appdesc=%E5%8A%A0%E7%8F%AD%E7%AD%BE%E6%A0%B8" "Mozilla/5.0 (Windows NT 10.0; Win64; x64) AppleWebKit/537.36 (KHTML, like Gecko) Chrome/126.0.0.0 Safari/537.36 Edg/126.0.0.0"
192.168.40.74 - - [24/Jul/2024:14:14:25 +0800] "GET /eHR/mgr/redirect.php?scriptname=page_error&msgtxt=%3Ch3%3EHTTP+404+-+Page+not+found%3C%2Fh3%3E%3Cbr%3E%3Cstrong%3EFile+Name%3A%3C%2Fstrong%3Epage_error%3Cbr%2F%3E%3Cstrong%3EApplication+Name%3C%2Fstrong%3E%3A&target=iframe HTTP/1.1" 302 -
192.168.11.133 - - [24/Jul/2024:14:14:25 +0800] "GET /eHR/mgr/redirect.php?scriptname=page_error&msgtxt=%3Ch3%3EHTTP+404+-+Page+not+found%3C%2Fh3%3E%3Cbr%3E%3Cstrong%3EFile+Name%3A%3C%2Fstrong%3Epage_error%3Cbr%2F%3E%3Cstrong%3EApplication+Name%3C%2Fstrong%3E%3A&target=iframe HTTP/1.1" 302 - "http://hcp.maglayers.com.cn:8088/eHR/mgr/redirect.php?scriptname=MDNH105&appdesc=%E5%8A%A0%E7%8F%AD%E5%BE%85%E7%AD%BE" "Mozilla/5.0 (Windows NT 10.0; Win64; x64) AppleWebKit/537.36 (KHTML, like Gecko) Chrome/105.0.0.0 Safari/537.36"
192.168.11.133 - - [24/Jul/2024:14:14:25 +0800] "GET /eHR/mgr/redirect.php?scriptname=page_error&msgtxt=%3Ch3%3EHTTP+404+-+Page+not+found%3C%2Fh3%3E%3Cbr%3E%3Cstrong%3EFile+Name%3A%3C%2Fstrong%3Epage_error%3Cbr%2F%3E%3Cstrong%3EApplication+Name%3C%2Fstrong%3E%3A&target=iframe HTTP/1.1" 302 -
192.168.11.133 - - [24/Jul/2024:14:14:25 +0800] "GET /eHR/mgr/redirect.php?scriptname=page_error&msgtxt=%3Ch3%3EHTTP+404+-+Page+not+found%3C%2Fh3%3E%3Cbr%3E%3Cstrong%3EFile+Name%3A%3C%2Fstrong%3Epage_error%3Cbr%2F%3E%3Cstrong%3EApplication+Name%3C%2Fstrong%3E%3A&target=iframe HTTP/1.1" 302 - "http://hcp.maglayers.com.cn:8088/eHR/mgr/redirect.php?scriptname=MDNH105&appdesc=%E5%8A%A0%E7%8F%AD%E5%BE%85%E7%AD%BE" "Mozilla/5.0 (Windows NT 10.0; Win64; x64) AppleWebKit/537.36 (KHTML, like Gecko) Chrome/105.0.0.0 Safari/537.36"
192.168.11.133 - - [24/Jul/2024:14:14:25 +0800] "GET /eHR/mgr/redirect.php?scriptname=page_error&msgtxt=%3Ch3%3EHTTP+404+-+Page+not+found%3C%2Fh3%3E%3Cbr%3E%3Cstrong%3EFile+Name%3A%3C%2Fstrong%3Epage_error%3Cbr%2F%3E%3Cstrong%3EApplication+Name%3C%2Fstrong%3E%3A&target=iframe HTTP/1.1" 302 -
192.168.40.74 - - [24/Jul/2024:14:14:25 +0800] "GET /eHR/mgr/redirect.php?scriptname=page_error&msgtxt=%3Ch3%3EHTTP+404+-+Page+not+found%3C%2Fh3%3E%3Cbr%3E%3Cstrong%3EFile+Name%3A%3C%2Fstrong%3Epage_error%3Cbr%2F%3E%3Cstrong%3EApplication+Name%3C%2Fstrong%3E%3A&target=iframe HTTP/1.1" 302 - "http://hcp.maglayers.com.cn:8088/eHR/mgr/redirect.php?scriptname=MDNH105&appdesc=%E5%8A%A0%E7%8F%AD%E7%AD%BE%E6%A0%B8" "Mozilla/5.0 (Windows NT 10.0; Win64; x64) AppleWebKit/537.36 (KHTML, like Gecko) Chrome/126.0.0.0 Safari/537.36 Edg/126.0.0.0"
192.168.40.74 - - [24/Jul/2024:14:14:25 +0800] "GET /eHR/mgr/redirect.php?scriptname=page_error&msgtxt=%3Ch3%3EHTTP+404+-+Page+not+found%3C%2Fh3%3E%3Cbr%3E%3Cstrong%3EFile+Name%3A%3C%2Fstrong%3Epage_error%3Cbr%2F%3E%3Cstrong%3EApplication+Name%3C%2Fstrong%3E%3A&target=iframe HTTP/1.1" 302 -
192.168.11.133 - - [24/Jul/2024:14:14:25 +0800] "GET /eHR/mgr/redirect.php?scriptname=page_error&msgtxt=%3Ch3%3EHTTP+404+-+Page+not+found%3C%2Fh3%3E%3Cbr%3E%3Cstrong%3EFile+Name%3A%3C%2Fstrong%3Epage_error%3Cbr%2F%3E%3Cstrong%3EApplication+Name%3C%2Fstrong%3E%3A&target=iframe HTTP/1.1" 302 - "http://hcp.maglayers.com.cn:8088/eHR/mgr/redirect.php?scriptname=MDNH105&appdesc=%E5%8A%A0%E7%8F%AD%E5%BE%85%E7%AD%BE" "Mozilla/5.0 (Windows NT 10.0; Win64; x64) AppleWebKit/537.36 (KHTML, like Gecko) Chrome/105.0.0.0 Safari/537.36"
192.168.11.133 - - [24/Jul/2024:14:14:25 +0800] "GET /eHR/mgr/redirect.php?scriptname=page_error&msgtxt=%3Ch3%3EHTTP+404+-+Page+not+found%3C%2Fh3%3E%3Cbr%3E%3Cstrong%3EFile+Name%3A%3C%2Fstrong%3Epage_error%3Cbr%2F%3E%3Cstrong%3EApplication+Name%3C%2Fstrong%3E%3A&target=iframe HTTP/1.1" 302 -
192.168.40.74 - - [24/Jul/2024:14:14:25 +0800] "GET /eHR/mgr/redirect.php?scriptname=page_error&msgtxt=%3Ch3%3EHTTP+404+-+Page+not+found%3C%2Fh3%3E%3Cbr%3E%3Cstrong%3EFile+Name%3A%3C%2Fstrong%3Epage_error%3Cbr%2F%3E%3Cstrong%3EApplication+Name%3C%2Fstrong%3E%3A&target=iframe HTTP/1.1" 302 - "http://hcp.maglayers.com.cn:8088/eHR/mgr/redirect.php?scriptname=MDNH105&appdesc=%E5%8A%A0%E7%8F%AD%E7%AD%BE%E6%A0%B8" "Mozilla/5.0 (Windows NT 10.0; Win64; x64) AppleWebKit/537.36 (KHTML, like Gecko) Chrome/126.0.0.0 Safari/537.36 Edg/126.0.0.0"
192.168.40.74 - - [24/Jul/2024:14:14:25 +0800] "GET /eHR/mgr/redirect.php?scriptname=page_error&msgtxt=%3Ch3%3EHTTP+404+-+Page+not+found%3C%2Fh3%3E%3Cbr%3E%3Cstrong%3EFile+Name%3A%3C%2Fstrong%3Epage_error%3Cbr%2F%3E%3Cstrong%3EApplication+Name%3C%2Fstrong%3E%3A&target=iframe HTTP/1.1" 302 -
192.168.40.74 - - [24/Jul/2024:14:14:26 +0800] "GET /eHR/mgr/redirect.php?scriptname=page_error&msgtxt=%3Ch3%3EHTTP+404+-+Page+not+found%3C%2Fh3%3E%3Cbr%3E%3Cstrong%3EFile+Name%3A%3C%2Fstrong%3Epage_error%3Cbr%2F%3E%3Cstrong%3EApplication+Name%3C%2Fstrong%3E%3A&target=iframe HTTP/1.1" 302 - "http://hcp.maglayers.com.cn:8088/eHR/mgr/redirect.php?scriptname=MDNH105&appdesc=%E5%8A%A0%E7%8F%AD%E7%AD%BE%E6%A0%B8" "Mozilla/5.0 (Windows NT 10.0; Win64; x64) AppleWebKit/537.36 (KHTML, like Gecko) Chrome/126.0.0.0 Safari/537.36 Edg/126.0.0.0"
192.168.40.74 - - [24/Jul/2024:14:14:26 +0800] "GET /eHR/mgr/redirect.php?scriptname=page_error&msgtxt=%3Ch3%3EHTTP+404+-+Page+not+found%3C%2Fh3%3E%3Cbr%3E%3Cstrong%3EFile+Name%3A%3C%2Fstrong%3Epage_error%3Cbr%2F%3E%3Cstrong%3EApplication+Name%3C%2Fstrong%3E%3A&target=iframe HTTP/1.1" 302 -
192.168.40.74 - - [24/Jul/2024:14:14:26 +0800] "GET /eHR/mgr/redirect.php?scriptname=page_error&msgtxt=%3Ch3%3EHTTP+404+-+Page+not+found%3C%2Fh3%3E%3Cbr%3E%3Cstrong%3EFile+Name%3A%3C%2Fstrong%3Epage_error%3Cbr%2F%3E%3Cstrong%3EApplication+Name%3C%2Fstrong%3E%3A&target=iframe HTTP/1.1" 302 - "http://hcp.maglayers.com.cn:8088/eHR/mgr/redirect.php?scriptname=MDNH105&appdesc=%E5%8A%A0%E7%8F%AD%E7%AD%BE%E6%A0%B8" "Mozilla/5.0 (Windows NT 10.0; Win64; x64) AppleWebKit/537.36 (KHTML, like Gecko) Chrome/126.0.0.0 Safari/537.36 Edg/126.0.0.0"
192.168.40.74 - - [24/Jul/2024:14:14:26 +0800] "GET /eHR/mgr/redirect.php?scriptname=page_error&msgtxt=%3Ch3%3EHTTP+404+-+Page+not+found%3C%2Fh3%3E%3Cbr%3E%3Cstrong%3EFile+Name%3A%3C%2Fstrong%3Epage_error%3Cbr%2F%3E%3Cstrong%3EApplication+Name%3C%2Fstrong%3E%3A&target=iframe HTTP/1.1" 302 -
192.168.40.74 - - [24/Jul/2024:14:14:26 +0800] "GET /eHR/mgr/redirect.php?scriptname=page_error&msgtxt=%3Ch3%3EHTTP+404+-+Page+not+found%3C%2Fh3%3E%3Cbr%3E%3Cstrong%3EFile+Name%3A%3C%2Fstrong%3Epage_error%3Cbr%2F%3E%3Cstrong%3EApplication+Name%3C%2Fstrong%3E%3A&target=iframe HTTP/1.1" 302 - "http://hcp.maglayers.com.cn:8088/eHR/mgr/redirect.php?scriptname=MDNH105&appdesc=%E5%8A%A0%E7%8F%AD%E7%AD%BE%E6%A0%B8" "Mozilla/5.0 (Windows NT 10.0; Win64; x64) AppleWebKit/537.36 (KHTML, like Gecko) Chrome/126.0.0.0 Safari/537.36 Edg/126.0.0.0"
192.168.40.74 - - [24/Jul/2024:14:14:26 +0800] "GET /eHR/mgr/redirect.php?scriptname=page_error&msgtxt=%3Ch3%3EHTTP+404+-+Page+not+found%3C%2Fh3%3E%3Cbr%3E%3Cstrong%3EFile+Name%3A%3C%2Fstrong%3Epage_error%3Cbr%2F%3E%3Cstrong%3EApplication+Name%3C%2Fstrong%3E%3A&target=iframe HTTP/1.1" 302 -
192.168.40.74 - - [24/Jul/2024:14:14:26 +0800] "GET /eHR/mgr/redirect.php?scriptname=page_error&msgtxt=%3Ch3%3EHTTP+404+-+Page+not+found%3C%2Fh3%3E%3Cbr%3E%3Cstrong%3EFile+Name%3A%3C%2Fstrong%3Epage_error%3Cbr%2F%3E%3Cstrong%3EApplication+Name%3C%2Fstrong%3E%3A&target=iframe HTTP/1.1" 302 - "http://hcp.maglayers.com.cn:8088/eHR/mgr/redirect.php?scriptname=MDNH105&appdesc=%E5%8A%A0%E7%8F%AD%E7%AD%BE%E6%A0%B8" "Mozilla/5.0 (Windows NT 10.0; Win64; x64) AppleWebKit/537.36 (KHTML, like Gecko) Chrome/126.0.0.0 Safari/537.36 Edg/126.0.0.0"
192.168.40.74 - - [24/Jul/2024:14:14:26 +0800] "GET /eHR/mgr/redirect.php?scriptname=page_error&msgtxt=%3Ch3%3EHTTP+404+-+Page+not+found%3C%2Fh3%3E%3Cbr%3E%3Cstrong%3EFile+Name%3A%3C%2Fstrong%3Epage_error%3Cbr%2F%3E%3Cstrong%3EApplication+Name%3C%2Fstrong%3E%3A&target=iframe HTTP/1.1" 302 -
192.168.40.74 - - [24/Jul/2024:14:14:27 +0800] "GET /eHR/mgr/redirect.php?scriptname=page_error&msgtxt=%3Ch3%3EHTTP+404+-+Page+not+found%3C%2Fh3%3E%3Cbr%3E%3Cstrong%3EFile+Name%3A%3C%2Fstrong%3Epage_error%3Cbr%2F%3E%3Cstrong%3EApplication+Name%3C%2Fstrong%3E%3A&target=iframe HTTP/1.1" 302 - "http://hcp.maglayers.com.cn:8088/eHR/mgr/redirect.php?scriptname=MDNH105&appdesc=%E5%8A%A0%E7%8F%AD%E7%AD%BE%E6%A0%B8" "Mozilla/5.0 (Windows NT 10.0; Win64; x64) AppleWebKit/537.36 (KHTML, like Gecko) Chrome/126.0.0.0 Safari/537.36 Edg/126.0.0.0"
192.168.40.74 - - [24/Jul/2024:14:14:27 +0800] "GET /eHR/mgr/redirect.php?scriptname=page_error&msgtxt=%3Ch3%3EHTTP+404+-+Page+not+found%3C%2Fh3%3E%3Cbr%3E%3Cstrong%3EFile+Name%3A%3C%2Fstrong%3Epage_error%3Cbr%2F%3E%3Cstrong%3EApplication+Name%3C%2Fstrong%3E%3A&target=iframe HTTP/1.1" 302 -
192.168.40.74 - - [24/Jul/2024:14:14:29 +0800] "GET /eHR/ess/redirect.php?scriptname=ESNH000&appdesc=%E9%A6%96%E9%A1%B5 HTTP/1.1" 200 10133 "http://hcp.maglayers.com.cn:8088/eHR/ess/redirect.php" "Mozilla/5.0 (Windows NT 10.0; Win64; x64) AppleWebKit/537.36 (KHTML, like Gecko) Chrome/126.0.0.0 Safari/537.36 Edg/126.0.0.0"
192.168.40.74 - - [24/Jul/2024:14:14:29 +0800] "GET /eHR/ess/redirect.php?scriptname=ESNH000&appdesc=%E9%A6%96%E9%A1%B5 HTTP/1.1" 200 10133
100.64.0.1 - - [24/Jul/2024:14:14:39 +0800] "GET /eHR1/ HTTP/1.1" 200 649 "-" "Mozilla/5.0"
100.64.0.1 - - [24/Jul/2024:14:14:39 +0800] "GET /eHR1/ HTTP/1.1" 200 649
100.64.0.1 - - [24/Jul/2024:14:14:40 +0800] "GET /Apache%20Software%20Foundation/ HTTP/1.1" 200 478 "-" "Mozilla/5.0"
100.64.0.1 - - [24/Jul/2024:14:14:40 +0800] "GET /Apache%20Software%20Foundation/ HTTP/1.1" 200 478
100.64.0.1 - - [24/Jul/2024:14:15:12 +0800] "GET /idcard/ HTTP/1.1" 200 649 "-" "Mozilla/5.0"
100.64.0.1 - - [24/Jul/2024:14:15:12 +0800] "GET /idcard/ HTTP/1.1" 200 649
100.64.0.1 - - [24/Jul/2024:14:15:33 +0800] "GET /test.php HTTP/1.1" 200 45089 "-" "Mozilla/5.0"
100.64.0.1 - - [24/Jul/2024:14:15:33 +0800] "GET /test.php HTTP/1.1" 200 45089
192.168.11.133 - - [24/Jul/2024:14:15:34 +0800] "GET /eHR/ess/redirect.php?scriptname=ESNH003&appdesc=%E8%AF%B7%E5%81%87%E7%AD%BE%E6%A0%B8 HTTP/1.1" 302 - "http://hcp.maglayers.com.cn:8088/eHR/ess/redirect.php" "Mozilla/5.0 (Windows NT 10.0; Win64; x64) AppleWebKit/537.36 (KHTML, like Gecko) Chrome/105.0.0.0 Safari/537.36"
192.168.11.133 - - [24/Jul/2024:14:15:34 +0800] "GET /eHR/ess/redirect.php?scriptname=ESNH003&appdesc=%E8%AF%B7%E5%81%87%E7%AD%BE%E6%A0%B8 HTTP/1.1" 302 -
192.168.11.133 - - [24/Jul/2024:14:15:35 +0800] "GET /eHR/mgr/redirect.php?scriptname=MDNH104&appdesc=%E8%AF%B7%E5%81%87%E7%AD%BE%E6%A0%B8 HTTP/1.1" 200 7256 "http://hcp.maglayers.com.cn:8088/eHR/ess/redirect.php" "Mozilla/5.0 (Windows NT 10.0; Win64; x64) AppleWebKit/537.36 (KHTML, like Gecko) Chrome/105.0.0.0 Safari/537.36"
192.168.11.133 - - [24/Jul/2024:14:15:35 +0800] "GET /eHR/mgr/redirect.php?scriptname=MDNH104&appdesc=%E8%AF%B7%E5%81%87%E7%AD%BE%E6%A0%B8 HTTP/1.1" 200 7256
192.168.11.133 - - [24/Jul/2024:14:15:36 +0800] "GET /eHR/ess/redirect.php?scriptname=ESNH004&appdesc=%E5%8A%A0%E7%8F%AD%E7%AD%BE%E6%A0%B8 HTTP/1.1" 302 - "http://hcp.maglayers.com.cn:8088/eHR/ess/redirect.php" "Mozilla/5.0 (Windows NT 10.0; Win64; x64) AppleWebKit/537.36 (KHTML, like Gecko) Chrome/105.0.0.0 Safari/537.36"
192.168.11.133 - - [24/Jul/2024:14:15:36 +0800] "GET /eHR/ess/redirect.php?scriptname=ESNH004&appdesc=%E5%8A%A0%E7%8F%AD%E7%AD%BE%E6%A0%B8 HTTP/1.1" 302 -
100.64.0.1 - - [24/Jul/2024:14:15:36 +0800] "GET /eHR/ HTTP/1.1" 200 649 "-" "Mozilla/5.0"
100.64.0.1 - - [24/Jul/2024:14:15:36 +0800] "GET /eHR/ HTTP/1.1" 200 649
192.168.11.133 - - [24/Jul/2024:14:15:36 +0800] "GET /eHR/mgr/redirect.php?scriptname=MDNH105&appdesc=%E5%8A%A0%E7%8F%AD%E7%AD%BE%E6%A0%B8 HTTP/1.1" 200 6702 "http://hcp.maglayers.com.cn:8088/eHR/ess/redirect.php" "Mozilla/5.0 (Windows NT 10.0; Win64; x64) AppleWebKit/537.36 (KHTML, like Gecko) Chrome/105.0.0.0 Safari/537.36"
192.168.11.133 - - [24/Jul/2024:14:15:36 +0800] "GET /eHR/mgr/redirect.php?scriptname=MDNH105&appdesc=%E5%8A%A0%E7%8F%AD%E7%AD%BE%E6%A0%B8 HTTP/1.1" 200 6702
100.64.0.1 - - [24/Jul/2024:14:16:20 +0800] "GET /eHR1/ HTTP/1.1" 200 649 "-" "Mozilla/5.0"
100.64.0.1 - - [24/Jul/2024:14:16:20 +0800] "GET /eHR1/ HTTP/1.1" 200 649
100.64.0.1 - - [24/Jul/2024:14:17:33 +0800] "GET /eHRTEST/ HTTP/1.1" 200 649 "-" "Mozilla/5.0"
100.64.0.1 - - [24/Jul/2024:14:17:33 +0800] "GET /eHRTEST/ HTTP/1.1" 200 649
100.64.0.1 - - [24/Jul/2024:14:18:18 +0800] "GET /Apache%20Software%20Foundation/ HTTP/1.1" 200 478 "-" "Mozilla/5.0"
100.64.0.1 - - [24/Jul/2024:14:18:18 +0800] "GET /Apache%20Software%20Foundation/ HTTP/1.1" 200 478
100.64.0.1 - - [24/Jul/2024:14:18:28 +0800] "GET /test.php HTTP/1.1" 200 45089 "-" "Mozilla/5.0"
100.64.0.1 - - [24/Jul/2024:14:18:28 +0800] "GET /test.php HTTP/1.1" 200 45089
100.64.0.1 - - [24/Jul/2024:14:18:37 +0800] "GET /Apache%20Software%20Foundation/ HTTP/1.1" 200 478 "-" "Mozilla/5.0"
100.64.0.1 - - [24/Jul/2024:14:18:37 +0800] "GET /Apache%20Software%20Foundation/ HTTP/1.1" 200 478
100.64.0.1 - - [24/Jul/2024:14:19:12 +0800] "GET /eHRTEST/ HTTP/1.1" 200 649 "-" "Mozilla/5.0"
100.64.0.1 - - [24/Jul/2024:14:19:12 +0800] "GET /eHRTEST/ HTTP/1.1" 200 649
100.64.0.1 - - [24/Jul/2024:14:20:04 +0800] "GET /eHR/ HTTP/1.1" 200 649 "-" "Mozilla/5.0"
100.64.0.1 - - [24/Jul/2024:14:20:04 +0800] "GET /eHR/ HTTP/1.1" 200 649
100.64.0.1 - - [24/Jul/2024:14:20:28 +0800] "GET /Apache%20Software%20Foundation/ HTTP/1.1" 200 478 "-" "Mozilla/5.0"
100.64.0.1 - - [24/Jul/2024:14:20:28 +0800] "GET /Apache%20Software%20Foundation/ HTTP/1.1" 200 478
100.64.0.1 - - [24/Jul/2024:14:20:49 +0800] "GET /eHR1/ HTTP/1.1" 200 649 "-" "Mozilla/5.0"
100.64.0.1 - - [24/Jul/2024:14:20:49 +0800] "GET /eHR1/ HTTP/1.1" 200 649
100.64.0.1 - - [24/Jul/2024:14:20:55 +0800] "GET /eHRTEST/ HTTP/1.1" 200 649 "-" "Mozilla/5.0"
100.64.0.1 - - [24/Jul/2024:14:20:55 +0800] "GET /eHRTEST/ HTTP/1.1" 200 649
100.64.0.1 - - [24/Jul/2024:14:21:26 +0800] "GET /Apache%20Software%20Foundation/ HTTP/1.1" 200 478 "-" "Mozilla/5.0"
100.64.0.1 - - [24/Jul/2024:14:21:26 +0800] "GET /Apache%20Software%20Foundation/ HTTP/1.1" 200 478
100.64.0.1 - - [24/Jul/2024:14:21:44 +0800] "GET /eHR/ HTTP/1.1" 200 649 "-" "Mozilla/5.0"
100.64.0.1 - - [24/Jul/2024:14:21:44 +0800] "GET /eHR/ HTTP/1.1" 200 649
100.64.0.1 - - [24/Jul/2024:14:21:46 +0800] "GET /idcard/ HTTP/1.1" 200 649 "-" "Mozilla/5.0"
100.64.0.1 - - [24/Jul/2024:14:21:46 +0800] "GET /idcard/ HTTP/1.1" 200 649
100.64.0.1 - - [24/Jul/2024:14:21:47 +0800] "GET /eHR/ HTTP/1.1" 200 649 "-" "Mozilla/5.0"
100.64.0.1 - - [24/Jul/2024:14:21:47 +0800] "GET /eHR/ HTTP/1.1" 200 649
100.64.0.1 - - [24/Jul/2024:14:23:10 +0800] "GET /eHR1/ HTTP/1.1" 200 649 "-" "Mozilla/5.0"
100.64.0.1 - - [24/Jul/2024:14:23:10 +0800] "GET /eHR1/ HTTP/1.1" 200 649
100.64.0.1 - - [24/Jul/2024:14:23:47 +0800] "GET /eHR/ HTTP/1.1" 200 649 "-" "Mozilla/5.0"
100.64.0.1 - - [24/Jul/2024:14:23:47 +0800] "GET /eHR/ HTTP/1.1" 200 649
100.64.0.1 - - [24/Jul/2024:14:24:16 +0800] "GET /Apache%20Software%20Foundation/ HTTP/1.1" 200 478 "-" "Mozilla/5.0"
100.64.0.1 - - [24/Jul/2024:14:24:16 +0800] "GET /Apache%20Software%20Foundation/ HTTP/1.1" 200 478
100.64.0.1 - - [24/Jul/2024:14:24:22 +0800] "GET /test.php HTTP/1.1" 200 45089 "-" "Mozilla/5.0"
100.64.0.1 - - [24/Jul/2024:14:24:22 +0800] "GET /test.php HTTP/1.1" 200 45089
100.64.0.1 - - [24/Jul/2024:14:24:22 +0800] "GET /idcard/ HTTP/1.1" 200 649 "-" "Mozilla/5.0"
100.64.0.1 - - [24/Jul/2024:14:24:22 +0800] "GET /idcard/ HTTP/1.1" 200 649
100.64.0.1 - - [24/Jul/2024:14:24:31 +0800] "GET /eHR1/ HTTP/1.1" 200 649 "-" "Mozilla/5.0"
100.64.0.1 - - [24/Jul/2024:14:24:31 +0800] "GET /eHR1/ HTTP/1.1" 200 649
100.64.0.1 - - [24/Jul/2024:14:24:36 +0800] "GET /Apache%20Software%20Foundation/ HTTP/1.1" 200 478 "-" "Mozilla/5.0"
100.64.0.1 - - [24/Jul/2024:14:24:36 +0800] "GET /Apache%20Software%20Foundation/ HTTP/1.1" 200 478
100.64.0.1 - - [24/Jul/2024:14:26:06 +0800] "GET /eHR/ HTTP/1.1" 200 649 "-" "Mozilla/5.0"
100.64.0.1 - - [24/Jul/2024:14:26:06 +0800] "GET /eHR/ HTTP/1.1" 200 649
100.64.0.1 - - [24/Jul/2024:14:26:24 +0800] "GET /eHR/ HTTP/1.1" 200 649 "-" "Mozilla/5.0"
100.64.0.1 - - [24/Jul/2024:14:26:24 +0800] "GET /eHR/ HTTP/1.1" 200 649
100.64.0.1 - - [24/Jul/2024:14:26:45 +0800] "GET /eHRTEST/ HTTP/1.1" 200 649 "-" "Mozilla/5.0"
100.64.0.1 - - [24/Jul/2024:14:26:45 +0800] "GET /eHRTEST/ HTTP/1.1" 200 649
100.64.0.1 - - [24/Jul/2024:14:27:07 +0800] "GET /eHR/ HTTP/1.1" 200 649 "-" "Mozilla/5.0"
100.64.0.1 - - [24/Jul/2024:14:27:07 +0800] "GET /eHR/ HTTP/1.1" 200 649
100.64.0.1 - - [24/Jul/2024:14:27:37 +0800] "GET /Apache%20Software%20Foundation/ HTTP/1.1" 200 478 "-" "Mozilla/5.0"
100.64.0.1 - - [24/Jul/2024:14:27:37 +0800] "GET /Apache%20Software%20Foundation/ HTTP/1.1" 200 478
100.64.0.1 - - [24/Jul/2024:14:28:23 +0800] "GET /test.php HTTP/1.1" 200 45089 "-" "Mozilla/5.0"
100.64.0.1 - - [24/Jul/2024:14:28:23 +0800] "GET /test.php HTTP/1.1" 200 45089
100.64.0.1 - - [24/Jul/2024:14:29:46 +0800] "GET /eHR/ HTTP/1.1" 200 649 "-" "Mozilla/5.0"
100.64.0.1 - - [24/Jul/2024:14:29:46 +0800] "GET /eHR/ HTTP/1.1" 200 649
100.64.0.1 - - [24/Jul/2024:14:30:08 +0800] "GET /eHR/ HTTP/1.1" 200 649 "-" "Mozilla/5.0"
100.64.0.1 - - [24/Jul/2024:14:30:08 +0800] "GET /eHR/ HTTP/1.1" 200 649
100.64.0.1 - - [24/Jul/2024:14:31:07 +0800] "GET /Apache%20Software%20Foundation/ HTTP/1.1" 200 478 "-" "Mozilla/5.0"
100.64.0.1 - - [24/Jul/2024:14:31:07 +0800] "GET /Apache%20Software%20Foundation/ HTTP/1.1" 200 478
100.64.0.1 - - [24/Jul/2024:14:31:35 +0800] "GET /eHR1/ HTTP/1.1" 200 649 "-" "Mozilla/5.0"
100.64.0.1 - - [24/Jul/2024:14:31:35 +0800] "GET /eHR1/ HTTP/1.1" 200 649
100.64.0.1 - - [24/Jul/2024:14:31:52 +0800] "GET /eHRTEST/ HTTP/1.1" 200 649 "-" "Mozilla/5.0"
100.64.0.1 - - [24/Jul/2024:14:31:52 +0800] "GET /eHRTEST/ HTTP/1.1" 200 649
100.64.0.1 - - [24/Jul/2024:14:32:03 +0800] "GET /Apache%20Software%20Foundation/ HTTP/1.1" 200 478 "-" "Mozilla/5.0"
100.64.0.1 - - [24/Jul/2024:14:32:03 +0800] "GET /Apache%20Software%20Foundation/ HTTP/1.1" 200 478
100.64.0.1 - - [24/Jul/2024:14:32:35 +0800] "GET /eHRTEST/ HTTP/1.1" 200 649 "-" "Mozilla/5.0"
100.64.0.1 - - [24/Jul/2024:14:32:35 +0800] "GET /eHRTEST/ HTTP/1.1" 200 649
100.64.0.1 - - [24/Jul/2024:14:32:57 +0800] "GET /Apache%20Software%20Foundation/ HTTP/1.1" 200 478 "-" "Mozilla/5.0"
100.64.0.1 - - [24/Jul/2024:14:32:57 +0800] "GET /Apache%20Software%20Foundation/ HTTP/1.1" 200 478
100.64.0.1 - - [24/Jul/2024:14:33:16 +0800] "GET /Apache%20Software%20Foundation/ HTTP/1.1" 200 478 "-" "Mozilla/5.0"
100.64.0.1 - - [24/Jul/2024:14:33:16 +0800] "GET /Apache%20Software%20Foundation/ HTTP/1.1" 200 478
100.64.0.1 - - [24/Jul/2024:14:33:34 +0800] "GET /eHR/ HTTP/1.1" 200 649 "-" "Mozilla/5.0"
100.64.0.1 - - [24/Jul/2024:14:33:34 +0800] "GET /eHR/ HTTP/1.1" 200 649
100.64.0.1 - - [24/Jul/2024:14:35:40 +0800] "GET /eHR/ HTTP/1.1" 200 649 "-" "Mozilla/5.0"
100.64.0.1 - - [24/Jul/2024:14:35:40 +0800] "GET /eHR/ HTTP/1.1" 200 649
100.64.0.1 - - [24/Jul/2024:14:35:50 +0800] "GET /idcard/ HTTP/1.1" 200 649 "-" "Mozilla/5.0"
100.64.0.1 - - [24/Jul/2024:14:35:50 +0800] "GET /idcard/ HTTP/1.1" 200 649
100.64.0.1 - - [24/Jul/2024:14:36:01 +0800] "GET /test.php HTTP/1.1" 200 45089 "-" "Mozilla/5.0"
100.64.0.1 - - [24/Jul/2024:14:36:01 +0800] "GET /test.php HTTP/1.1" 200 45089
100.64.0.1 - - [24/Jul/2024:14:36:03 +0800] "GET /test.php HTTP/1.1" 200 45089 "-" "Mozilla/5.0"
100.64.0.1 - - [24/Jul/2024:14:36:03 +0800] "GET /test.php HTTP/1.1" 200 45089
100.64.0.1 - - [24/Jul/2024:14:36:18 +0800] "GET /test.php HTTP/1.1" 200 45089 "-" "Mozilla/5.0"
100.64.0.1 - - [24/Jul/2024:14:36:18 +0800] "GET /test.php HTTP/1.1" 200 45089
100.64.0.1 - - [24/Jul/2024:14:36:34 +0800] "GET /eHR/ HTTP/1.1" 200 649 "-" "Mozilla/5.0"
100.64.0.1 - - [24/Jul/2024:14:36:34 +0800] "GET /eHR/ HTTP/1.1" 200 649
100.64.0.1 - - [24/Jul/2024:14:36:51 +0800] "GET /eHRTEST/ HTTP/1.1" 200 649 "-" "Mozilla/5.0"
100.64.0.1 - - [24/Jul/2024:14:36:51 +0800] "GET /eHRTEST/ HTTP/1.1" 200 649
100.64.0.1 - - [24/Jul/2024:14:37:13 +0800] "GET /Apache%20Software%20Foundation/ HTTP/1.1" 200 478 "-" "Mozilla/5.0"
100.64.0.1 - - [24/Jul/2024:14:37:13 +0800] "GET /Apache%20Software%20Foundation/ HTTP/1.1" 200 478
100.64.0.1 - - [24/Jul/2024:14:37:19 +0800] "GET /eHR/ HTTP/1.1" 200 649 "-" "Mozilla/5.0"
100.64.0.1 - - [24/Jul/2024:14:37:19 +0800] "GET /eHR/ HTTP/1.1" 200 649
100.64.0.1 - - [24/Jul/2024:14:37:55 +0800] "GET /test.php HTTP/1.1" 200 45089 "-" "Mozilla/5.0"
100.64.0.1 - - [24/Jul/2024:14:37:55 +0800] "GET /test.php HTTP/1.1" 200 45089
100.64.0.1 - - [24/Jul/2024:14:38:53 +0800] "GET /test.php HTTP/1.1" 200 45089 "-" "Mozilla/5.0"
100.64.0.1 - - [24/Jul/2024:14:38:53 +0800] "GET /test.php HTTP/1.1" 200 45089
100.64.0.1 - - [24/Jul/2024:14:38:55 +0800] "GET /eHR1/ HTTP/1.1" 200 649 "-" "Mozilla/5.0"
100.64.0.1 - - [24/Jul/2024:14:38:55 +0800] "GET /eHR1/ HTTP/1.1" 200 649
100.64.0.1 - - [24/Jul/2024:14:39:20 +0800] "GET /Apache%20Software%20Foundation/ HTTP/1.1" 200 478 "-" "Mozilla/5.0"
100.64.0.1 - - [24/Jul/2024:14:39:20 +0800] "GET /Apache%20Software%20Foundation/ HTTP/1.1" 200 478
100.64.0.1 - - [24/Jul/2024:14:39:37 +0800] "GET /eHRTEST/ HTTP/1.1" 200 649 "-" "Mozilla/5.0"
100.64.0.1 - - [24/Jul/2024:14:39:37 +0800] "GET /eHRTEST/ HTTP/1.1" 200 649
100.64.0.1 - - [24/Jul/2024:14:40:44 +0800] "GET /eHR1/ HTTP/1.1" 200 649 "-" "Mozilla/5.0"
100.64.0.1 - - [24/Jul/2024:14:40:44 +0800] "GET /eHR1/ HTTP/1.1" 200 649
100.64.0.1 - - [24/Jul/2024:14:41:03 +0800] "GET /Apache%20Software%20Foundation/ HTTP/1.1" 200 478 "-" "Mozilla/5.0"
100.64.0.1 - - [24/Jul/2024:14:41:03 +0800] "GET /Apache%20Software%20Foundation/ HTTP/1.1" 200 478
100.64.0.1 - - [24/Jul/2024:14:41:38 +0800] "GET /test.php HTTP/1.1" 200 45089 "-" "Mozilla/5.0"
100.64.0.1 - - [24/Jul/2024:14:41:38 +0800] "GET /test.php HTTP/1.1" 200 45089
100.64.0.1 - - [24/Jul/2024:14:41:42 +0800] "GET /test.php HTTP/1.1" 200 45089 "-" "Mozilla/5.0"
100.64.0.1 - - [24/Jul/2024:14:41:42 +0800] "GET /test.php HTTP/1.1" 200 45089
100.64.0.1 - - [24/Jul/2024:14:42:14 +0800] "GET /eHRTEST/ HTTP/1.1" 200 649 "-" "Mozilla/5.0"
100.64.0.1 - - [24/Jul/2024:14:42:14 +0800] "GET /eHRTEST/ HTTP/1.1" 200 649
100.64.0.1 - - [24/Jul/2024:14:43:42 +0800] "GET /test.php HTTP/1.1" 200 45089 "-" "Mozilla/5.0"
100.64.0.1 - - [24/Jul/2024:14:43:42 +0800] "GET /test.php HTTP/1.1" 200 45089
192.168.12.81 - - [24/Jul/2024:14:45:00 +0800] "GET /eHR/ess/index.php?action=logout HTTP/1.1" 200 8826 "-" "Mozilla/5.0 (Windows NT 6.2; Win64; x64) AppleWebKit/537.36 (KHTML, like Gecko) Chrome/105.0.0.0 Safari/537.36"
192.168.12.81 - - [24/Jul/2024:14:45:00 +0800] "GET /eHR/ess/index.php?action=logout HTTP/1.1" 200 8826
192.168.12.81 - - [24/Jul/2024:14:45:03 +0800] "POST /eHR/ess/includes/login.php HTTP/1.1" 302 - "http://192.168.1.83:8088/eHR/ess/index.php?action=logout" "Mozilla/5.0 (Windows NT 6.2; Win64; x64) AppleWebKit/537.36 (KHTML, like Gecko) Chrome/105.0.0.0 Safari/537.36"
192.168.12.81 - - [24/Jul/2024:14:45:03 +0800] "POST /eHR/ess/includes/login.php HTTP/1.1" 302 -
192.168.12.81 - - [24/Jul/2024:14:45:09 +0800] "GET /eHR/ess/redirect.php HTTP/1.1" 200 8929 "http://192.168.1.83:8088/eHR/ess/index.php?action=logout" "Mozilla/5.0 (Windows NT 6.2; Win64; x64) AppleWebKit/537.36 (KHTML, like Gecko) Chrome/105.0.0.0 Safari/537.36"
192.168.12.81 - - [24/Jul/2024:14:45:09 +0800] "GET /eHR/ess/redirect.php HTTP/1.1" 200 8929
192.168.12.81 - - [24/Jul/2024:14:45:10 +0800] "GET /eHR/ess/redirect.php?scriptname=ESNH000 HTTP/1.1" 200 10133 "http://192.168.1.83:8088/eHR/ess/redirect.php" "Mozilla/5.0 (Windows NT 6.2; Win64; x64) AppleWebKit/537.36 (KHTML, like Gecko) Chrome/105.0.0.0 Safari/537.36"
192.168.12.81 - - [24/Jul/2024:14:45:10 +0800] "GET /eHR/ess/redirect.php?scriptname=ESNH000 HTTP/1.1" 200 10133
192.168.12.81 - - [24/Jul/2024:14:45:12 +0800] "GET /eHR/ess/redirect.php?scriptname=ESNE004&appdesc=%E6%89%B9%E9%87%8F%E8%AF%B7%E5%81%87%E6%9F%A5%E8%AF%A2 HTTP/1.1" 200 38801 "http://192.168.1.83:8088/eHR/ess/redirect.php" "Mozilla/5.0 (Windows NT 6.2; Win64; x64) AppleWebKit/537.36 (KHTML, like Gecko) Chrome/105.0.0.0 Safari/537.36"
192.168.12.81 - - [24/Jul/2024:14:45:12 +0800] "GET /eHR/ess/redirect.php?scriptname=ESNE004&appdesc=%E6%89%B9%E9%87%8F%E8%AF%B7%E5%81%87%E6%9F%A5%E8%AF%A2 HTTP/1.1" 200 38801
100.64.0.1 - - [24/Jul/2024:14:45:29 +0800] "GET /eHR1/ HTTP/1.1" 200 649 "-" "Mozilla/5.0"
100.64.0.1 - - [24/Jul/2024:14:45:29 +0800] "GET /eHR1/ HTTP/1.1" 200 649
192.168.12.81 - - [24/Jul/2024:14:45:47 +0800] "POST /eHR/ess/redirect.php?scriptname=ESNE004&appdesc=%E6%89%B9%E9%87%8F%E8%AF%B7%E5%81%87%E6%9F%A5%E8%AF%A2 HTTP/1.1" 200 86696 "http://192.168.1.83:8088/eHR/ess/redirect.php?scriptname=ESNE004&appdesc=%E6%89%B9%E9%87%8F%E8%AF%B7%E5%81%87%E6%9F%A5%E8%AF%A2" "Mozilla/5.0 (Windows NT 6.2; Win64; x64) AppleWebKit/537.36 (KHTML, like Gecko) Chrome/105.0.0.0 Safari/537.36"
192.168.12.81 - - [24/Jul/2024:14:45:47 +0800] "POST /eHR/ess/redirect.php?scriptname=ESNE004&appdesc=%E6%89%B9%E9%87%8F%E8%AF%B7%E5%81%87%E6%9F%A5%E8%AF%A2 HTTP/1.1" 200 86696
100.64.0.1 - - [24/Jul/2024:14:46:02 +0800] "GET /eHRTEST/ HTTP/1.1" 200 649 "-" "Mozilla/5.0"
100.64.0.1 - - [24/Jul/2024:14:46:02 +0800] "GET /eHRTEST/ HTTP/1.1" 200 649
100.64.0.1 - - [24/Jul/2024:14:46:20 +0800] "GET /Apache%20Software%20Foundation/ HTTP/1.1" 200 478 "-" "Mozilla/5.0"
100.64.0.1 - - [24/Jul/2024:14:46:20 +0800] "GET /Apache%20Software%20Foundation/ HTTP/1.1" 200 478
192.168.12.81 - - [24/Jul/2024:14:46:25 +0800] "POST /eHR/ess/redirect.php?scriptname=ESNE004&appdesc=%E6%89%B9%E9%87%8F%E8%AF%B7%E5%81%87%E6%9F%A5%E8%AF%A2 HTTP/1.1" 200 67965 "http://192.168.1.83:8088/eHR/ess/redirect.php?scriptname=ESNE004&appdesc=%E6%89%B9%E9%87%8F%E8%AF%B7%E5%81%87%E6%9F%A5%E8%AF%A2" "Mozilla/5.0 (Windows NT 6.2; Win64; x64) AppleWebKit/537.36 (KHTML, like Gecko) Chrome/105.0.0.0 Safari/537.36"
192.168.12.81 - - [24/Jul/2024:14:46:25 +0800] "POST /eHR/ess/redirect.php?scriptname=ESNE004&appdesc=%E6%89%B9%E9%87%8F%E8%AF%B7%E5%81%87%E6%9F%A5%E8%AF%A2 HTTP/1.1" 200 67965
192.168.11.228 - - [24/Jul/2024:14:47:18 +0800] "GET /eHR/ess/redirect.php HTTP/1.1" 302 121 "-" "Mozilla/5.0 (Windows NT 6.2; Win64; x64) AppleWebKit/537.36 (KHTML, like Gecko) Chrome/105.0.0.0 Safari/537.36"
192.168.11.228 - - [24/Jul/2024:14:47:18 +0800] "GET /eHR/ess/redirect.php HTTP/1.1" 302 121
192.168.11.228 - - [24/Jul/2024:14:47:18 +0800] "GET /eHR/ess/index.php?action=logout HTTP/1.1" 200 8826 "-" "Mozilla/5.0 (Windows NT 6.2; Win64; x64) AppleWebKit/537.36 (KHTML, like Gecko) Chrome/105.0.0.0 Safari/537.36"
192.168.11.228 - - [24/Jul/2024:14:47:18 +0800] "GET /eHR/ess/index.php?action=logout HTTP/1.1" 200 8826
192.168.11.228 - - [24/Jul/2024:14:47:21 +0800] "POST /eHR/ess/includes/login.php HTTP/1.1" 302 - "http://192.168.1.83:8088/eHR/ess/index.php?action=logout" "Mozilla/5.0 (Windows NT 6.2; Win64; x64) AppleWebKit/537.36 (KHTML, like Gecko) Chrome/105.0.0.0 Safari/537.36"
192.168.11.228 - - [24/Jul/2024:14:47:21 +0800] "POST /eHR/ess/includes/login.php HTTP/1.1" 302 -
192.168.11.228 - - [24/Jul/2024:14:47:26 +0800] "GET /eHR/ess/redirect.php HTTP/1.1" 200 8926 "http://192.168.1.83:8088/eHR/ess/index.php?action=logout" "Mozilla/5.0 (Windows NT 6.2; Win64; x64) AppleWebKit/537.36 (KHTML, like Gecko) Chrome/105.0.0.0 Safari/537.36"
192.168.11.228 - - [24/Jul/2024:14:47:26 +0800] "GET /eHR/ess/redirect.php HTTP/1.1" 200 8926
192.168.11.228 - - [24/Jul/2024:14:47:27 +0800] "GET /eHR/ess/redirect.php?scriptname=ESNH000 HTTP/1.1" 200 10133 "http://192.168.1.83:8088/eHR/ess/redirect.php" "Mozilla/5.0 (Windows NT 6.2; Win64; x64) AppleWebKit/537.36 (KHTML, like Gecko) Chrome/105.0.0.0 Safari/537.36"
192.168.11.228 - - [24/Jul/2024:14:47:27 +0800] "GET /eHR/ess/redirect.php?scriptname=ESNH000 HTTP/1.1" 200 10133
100.64.0.1 - - [24/Jul/2024:14:47:34 +0800] "GET /idcard/ HTTP/1.1" 200 649 "-" "Mozilla/5.0"
100.64.0.1 - - [24/Jul/2024:14:47:34 +0800] "GET /idcard/ HTTP/1.1" 200 649
192.168.11.228 - - [24/Jul/2024:14:47:39 +0800] "GET /eHR/ess/redirect.php?scriptname=ESNE003&appdesc=%E6%89%B9%E9%87%8F%E5%8A%A0%E7%8F%AD%E6%9F%A5%E8%AF%A2 HTTP/1.1" 200 7969 "http://192.168.1.83:8088/eHR/ess/redirect.php" "Mozilla/5.0 (Windows NT 6.2; Win64; x64) AppleWebKit/537.36 (KHTML, like Gecko) Chrome/105.0.0.0 Safari/537.36"
192.168.11.228 - - [24/Jul/2024:14:47:39 +0800] "GET /eHR/ess/redirect.php?scriptname=ESNE003&appdesc=%E6%89%B9%E9%87%8F%E5%8A%A0%E7%8F%AD%E6%9F%A5%E8%AF%A2 HTTP/1.1" 200 7969
192.168.11.228 - - [24/Jul/2024:14:47:41 +0800] "POST /eHR/ess/redirect.php?scriptname=ESNE003&appdesc=%E6%89%B9%E9%87%8F%E5%8A%A0%E7%8F%AD%E6%9F%A5%E8%AF%A2 HTTP/1.1" 200 167088 "http://192.168.1.83:8088/eHR/ess/redirect.php?scriptname=ESNE003&appdesc=%E6%89%B9%E9%87%8F%E5%8A%A0%E7%8F%AD%E6%9F%A5%E8%AF%A2" "Mozilla/5.0 (Windows NT 6.2; Win64; x64) AppleWebKit/537.36 (KHTML, like Gecko) Chrome/105.0.0.0 Safari/537.36"
192.168.11.228 - - [24/Jul/2024:14:47:41 +0800] "POST /eHR/ess/redirect.php?scriptname=ESNE003&appdesc=%E6%89%B9%E9%87%8F%E5%8A%A0%E7%8F%AD%E6%9F%A5%E8%AF%A2 HTTP/1.1" 200 167088
192.168.11.228 - - [24/Jul/2024:14:47:54 +0800] "POST /eHR/ess/redirect.php?scriptname=view_flowchart&action=view_flowchart&apply_type=overtime&flow_seqno=1112998 HTTP/1.1" 200 6195 "http://192.168.1.83:8088/eHR/ess/redirect.php" "Mozilla/5.0 (Windows NT 6.2; Win64; x64) AppleWebKit/537.36 (KHTML, like Gecko) Chrome/105.0.0.0 Safari/537.36"
192.168.11.228 - - [24/Jul/2024:14:47:54 +0800] "POST /eHR/ess/redirect.php?scriptname=view_flowchart&action=view_flowchart&apply_type=overtime&flow_seqno=1112998 HTTP/1.1" 200 6195
192.168.11.228 - - [24/Jul/2024:14:48:02 +0800] "POST /eHR/ess/redirect.php?scriptname=view_flowchart&action=view_flowchart&apply_type=overtime&flow_seqno=1112993 HTTP/1.1" 200 6198 "http://192.168.1.83:8088/eHR/ess/redirect.php" "Mozilla/5.0 (Windows NT 6.2; Win64; x64) AppleWebKit/537.36 (KHTML, like Gecko) Chrome/105.0.0.0 Safari/537.36"
