192.168.11.69 - - [12/Jul/2024:09:28:29 +0800] "GET /eHR/ess/redirect.php?scriptname=ESNE001&appdesc=%E6%89%B9%E9%87%8F%E5%8A%A0%E7%8F%AD%E7%94%B3%E8%AF%B7 HTTP/1.1" 200 15271
100.64.0.1 - - [12/Jul/2024:09:28:33 +0800] "GET /idcard/ HTTP/1.1" 200 649 "-" "Mozilla/5.0"
100.64.0.1 - - [12/Jul/2024:09:28:33 +0800] "GET /idcard/ HTTP/1.1" 200 649
192.168.11.69 - - [12/Jul/2024:09:28:39 +0800] "GET /eHR/ess/redirect.php?scriptname=ESNE002&appdesc=%E6%89%B9%E9%87%8F%E8%AF%B7%E5%81%87%E7%94%B3%E8%AF%B7 HTTP/1.1" 200 22066 "http://192.168.1.83:8088/eHR/ess/redirect.php" "Mozilla/5.0 (Windows NT 6.1; Win64; x64) AppleWebKit/537.36 (KHTML, like Gecko) Chrome/105.0.0.0 Safari/537.36"
192.168.11.69 - - [12/Jul/2024:09:28:39 +0800] "GET /eHR/ess/redirect.php?scriptname=ESNE002&appdesc=%E6%89%B9%E9%87%8F%E8%AF%B7%E5%81%87%E7%94%B3%E8%AF%B7 HTTP/1.1" 200 22066
192.168.11.69 - - [12/Jul/2024:09:28:50 +0800] "GET /eHR/ess/redirect.php?scriptname=emp_lov&openW=Y&rand=0.7550576840831391 HTTP/1.1" 200 13560 "http://192.168.1.83:8088/eHR/ess/redirect.php?scriptname=ESNE002&appdesc=%E6%89%B9%E9%87%8F%E8%AF%B7%E5%81%87%E7%94%B3%E8%AF%B7" "Mozilla/5.0 (Windows NT 6.1; Win64; x64) AppleWebKit/537.36 (KHTML, like Gecko) Chrome/105.0.0.0 Safari/537.36"
192.168.11.69 - - [12/Jul/2024:09:28:50 +0800] "GET /eHR/ess/redirect.php?scriptname=emp_lov&openW=Y&rand=0.7550576840831391 HTTP/1.1" 200 13560
100.64.0.1 - - [12/Jul/2024:09:28:53 +0800] "GET /eHR1/ HTTP/1.1" 200 649 "-" "Mozilla/5.0"
100.64.0.1 - - [12/Jul/2024:09:28:53 +0800] "GET /eHR1/ HTTP/1.1" 200 649
192.168.11.69 - - [12/Jul/2024:09:28:56 +0800] "POST /eHR/ess/redirect.php?scriptname=emp_lov&openW=Y&rand=0.7550576840831391 HTTP/1.1" 200 15741 "http://192.168.1.83:8088/eHR/ess/redirect.php?scriptname=emp_lov&openW=Y&rand=0.7550576840831391" "Mozilla/5.0 (Windows NT 6.1; Win64; x64) AppleWebKit/537.36 (KHTML, like Gecko) Chrome/105.0.0.0 Safari/537.36"
192.168.11.69 - - [12/Jul/2024:09:28:56 +0800] "POST /eHR/ess/redirect.php?scriptname=emp_lov&openW=Y&rand=0.7550576840831391 HTTP/1.1" 200 15741
192.168.11.69 - - [12/Jul/2024:09:29:01 +0800] "POST /eHR/ess/redirect.php?scriptname=ESNE002&appdesc=%E6%89%B9%E9%87%8F%E8%AF%B7%E5%81%87%E7%94%B3%E8%AF%B7 HTTP/1.1" 200 4204 "http://192.168.1.83:8088/eHR/ess/redirect.php?scriptname=ESNE002&appdesc=%E6%89%B9%E9%87%8F%E8%AF%B7%E5%81%87%E7%94%B3%E8%AF%B7" "Mozilla/5.0 (Windows NT 6.1; Win64; x64) AppleWebKit/537.36 (KHTML, like Gecko) Chrome/105.0.0.0 Safari/537.36"
192.168.11.69 - - [12/Jul/2024:09:29:01 +0800] "POST /eHR/ess/redirect.php?scriptname=ESNE002&appdesc=%E6%89%B9%E9%87%8F%E8%AF%B7%E5%81%87%E7%94%B3%E8%AF%B7 HTTP/1.1" 200 4204
192.168.11.69 - - [12/Jul/2024:09:29:05 +0800] "GET /eHR/ess/redirect.php?scriptname=ESNE002&appdesc=%E6%89%B9%E9%87%8F%E8%AF%B7%E5%81%87%E7%94%B3%E8%AF%B7 HTTP/1.1" 200 22066 "http://192.168.1.83:8088/eHR/ess/redirect.php" "Mozilla/5.0 (Windows NT 6.1; Win64; x64) AppleWebKit/537.36 (KHTML, like Gecko) Chrome/105.0.0.0 Safari/537.36"
192.168.11.69 - - [12/Jul/2024:09:29:05 +0800] "GET /eHR/ess/redirect.php?scriptname=ESNE002&appdesc=%E6%89%B9%E9%87%8F%E8%AF%B7%E5%81%87%E7%94%B3%E8%AF%B7 HTTP/1.1" 200 22066
100.64.0.1 - - [12/Jul/2024:09:29:06 +0800] "GET /Apache%20Software%20Foundation/ HTTP/1.1" 200 478 "-" "Mozilla/5.0"
100.64.0.1 - - [12/Jul/2024:09:29:06 +0800] "GET /Apache%20Software%20Foundation/ HTTP/1.1" 200 478
192.168.11.69 - - [12/Jul/2024:09:29:06 +0800] "GET /eHR/ess/redirect.php?scriptname=ESNE001&appdesc=%E6%89%B9%E9%87%8F%E5%8A%A0%E7%8F%AD%E7%94%B3%E8%AF%B7 HTTP/1.1" 200 15271 "http://192.168.1.83:8088/eHR/ess/redirect.php" "Mozilla/5.0 (Windows NT 6.1; Win64; x64) AppleWebKit/537.36 (KHTML, like Gecko) Chrome/105.0.0.0 Safari/537.36"
192.168.11.69 - - [12/Jul/2024:09:29:06 +0800] "GET /eHR/ess/redirect.php?scriptname=ESNE001&appdesc=%E6%89%B9%E9%87%8F%E5%8A%A0%E7%8F%AD%E7%94%B3%E8%AF%B7 HTTP/1.1" 200 15271
192.168.11.69 - - [12/Jul/2024:09:29:38 +0800] "GET /eHR/ess/redirect.php?scriptname=ESNE001&appdesc=%E6%89%B9%E9%87%8F%E5%8A%A0%E7%8F%AD%E7%94%B3%E8%AF%B7 HTTP/1.1" 200 15271 "http://192.168.1.83:8088/eHR/ess/redirect.php" "Mozilla/5.0 (Windows NT 6.1; Win64; x64) AppleWebKit/537.36 (KHTML, like Gecko) Chrome/105.0.0.0 Safari/537.36"
192.168.11.69 - - [12/Jul/2024:09:29:38 +0800] "GET /eHR/ess/redirect.php?scriptname=ESNE001&appdesc=%E6%89%B9%E9%87%8F%E5%8A%A0%E7%8F%AD%E7%94%B3%E8%AF%B7 HTTP/1.1" 200 15271
100.64.0.1 - - [12/Jul/2024:09:29:43 +0800] "GET /Apache%20Software%20Foundation/ HTTP/1.1" 200 478 "-" "Mozilla/5.0"
100.64.0.1 - - [12/Jul/2024:09:29:43 +0800] "GET /Apache%20Software%20Foundation/ HTTP/1.1" 200 478
100.64.0.1 - - [12/Jul/2024:09:29:44 +0800] "GET /eHRTEST/ HTTP/1.1" 200 649 "-" "Mozilla/5.0"
100.64.0.1 - - [12/Jul/2024:09:29:44 +0800] "GET /eHRTEST/ HTTP/1.1" 200 649
192.168.11.69 - - [12/Jul/2024:09:29:46 +0800] "GET /eHR/ess/redirect.php?scriptname=user_excel_upload&used_program=emp_import&openW=Y&rand=0.5902592774331739 HTTP/1.1" 200 5264 "http://192.168.1.83:8088/eHR/ess/redirect.php?scriptname=ESNE001&appdesc=%E6%89%B9%E9%87%8F%E5%8A%A0%E7%8F%AD%E7%94%B3%E8%AF%B7" "Mozilla/5.0 (Windows NT 6.1; Win64; x64) AppleWebKit/537.36 (KHTML, like Gecko) Chrome/105.0.0.0 Safari/537.36"
192.168.11.69 - - [12/Jul/2024:09:29:46 +0800] "GET /eHR/ess/redirect.php?scriptname=user_excel_upload&used_program=emp_import&openW=Y&rand=0.5902592774331739 HTTP/1.1" 200 5264
192.168.11.133 - - [12/Jul/2024:09:29:51 +0800] "GET /eHR/ess/redirect.php?scriptname=ESNH003&appdesc=%E8%AF%B7%E5%81%87%E7%AD%BE%E6%A0%B8 HTTP/1.1" 302 - "http://hcp.maglayers.com.cn:8088/eHR/ess/redirect.php" "Mozilla/5.0 (Windows NT 10.0; Win64; x64) AppleWebKit/537.36 (KHTML, like Gecko) Chrome/105.0.0.0 Safari/537.36"
192.168.11.133 - - [12/Jul/2024:09:29:51 +0800] "GET /eHR/ess/redirect.php?scriptname=ESNH003&appdesc=%E8%AF%B7%E5%81%87%E7%AD%BE%E6%A0%B8 HTTP/1.1" 302 -
192.168.11.69 - - [12/Jul/2024:09:29:51 +0800] "POST /eHR/ess/redirect.php?scriptname=user_excel_upload&used_program=emp_import&openW=Y&rand=0.5902592774331739 HTTP/1.1" 302 - "http://192.168.1.83:8088/eHR/ess/redirect.php?scriptname=user_excel_upload&used_program=emp_import&openW=Y&rand=0.5902592774331739" "Mozilla/5.0 (Windows NT 6.1; Win64; x64) AppleWebKit/537.36 (KHTML, like Gecko) Chrome/105.0.0.0 Safari/537.36"
192.168.11.69 - - [12/Jul/2024:09:29:51 +0800] "POST /eHR/ess/redirect.php?scriptname=user_excel_upload&used_program=emp_import&openW=Y&rand=0.5902592774331739 HTTP/1.1" 302 -
192.168.11.133 - - [12/Jul/2024:09:29:51 +0800] "GET /eHR/ess/index.php?action=logout HTTP/1.1" 200 8826 "http://hcp.maglayers.com.cn:8088/eHR/ess/redirect.php" "Mozilla/5.0 (Windows NT 10.0; Win64; x64) AppleWebKit/537.36 (KHTML, like Gecko) Chrome/105.0.0.0 Safari/537.36"
192.168.11.133 - - [12/Jul/2024:09:29:51 +0800] "GET /eHR/ess/index.php?action=logout HTTP/1.1" 200 8826
192.168.11.133 - - [12/Jul/2024:09:29:51 +0800] "GET /eHR/ess/index.php?action=logout HTTP/1.1" 200 8826 "http://hcp.maglayers.com.cn:8088/eHR/ess/index.php?action=logout" "Mozilla/5.0 (Windows NT 10.0; Win64; x64) AppleWebKit/537.36 (KHTML, like Gecko) Chrome/105.0.0.0 Safari/537.36"
192.168.11.133 - - [12/Jul/2024:09:29:51 +0800] "GET /eHR/ess/index.php?action=logout HTTP/1.1" 200 8826
192.168.11.69 - - [12/Jul/2024:09:29:51 +0800] "GET /eHR/ess/redirect.php?scriptname=emp_import&id=3 HTTP/1.1" 200 4819 "http://192.168.1.83:8088/eHR/ess/redirect.php?scriptname=user_excel_upload&used_program=emp_import&openW=Y&rand=0.5902592774331739" "Mozilla/5.0 (Windows NT 6.1; Win64; x64) AppleWebKit/537.36 (KHTML, like Gecko) Chrome/105.0.0.0 Safari/537.36"
192.168.11.69 - - [12/Jul/2024:09:29:51 +0800] "GET /eHR/ess/redirect.php?scriptname=emp_import&id=3 HTTP/1.1" 200 4819
192.168.11.69 - - [12/Jul/2024:09:29:55 +0800] "POST /eHR/ess/redirect.php?scriptname=ESNE001&appdesc=%E6%89%B9%E9%87%8F%E5%8A%A0%E7%8F%AD%E7%94%B3%E8%AF%B7 HTTP/1.1" 200 4507 "http://192.168.1.83:8088/eHR/ess/redirect.php?scriptname=ESNE001&appdesc=%E6%89%B9%E9%87%8F%E5%8A%A0%E7%8F%AD%E7%94%B3%E8%AF%B7" "Mozilla/5.0 (Windows NT 6.1; Win64; x64) AppleWebKit/537.36 (KHTML, like Gecko) Chrome/105.0.0.0 Safari/537.36"
192.168.11.69 - - [12/Jul/2024:09:29:55 +0800] "POST /eHR/ess/redirect.php?scriptname=ESNE001&appdesc=%E6%89%B9%E9%87%8F%E5%8A%A0%E7%8F%AD%E7%94%B3%E8%AF%B7 HTTP/1.1" 200 4507
192.168.11.69 - - [12/Jul/2024:09:29:58 +0800] "GET /eHR/ess/redirect.php?scriptname=ESNE001&appdesc=%E6%89%B9%E9%87%8F%E5%8A%A0%E7%8F%AD%E7%94%B3%E8%AF%B7 HTTP/1.1" 200 15271 "http://192.168.1.83:8088/eHR/ess/redirect.php" "Mozilla/5.0 (Windows NT 6.1; Win64; x64) AppleWebKit/537.36 (KHTML, like Gecko) Chrome/105.0.0.0 Safari/537.36"
192.168.11.69 - - [12/Jul/2024:09:29:58 +0800] "GET /eHR/ess/redirect.php?scriptname=ESNE001&appdesc=%E6%89%B9%E9%87%8F%E5%8A%A0%E7%8F%AD%E7%94%B3%E8%AF%B7 HTTP/1.1" 200 15271
192.168.11.69 - - [12/Jul/2024:09:29:59 +0800] "GET /eHR/ess/redirect.php?scriptname=ESNE001&appdesc=%E6%89%B9%E9%87%8F%E5%8A%A0%E7%8F%AD%E7%94%B3%E8%AF%B7 HTTP/1.1" 200 15271 "http://192.168.1.83:8088/eHR/ess/redirect.php" "Mozilla/5.0 (Windows NT 6.1; Win64; x64) AppleWebKit/537.36 (KHTML, like Gecko) Chrome/105.0.0.0 Safari/537.36"
192.168.11.69 - - [12/Jul/2024:09:29:59 +0800] "GET /eHR/ess/redirect.php?scriptname=ESNE001&appdesc=%E6%89%B9%E9%87%8F%E5%8A%A0%E7%8F%AD%E7%94%B3%E8%AF%B7 HTTP/1.1" 200 15271
100.64.0.1 - - [12/Jul/2024:09:30:05 +0800] "GET /idcard/ HTTP/1.1" 200 649 "-" "Mozilla/5.0"
100.64.0.1 - - [12/Jul/2024:09:30:05 +0800] "GET /idcard/ HTTP/1.1" 200 649
100.64.0.1 - - [12/Jul/2024:09:30:06 +0800] "GET /eHR1/ HTTP/1.1" 200 649 "-" "Mozilla/5.0"
100.64.0.1 - - [12/Jul/2024:09:30:06 +0800] "GET /eHR1/ HTTP/1.1" 200 649
192.168.11.133 - - [12/Jul/2024:09:30:12 +0800] "POST /eHR/ess/includes/login.php HTTP/1.1" 302 - "http://hcp.maglayers.com.cn:8088/eHR/ess/index.php?action=logout" "Mozilla/5.0 (Windows NT 10.0; Win64; x64) AppleWebKit/537.36 (KHTML, like Gecko) Chrome/105.0.0.0 Safari/537.36"
192.168.11.133 - - [12/Jul/2024:09:30:12 +0800] "POST /eHR/ess/includes/login.php HTTP/1.1" 302 -
192.168.11.133 - - [12/Jul/2024:09:30:13 +0800] "GET /eHR/ess/redirect.php HTTP/1.1" 200 9510 "http://hcp.maglayers.com.cn:8088/eHR/ess/index.php?action=logout" "Mozilla/5.0 (Windows NT 10.0; Win64; x64) AppleWebKit/537.36 (KHTML, like Gecko) Chrome/105.0.0.0 Safari/537.36"
192.168.11.133 - - [12/Jul/2024:09:30:13 +0800] "GET /eHR/ess/redirect.php HTTP/1.1" 200 9510
192.168.11.69 - - [12/Jul/2024:09:30:14 +0800] "GET /eHR/ess/redirect.php?scriptname=ESNE001&appdesc=%E6%89%B9%E9%87%8F%E5%8A%A0%E7%8F%AD%E7%94%B3%E8%AF%B7 HTTP/1.1" 200 15271 "http://192.168.1.83:8088/eHR/ess/redirect.php" "Mozilla/5.0 (Windows NT 6.1; Win64; x64) AppleWebKit/537.36 (KHTML, like Gecko) Chrome/105.0.0.0 Safari/537.36"
192.168.11.69 - - [12/Jul/2024:09:30:14 +0800] "GET /eHR/ess/redirect.php?scriptname=ESNE001&appdesc=%E6%89%B9%E9%87%8F%E5%8A%A0%E7%8F%AD%E7%94%B3%E8%AF%B7 HTTP/1.1" 200 15271
192.168.11.107 - - [12/Jul/2024:09:30:14 +0800] "GET /eHR/ess/index.php?action=logout HTTP/1.1" 200 8826 "-" "Mozilla/5.0 (Windows NT 6.1; Win64; x64) AppleWebKit/537.36 (KHTML, like Gecko) Chrome/105.0.0.0 Safari/537.36"
192.168.11.107 - - [12/Jul/2024:09:30:14 +0800] "GET /eHR/ess/index.php?action=logout HTTP/1.1" 200 8826
192.168.11.133 - - [12/Jul/2024:09:30:14 +0800] "GET /eHR/ess/redirect.php?scriptname=ESNH000 HTTP/1.1" 200 10133 "http://hcp.maglayers.com.cn:8088/eHR/ess/redirect.php" "Mozilla/5.0 (Windows NT 10.0; Win64; x64) AppleWebKit/537.36 (KHTML, like Gecko) Chrome/105.0.0.0 Safari/537.36"
192.168.11.133 - - [12/Jul/2024:09:30:14 +0800] "GET /eHR/ess/redirect.php?scriptname=ESNH000 HTTP/1.1" 200 10133
100.64.0.1 - - [12/Jul/2024:09:30:19 +0800] "GET /eHR1/ HTTP/1.1" 200 649 "-" "Mozilla/5.0"
100.64.0.1 - - [12/Jul/2024:09:30:19 +0800] "GET /eHR1/ HTTP/1.1" 200 649
100.64.0.1 - - [12/Jul/2024:09:30:21 +0800] "GET /eHR1/ HTTP/1.1" 200 649 "-" "Mozilla/5.0"
100.64.0.1 - - [12/Jul/2024:09:30:21 +0800] "GET /eHR1/ HTTP/1.1" 200 649
192.168.11.69 - - [12/Jul/2024:09:30:23 +0800] "GET /eHR/ess/redirect.php?scriptname=user_excel_upload&used_program=emp_import&openW=Y&rand=0.5599643741005256 HTTP/1.1" 200 5264 "http://192.168.1.83:8088/eHR/ess/redirect.php?scriptname=ESNE001&appdesc=%E6%89%B9%E9%87%8F%E5%8A%A0%E7%8F%AD%E7%94%B3%E8%AF%B7" "Mozilla/5.0 (Windows NT 6.1; Win64; x64) AppleWebKit/537.36 (KHTML, like Gecko) Chrome/105.0.0.0 Safari/537.36"
192.168.11.69 - - [12/Jul/2024:09:30:23 +0800] "GET /eHR/ess/redirect.php?scriptname=user_excel_upload&used_program=emp_import&openW=Y&rand=0.5599643741005256 HTTP/1.1" 200 5264
192.168.11.69 - - [12/Jul/2024:09:30:28 +0800] "POST /eHR/ess/redirect.php?scriptname=user_excel_upload&used_program=emp_import&openW=Y&rand=0.5599643741005256 HTTP/1.1" 302 - "http://192.168.1.83:8088/eHR/ess/redirect.php?scriptname=user_excel_upload&used_program=emp_import&openW=Y&rand=0.5599643741005256" "Mozilla/5.0 (Windows NT 6.1; Win64; x64) AppleWebKit/537.36 (KHTML, like Gecko) Chrome/105.0.0.0 Safari/537.36"
192.168.11.69 - - [12/Jul/2024:09:30:28 +0800] "POST /eHR/ess/redirect.php?scriptname=user_excel_upload&used_program=emp_import&openW=Y&rand=0.5599643741005256 HTTP/1.1" 302 -
192.168.11.107 - - [12/Jul/2024:09:30:24 +0800] "POST /eHR/ess/includes/login.php HTTP/1.1" 302 - "http://192.168.1.83:8088/eHR/ess/index.php?action=logout" "Mozilla/5.0 (Windows NT 6.1; Win64; x64) AppleWebKit/537.36 (KHTML, like Gecko) Chrome/105.0.0.0 Safari/537.36"
192.168.11.107 - - [12/Jul/2024:09:30:24 +0800] "POST /eHR/ess/includes/login.php HTTP/1.1" 302 -
192.168.11.69 - - [12/Jul/2024:09:30:29 +0800] "GET /eHR/ess/redirect.php?scriptname=emp_import&id=3 HTTP/1.1" 200 13667 "http://192.168.1.83:8088/eHR/ess/redirect.php?scriptname=user_excel_upload&used_program=emp_import&openW=Y&rand=0.5599643741005256" "Mozilla/5.0 (Windows NT 6.1; Win64; x64) AppleWebKit/537.36 (KHTML, like Gecko) Chrome/105.0.0.0 Safari/537.36"
192.168.11.69 - - [12/Jul/2024:09:30:29 +0800] "GET /eHR/ess/redirect.php?scriptname=emp_import&id=3 HTTP/1.1" 200 13667
192.168.11.107 - - [12/Jul/2024:09:30:29 +0800] "GET /eHR/ess/redirect.php HTTP/1.1" 200 8926 "http://192.168.1.83:8088/eHR/ess/index.php?action=logout" "Mozilla/5.0 (Windows NT 6.1; Win64; x64) AppleWebKit/537.36 (KHTML, like Gecko) Chrome/105.0.0.0 Safari/537.36"
192.168.11.107 - - [12/Jul/2024:09:30:29 +0800] "GET /eHR/ess/redirect.php HTTP/1.1" 200 8926
192.168.11.107 - - [12/Jul/2024:09:30:30 +0800] "GET /eHR/ess/redirect.php?scriptname=ESNH000 HTTP/1.1" 200 10133 "http://192.168.1.83:8088/eHR/ess/redirect.php" "Mozilla/5.0 (Windows NT 6.1; Win64; x64) AppleWebKit/537.36 (KHTML, like Gecko) Chrome/105.0.0.0 Safari/537.36"
192.168.11.107 - - [12/Jul/2024:09:30:30 +0800] "GET /eHR/ess/redirect.php?scriptname=ESNH000 HTTP/1.1" 200 10133
192.168.11.69 - - [12/Jul/2024:09:30:32 +0800] "POST /eHR/ess/redirect.php?scriptname=ESNE001&appdesc=%E6%89%B9%E9%87%8F%E5%8A%A0%E7%8F%AD%E7%94%B3%E8%AF%B7 HTTP/1.1" 302 - "http://192.168.1.83:8088/eHR/ess/redirect.php?scriptname=ESNE001&appdesc=%E6%89%B9%E9%87%8F%E5%8A%A0%E7%8F%AD%E7%94%B3%E8%AF%B7" "Mozilla/5.0 (Windows NT 6.1; Win64; x64) AppleWebKit/537.36 (KHTML, like Gecko) Chrome/105.0.0.0 Safari/537.36"
192.168.11.69 - - [12/Jul/2024:09:30:32 +0800] "POST /eHR/ess/redirect.php?scriptname=ESNE001&appdesc=%E6%89%B9%E9%87%8F%E5%8A%A0%E7%8F%AD%E7%94%B3%E8%AF%B7 HTTP/1.1" 302 -
192.168.11.69 - - [12/Jul/2024:09:30:33 +0800] "GET /eHR/ess/redirect.php?scriptname=page_success&msgtxt=%E6%82%A8%E7%9A%84%E5%8A%A0%E7%8F%AD%E7%94%B3%E8%AB%8B%E5%B7%B2%E6%88%90%E5%8A%9F%E6%8F%90%E4%BA%A4%E5%BE%8C%E5%8F%B0%E8%99%95%E7%90%86.%3Cbr%3E%E6%82%A8%E5%8F%AF%E4%BB%A5%E5%9C%A8%3Ca+href%3D%22..%2Fess%2Fredirect.php%3Fscriptname%3DESNE023%26requestno%3D123391%22%3E%E9%80%99%E8%A3%A1%3C%2Fa%3E%E6%9F%A5%E7%9C%8B%E7%94%B3%E8%AB%8B%E8%99%95%E7%90%86%E7%B5%90%E6%9E%9C.%3Cbr%3E%E6%89%B9%E6%AC%A1%E8%99%9F%E7%82%BA%3A123391&target=iframe HTTP/1.1" 200 3251 "http://192.168.1.83:8088/eHR/ess/redirect.php?scriptname=ESNE001&appdesc=%E6%89%B9%E9%87%8F%E5%8A%A0%E7%8F%AD%E7%94%B3%E8%AF%B7" "Mozilla/5.0 (Windows NT 6.1; Win64; x64) AppleWebKit/537.36 (KHTML, like Gecko) Chrome/105.0.0.0 Safari/537.36"
192.168.11.69 - - [12/Jul/2024:09:30:33 +0800] "GET /eHR/ess/redirect.php?scriptname=page_success&msgtxt=%E6%82%A8%E7%9A%84%E5%8A%A0%E7%8F%AD%E7%94%B3%E8%AB%8B%E5%B7%B2%E6%88%90%E5%8A%9F%E6%8F%90%E4%BA%A4%E5%BE%8C%E5%8F%B0%E8%99%95%E7%90%86.%3Cbr%3E%E6%82%A8%E5%8F%AF%E4%BB%A5%E5%9C%A8%3Ca+href%3D%22..%2Fess%2Fredirect.php%3Fscriptname%3DESNE023%26requestno%3D123391%22%3E%E9%80%99%E8%A3%A1%3C%2Fa%3E%E6%9F%A5%E7%9C%8B%E7%94%B3%E8%AB%8B%E8%99%95%E7%90%86%E7%B5%90%E6%9E%9C.%3Cbr%3E%E6%89%B9%E6%AC%A1%E8%99%9F%E7%82%BA%3A123391&target=iframe HTTP/1.1" 200 3251
192.168.11.107 - - [12/Jul/2024:09:30:33 +0800] "GET /eHR/ess/redirect.php?scriptname=ESNE003&appdesc=%E6%89%B9%E9%87%8F%E5%8A%A0%E7%8F%AD%E6%9F%A5%E8%AF%A2 HTTP/1.1" 200 7661 "http://192.168.1.83:8088/eHR/ess/redirect.php" "Mozilla/5.0 (Windows NT 6.1; Win64; x64) AppleWebKit/537.36 (KHTML, like Gecko) Chrome/105.0.0.0 Safari/537.36"
192.168.11.107 - - [12/Jul/2024:09:30:33 +0800] "GET /eHR/ess/redirect.php?scriptname=ESNE003&appdesc=%E6%89%B9%E9%87%8F%E5%8A%A0%E7%8F%AD%E6%9F%A5%E8%AF%A2 HTTP/1.1" 200 7661
192.168.11.69 - - [12/Jul/2024:09:30:36 +0800] "GET /eHR/ess/redirect.php?scriptname=ESNE023&requestno=123391 HTTP/1.1" 200 5530 "http://192.168.1.83:8088/eHR/ess/redirect.php?scriptname=page_success&msgtxt=%E6%82%A8%E7%9A%84%E5%8A%A0%E7%8F%AD%E7%94%B3%E8%AB%8B%E5%B7%B2%E6%88%90%E5%8A%9F%E6%8F%90%E4%BA%A4%E5%BE%8C%E5%8F%B0%E8%99%95%E7%90%86.%3Cbr%3E%E6%82%A8%E5%8F%AF%E4%BB%A5%E5%9C%A8%3Ca+href%3D%22..%2Fess%2Fredirect.php%3Fscriptname%3DESNE023%26requestno%3D123391%22%3E%E9%80%99%E8%A3%A1%3C%2Fa%3E%E6%9F%A5%E7%9C%8B%E7%94%B3%E8%AB%8B%E8%99%95%E7%90%86%E7%B5%90%E6%9E%9C.%3Cbr%3E%E6%89%B9%E6%AC%A1%E8%99%9F%E7%82%BA%3A123391&target=iframe" "Mozilla/5.0 (Windows NT 6.1; Win64; x64) AppleWebKit/537.36 (KHTML, like Gecko) Chrome/105.0.0.0 Safari/537.36"
192.168.11.69 - - [12/Jul/2024:09:30:36 +0800] "GET /eHR/ess/redirect.php?scriptname=ESNE023&requestno=123391 HTTP/1.1" 200 5530
100.64.0.1 - - [12/Jul/2024:09:30:39 +0800] "GET /test.php HTTP/1.1" 200 45089 "-" "Mozilla/5.0"
100.64.0.1 - - [12/Jul/2024:09:30:39 +0800] "GET /test.php HTTP/1.1" 200 45089
192.168.11.69 - - [12/Jul/2024:09:30:39 +0800] "GET /eHR/ess/redirect.php?scriptname=ESNE022&requestno=123391&appdesc=%E5%8A%A0%E7%8F%AD%E6%B1%87%E5%85%A5%E6%98%8E%E7%BB%86 HTTP/1.1" 200 15399
192.168.11.69 - - [12/Jul/2024:09:30:39 +0800] "GET /eHR/ess/redirect.php?scriptname=ESNE022&requestno=123391&appdesc=%E5%8A%A0%E7%8F%AD%E6%B1%87%E5%85%A5%E6%98%8E%E7%BB%86 HTTP/1.1" 200 15399 "http://192.168.1.83:8088/eHR/ess/redirect.php?scriptname=ESNE023&requestno=123391" "Mozilla/5.0 (Windows NT 6.1; Win64; x64) AppleWebKit/537.36 (KHTML, like Gecko) Chrome/105.0.0.0 Safari/537.36"
192.168.11.107 - - [12/Jul/2024:09:30:35 +0800] "POST /eHR/ess/redirect.php?scriptname=ESNE003&appdesc=%E6%89%B9%E9%87%8F%E5%8A%A0%E7%8F%AD%E6%9F%A5%E8%AF%A2 HTTP/1.1" 200 169797 "http://192.168.1.83:8088/eHR/ess/redirect.php?scriptname=ESNE003&appdesc=%E6%89%B9%E9%87%8F%E5%8A%A0%E7%8F%AD%E6%9F%A5%E8%AF%A2" "Mozilla/5.0 (Windows NT 6.1; Win64; x64) AppleWebKit/537.36 (KHTML, like Gecko) Chrome/105.0.0.0 Safari/537.36"
192.168.11.107 - - [12/Jul/2024:09:30:35 +0800] "POST /eHR/ess/redirect.php?scriptname=ESNE003&appdesc=%E6%89%B9%E9%87%8F%E5%8A%A0%E7%8F%AD%E6%9F%A5%E8%AF%A2 HTTP/1.1" 200 169797
192.168.11.69 - - [12/Jul/2024:09:30:40 +0800] "GET /eHR/ess/redirect.php?scriptname=ESNE001&appdesc=%E6%89%B9%E9%87%8F%E5%8A%A0%E7%8F%AD%E7%94%B3%E8%AF%B7 HTTP/1.1" 200 15271 "http://192.168.1.83:8088/eHR/ess/redirect.php" "Mozilla/5.0 (Windows NT 6.1; Win64; x64) AppleWebKit/537.36 (KHTML, like Gecko) Chrome/105.0.0.0 Safari/537.36"
192.168.11.69 - - [12/Jul/2024:09:30:40 +0800] "GET /eHR/ess/redirect.php?scriptname=ESNE001&appdesc=%E6%89%B9%E9%87%8F%E5%8A%A0%E7%8F%AD%E7%94%B3%E8%AF%B7 HTTP/1.1" 200 15271
100.64.0.1 - - [12/Jul/2024:09:30:47 +0800] "GET /eHR1/ HTTP/1.1" 200 649 "-" "Mozilla/5.0"
100.64.0.1 - - [12/Jul/2024:09:30:47 +0800] "GET /eHR1/ HTTP/1.1" 200 649
192.168.11.107 - - [12/Jul/2024:09:30:51 +0800] "GET /eHR/ess/redirect.php?scriptname=ESNE002&appdesc=%E6%89%B9%E9%87%8F%E8%AF%B7%E5%81%87%E7%94%B3%E8%AF%B7 HTTP/1.1" 200 22066 "http://192.168.1.83:8088/eHR/ess/redirect.php" "Mozilla/5.0 (Windows NT 6.1; Win64; x64) AppleWebKit/537.36 (KHTML, like Gecko) Chrome/105.0.0.0 Safari/537.36"
192.168.11.107 - - [12/Jul/2024:09:30:51 +0800] "GET /eHR/ess/redirect.php?scriptname=ESNE002&appdesc=%E6%89%B9%E9%87%8F%E8%AF%B7%E5%81%87%E7%94%B3%E8%AF%B7 HTTP/1.1" 200 22066
192.168.11.69 - - [12/Jul/2024:09:30:54 +0800] "GET /eHR/ess/redirect.php?scriptname=ESNE003&appdesc=%E6%89%B9%E9%87%8F%E5%8A%A0%E7%8F%AD%E6%9F%A5%E8%AF%A2 HTTP/1.1" 200 12493 "http://192.168.1.83:8088/eHR/ess/redirect.php" "Mozilla/5.0 (Windows NT 6.1; Win64; x64) AppleWebKit/537.36 (KHTML, like Gecko) Chrome/105.0.0.0 Safari/537.36"
192.168.11.69 - - [12/Jul/2024:09:30:54 +0800] "GET /eHR/ess/redirect.php?scriptname=ESNE003&appdesc=%E6%89%B9%E9%87%8F%E5%8A%A0%E7%8F%AD%E6%9F%A5%E8%AF%A2 HTTP/1.1" 200 12493
192.168.11.69 - - [12/Jul/2024:09:30:55 +0800] "GET /eHR/ess/redirect.php?scriptname=ESNE001&appdesc=%E6%89%B9%E9%87%8F%E5%8A%A0%E7%8F%AD%E7%94%B3%E8%AF%B7 HTTP/1.1" 200 15271 "http://192.168.1.83:8088/eHR/ess/redirect.php" "Mozilla/5.0 (Windows NT 6.1; Win64; x64) AppleWebKit/537.36 (KHTML, like Gecko) Chrome/105.0.0.0 Safari/537.36"
192.168.11.69 - - [12/Jul/2024:09:30:55 +0800] "GET /eHR/ess/redirect.php?scriptname=ESNE001&appdesc=%E6%89%B9%E9%87%8F%E5%8A%A0%E7%8F%AD%E7%94%B3%E8%AF%B7 HTTP/1.1" 200 15271
192.168.11.69 - - [12/Jul/2024:09:31:07 +0800] "GET /eHR/ess/redirect.php?scriptname=emp_lov&openW=Y&rand=0.26988736568706373 HTTP/1.1" 200 13560 "http://192.168.1.83:8088/eHR/ess/redirect.php?scriptname=ESNE001&appdesc=%E6%89%B9%E9%87%8F%E5%8A%A0%E7%8F%AD%E7%94%B3%E8%AF%B7" "Mozilla/5.0 (Windows NT 6.1; Win64; x64) AppleWebKit/537.36 (KHTML, like Gecko) Chrome/105.0.0.0 Safari/537.36"
192.168.11.69 - - [12/Jul/2024:09:31:07 +0800] "GET /eHR/ess/redirect.php?scriptname=emp_lov&openW=Y&rand=0.26988736568706373 HTTP/1.1" 200 13560
192.168.11.69 - - [12/Jul/2024:09:31:12 +0800] "POST /eHR/ess/redirect.php?scriptname=emp_lov&openW=Y&rand=0.26988736568706373 HTTP/1.1" 200 15735 "http://192.168.1.83:8088/eHR/ess/redirect.php?scriptname=emp_lov&openW=Y&rand=0.26988736568706373" "Mozilla/5.0 (Windows NT 6.1; Win64; x64) AppleWebKit/537.36 (KHTML, like Gecko) Chrome/105.0.0.0 Safari/537.36"
192.168.11.69 - - [12/Jul/2024:09:31:12 +0800] "POST /eHR/ess/redirect.php?scriptname=emp_lov&openW=Y&rand=0.26988736568706373 HTTP/1.1" 200 15735
100.64.0.1 - - [12/Jul/2024:09:31:15 +0800] "GET /eHR1/ HTTP/1.1" 200 649 "-" "Mozilla/5.0"
100.64.0.1 - - [12/Jul/2024:09:31:15 +0800] "GET /eHR1/ HTTP/1.1" 200 649
192.168.11.69 - - [12/Jul/2024:09:31:17 +0800] "POST /eHR/ess/redirect.php?scriptname=ESNE001&appdesc=%E6%89%B9%E9%87%8F%E5%8A%A0%E7%8F%AD%E7%94%B3%E8%AF%B7 HTTP/1.1" 200 4069 "http://192.168.1.83:8088/eHR/ess/redirect.php?scriptname=ESNE001&appdesc=%E6%89%B9%E9%87%8F%E5%8A%A0%E7%8F%AD%E7%94%B3%E8%AF%B7" "Mozilla/5.0 (Windows NT 6.1; Win64; x64) AppleWebKit/537.36 (KHTML, like Gecko) Chrome/105.0.0.0 Safari/537.36"
192.168.11.69 - - [12/Jul/2024:09:31:17 +0800] "POST /eHR/ess/redirect.php?scriptname=ESNE001&appdesc=%E6%89%B9%E9%87%8F%E5%8A%A0%E7%8F%AD%E7%94%B3%E8%AF%B7 HTTP/1.1" 200 4069
192.168.11.69 - - [12/Jul/2024:09:31:19 +0800] "GET /eHR/ess/redirect.php?scriptname=ESNE001&appdesc=%E6%89%B9%E9%87%8F%E5%8A%A0%E7%8F%AD%E7%94%B3%E8%AF%B7 HTTP/1.1" 200 15271 "http://192.168.1.83:8088/eHR/ess/redirect.php" "Mozilla/5.0 (Windows NT 6.1; Win64; x64) AppleWebKit/537.36 (KHTML, like Gecko) Chrome/105.0.0.0 Safari/537.36"
192.168.11.69 - - [12/Jul/2024:09:31:19 +0800] "GET /eHR/ess/redirect.php?scriptname=ESNE001&appdesc=%E6%89%B9%E9%87%8F%E5%8A%A0%E7%8F%AD%E7%94%B3%E8%AF%B7 HTTP/1.1" 200 15271
192.168.11.69 - - [12/Jul/2024:09:31:20 +0800] "GET /eHR/ess/redirect.php?scriptname=ESNE001&appdesc=%E6%89%B9%E9%87%8F%E5%8A%A0%E7%8F%AD%E7%94%B3%E8%AF%B7 HTTP/1.1" 200 15271 "http://192.168.1.83:8088/eHR/ess/redirect.php" "Mozilla/5.0 (Windows NT 6.1; Win64; x64) AppleWebKit/537.36 (KHTML, like Gecko) Chrome/105.0.0.0 Safari/537.36"
192.168.11.69 - - [12/Jul/2024:09:31:20 +0800] "GET /eHR/ess/redirect.php?scriptname=ESNE001&appdesc=%E6%89%B9%E9%87%8F%E5%8A%A0%E7%8F%AD%E7%94%B3%E8%AF%B7 HTTP/1.1" 200 15271
192.168.11.107 - - [12/Jul/2024:09:31:24 +0800] "GET /eHR/ess/redirect.php?scriptname=emp_lov&openW=Y&rand=0.3635853524163415 HTTP/1.1" 200 8592 "http://192.168.1.83:8088/eHR/ess/redirect.php?scriptname=ESNE002&appdesc=%E6%89%B9%E9%87%8F%E8%AF%B7%E5%81%87%E7%94%B3%E8%AF%B7" "Mozilla/5.0 (Windows NT 6.1; Win64; x64) AppleWebKit/537.36 (KHTML, like Gecko) Chrome/105.0.0.0 Safari/537.36"
192.168.11.107 - - [12/Jul/2024:09:31:24 +0800] "GET /eHR/ess/redirect.php?scriptname=emp_lov&openW=Y&rand=0.3635853524163415 HTTP/1.1" 200 8592
192.168.11.133 - - [12/Jul/2024:09:31:26 +0800] "GET /eHR/ess/index.php?action=logout HTTP/1.1" 200 8826 "-" "Mozilla/5.0 (Windows NT 10.0; Win64; x64) AppleWebKit/537.36 (KHTML, like Gecko) Chrome/105.0.0.0 Safari/537.36"
192.168.11.133 - - [12/Jul/2024:09:31:26 +0800] "GET /eHR/ess/index.php?action=logout HTTP/1.1" 200 8826
192.168.11.133 - - [12/Jul/2024:09:31:29 +0800] "POST /eHR/ess/includes/login.php HTTP/1.1" 302 - "http://hcp.maglayers.com.cn:8088/eHR/ess/index.php?action=logout" "Mozilla/5.0 (Windows NT 10.0; Win64; x64) AppleWebKit/537.36 (KHTML, like Gecko) Chrome/105.0.0.0 Safari/537.36"
192.168.11.133 - - [12/Jul/2024:09:31:29 +0800] "POST /eHR/ess/includes/login.php HTTP/1.1" 302 -
192.168.11.133 - - [12/Jul/2024:09:31:30 +0800] "GET /eHR/ess/redirect.php HTTP/1.1" 200 9510 "http://hcp.maglayers.com.cn:8088/eHR/ess/index.php?action=logout" "Mozilla/5.0 (Windows NT 10.0; Win64; x64) AppleWebKit/537.36 (KHTML, like Gecko) Chrome/105.0.0.0 Safari/537.36"
192.168.11.133 - - [12/Jul/2024:09:31:30 +0800] "GET /eHR/ess/redirect.php HTTP/1.1" 200 9510
192.168.11.107 - - [12/Jul/2024:09:31:26 +0800] "POST /eHR/ess/redirect.php?scriptname=emp_lov&openW=Y&rand=0.3635853524163415 HTTP/1.1" 200 20236 "http://192.168.1.83:8088/eHR/ess/redirect.php?scriptname=emp_lov&openW=Y&rand=0.3635853524163415" "Mozilla/5.0 (Windows NT 6.1; Win64; x64) AppleWebKit/537.36 (KHTML, like Gecko) Chrome/105.0.0.0 Safari/537.36"
192.168.11.107 - - [12/Jul/2024:09:31:26 +0800] "POST /eHR/ess/redirect.php?scriptname=emp_lov&openW=Y&rand=0.3635853524163415 HTTP/1.1" 200 20236
192.168.11.133 - - [12/Jul/2024:09:31:31 +0800] "GET /eHR/ess/redirect.php?scriptname=ESNH000 HTTP/1.1" 200 10133 "http://hcp.maglayers.com.cn:8088/eHR/ess/redirect.php" "Mozilla/5.0 (Windows NT 10.0; Win64; x64) AppleWebKit/537.36 (KHTML, like Gecko) Chrome/105.0.0.0 Safari/537.36"
192.168.11.133 - - [12/Jul/2024:09:31:31 +0800] "GET /eHR/ess/redirect.php?scriptname=ESNH000 HTTP/1.1" 200 10133
192.168.11.133 - - [12/Jul/2024:09:31:35 +0800] "GET /eHR/ess/redirect.php?scriptname=ESNH003&appdesc=%E8%AF%B7%E5%81%87%E7%AD%BE%E6%A0%B8 HTTP/1.1" 302 - "http://hcp.maglayers.com.cn:8088/eHR/ess/redirect.php" "Mozilla/5.0 (Windows NT 10.0; Win64; x64) AppleWebKit/537.36 (KHTML, like Gecko) Chrome/105.0.0.0 Safari/537.36"
192.168.11.133 - - [12/Jul/2024:09:31:35 +0800] "GET /eHR/ess/redirect.php?scriptname=ESNH003&appdesc=%E8%AF%B7%E5%81%87%E7%AD%BE%E6%A0%B8 HTTP/1.1" 302 -
192.168.11.133 - - [12/Jul/2024:09:31:36 +0800] "GET /eHR/mgr/redirect.php?scriptname=MDNH104&appdesc=%E8%AF%B7%E5%81%87%E7%AD%BE%E6%A0%B8 HTTP/1.1" 200 7256 "http://hcp.maglayers.com.cn:8088/eHR/ess/redirect.php" "Mozilla/5.0 (Windows NT 10.0; Win64; x64) AppleWebKit/537.36 (KHTML, like Gecko) Chrome/105.0.0.0 Safari/537.36"
192.168.11.133 - - [12/Jul/2024:09:31:36 +0800] "GET /eHR/mgr/redirect.php?scriptname=MDNH104&appdesc=%E8%AF%B7%E5%81%87%E7%AD%BE%E6%A0%B8 HTTP/1.1" 200 7256
192.168.11.107 - - [12/Jul/2024:09:31:41 +0800] "POST /eHR/ess/redirect.php?scriptname=ESNE002&appdesc=%E6%89%B9%E9%87%8F%E8%AF%B7%E5%81%87%E7%94%B3%E8%AF%B7 HTTP/1.1" 200 4186 "http://192.168.1.83:8088/eHR/ess/redirect.php?scriptname=ESNE002&appdesc=%E6%89%B9%E9%87%8F%E8%AF%B7%E5%81%87%E7%94%B3%E8%AF%B7" "Mozilla/5.0 (Windows NT 6.1; Win64; x64) AppleWebKit/537.36 (KHTML, like Gecko) Chrome/105.0.0.0 Safari/537.36"
192.168.11.107 - - [12/Jul/2024:09:31:41 +0800] "POST /eHR/ess/redirect.php?scriptname=ESNE002&appdesc=%E6%89%B9%E9%87%8F%E8%AF%B7%E5%81%87%E7%94%B3%E8%AF%B7 HTTP/1.1" 200 4186
192.168.11.107 - - [12/Jul/2024:09:31:41 +0800] "GET /eHR/img/N.png HTTP/1.1" 200 1041 "http://192.168.1.83:8088/eHR/ess/redirect.php?scriptname=ESNE002&appdesc=%E6%89%B9%E9%87%8F%E8%AF%B7%E5%81%87%E7%94%B3%E8%AF%B7" "Mozilla/5.0 (Windows NT 6.1; Win64; x64) AppleWebKit/537.36 (KHTML, like Gecko) Chrome/105.0.0.0 Safari/537.36"
192.168.11.107 - - [12/Jul/2024:09:31:41 +0800] "GET /eHR/img/N.png HTTP/1.1" 200 1041
192.168.11.107 - - [12/Jul/2024:09:31:48 +0800] "GET /eHR/ess/redirect.php?scriptname=ESNE002&appdesc=%E6%89%B9%E9%87%8F%E8%AF%B7%E5%81%87%E7%94%B3%E8%AF%B7 HTTP/1.1" 200 22066 "http://192.168.1.83:8088/eHR/ess/redirect.php" "Mozilla/5.0 (Windows NT 6.1; Win64; x64) AppleWebKit/537.36 (KHTML, like Gecko) Chrome/105.0.0.0 Safari/537.36"
192.168.11.107 - - [12/Jul/2024:09:31:48 +0800] "GET /eHR/ess/redirect.php?scriptname=ESNE002&appdesc=%E6%89%B9%E9%87%8F%E8%AF%B7%E5%81%87%E7%94%B3%E8%AF%B7 HTTP/1.1" 200 22066
192.168.11.107 - - [12/Jul/2024:09:32:10 +0800] "GET /eHR/ess/redirect.php?scriptname=emp_lov&openW=Y&rand=0.59863981682943 HTTP/1.1" 200 8592 "http://192.168.1.83:8088/eHR/ess/redirect.php?scriptname=ESNE002&appdesc=%E6%89%B9%E9%87%8F%E8%AF%B7%E5%81%87%E7%94%B3%E8%AF%B7" "Mozilla/5.0 (Windows NT 6.1; Win64; x64) AppleWebKit/537.36 (KHTML, like Gecko) Chrome/105.0.0.0 Safari/537.36"
192.168.11.107 - - [12/Jul/2024:09:32:10 +0800] "GET /eHR/ess/redirect.php?scriptname=emp_lov&openW=Y&rand=0.59863981682943 HTTP/1.1" 200 8592
192.168.11.107 - - [12/Jul/2024:09:32:13 +0800] "POST /eHR/ess/redirect.php?scriptname=emp_lov&openW=Y&rand=0.59863981682943 HTTP/1.1" 200 20236 "http://192.168.1.83:8088/eHR/ess/redirect.php?scriptname=emp_lov&openW=Y&rand=0.59863981682943" "Mozilla/5.0 (Windows NT 6.1; Win64; x64) AppleWebKit/537.36 (KHTML, like Gecko) Chrome/105.0.0.0 Safari/537.36"
192.168.11.107 - - [12/Jul/2024:09:32:13 +0800] "POST /eHR/ess/redirect.php?scriptname=emp_lov&openW=Y&rand=0.59863981682943 HTTP/1.1" 200 20236
100.64.0.1 - - [12/Jul/2024:09:32:21 +0800] "GET /eHRTEST/ HTTP/1.1" 200 649 "-" "Mozilla/5.0"
100.64.0.1 - - [12/Jul/2024:09:32:21 +0800] "GET /eHRTEST/ HTTP/1.1" 200 649
192.168.11.107 - - [12/Jul/2024:09:32:33 +0800] "POST /eHR/ess/redirect.php?scriptname=ESNE002&appdesc=%E6%89%B9%E9%87%8F%E8%AF%B7%E5%81%87%E7%94%B3%E8%AF%B7 HTTP/1.1" 200 4195 "http://192.168.1.83:8088/eHR/ess/redirect.php?scriptname=ESNE002&appdesc=%E6%89%B9%E9%87%8F%E8%AF%B7%E5%81%87%E7%94%B3%E8%AF%B7" "Mozilla/5.0 (Windows NT 6.1; Win64; x64) AppleWebKit/537.36 (KHTML, like Gecko) Chrome/105.0.0.0 Safari/537.36"
192.168.11.107 - - [12/Jul/2024:09:32:33 +0800] "POST /eHR/ess/redirect.php?scriptname=ESNE002&appdesc=%E6%89%B9%E9%87%8F%E8%AF%B7%E5%81%87%E7%94%B3%E8%AF%B7 HTTP/1.1" 200 4195
100.64.0.1 - - [12/Jul/2024:09:32:41 +0800] "GET /idcard/ HTTP/1.1" 200 649 "-" "Mozilla/5.0"
100.64.0.1 - - [12/Jul/2024:09:32:41 +0800] "GET /idcard/ HTTP/1.1" 200 649
100.64.0.1 - - [12/Jul/2024:09:32:42 +0800] "GET /eHRTEST/ HTTP/1.1" 200 649 "-" "Mozilla/5.0"
100.64.0.1 - - [12/Jul/2024:09:32:42 +0800] "GET /eHRTEST/ HTTP/1.1" 200 649
100.64.0.1 - - [12/Jul/2024:09:33:04 +0800] "GET /eHR1/ HTTP/1.1" 200 649 "-" "Mozilla/5.0"
100.64.0.1 - - [12/Jul/2024:09:33:04 +0800] "GET /eHR1/ HTTP/1.1" 200 649
100.64.0.1 - - [12/Jul/2024:09:33:04 +0800] "GET /eHR/ HTTP/1.1" 200 649 "-" "Mozilla/5.0"
100.64.0.1 - - [12/Jul/2024:09:33:04 +0800] "GET /eHR/ HTTP/1.1" 200 649
192.168.11.133 - - [12/Jul/2024:09:33:05 +0800] "GET /eHR/ess/redirect.php?scriptname=ESNH003&appdesc=%E8%AF%B7%E5%81%87%E7%AD%BE%E6%A0%B8 HTTP/1.1" 302 - "http://hcp.maglayers.com.cn:8088/eHR/ess/redirect.php" "Mozilla/5.0 (Windows NT 10.0; Win64; x64) AppleWebKit/537.36 (KHTML, like Gecko) Chrome/105.0.0.0 Safari/537.36"
192.168.11.133 - - [12/Jul/2024:09:33:05 +0800] "GET /eHR/ess/redirect.php?scriptname=ESNH003&appdesc=%E8%AF%B7%E5%81%87%E7%AD%BE%E6%A0%B8 HTTP/1.1" 302 -
192.168.11.133 - - [12/Jul/2024:09:33:05 +0800] "GET /eHR/mgr/redirect.php?scriptname=MDNH104&appdesc=%E8%AF%B7%E5%81%87%E7%AD%BE%E6%A0%B8 HTTP/1.1" 200 7256 "http://hcp.maglayers.com.cn:8088/eHR/ess/redirect.php" "Mozilla/5.0 (Windows NT 10.0; Win64; x64) AppleWebKit/537.36 (KHTML, like Gecko) Chrome/105.0.0.0 Safari/537.36"
192.168.11.133 - - [12/Jul/2024:09:33:05 +0800] "GET /eHR/mgr/redirect.php?scriptname=MDNH104&appdesc=%E8%AF%B7%E5%81%87%E7%AD%BE%E6%A0%B8 HTTP/1.1" 200 7256
192.168.11.133 - - [12/Jul/2024:09:33:21 +0800] "GET /eHR/ess/redirect.php?scriptname=ESNH003&appdesc=%E8%AF%B7%E5%81%87%E7%AD%BE%E6%A0%B8 HTTP/1.1" 302 - "http://hcp.maglayers.com.cn:8088/eHR/ess/redirect.php" "Mozilla/5.0 (Windows NT 10.0; Win64; x64) AppleWebKit/537.36 (KHTML, like Gecko) Chrome/105.0.0.0 Safari/537.36"
192.168.11.133 - - [12/Jul/2024:09:33:21 +0800] "GET /eHR/ess/redirect.php?scriptname=ESNH003&appdesc=%E8%AF%B7%E5%81%87%E7%AD%BE%E6%A0%B8 HTTP/1.1" 302 -
192.168.11.133 - - [12/Jul/2024:09:33:21 +0800] "GET /eHR/mgr/redirect.php?scriptname=MDNH104&appdesc=%E8%AF%B7%E5%81%87%E7%AD%BE%E6%A0%B8 HTTP/1.1" 200 7256 "http://hcp.maglayers.com.cn:8088/eHR/ess/redirect.php" "Mozilla/5.0 (Windows NT 10.0; Win64; x64) AppleWebKit/537.36 (KHTML, like Gecko) Chrome/105.0.0.0 Safari/537.36"
192.168.11.133 - - [12/Jul/2024:09:33:21 +0800] "GET /eHR/mgr/redirect.php?scriptname=MDNH104&appdesc=%E8%AF%B7%E5%81%87%E7%AD%BE%E6%A0%B8 HTTP/1.1" 200 7256
192.168.11.133 - - [12/Jul/2024:09:33:22 +0800] "GET /eHR/ess/redirect.php?scriptname=ESNH004&appdesc=%E5%8A%A0%E7%8F%AD%E7%AD%BE%E6%A0%B8 HTTP/1.1" 302 - "http://hcp.maglayers.com.cn:8088/eHR/ess/redirect.php" "Mozilla/5.0 (Windows NT 10.0; Win64; x64) AppleWebKit/537.36 (KHTML, like Gecko) Chrome/105.0.0.0 Safari/537.36"
192.168.11.133 - - [12/Jul/2024:09:33:22 +0800] "GET /eHR/ess/redirect.php?scriptname=ESNH004&appdesc=%E5%8A%A0%E7%8F%AD%E7%AD%BE%E6%A0%B8 HTTP/1.1" 302 -
192.168.11.133 - - [12/Jul/2024:09:33:22 +0800] "GET /eHR/mgr/redirect.php?scriptname=MDNH105&appdesc=%E5%8A%A0%E7%8F%AD%E7%AD%BE%E6%A0%B8 HTTP/1.1" 200 6702 "http://hcp.maglayers.com.cn:8088/eHR/ess/redirect.php" "Mozilla/5.0 (Windows NT 10.0; Win64; x64) AppleWebKit/537.36 (KHTML, like Gecko) Chrome/105.0.0.0 Safari/537.36"
192.168.11.133 - - [12/Jul/2024:09:33:22 +0800] "GET /eHR/mgr/redirect.php?scriptname=MDNH105&appdesc=%E5%8A%A0%E7%8F%AD%E7%AD%BE%E6%A0%B8 HTTP/1.1" 200 6702
192.168.11.133 - - [12/Jul/2024:09:33:38 +0800] "GET /eHR/ess/redirect.php?scriptname=ESNH003&appdesc=%E8%AF%B7%E5%81%87%E7%AD%BE%E6%A0%B8 HTTP/1.1" 302 - "http://hcp.maglayers.com.cn:8088/eHR/ess/redirect.php" "Mozilla/5.0 (Windows NT 10.0; Win64; x64) AppleWebKit/537.36 (KHTML, like Gecko) Chrome/105.0.0.0 Safari/537.36"
192.168.11.133 - - [12/Jul/2024:09:33:38 +0800] "GET /eHR/ess/redirect.php?scriptname=ESNH003&appdesc=%E8%AF%B7%E5%81%87%E7%AD%BE%E6%A0%B8 HTTP/1.1" 302 -
192.168.11.133 - - [12/Jul/2024:09:33:38 +0800] "GET /eHR/mgr/redirect.php?scriptname=MDNH104&appdesc=%E8%AF%B7%E5%81%87%E7%AD%BE%E6%A0%B8 HTTP/1.1" 200 7256 "http://hcp.maglayers.com.cn:8088/eHR/ess/redirect.php" "Mozilla/5.0 (Windows NT 10.0; Win64; x64) AppleWebKit/537.36 (KHTML, like Gecko) Chrome/105.0.0.0 Safari/537.36"
192.168.11.133 - - [12/Jul/2024:09:33:38 +0800] "GET /eHR/mgr/redirect.php?scriptname=MDNH104&appdesc=%E8%AF%B7%E5%81%87%E7%AD%BE%E6%A0%B8 HTTP/1.1" 200 7256
192.168.11.133 - - [12/Jul/2024:09:33:40 +0800] "GET /eHR/ess/redirect.php?scriptname=ESNH004&appdesc=%E5%8A%A0%E7%8F%AD%E7%AD%BE%E6%A0%B8 HTTP/1.1" 302 - "http://hcp.maglayers.com.cn:8088/eHR/ess/redirect.php" "Mozilla/5.0 (Windows NT 10.0; Win64; x64) AppleWebKit/537.36 (KHTML, like Gecko) Chrome/105.0.0.0 Safari/537.36"
192.168.11.133 - - [12/Jul/2024:09:33:40 +0800] "GET /eHR/ess/redirect.php?scriptname=ESNH004&appdesc=%E5%8A%A0%E7%8F%AD%E7%AD%BE%E6%A0%B8 HTTP/1.1" 302 -
192.168.11.133 - - [12/Jul/2024:09:33:40 +0800] "GET /eHR/mgr/redirect.php?scriptname=MDNH105&appdesc=%E5%8A%A0%E7%8F%AD%E7%AD%BE%E6%A0%B8 HTTP/1.1" 200 6702 "http://hcp.maglayers.com.cn:8088/eHR/ess/redirect.php" "Mozilla/5.0 (Windows NT 10.0; Win64; x64) AppleWebKit/537.36 (KHTML, like Gecko) Chrome/105.0.0.0 Safari/537.36"
192.168.11.133 - - [12/Jul/2024:09:33:40 +0800] "GET /eHR/mgr/redirect.php?scriptname=MDNH105&appdesc=%E5%8A%A0%E7%8F%AD%E7%AD%BE%E6%A0%B8 HTTP/1.1" 200 6702
100.64.0.1 - - [12/Jul/2024:09:33:41 +0800] "GET /Apache%20Software%20Foundation/ HTTP/1.1" 200 478 "-" "Mozilla/5.0"
100.64.0.1 - - [12/Jul/2024:09:33:41 +0800] "GET /Apache%20Software%20Foundation/ HTTP/1.1" 200 478
100.64.0.1 - - [12/Jul/2024:09:33:41 +0800] "GET /Apache%20Software%20Foundation/ HTTP/1.1" 200 478 "-" "Mozilla/5.0"
100.64.0.1 - - [12/Jul/2024:09:33:41 +0800] "GET /Apache%20Software%20Foundation/ HTTP/1.1" 200 478
100.64.0.1 - - [12/Jul/2024:09:33:45 +0800] "GET /eHR/ HTTP/1.1" 200 649 "-" "Mozilla/5.0"
100.64.0.1 - - [12/Jul/2024:09:33:45 +0800] "GET /eHR/ HTTP/1.1" 200 649
100.64.0.1 - - [12/Jul/2024:09:33:46 +0800] "GET /idcard/ HTTP/1.1" 200 649 "-" "Mozilla/5.0"
100.64.0.1 - - [12/Jul/2024:09:33:46 +0800] "GET /idcard/ HTTP/1.1" 200 649
100.64.0.1 - - [12/Jul/2024:09:33:55 +0800] "GET /eHRTEST/ HTTP/1.1" 200 649 "-" "Mozilla/5.0"
100.64.0.1 - - [12/Jul/2024:09:33:55 +0800] "GET /eHRTEST/ HTTP/1.1" 200 649
100.64.0.1 - - [12/Jul/2024:09:34:10 +0800] "GET /test.php HTTP/1.1" 200 45089 "-" "Mozilla/5.0"
100.64.0.1 - - [12/Jul/2024:09:34:10 +0800] "GET /test.php HTTP/1.1" 200 45089
100.64.0.1 - - [12/Jul/2024:09:34:14 +0800] "GET /eHR1/ HTTP/1.1" 200 649 "-" "Mozilla/5.0"
100.64.0.1 - - [12/Jul/2024:09:34:14 +0800] "GET /eHR1/ HTTP/1.1" 200 649
100.64.0.1 - - [12/Jul/2024:09:34:41 +0800] "GET / HTTP/1.1" 200 439 "-" "Mozilla/5.0 (X11; U; Linux x86_64; sv-SE; rv:1.8.1.12) Gecko/20080207 Ubuntu/7.10 (gutsy) Firefox/2.0.0.12"
100.64.0.1 - - [12/Jul/2024:09:34:41 +0800] "GET / HTTP/1.1" 200 439
100.64.0.1 - - [12/Jul/2024:09:34:41 +0800] "GET / HTTP/1.1" 200 439 "-" "Mozilla/5.0 (X11; U; Linux x86_64; sv-SE; rv:1.8.1.12) Gecko/20080207 Ubuntu/7.10 (gutsy) Firefox/2.0.0.12"
100.64.0.1 - - [12/Jul/2024:09:34:41 +0800] "GET / HTTP/1.1" 200 439
100.64.0.1 - - [12/Jul/2024:09:34:58 +0800] "GET /idcard/ HTTP/1.1" 200 649 "-" "Mozilla/5.0"
100.64.0.1 - - [12/Jul/2024:09:34:58 +0800] "GET /idcard/ HTTP/1.1" 200 649
100.64.0.1 - - [12/Jul/2024:09:35:00 +0800] "GET /Apache%20Software%20Foundation/ HTTP/1.1" 200 478 "-" "Mozilla/5.0"
100.64.0.1 - - [12/Jul/2024:09:35:00 +0800] "GET /Apache%20Software%20Foundation/ HTTP/1.1" 200 478
100.64.0.1 - - [12/Jul/2024:09:35:42 +0800] "GET /eHR1/ HTTP/1.1" 200 649 "-" "Mozilla/5.0"
100.64.0.1 - - [12/Jul/2024:09:35:42 +0800] "GET /eHR1/ HTTP/1.1" 200 649
100.64.0.1 - - [12/Jul/2024:09:36:03 +0800] "GET /test.php HTTP/1.1" 200 45089 "-" "Mozilla/5.0"
100.64.0.1 - - [12/Jul/2024:09:36:03 +0800] "GET /test.php HTTP/1.1" 200 45089
100.64.0.1 - - [12/Jul/2024:09:36:19 +0800] "GET /Apache%20Software%20Foundation/ HTTP/1.1" 200 478 "-" "Mozilla/5.0"
100.64.0.1 - - [12/Jul/2024:09:36:19 +0800] "GET /Apache%20Software%20Foundation/ HTTP/1.1" 200 478
100.64.0.1 - - [12/Jul/2024:09:36:51 +0800] "GET /test.php HTTP/1.1" 200 45089 "-" "Mozilla/5.0"
100.64.0.1 - - [12/Jul/2024:09:36:51 +0800] "GET /test.php HTTP/1.1" 200 45089
100.64.0.1 - - [12/Jul/2024:09:37:00 +0800] "GET /eHR1/ HTTP/1.1" 200 649 "-" "Mozilla/5.0"
100.64.0.1 - - [12/Jul/2024:09:37:00 +0800] "GET /eHR1/ HTTP/1.1" 200 649
100.64.0.1 - - [12/Jul/2024:09:37:03 +0800] "GET /idcard/ HTTP/1.1" 200 649 "-" "Mozilla/5.0"
100.64.0.1 - - [12/Jul/2024:09:37:03 +0800] "GET /idcard/ HTTP/1.1" 200 649
100.64.0.1 - - [12/Jul/2024:09:37:04 +0800] "GET /eHR1/ HTTP/1.1" 200 649 "-" "Mozilla/5.0"
100.64.0.1 - - [12/Jul/2024:09:37:04 +0800] "GET /eHR1/ HTTP/1.1" 200 649
100.64.0.1 - - [12/Jul/2024:09:37:10 +0800] "GET /eHR1/ HTTP/1.1" 200 649 "-" "Mozilla/5.0"
100.64.0.1 - - [12/Jul/2024:09:37:10 +0800] "GET /eHR1/ HTTP/1.1" 200 649
100.64.0.1 - - [12/Jul/2024:09:37:34 +0800] "GET /eHR1/ HTTP/1.1" 200 649 "-" "Mozilla/5.0"
100.64.0.1 - - [12/Jul/2024:09:37:34 +0800] "GET /eHR1/ HTTP/1.1" 200 649
100.64.0.1 - - [12/Jul/2024:09:37:56 +0800] "GET /eHR/ HTTP/1.1" 200 649 "-" "Mozilla/5.0"
100.64.0.1 - - [12/Jul/2024:09:37:56 +0800] "GET /eHR/ HTTP/1.1" 200 649
100.64.0.1 - - [12/Jul/2024:09:37:58 +0800] "GET /eHR/ HTTP/1.1" 200 649 "-" "Mozilla/5.0"
100.64.0.1 - - [12/Jul/2024:09:37:58 +0800] "GET /eHR/ HTTP/1.1" 200 649
100.64.0.1 - - [12/Jul/2024:09:38:00 +0800] "GET /eHRTEST/ HTTP/1.1" 200 649 "-" "Mozilla/5.0"
100.64.0.1 - - [12/Jul/2024:09:38:00 +0800] "GET /eHRTEST/ HTTP/1.1" 200 649
100.64.0.1 - - [12/Jul/2024:09:38:01 +0800] "GET /eHRTEST/ HTTP/1.1" 200 649 "-" "Mozilla/5.0"
100.64.0.1 - - [12/Jul/2024:09:38:01 +0800] "GET /eHRTEST/ HTTP/1.1" 200 649
100.64.0.1 - - [12/Jul/2024:09:38:25 +0800] "GET /Apache%20Software%20Foundation/ HTTP/1.1" 200 478 "-" "Mozilla/5.0"
100.64.0.1 - - [12/Jul/2024:09:38:25 +0800] "GET /Apache%20Software%20Foundation/ HTTP/1.1" 200 478
100.64.0.1 - - [12/Jul/2024:09:38:32 +0800] "GET /idcard/ HTTP/1.1" 200 649 "-" "Mozilla/5.0"
100.64.0.1 - - [12/Jul/2024:09:38:32 +0800] "GET /idcard/ HTTP/1.1" 200 649
100.64.0.1 - - [12/Jul/2024:09:38:43 +0800] "GET /test.php HTTP/1.1" 200 45089 "-" "Mozilla/5.0"
100.64.0.1 - - [12/Jul/2024:09:38:43 +0800] "GET /test.php HTTP/1.1" 200 45089
100.64.0.1 - - [12/Jul/2024:09:38:58 +0800] "GET /idcard/ HTTP/1.1" 200 649 "-" "Mozilla/5.0"
100.64.0.1 - - [12/Jul/2024:09:38:58 +0800] "GET /idcard/ HTTP/1.1" 200 649
100.64.0.1 - - [12/Jul/2024:09:39:12 +0800] "GET /eHR/ HTTP/1.1" 200 649 "-" "Mozilla/5.0"
100.64.0.1 - - [12/Jul/2024:09:39:12 +0800] "GET /eHR/ HTTP/1.1" 200 649
100.64.0.1 - - [12/Jul/2024:09:39:17 +0800] "GET /eHR/ HTTP/1.1" 200 649 "-" "Mozilla/5.0"
100.64.0.1 - - [12/Jul/2024:09:39:17 +0800] "GET /eHR/ HTTP/1.1" 200 649
100.64.0.1 - - [12/Jul/2024:09:39:41 +0800] "GET /eHR1/ HTTP/1.1" 200 649 "-" "Mozilla/5.0"
100.64.0.1 - - [12/Jul/2024:09:39:41 +0800] "GET /eHR1/ HTTP/1.1" 200 649
100.64.0.1 - - [12/Jul/2024:09:39:51 +0800] "GET /eHR1/ HTTP/1.1" 200 649 "-" "Mozilla/5.0"
100.64.0.1 - - [12/Jul/2024:09:39:51 +0800] "GET /eHR1/ HTTP/1.1" 200 649
100.64.0.1 - - [12/Jul/2024:09:40:01 +0800] "GET /eHR1/ HTTP/1.1" 200 649 "-" "Mozilla/5.0"
100.64.0.1 - - [12/Jul/2024:09:40:01 +0800] "GET /eHR1/ HTTP/1.1" 200 649
100.64.0.1 - - [12/Jul/2024:09:40:12 +0800] "GET /eHR/ HTTP/1.1" 200 649 "-" "Mozilla/5.0"
100.64.0.1 - - [12/Jul/2024:09:40:12 +0800] "GET /eHR/ HTTP/1.1" 200 649
100.64.0.1 - - [12/Jul/2024:09:40:13 +0800] "GET /idcard/ HTTP/1.1" 200 649 "-" "Mozilla/5.0"
100.64.0.1 - - [12/Jul/2024:09:40:13 +0800] "GET /idcard/ HTTP/1.1" 200 649
192.168.11.172 - - [12/Jul/2024:09:40:16 +0800] "GET /eHR/ess/redirect.php HTTP/1.1" 302 121 "-" "Mozilla/5.0 (Windows NT 6.1; Win64; x64) AppleWebKit/537.36 (KHTML, like Gecko) Chrome/105.0.0.0 Safari/537.36"
192.168.11.172 - - [12/Jul/2024:09:40:16 +0800] "GET /eHR/ess/redirect.php HTTP/1.1" 302 121
192.168.11.172 - - [12/Jul/2024:09:40:17 +0800] "GET /eHR/ess/index.php?action=logout HTTP/1.1" 200 8826 "-" "Mozilla/5.0 (Windows NT 6.1; Win64; x64) AppleWebKit/537.36 (KHTML, like Gecko) Chrome/105.0.0.0 Safari/537.36"
192.168.11.172 - - [12/Jul/2024:09:40:17 +0800] "GET /eHR/ess/index.php?action=logout HTTP/1.1" 200 8826
192.168.11.172 - - [12/Jul/2024:09:40:22 +0800] "POST /eHR/ess/includes/login.php HTTP/1.1" 302 - "http://192.168.1.83:8088/eHR/ess/index.php?action=logout" "Mozilla/5.0 (Windows NT 6.1; Win64; x64) AppleWebKit/537.36 (KHTML, like Gecko) Chrome/105.0.0.0 Safari/537.36"
192.168.11.172 - - [12/Jul/2024:09:40:22 +0800] "POST /eHR/ess/includes/login.php HTTP/1.1" 302 -
192.168.11.172 - - [12/Jul/2024:09:40:24 +0800] "POST /eHR/ess/includes/login.php HTTP/1.1" 302 - "http://192.168.1.83:8088/eHR/ess/index.php?action=logout" "Mozilla/5.0 (Windows NT 6.1; Win64; x64) AppleWebKit/537.36 (KHTML, like Gecko) Chrome/105.0.0.0 Safari/537.36"
192.168.11.172 - - [12/Jul/2024:09:40:24 +0800] "POST /eHR/ess/includes/login.php HTTP/1.1" 302 -
192.168.11.172 - - [12/Jul/2024:09:40:32 +0800] "GET /eHR/ess/redirect.php HTTP/1.1" 200 8929 "http://192.168.1.83:8088/eHR/ess/index.php?action=logout" "Mozilla/5.0 (Windows NT 6.1; Win64; x64) AppleWebKit/537.36 (KHTML, like Gecko) Chrome/105.0.0.0 Safari/537.36"
192.168.11.172 - - [12/Jul/2024:09:40:32 +0800] "GET /eHR/ess/redirect.php HTTP/1.1" 200 8929
192.168.11.172 - - [12/Jul/2024:09:40:33 +0800] "GET /eHR/ess/redirect.php?scriptname=ESNH000 HTTP/1.1" 200 10133 "http://192.168.1.83:8088/eHR/ess/redirect.php" "Mozilla/5.0 (Windows NT 6.1; Win64; x64) AppleWebKit/537.36 (KHTML, like Gecko) Chrome/105.0.0.0 Safari/537.36"
192.168.11.172 - - [12/Jul/2024:09:40:33 +0800] "GET /eHR/ess/redirect.php?scriptname=ESNH000 HTTP/1.1" 200 10133
192.168.11.172 - - [12/Jul/2024:09:40:36 +0800] "GET /eHR/ess/redirect.php?scriptname=ESNA013&appdesc=%E8%AF%B7%E5%81%87%E7%94%B3%E8%AF%B7%E6%9F%A5%E8%AF%A2 HTTP/1.1" 200 6525 "http://192.168.1.83:8088/eHR/ess/redirect.php" "Mozilla/5.0 (Windows NT 6.1; Win64; x64) AppleWebKit/537.36 (KHTML, like Gecko) Chrome/105.0.0.0 Safari/537.36"
192.168.11.172 - - [12/Jul/2024:09:40:36 +0800] "GET /eHR/ess/redirect.php?scriptname=ESNA013&appdesc=%E8%AF%B7%E5%81%87%E7%94%B3%E8%AF%B7%E6%9F%A5%E8%AF%A2 HTTP/1.1" 200 6525
100.64.0.1 - - [12/Jul/2024:09:40:38 +0800] "GET /idcard/ HTTP/1.1" 200 649 "-" "Mozilla/5.0"
100.64.0.1 - - [12/Jul/2024:09:40:38 +0800] "GET /idcard/ HTTP/1.1" 200 649
192.168.11.172 - - [12/Jul/2024:09:40:36 +0800] "GET /eHR/ess/redirect.php?scriptname=ESNA013&appdesc=%E8%AF%B7%E5%81%87%E7%94%B3%E8%AF%B7%E6%9F%A5%E8%AF%A2 HTTP/1.1" 200 6525 "http://192.168.1.83:8088/eHR/ess/redirect.php" "Mozilla/5.0 (Windows NT 6.1; Win64; x64) AppleWebKit/537.36 (KHTML, like Gecko) Chrome/105.0.0.0 Safari/537.36"
192.168.11.172 - - [12/Jul/2024:09:40:36 +0800] "GET /eHR/ess/redirect.php?scriptname=ESNA013&appdesc=%E8%AF%B7%E5%81%87%E7%94%B3%E8%AF%B7%E6%9F%A5%E8%AF%A2 HTTP/1.1" 200 6525
192.168.11.172 - - [12/Jul/2024:09:40:43 +0800] "POST /eHR/ess/redirect.php?scriptname=ESNA013&appdesc=%E8%AF%B7%E5%81%87%E7%94%B3%E8%AF%B7%E6%9F%A5%E8%AF%A2 HTTP/1.1" 200 10416 "http://192.168.1.83:8088/eHR/ess/redirect.php?scriptname=ESNA013&appdesc=%E8%AF%B7%E5%81%87%E7%94%B3%E8%AF%B7%E6%9F%A5%E8%AF%A2" "Mozilla/5.0 (Windows NT 6.1; Win64; x64) AppleWebKit/537.36 (KHTML, like Gecko) Chrome/105.0.0.0 Safari/537.36"
192.168.11.172 - - [12/Jul/2024:09:40:43 +0800] "POST /eHR/ess/redirect.php?scriptname=ESNA013&appdesc=%E8%AF%B7%E5%81%87%E7%94%B3%E8%AF%B7%E6%9F%A5%E8%AF%A2 HTTP/1.1" 200 10416
192.168.11.172 - - [12/Jul/2024:09:41:03 +0800] "POST /eHR/ess/redirect.php?scriptname=ESNA013&appdesc=%E8%AF%B7%E5%81%87%E7%94%B3%E8%AF%B7%E6%9F%A5%E8%AF%A2 HTTP/1.1" 200 49902 "http://192.168.1.83:8088/eHR/ess/redirect.php?scriptname=ESNA013&appdesc=%E8%AF%B7%E5%81%87%E7%94%B3%E8%AF%B7%E6%9F%A5%E8%AF%A2" "Mozilla/5.0 (Windows NT 6.1; Win64; x64) AppleWebKit/537.36 (KHTML, like Gecko) Chrome/105.0.0.0 Safari/537.36"
192.168.11.172 - - [12/Jul/2024:09:41:03 +0800] "POST /eHR/ess/redirect.php?scriptname=ESNA013&appdesc=%E8%AF%B7%E5%81%87%E7%94%B3%E8%AF%B7%E6%9F%A5%E8%AF%A2 HTTP/1.1" 200 49902
192.168.11.172 - - [12/Jul/2024:09:41:03 +0800] "POST /eHR/ess/redirect.php?scriptname=ESNA013&appdesc=%E8%AF%B7%E5%81%87%E7%94%B3%E8%AF%B7%E6%9F%A5%E8%AF%A2 HTTP/1.1" 200 79670 "http://192.168.1.83:8088/eHR/ess/redirect.php?scriptname=ESNA013&appdesc=%E8%AF%B7%E5%81%87%E7%94%B3%E8%AF%B7%E6%9F%A5%E8%AF%A2" "Mozilla/5.0 (Windows NT 6.1; Win64; x64) AppleWebKit/537.36 (KHTML, like Gecko) Chrome/105.0.0.0 Safari/537.36"
192.168.11.172 - - [12/Jul/2024:09:41:03 +0800] "POST /eHR/ess/redirect.php?scriptname=ESNA013&appdesc=%E8%AF%B7%E5%81%87%E7%94%B3%E8%AF%B7%E6%9F%A5%E8%AF%A2 HTTP/1.1" 200 79670
192.168.11.172 - - [12/Jul/2024:09:41:14 +0800] "GET /eHR/ess/redirect.php?scriptname=ESNA013&action=delete&leave_flowseqno=103441 HTTP/1.1" 302 - "http://192.168.1.83:8088/eHR/ess/redirect.php?scriptname=ESNA013&appdesc=%E8%AF%B7%E5%81%87%E7%94%B3%E8%AF%B7%E6%9F%A5%E8%AF%A2" "Mozilla/5.0 (Windows NT 6.1; Win64; x64) AppleWebKit/537.36 (KHTML, like Gecko) Chrome/105.0.0.0 Safari/537.36"
192.168.11.172 - - [12/Jul/2024:09:41:14 +0800] "GET /eHR/ess/redirect.php?scriptname=ESNA013&action=delete&leave_flowseqno=103441 HTTP/1.1" 302 -
192.168.11.172 - - [12/Jul/2024:09:41:15 +0800] "GET /eHR/ess/redirect.php?scriptname=page_success&msgtxt=%E5%96%AE%E8%99%9F%3A103441+%E7%9A%84%E7%94%B3%E8%AB%8B%E5%96%AE%E5%88%AA%E9%99%A4%E6%88%90%E5%8A%9F.&target=iframe HTTP/1.1" 200 3104 "http://192.168.1.83:8088/eHR/ess/redirect.php?scriptname=ESNA013&appdesc=%E8%AF%B7%E5%81%87%E7%94%B3%E8%AF%B7%E6%9F%A5%E8%AF%A2" "Mozilla/5.0 (Windows NT 6.1; Win64; x64) AppleWebKit/537.36 (KHTML, like Gecko) Chrome/105.0.0.0 Safari/537.36"
192.168.11.172 - - [12/Jul/2024:09:41:15 +0800] "GET /eHR/ess/redirect.php?scriptname=page_success&msgtxt=%E5%96%AE%E8%99%9F%3A103441+%E7%9A%84%E7%94%B3%E8%AB%8B%E5%96%AE%E5%88%AA%E9%99%A4%E6%88%90%E5%8A%9F.&target=iframe HTTP/1.1" 200 3104
100.64.0.1 - - [12/Jul/2024:09:41:16 +0800] "GET /eHR/ HTTP/1.1" 200 649 "-" "Mozilla/5.0"
100.64.0.1 - - [12/Jul/2024:09:41:16 +0800] "GET /eHR/ HTTP/1.1" 200 649
