100.64.0.1 - - [24/Jun/2024:14:19:37 +0800] "GET /eHRTEST/ HTTP/1.1" 200 649 "-" "Mozilla/5.0"
100.64.0.1 - - [24/Jun/2024:14:19:37 +0800] "GET /eHRTEST/ HTTP/1.1" 200 649
100.64.0.1 - - [24/Jun/2024:14:19:50 +0800] "GET /test.php HTTP/1.1" 200 45089 "-" "Mozilla/5.0"
100.64.0.1 - - [24/Jun/2024:14:19:50 +0800] "GET /test.php HTTP/1.1" 200 45089
100.64.0.1 - - [24/Jun/2024:14:19:53 +0800] "GET /test.php HTTP/1.1" 200 45089 "-" "Mozilla/5.0"
100.64.0.1 - - [24/Jun/2024:14:19:53 +0800] "GET /test.php HTTP/1.1" 200 45089
100.64.0.1 - - [24/Jun/2024:14:19:54 +0800] "GET /Apache%20Software%20Foundation/ HTTP/1.1" 200 478 "-" "Mozilla/5.0"
100.64.0.1 - - [24/Jun/2024:14:19:54 +0800] "GET /Apache%20Software%20Foundation/ HTTP/1.1" 200 478
100.64.0.1 - - [24/Jun/2024:14:19:56 +0800] "GET /idcard/ HTTP/1.1" 200 649 "-" "Mozilla/5.0"
100.64.0.1 - - [24/Jun/2024:14:19:56 +0800] "GET /idcard/ HTTP/1.1" 200 649
100.64.0.1 - - [24/Jun/2024:14:19:58 +0800] "GET /idcard/ HTTP/1.1" 200 649 "-" "Mozilla/5.0"
100.64.0.1 - - [24/Jun/2024:14:19:58 +0800] "GET /idcard/ HTTP/1.1" 200 649
100.64.0.1 - - [24/Jun/2024:14:19:58 +0800] "GET /Apache%20Software%20Foundation/ HTTP/1.1" 200 478 "-" "Mozilla/5.0"
100.64.0.1 - - [24/Jun/2024:14:19:58 +0800] "GET /Apache%20Software%20Foundation/ HTTP/1.1" 200 478
100.64.0.1 - - [24/Jun/2024:14:19:59 +0800] "GET /eHR/ HTTP/1.1" 200 649 "-" "Mozilla/5.0"
100.64.0.1 - - [24/Jun/2024:14:19:59 +0800] "GET /eHR/ HTTP/1.1" 200 649
100.64.0.1 - - [24/Jun/2024:14:20:05 +0800] "GET /Apache%20Software%20Foundation/ HTTP/1.1" 200 478 "-" "Mozilla/5.0"
100.64.0.1 - - [24/Jun/2024:14:20:05 +0800] "GET /Apache%20Software%20Foundation/ HTTP/1.1" 200 478
100.64.0.1 - - [24/Jun/2024:14:20:09 +0800] "GET /eHR/ HTTP/1.1" 200 649 "-" "Mozilla/5.0"
100.64.0.1 - - [24/Jun/2024:14:20:09 +0800] "GET /eHR/ HTTP/1.1" 200 649
100.64.0.1 - - [24/Jun/2024:14:20:14 +0800] "GET /eHR1/ HTTP/1.1" 200 649 "-" "Mozilla/5.0"
100.64.0.1 - - [24/Jun/2024:14:20:14 +0800] "GET /eHR1/ HTTP/1.1" 200 649
100.64.0.1 - - [24/Jun/2024:14:20:21 +0800] "GET /Apache%20Software%20Foundation/ HTTP/1.1" 200 478 "-" "Mozilla/5.0"
100.64.0.1 - - [24/Jun/2024:14:20:21 +0800] "GET /Apache%20Software%20Foundation/ HTTP/1.1" 200 478
100.64.0.1 - - [24/Jun/2024:14:20:25 +0800] "\x03" 501 203 "-" "-"
100.64.0.1 - - [24/Jun/2024:14:20:25 +0800] "\x03" 501 203
100.64.0.1 - - [24/Jun/2024:14:20:31 +0800] "GET /Apache%20Software%20Foundation/ HTTP/1.1" 200 478 "-" "Mozilla/5.0"
100.64.0.1 - - [24/Jun/2024:14:20:31 +0800] "GET /Apache%20Software%20Foundation/ HTTP/1.1" 200 478
100.64.0.1 - - [24/Jun/2024:14:20:32 +0800] "GET /Apache%20Software%20Foundation/ HTTP/1.1" 200 478 "-" "Mozilla/5.0"
100.64.0.1 - - [24/Jun/2024:14:20:32 +0800] "GET /Apache%20Software%20Foundation/ HTTP/1.1" 200 478
100.64.0.1 - - [24/Jun/2024:14:20:35 +0800] "GET /Apache%20Software%20Foundation/ HTTP/1.1" 200 478 "-" "Mozilla/5.0"
100.64.0.1 - - [24/Jun/2024:14:20:35 +0800] "GET /Apache%20Software%20Foundation/ HTTP/1.1" 200 478
100.64.0.1 - - [24/Jun/2024:14:20:35 +0800] "GET /test.php HTTP/1.1" 200 45089 "-" "Mozilla/5.0"
100.64.0.1 - - [24/Jun/2024:14:20:35 +0800] "GET /test.php HTTP/1.1" 200 45089
100.64.0.1 - - [24/Jun/2024:14:20:45 +0800] "GET /eHRTEST/ HTTP/1.1" 200 649 "-" "Mozilla/5.0"
100.64.0.1 - - [24/Jun/2024:14:20:45 +0800] "GET /eHRTEST/ HTTP/1.1" 200 649
100.64.0.1 - - [24/Jun/2024:14:20:47 +0800] "GET /test.php HTTP/1.1" 200 45089 "-" "Mozilla/5.0"
100.64.0.1 - - [24/Jun/2024:14:20:47 +0800] "GET /test.php HTTP/1.1" 200 45089
100.64.0.1 - - [24/Jun/2024:14:20:48 +0800] "GET /test.php HTTP/1.1" 200 45089 "-" "Mozilla/5.0"
100.64.0.1 - - [24/Jun/2024:14:20:48 +0800] "GET /test.php HTTP/1.1" 200 45089
100.64.0.1 - - [24/Jun/2024:14:20:56 +0800] "GET /eHR/ HTTP/1.1" 200 649 "-" "Mozilla/5.0"
100.64.0.1 - - [24/Jun/2024:14:20:56 +0800] "GET /eHR/ HTTP/1.1" 200 649
192.168.11.134 - - [24/Jun/2024:14:20:58 +0800] "GET /eHR/ess/redirect.php?scriptname=ESNE002&appdesc=%E6%89%B9%E9%87%8F%E8%AF%B7%E5%81%87%E7%94%B3%E8%AF%B7 HTTP/1.1" 200 22066 "http://192.168.1.83:8088/eHR/ess/redirect.php" "Mozilla/5.0 (Windows NT 10.0; Win64; x64) AppleWebKit/537.36 (KHTML, like Gecko) Chrome/105.0.0.0 Safari/537.36"
192.168.11.134 - - [24/Jun/2024:14:20:58 +0800] "GET /eHR/ess/redirect.php?scriptname=ESNE002&appdesc=%E6%89%B9%E9%87%8F%E8%AF%B7%E5%81%87%E7%94%B3%E8%AF%B7 HTTP/1.1" 200 22066
100.64.0.1 - - [24/Jun/2024:14:21:00 +0800] "GET /idcard/ HTTP/1.1" 200 649 "-" "Mozilla/5.0"
100.64.0.1 - - [24/Jun/2024:14:21:00 +0800] "GET /idcard/ HTTP/1.1" 200 649
100.64.0.1 - - [24/Jun/2024:14:21:00 +0800] "GET /eHRTEST/ HTTP/1.1" 200 649 "-" "Mozilla/5.0"
100.64.0.1 - - [24/Jun/2024:14:21:00 +0800] "GET /eHRTEST/ HTTP/1.1" 200 649
100.64.0.1 - - [24/Jun/2024:14:21:01 +0800] "GET /idcard/ HTTP/1.1" 200 649 "-" "Mozilla/5.0"
100.64.0.1 - - [24/Jun/2024:14:21:01 +0800] "GET /idcard/ HTTP/1.1" 200 649
100.64.0.1 - - [24/Jun/2024:14:21:04 +0800] "GET /eHR/ HTTP/1.1" 200 649 "-" "Mozilla/5.0"
100.64.0.1 - - [24/Jun/2024:14:21:04 +0800] "GET /eHR/ HTTP/1.1" 200 649
100.64.0.1 - - [24/Jun/2024:14:21:21 +0800] "GET /eHR1/ HTTP/1.1" 200 649 "-" "Mozilla/5.0"
100.64.0.1 - - [24/Jun/2024:14:21:21 +0800] "GET /eHR1/ HTTP/1.1" 200 649
100.64.0.1 - - [24/Jun/2024:14:21:22 +0800] "GET /idcard/ HTTP/1.1" 200 649 "-" "Mozilla/5.0"
100.64.0.1 - - [24/Jun/2024:14:21:22 +0800] "GET /idcard/ HTTP/1.1" 200 649
100.64.0.1 - - [24/Jun/2024:14:21:25 +0800] "GET /Apache%20Software%20Foundation/ HTTP/1.1" 200 478 "-" "Mozilla/5.0"
100.64.0.1 - - [24/Jun/2024:14:21:25 +0800] "GET /Apache%20Software%20Foundation/ HTTP/1.1" 200 478
100.64.0.1 - - [24/Jun/2024:14:21:30 +0800] "GET /test.php HTTP/1.1" 200 45089 "-" "Mozilla/5.0"
100.64.0.1 - - [24/Jun/2024:14:21:30 +0800] "GET /test.php HTTP/1.1" 200 45089
100.64.0.1 - - [24/Jun/2024:14:21:30 +0800] "GET /eHR/ HTTP/1.1" 200 649 "-" "Mozilla/5.0"
100.64.0.1 - - [24/Jun/2024:14:21:30 +0800] "GET /eHR/ HTTP/1.1" 200 649
100.64.0.1 - - [24/Jun/2024:14:21:33 +0800] "GET /Apache%20Software%20Foundation/ HTTP/1.1" 200 478 "-" "Mozilla/5.0"
100.64.0.1 - - [24/Jun/2024:14:21:33 +0800] "GET /Apache%20Software%20Foundation/ HTTP/1.1" 200 478
100.64.0.1 - - [24/Jun/2024:14:21:41 +0800] "GET /idcard/ HTTP/1.1" 200 649 "-" "Mozilla/5.0"
100.64.0.1 - - [24/Jun/2024:14:21:41 +0800] "GET /idcard/ HTTP/1.1" 200 649
100.64.0.1 - - [24/Jun/2024:14:21:47 +0800] "GET /eHRTEST/ HTTP/1.1" 200 649 "-" "Mozilla/5.0"
100.64.0.1 - - [24/Jun/2024:14:21:47 +0800] "GET /eHRTEST/ HTTP/1.1" 200 649
100.64.0.1 - - [24/Jun/2024:14:21:49 +0800] "GET /eHRTEST/ HTTP/1.1" 200 649 "-" "Mozilla/5.0"
100.64.0.1 - - [24/Jun/2024:14:21:49 +0800] "GET /eHRTEST/ HTTP/1.1" 200 649
100.64.0.1 - - [24/Jun/2024:14:21:50 +0800] "GET /eHRTEST/ HTTP/1.1" 200 649 "-" "Mozilla/5.0"
100.64.0.1 - - [24/Jun/2024:14:21:50 +0800] "GET /eHRTEST/ HTTP/1.1" 200 649
100.64.0.1 - - [24/Jun/2024:14:21:52 +0800] "GET /Apache%20Software%20Foundation/ HTTP/1.1" 200 478 "-" "Mozilla/5.0"
100.64.0.1 - - [24/Jun/2024:14:21:52 +0800] "GET /Apache%20Software%20Foundation/ HTTP/1.1" 200 478
100.64.0.1 - - [24/Jun/2024:14:22:16 +0800] "GET /eHR1/ HTTP/1.1" 200 649 "-" "Mozilla/5.0"
100.64.0.1 - - [24/Jun/2024:14:22:16 +0800] "GET /eHR1/ HTTP/1.1" 200 649
100.64.0.1 - - [24/Jun/2024:14:22:17 +0800] "GET /eHR1/ HTTP/1.1" 200 649 "-" "Mozilla/5.0"
100.64.0.1 - - [24/Jun/2024:14:22:17 +0800] "GET /eHR1/ HTTP/1.1" 200 649
100.64.0.1 - - [24/Jun/2024:14:22:20 +0800] "GET /eHRTEST/ HTTP/1.1" 200 649 "-" "Mozilla/5.0"
100.64.0.1 - - [24/Jun/2024:14:22:20 +0800] "GET /eHRTEST/ HTTP/1.1" 200 649
100.64.0.1 - - [24/Jun/2024:14:22:28 +0800] "GET /eHR/ HTTP/1.1" 200 649 "-" "Mozilla/5.0"
100.64.0.1 - - [24/Jun/2024:14:22:28 +0800] "GET /eHR/ HTTP/1.1" 200 649
100.64.0.1 - - [24/Jun/2024:14:22:36 +0800] "GET /idcard/ HTTP/1.1" 200 649 "-" "Mozilla/5.0"
100.64.0.1 - - [24/Jun/2024:14:22:36 +0800] "GET /idcard/ HTTP/1.1" 200 649
100.64.0.1 - - [24/Jun/2024:14:22:48 +0800] "GET /eHR/ HTTP/1.1" 200 649 "-" "Mozilla/5.0"
100.64.0.1 - - [24/Jun/2024:14:22:48 +0800] "GET /eHR/ HTTP/1.1" 200 649
100.64.0.1 - - [24/Jun/2024:14:23:00 +0800] "GET /idcard/ HTTP/1.1" 200 649 "-" "Mozilla/5.0"
100.64.0.1 - - [24/Jun/2024:14:23:00 +0800] "GET /idcard/ HTTP/1.1" 200 649
100.64.0.1 - - [24/Jun/2024:14:23:12 +0800] "GET /eHR1/ HTTP/1.1" 200 649
100.64.0.1 - - [24/Jun/2024:14:23:12 +0800] "GET /eHR1/ HTTP/1.1" 200 649 "-" "Mozilla/5.0"
100.64.0.1 - - [24/Jun/2024:14:23:29 +0800] "GET /Apache%20Software%20Foundation/ HTTP/1.1" 200 478 "-" "Mozilla/5.0"
100.64.0.1 - - [24/Jun/2024:14:23:29 +0800] "GET /Apache%20Software%20Foundation/ HTTP/1.1" 200 478
100.64.0.1 - - [24/Jun/2024:14:23:33 +0800] "GET /idcard/ HTTP/1.1" 200 649 "-" "Mozilla/5.0"
100.64.0.1 - - [24/Jun/2024:14:23:33 +0800] "GET /idcard/ HTTP/1.1" 200 649
100.64.0.1 - - [24/Jun/2024:14:23:34 +0800] "GET /eHR1/ HTTP/1.1" 200 649 "-" "Mozilla/5.0"
100.64.0.1 - - [24/Jun/2024:14:23:34 +0800] "GET /eHR1/ HTTP/1.1" 200 649
100.64.0.1 - - [24/Jun/2024:14:23:35 +0800] "GET /eHR1/ HTTP/1.1" 200 649 "-" "Mozilla/5.0"
100.64.0.1 - - [24/Jun/2024:14:23:35 +0800] "GET /eHR1/ HTTP/1.1" 200 649
100.64.0.1 - - [24/Jun/2024:14:23:35 +0800] "GET /eHR/ HTTP/1.1" 200 649 "-" "Mozilla/5.0"
100.64.0.1 - - [24/Jun/2024:14:23:35 +0800] "GET /eHR/ HTTP/1.1" 200 649
100.64.0.1 - - [24/Jun/2024:14:23:36 +0800] "GET /eHRTEST/ HTTP/1.1" 200 649 "-" "Mozilla/5.0"
100.64.0.1 - - [24/Jun/2024:14:23:36 +0800] "GET /eHRTEST/ HTTP/1.1" 200 649
100.64.0.1 - - [24/Jun/2024:14:23:44 +0800] "GET /idcard/ HTTP/1.1" 200 649 "-" "Mozilla/5.0"
100.64.0.1 - - [24/Jun/2024:14:23:44 +0800] "GET /idcard/ HTTP/1.1" 200 649
100.64.0.1 - - [24/Jun/2024:14:23:46 +0800] "GET /eHRTEST/ HTTP/1.1" 200 649 "-" "Mozilla/5.0"
100.64.0.1 - - [24/Jun/2024:14:23:46 +0800] "GET /eHRTEST/ HTTP/1.1" 200 649
192.168.11.200 - - [24/Jun/2024:14:23:52 +0800] "GET /eHR/ess/redirect.php?scriptname=ESNE001&appdesc=%E6%89%B9%E9%87%8F%E5%8A%A0%E7%8F%AD%E7%94%B3%E8%AF%B7 HTTP/1.1" 302 - "http://192.168.1.83:8088/eHR/ess/redirect.php" "Mozilla/5.0 (Windows NT 6.1; Win64; x64) AppleWebKit/537.36 (KHTML, like Gecko) Chrome/105.0.0.0 Safari/537.36"
192.168.11.200 - - [24/Jun/2024:14:23:52 +0800] "GET /eHR/ess/redirect.php?scriptname=ESNE001&appdesc=%E6%89%B9%E9%87%8F%E5%8A%A0%E7%8F%AD%E7%94%B3%E8%AF%B7 HTTP/1.1" 302 -
192.168.11.200 - - [24/Jun/2024:14:23:52 +0800] "GET /eHR/ess/index.php?action=logout HTTP/1.1" 200 8826 "http://192.168.1.83:8088/eHR/ess/redirect.php" "Mozilla/5.0 (Windows NT 6.1; Win64; x64) AppleWebKit/537.36 (KHTML, like Gecko) Chrome/105.0.0.0 Safari/537.36"
192.168.11.200 - - [24/Jun/2024:14:23:52 +0800] "GET /eHR/ess/index.php?action=logout HTTP/1.1" 200 8826
192.168.11.200 - - [24/Jun/2024:14:23:52 +0800] "GET /eHR/ess/index.php?action=logout HTTP/1.1" 200 8826 "http://192.168.1.83:8088/eHR/ess/index.php?action=logout" "Mozilla/5.0 (Windows NT 6.1; Win64; x64) AppleWebKit/537.36 (KHTML, like Gecko) Chrome/105.0.0.0 Safari/537.36"
192.168.11.200 - - [24/Jun/2024:14:23:52 +0800] "GET /eHR/ess/index.php?action=logout HTTP/1.1" 200 8826
100.64.0.1 - - [24/Jun/2024:14:23:53 +0800] "GET /eHR/ HTTP/1.1" 200 649 "-" "Mozilla/5.0"
100.64.0.1 - - [24/Jun/2024:14:23:53 +0800] "GET /eHR/ HTTP/1.1" 200 649
100.64.0.1 - - [24/Jun/2024:14:23:54 +0800] "GET /Apache%20Software%20Foundation/ HTTP/1.1" 200 478 "-" "Mozilla/5.0"
100.64.0.1 - - [24/Jun/2024:14:23:54 +0800] "GET /Apache%20Software%20Foundation/ HTTP/1.1" 200 478
100.64.0.1 - - [24/Jun/2024:14:23:54 +0800] "GET /test.php HTTP/1.1" 200 45089 "-" "Mozilla/5.0"
100.64.0.1 - - [24/Jun/2024:14:23:54 +0800] "GET /test.php HTTP/1.1" 200 45089
100.64.0.1 - - [24/Jun/2024:14:23:55 +0800] "GET /eHRTEST/ HTTP/1.1" 200 649 "-" "Mozilla/5.0"
100.64.0.1 - - [24/Jun/2024:14:23:55 +0800] "GET /eHRTEST/ HTTP/1.1" 200 649
192.168.11.200 - - [24/Jun/2024:14:23:56 +0800] "POST /eHR/ess/includes/login.php HTTP/1.1" 302 - "http://192.168.1.83:8088/eHR/ess/index.php?action=logout" "Mozilla/5.0 (Windows NT 6.1; Win64; x64) AppleWebKit/537.36 (KHTML, like Gecko) Chrome/105.0.0.0 Safari/537.36"
192.168.11.200 - - [24/Jun/2024:14:23:56 +0800] "POST /eHR/ess/includes/login.php HTTP/1.1" 302 -
192.168.11.200 - - [24/Jun/2024:14:24:00 +0800] "GET /eHR/ess/redirect.php HTTP/1.1" 200 8929 "http://192.168.1.83:8088/eHR/ess/index.php?action=logout" "Mozilla/5.0 (Windows NT 6.1; Win64; x64) AppleWebKit/537.36 (KHTML, like Gecko) Chrome/105.0.0.0 Safari/537.36"
192.168.11.200 - - [24/Jun/2024:14:24:00 +0800] "GET /eHR/ess/redirect.php HTTP/1.1" 200 8929
192.168.11.200 - - [24/Jun/2024:14:24:01 +0800] "GET /eHR/ess/redirect.php?scriptname=ESNH000 HTTP/1.1" 200 10431 "http://192.168.1.83:8088/eHR/ess/redirect.php" "Mozilla/5.0 (Windows NT 6.1; Win64; x64) AppleWebKit/537.36 (KHTML, like Gecko) Chrome/105.0.0.0 Safari/537.36"
192.168.11.200 - - [24/Jun/2024:14:24:01 +0800] "GET /eHR/ess/redirect.php?scriptname=ESNH000 HTTP/1.1" 200 10431
192.168.11.134 - - [24/Jun/2024:14:24:03 +0800] "GET /eHR/ess/redirect.php?scriptname=emp_lov&openW=Y&rand=0.6232550974869577 HTTP/1.1" 200 8988 "http://192.168.1.83:8088/eHR/ess/redirect.php?scriptname=ESNE002&appdesc=%E6%89%B9%E9%87%8F%E8%AF%B7%E5%81%87%E7%94%B3%E8%AF%B7" "Mozilla/5.0 (Windows NT 10.0; Win64; x64) AppleWebKit/537.36 (KHTML, like Gecko) Chrome/105.0.0.0 Safari/537.36"
192.168.11.134 - - [24/Jun/2024:14:24:03 +0800] "GET /eHR/ess/redirect.php?scriptname=emp_lov&openW=Y&rand=0.6232550974869577 HTTP/1.1" 200 8988
192.168.11.134 - - [24/Jun/2024:14:24:04 +0800] "POST /eHR/ess/redirect.php?scriptname=emp_lov&openW=Y&rand=0.6232550974869577 HTTP/1.1" 200 32063 "http://192.168.1.83:8088/eHR/ess/redirect.php?scriptname=emp_lov&openW=Y&rand=0.6232550974869577" "Mozilla/5.0 (Windows NT 10.0; Win64; x64) AppleWebKit/537.36 (KHTML, like Gecko) Chrome/105.0.0.0 Safari/537.36"
192.168.11.134 - - [24/Jun/2024:14:24:04 +0800] "POST /eHR/ess/redirect.php?scriptname=emp_lov&openW=Y&rand=0.6232550974869577 HTTP/1.1" 200 32063
192.168.11.200 - - [24/Jun/2024:14:24:08 +0800] "GET /eHR/ess/redirect.php?scriptname=ESNE001&appdesc=%E6%89%B9%E9%87%8F%E5%8A%A0%E7%8F%AD%E7%94%B3%E8%AF%B7 HTTP/1.1" 200 15271 "http://192.168.1.83:8088/eHR/ess/redirect.php" "Mozilla/5.0 (Windows NT 6.1; Win64; x64) AppleWebKit/537.36 (KHTML, like Gecko) Chrome/105.0.0.0 Safari/537.36"
192.168.11.200 - - [24/Jun/2024:14:24:08 +0800] "GET /eHR/ess/redirect.php?scriptname=ESNE001&appdesc=%E6%89%B9%E9%87%8F%E5%8A%A0%E7%8F%AD%E7%94%B3%E8%AF%B7 HTTP/1.1" 200 15271
192.168.11.134 - - [24/Jun/2024:14:24:19 +0800] "POST /eHR/ess/redirect.php?scriptname=ESNE002&appdesc=%E6%89%B9%E9%87%8F%E8%AF%B7%E5%81%87%E7%94%B3%E8%AF%B7 HTTP/1.1" 200 4242 "http://192.168.1.83:8088/eHR/ess/redirect.php?scriptname=ESNE002&appdesc=%E6%89%B9%E9%87%8F%E8%AF%B7%E5%81%87%E7%94%B3%E8%AF%B7" "Mozilla/5.0 (Windows NT 10.0; Win64; x64) AppleWebKit/537.36 (KHTML, like Gecko) Chrome/105.0.0.0 Safari/537.36"
192.168.11.134 - - [24/Jun/2024:14:24:19 +0800] "POST /eHR/ess/redirect.php?scriptname=ESNE002&appdesc=%E6%89%B9%E9%87%8F%E8%AF%B7%E5%81%87%E7%94%B3%E8%AF%B7 HTTP/1.1" 200 4242
100.64.0.1 - - [24/Jun/2024:14:24:22 +0800] "GET /idcard/ HTTP/1.1" 200 649 "-" "Mozilla/5.0"
100.64.0.1 - - [24/Jun/2024:14:24:22 +0800] "GET /idcard/ HTTP/1.1" 200 649
100.64.0.1 - - [24/Jun/2024:14:24:22 +0800] "GET /eHRTEST/ HTTP/1.1" 200 649 "-" "Mozilla/5.0"
100.64.0.1 - - [24/Jun/2024:14:24:22 +0800] "GET /eHRTEST/ HTTP/1.1" 200 649
192.168.11.134 - - [24/Jun/2024:14:24:29 +0800] "GET /eHR/ess/redirect.php?scriptname=ESNE001&appdesc=%E6%89%B9%E9%87%8F%E5%8A%A0%E7%8F%AD%E7%94%B3%E8%AF%B7 HTTP/1.1" 200 15271 "http://192.168.1.83:8088/eHR/ess/redirect.php" "Mozilla/5.0 (Windows NT 10.0; Win64; x64) AppleWebKit/537.36 (KHTML, like Gecko) Chrome/105.0.0.0 Safari/537.36"
192.168.11.134 - - [24/Jun/2024:14:24:29 +0800] "GET /eHR/ess/redirect.php?scriptname=ESNE001&appdesc=%E6%89%B9%E9%87%8F%E5%8A%A0%E7%8F%AD%E7%94%B3%E8%AF%B7 HTTP/1.1" 200 15271
192.168.11.134 - - [24/Jun/2024:14:24:30 +0800] "GET /eHR/ess/redirect.php?scriptname=ESNE002&appdesc=%E6%89%B9%E9%87%8F%E8%AF%B7%E5%81%87%E7%94%B3%E8%AF%B7 HTTP/1.1" 200 22066 "http://192.168.1.83:8088/eHR/ess/redirect.php" "Mozilla/5.0 (Windows NT 10.0; Win64; x64) AppleWebKit/537.36 (KHTML, like Gecko) Chrome/105.0.0.0 Safari/537.36"
192.168.11.134 - - [24/Jun/2024:14:24:30 +0800] "GET /eHR/ess/redirect.php?scriptname=ESNE002&appdesc=%E6%89%B9%E9%87%8F%E8%AF%B7%E5%81%87%E7%94%B3%E8%AF%B7 HTTP/1.1" 200 22066
192.168.11.200 - - [24/Jun/2024:14:24:34 +0800] "GET /eHR/ess/redirect.php?scriptname=emp_lov&openW=Y&rand=0.6968990290796953 HTTP/1.1" 200 8816 "http://192.168.1.83:8088/eHR/ess/redirect.php?scriptname=ESNE001&appdesc=%E6%89%B9%E9%87%8F%E5%8A%A0%E7%8F%AD%E7%94%B3%E8%AF%B7" "Mozilla/5.0 (Windows NT 6.1; Win64; x64) AppleWebKit/537.36 (KHTML, like Gecko) Chrome/105.0.0.0 Safari/537.36"
192.168.11.200 - - [24/Jun/2024:14:24:34 +0800] "GET /eHR/ess/redirect.php?scriptname=emp_lov&openW=Y&rand=0.6968990290796953 HTTP/1.1" 200 8816
100.64.0.1 - - [24/Jun/2024:14:24:35 +0800] "GET /test.php HTTP/1.1" 200 45089 "-" "Mozilla/5.0"
100.64.0.1 - - [24/Jun/2024:14:24:35 +0800] "GET /test.php HTTP/1.1" 200 45089
192.168.11.200 - - [24/Jun/2024:14:24:43 +0800] "POST /eHR/ess/redirect.php?scriptname=emp_lov&openW=Y&rand=0.6968990290796953 HTTP/1.1" 200 17440 "http://192.168.1.83:8088/eHR/ess/redirect.php?scriptname=emp_lov&openW=Y&rand=0.6968990290796953" "Mozilla/5.0 (Windows NT 6.1; Win64; x64) AppleWebKit/537.36 (KHTML, like Gecko) Chrome/105.0.0.0 Safari/537.36"
192.168.11.200 - - [24/Jun/2024:14:24:43 +0800] "POST /eHR/ess/redirect.php?scriptname=emp_lov&openW=Y&rand=0.6968990290796953 HTTP/1.1" 200 17440
192.168.11.134 - - [24/Jun/2024:14:24:50 +0800] "GET /eHR/ess/redirect.php?scriptname=emp_lov&openW=Y&rand=0.8430241606597648 HTTP/1.1" 200 8988 "http://192.168.1.83:8088/eHR/ess/redirect.php?scriptname=ESNE002&appdesc=%E6%89%B9%E9%87%8F%E8%AF%B7%E5%81%87%E7%94%B3%E8%AF%B7" "Mozilla/5.0 (Windows NT 10.0; Win64; x64) AppleWebKit/537.36 (KHTML, like Gecko) Chrome/105.0.0.0 Safari/537.36"
192.168.11.134 - - [24/Jun/2024:14:24:50 +0800] "GET /eHR/ess/redirect.php?scriptname=emp_lov&openW=Y&rand=0.8430241606597648 HTTP/1.1" 200 8988
100.64.0.1 - - [24/Jun/2024:14:24:53 +0800] "GET /eHR/ HTTP/1.1" 200 649 "-" "Mozilla/5.0"
100.64.0.1 - - [24/Jun/2024:14:24:53 +0800] "GET /eHR/ HTTP/1.1" 200 649
100.64.0.1 - - [24/Jun/2024:14:24:54 +0800] "GET /eHRTEST/ HTTP/1.1" 200 649 "-" "Mozilla/5.0"
100.64.0.1 - - [24/Jun/2024:14:24:54 +0800] "GET /eHRTEST/ HTTP/1.1" 200 649
192.168.11.134 - - [24/Jun/2024:14:24:51 +0800] "POST /eHR/ess/redirect.php?scriptname=emp_lov&openW=Y&rand=0.8430241606597648 HTTP/1.1" 200 32063 "http://192.168.1.83:8088/eHR/ess/redirect.php?scriptname=emp_lov&openW=Y&rand=0.8430241606597648" "Mozilla/5.0 (Windows NT 10.0; Win64; x64) AppleWebKit/537.36 (KHTML, like Gecko) Chrome/105.0.0.0 Safari/537.36"
192.168.11.134 - - [24/Jun/2024:14:24:51 +0800] "POST /eHR/ess/redirect.php?scriptname=emp_lov&openW=Y&rand=0.8430241606597648 HTTP/1.1" 200 32063
100.64.0.1 - - [24/Jun/2024:14:24:55 +0800] "GET /test.php HTTP/1.1" 200 45089 "-" "Mozilla/5.0"
100.64.0.1 - - [24/Jun/2024:14:24:55 +0800] "GET /test.php HTTP/1.1" 200 45089
100.64.0.1 - - [24/Jun/2024:14:25:02 +0800] "GET /eHR1/ HTTP/1.1" 200 649 "-" "Mozilla/5.0"
100.64.0.1 - - [24/Jun/2024:14:25:02 +0800] "GET /eHR1/ HTTP/1.1" 200 649
192.168.11.134 - - [24/Jun/2024:14:25:04 +0800] "POST /eHR/ess/redirect.php?scriptname=ESNE002&appdesc=%E6%89%B9%E9%87%8F%E8%AF%B7%E5%81%87%E7%94%B3%E8%AF%B7 HTTP/1.1" 200 4201 "http://192.168.1.83:8088/eHR/ess/redirect.php?scriptname=ESNE002&appdesc=%E6%89%B9%E9%87%8F%E8%AF%B7%E5%81%87%E7%94%B3%E8%AF%B7" "Mozilla/5.0 (Windows NT 10.0; Win64; x64) AppleWebKit/537.36 (KHTML, like Gecko) Chrome/105.0.0.0 Safari/537.36"
192.168.11.134 - - [24/Jun/2024:14:25:04 +0800] "POST /eHR/ess/redirect.php?scriptname=ESNE002&appdesc=%E6%89%B9%E9%87%8F%E8%AF%B7%E5%81%87%E7%94%B3%E8%AF%B7 HTTP/1.1" 200 4201
100.64.0.1 - - [24/Jun/2024:14:25:11 +0800] "GET /Apache%20Software%20Foundation/ HTTP/1.1" 200 478 "-" "Mozilla/5.0"
100.64.0.1 - - [24/Jun/2024:14:25:11 +0800] "GET /Apache%20Software%20Foundation/ HTTP/1.1" 200 478
100.64.0.1 - - [24/Jun/2024:14:25:13 +0800] "GET /test.php HTTP/1.1" 200 45089 "-" "Mozilla/5.0"
100.64.0.1 - - [24/Jun/2024:14:25:13 +0800] "GET /test.php HTTP/1.1" 200 45089
100.64.0.1 - - [24/Jun/2024:14:25:16 +0800] "GET /Apache%20Software%20Foundation/ HTTP/1.1" 200 478 "-" "Mozilla/5.0"
100.64.0.1 - - [24/Jun/2024:14:25:16 +0800] "GET /Apache%20Software%20Foundation/ HTTP/1.1" 200 478
100.64.0.1 - - [24/Jun/2024:14:25:26 +0800] "GET /eHR/ HTTP/1.1" 200 649 "-" "Mozilla/5.0"
100.64.0.1 - - [24/Jun/2024:14:25:26 +0800] "GET /eHR/ HTTP/1.1" 200 649
192.168.11.134 - - [24/Jun/2024:14:25:26 +0800] "GET /eHR/ess/redirect.php?scriptname=ESNE001&appdesc=%E6%89%B9%E9%87%8F%E5%8A%A0%E7%8F%AD%E7%94%B3%E8%AF%B7 HTTP/1.1" 200 15271 "http://192.168.1.83:8088/eHR/ess/redirect.php" "Mozilla/5.0 (Windows NT 10.0; Win64; x64) AppleWebKit/537.36 (KHTML, like Gecko) Chrome/105.0.0.0 Safari/537.36"
192.168.11.134 - - [24/Jun/2024:14:25:26 +0800] "GET /eHR/ess/redirect.php?scriptname=ESNE001&appdesc=%E6%89%B9%E9%87%8F%E5%8A%A0%E7%8F%AD%E7%94%B3%E8%AF%B7 HTTP/1.1" 200 15271
192.168.11.134 - - [24/Jun/2024:14:25:28 +0800] "GET /eHR/ess/redirect.php?scriptname=ESNE002&appdesc=%E6%89%B9%E9%87%8F%E8%AF%B7%E5%81%87%E7%94%B3%E8%AF%B7 HTTP/1.1" 200 22066 "http://192.168.1.83:8088/eHR/ess/redirect.php" "Mozilla/5.0 (Windows NT 10.0; Win64; x64) AppleWebKit/537.36 (KHTML, like Gecko) Chrome/105.0.0.0 Safari/537.36"
192.168.11.134 - - [24/Jun/2024:14:25:28 +0800] "GET /eHR/ess/redirect.php?scriptname=ESNE002&appdesc=%E6%89%B9%E9%87%8F%E8%AF%B7%E5%81%87%E7%94%B3%E8%AF%B7 HTTP/1.1" 200 22066
192.168.11.200 - - [24/Jun/2024:14:25:32 +0800] "POST /eHR/ess/redirect.php?scriptname=ESNE001&appdesc=%E6%89%B9%E9%87%8F%E5%8A%A0%E7%8F%AD%E7%94%B3%E8%AF%B7 HTTP/1.1" 200 4683 "http://192.168.1.83:8088/eHR/ess/redirect.php?scriptname=ESNE001&appdesc=%E6%89%B9%E9%87%8F%E5%8A%A0%E7%8F%AD%E7%94%B3%E8%AF%B7" "Mozilla/5.0 (Windows NT 6.1; Win64; x64) AppleWebKit/537.36 (KHTML, like Gecko) Chrome/105.0.0.0 Safari/537.36"
192.168.11.200 - - [24/Jun/2024:14:25:32 +0800] "POST /eHR/ess/redirect.php?scriptname=ESNE001&appdesc=%E6%89%B9%E9%87%8F%E5%8A%A0%E7%8F%AD%E7%94%B3%E8%AF%B7 HTTP/1.1" 200 4683
192.168.11.200 - - [24/Jun/2024:14:25:35 +0800] "GET /eHR/ess/redirect.php?scriptname=ESNE002&appdesc=%E6%89%B9%E9%87%8F%E8%AF%B7%E5%81%87%E7%94%B3%E8%AF%B7 HTTP/1.1" 200 22066 "http://192.168.1.83:8088/eHR/ess/redirect.php" "Mozilla/5.0 (Windows NT 6.1; Win64; x64) AppleWebKit/537.36 (KHTML, like Gecko) Chrome/105.0.0.0 Safari/537.36"
192.168.11.200 - - [24/Jun/2024:14:25:35 +0800] "GET /eHR/ess/redirect.php?scriptname=ESNE002&appdesc=%E6%89%B9%E9%87%8F%E8%AF%B7%E5%81%87%E7%94%B3%E8%AF%B7 HTTP/1.1" 200 22066
100.64.0.1 - - [24/Jun/2024:14:25:40 +0800] "GET /eHR/ HTTP/1.1" 200 649 "-" "Mozilla/5.0"
100.64.0.1 - - [24/Jun/2024:14:25:40 +0800] "GET /eHR/ HTTP/1.1" 200 649
192.168.11.200 - - [24/Jun/2024:14:25:56 +0800] "GET /eHR/ess/redirect.php?scriptname=emp_lov&openW=Y&rand=0.5196948943077935 HTTP/1.1" 200 8816 "http://192.168.1.83:8088/eHR/ess/redirect.php?scriptname=ESNE002&appdesc=%E6%89%B9%E9%87%8F%E8%AF%B7%E5%81%87%E7%94%B3%E8%AF%B7" "Mozilla/5.0 (Windows NT 6.1; Win64; x64) AppleWebKit/537.36 (KHTML, like Gecko) Chrome/105.0.0.0 Safari/537.36"
192.168.11.200 - - [24/Jun/2024:14:25:56 +0800] "GET /eHR/ess/redirect.php?scriptname=emp_lov&openW=Y&rand=0.5196948943077935 HTTP/1.1" 200 8816
100.64.0.1 - - [24/Jun/2024:14:26:00 +0800] "GET /eHR1/ HTTP/1.1" 200 649 "-" "Mozilla/5.0"
100.64.0.1 - - [24/Jun/2024:14:26:00 +0800] "GET /eHR1/ HTTP/1.1" 200 649
192.168.11.200 - - [24/Jun/2024:14:26:02 +0800] "POST /eHR/ess/redirect.php?scriptname=emp_lov&openW=Y&rand=0.5196948943077935 HTTP/1.1" 200 10989 "http://192.168.1.83:8088/eHR/ess/redirect.php?scriptname=emp_lov&openW=Y&rand=0.5196948943077935" "Mozilla/5.0 (Windows NT 6.1; Win64; x64) AppleWebKit/537.36 (KHTML, like Gecko) Chrome/105.0.0.0 Safari/537.36"
192.168.11.200 - - [24/Jun/2024:14:26:02 +0800] "POST /eHR/ess/redirect.php?scriptname=emp_lov&openW=Y&rand=0.5196948943077935 HTTP/1.1" 200 10989
192.168.11.134 - - [24/Jun/2024:14:26:03 +0800] "GET /eHR/ess/redirect.php?scriptname=emp_lov&openW=Y&rand=0.22036451049855343 HTTP/1.1" 200 8988 "http://192.168.1.83:8088/eHR/ess/redirect.php?scriptname=ESNE002&appdesc=%E6%89%B9%E9%87%8F%E8%AF%B7%E5%81%87%E7%94%B3%E8%AF%B7" "Mozilla/5.0 (Windows NT 10.0; Win64; x64) AppleWebKit/537.36 (KHTML, like Gecko) Chrome/105.0.0.0 Safari/537.36"
192.168.11.134 - - [24/Jun/2024:14:26:03 +0800] "GET /eHR/ess/redirect.php?scriptname=emp_lov&openW=Y&rand=0.22036451049855343 HTTP/1.1" 200 8988
192.168.11.134 - - [24/Jun/2024:14:26:05 +0800] "POST /eHR/ess/redirect.php?scriptname=emp_lov&openW=Y&rand=0.22036451049855343 HTTP/1.1" 200 32063 "http://192.168.1.83:8088/eHR/ess/redirect.php?scriptname=emp_lov&openW=Y&rand=0.22036451049855343" "Mozilla/5.0 (Windows NT 10.0; Win64; x64) AppleWebKit/537.36 (KHTML, like Gecko) Chrome/105.0.0.0 Safari/537.36"
192.168.11.134 - - [24/Jun/2024:14:26:05 +0800] "POST /eHR/ess/redirect.php?scriptname=emp_lov&openW=Y&rand=0.22036451049855343 HTTP/1.1" 200 32063
100.64.0.1 - - [24/Jun/2024:14:26:09 +0800] "GET /test.php HTTP/1.1" 200 45089 "-" "Mozilla/5.0"
100.64.0.1 - - [24/Jun/2024:14:26:09 +0800] "GET /test.php HTTP/1.1" 200 45089
100.64.0.1 - - [24/Jun/2024:14:26:10 +0800] "GET /eHR/ HTTP/1.1" 200 649 "-" "Mozilla/5.0"
100.64.0.1 - - [24/Jun/2024:14:26:10 +0800] "GET /eHR/ HTTP/1.1" 200 649
192.168.11.200 - - [24/Jun/2024:14:26:11 +0800] "POST /eHR/ess/redirect.php?scriptname=ESNE002&appdesc=%E6%89%B9%E9%87%8F%E8%AF%B7%E5%81%87%E7%94%B3%E8%AF%B7 HTTP/1.1" 200 4198 "http://192.168.1.83:8088/eHR/ess/redirect.php?scriptname=ESNE002&appdesc=%E6%89%B9%E9%87%8F%E8%AF%B7%E5%81%87%E7%94%B3%E8%AF%B7" "Mozilla/5.0 (Windows NT 6.1; Win64; x64) AppleWebKit/537.36 (KHTML, like Gecko) Chrome/105.0.0.0 Safari/537.36"
192.168.11.200 - - [24/Jun/2024:14:26:11 +0800] "POST /eHR/ess/redirect.php?scriptname=ESNE002&appdesc=%E6%89%B9%E9%87%8F%E8%AF%B7%E5%81%87%E7%94%B3%E8%AF%B7 HTTP/1.1" 200 4198
100.64.0.1 - - [24/Jun/2024:14:26:16 +0800] "GET /idcard/ HTTP/1.1" 200 649 "-" "Mozilla/5.0"
100.64.0.1 - - [24/Jun/2024:14:26:16 +0800] "GET /idcard/ HTTP/1.1" 200 649
192.168.11.200 - - [24/Jun/2024:14:26:19 +0800] "GET /eHR/ess/redirect.php?scriptname=ESNE004&appdesc=%E6%89%B9%E9%87%8F%E8%AF%B7%E5%81%87%E6%9F%A5%E8%AF%A2 HTTP/1.1" 200 8545 "http://192.168.1.83:8088/eHR/ess/redirect.php" "Mozilla/5.0 (Windows NT 6.1; Win64; x64) AppleWebKit/537.36 (KHTML, like Gecko) Chrome/105.0.0.0 Safari/537.36"
192.168.11.200 - - [24/Jun/2024:14:26:19 +0800] "GET /eHR/ess/redirect.php?scriptname=ESNE004&appdesc=%E6%89%B9%E9%87%8F%E8%AF%B7%E5%81%87%E6%9F%A5%E8%AF%A2 HTTP/1.1" 200 8545
100.64.0.1 - - [24/Jun/2024:14:26:20 +0800] "GET /Apache%20Software%20Foundation/ HTTP/1.1" 200 478 "-" "Mozilla/5.0"
100.64.0.1 - - [24/Jun/2024:14:26:20 +0800] "GET /Apache%20Software%20Foundation/ HTTP/1.1" 200 478
192.168.11.200 - - [24/Jun/2024:14:26:19 +0800] "GET /eHR/ess/redirect.php?scriptname=ESNE004&appdesc=%E6%89%B9%E9%87%8F%E8%AF%B7%E5%81%87%E6%9F%A5%E8%AF%A2 HTTP/1.1" 200 8545 "http://192.168.1.83:8088/eHR/ess/redirect.php" "Mozilla/5.0 (Windows NT 6.1; Win64; x64) AppleWebKit/537.36 (KHTML, like Gecko) Chrome/105.0.0.0 Safari/537.36"
192.168.11.200 - - [24/Jun/2024:14:26:19 +0800] "GET /eHR/ess/redirect.php?scriptname=ESNE004&appdesc=%E6%89%B9%E9%87%8F%E8%AF%B7%E5%81%87%E6%9F%A5%E8%AF%A2 HTTP/1.1" 200 8545
100.64.0.1 - - [24/Jun/2024:14:26:22 +0800] "GET /idcard/ HTTP/1.1" 200 649 "-" "Mozilla/5.0"
100.64.0.1 - - [24/Jun/2024:14:26:22 +0800] "GET /idcard/ HTTP/1.1" 200 649
100.64.0.1 - - [24/Jun/2024:14:26:22 +0800] "GET /eHR/ HTTP/1.1" 200 649 "-" "Mozilla/5.0"
100.64.0.1 - - [24/Jun/2024:14:26:22 +0800] "GET /eHR/ HTTP/1.1" 200 649
192.168.11.200 - - [24/Jun/2024:14:26:28 +0800] "POST /eHR/ess/redirect.php?scriptname=ESNE004&appdesc=%E6%89%B9%E9%87%8F%E8%AF%B7%E5%81%87%E6%9F%A5%E8%AF%A2 HTTP/1.1" 200 15868 "http://192.168.1.83:8088/eHR/ess/redirect.php?scriptname=ESNE004&appdesc=%E6%89%B9%E9%87%8F%E8%AF%B7%E5%81%87%E6%9F%A5%E8%AF%A2" "Mozilla/5.0 (Windows NT 6.1; Win64; x64) AppleWebKit/537.36 (KHTML, like Gecko) Chrome/105.0.0.0 Safari/537.36"
192.168.11.200 - - [24/Jun/2024:14:26:28 +0800] "POST /eHR/ess/redirect.php?scriptname=ESNE004&appdesc=%E6%89%B9%E9%87%8F%E8%AF%B7%E5%81%87%E6%9F%A5%E8%AF%A2 HTTP/1.1" 200 15868
100.64.0.1 - - [24/Jun/2024:14:26:34 +0800] "GET /test.php HTTP/1.1" 200 45089 "-" "Mozilla/5.0"
100.64.0.1 - - [24/Jun/2024:14:26:34 +0800] "GET /test.php HTTP/1.1" 200 45089
100.64.0.1 - - [24/Jun/2024:14:26:43 +0800] "GET /test.php HTTP/1.1" 200 45089 "-" "Mozilla/5.0"
100.64.0.1 - - [24/Jun/2024:14:26:43 +0800] "GET /test.php HTTP/1.1" 200 45089
192.168.11.134 - - [24/Jun/2024:14:26:48 +0800] "POST /eHR/ess/redirect.php?scriptname=ESNE002&appdesc=%E6%89%B9%E9%87%8F%E8%AF%B7%E5%81%87%E7%94%B3%E8%AF%B7 HTTP/1.1" 200 4208 "http://192.168.1.83:8088/eHR/ess/redirect.php?scriptname=ESNE002&appdesc=%E6%89%B9%E9%87%8F%E8%AF%B7%E5%81%87%E7%94%B3%E8%AF%B7" "Mozilla/5.0 (Windows NT 10.0; Win64; x64) AppleWebKit/537.36 (KHTML, like Gecko) Chrome/105.0.0.0 Safari/537.36"
192.168.11.134 - - [24/Jun/2024:14:26:48 +0800] "POST /eHR/ess/redirect.php?scriptname=ESNE002&appdesc=%E6%89%B9%E9%87%8F%E8%AF%B7%E5%81%87%E7%94%B3%E8%AF%B7 HTTP/1.1" 200 4208
100.64.0.1 - - [24/Jun/2024:14:26:49 +0800] "GET /idcard/ HTTP/1.1" 200 649 "-" "Mozilla/5.0"
100.64.0.1 - - [24/Jun/2024:14:26:49 +0800] "GET /idcard/ HTTP/1.1" 200 649
100.64.0.1 - - [24/Jun/2024:14:26:49 +0800] "GET /eHR/ HTTP/1.1" 200 649 "-" "Mozilla/5.0"
100.64.0.1 - - [24/Jun/2024:14:26:49 +0800] "GET /eHR/ HTTP/1.1" 200 649
100.64.0.1 - - [24/Jun/2024:14:26:59 +0800] "GET /idcard/ HTTP/1.1" 200 649 "-" "Mozilla/5.0"
100.64.0.1 - - [24/Jun/2024:14:26:59 +0800] "GET /idcard/ HTTP/1.1" 200 649
100.64.0.1 - - [24/Jun/2024:14:27:01 +0800] "GET /idcard/ HTTP/1.1" 200 649 "-" "Mozilla/5.0"
100.64.0.1 - - [24/Jun/2024:14:27:01 +0800] "GET /idcard/ HTTP/1.1" 200 649
192.168.11.200 - - [24/Jun/2024:14:27:01 +0800] "GET /eHR/ess/redirect.php?scriptname=ESNE002&appdesc=%E6%89%B9%E9%87%8F%E8%AF%B7%E5%81%87%E7%94%B3%E8%AF%B7 HTTP/1.1" 200 22066 "http://192.168.1.83:8088/eHR/ess/redirect.php" "Mozilla/5.0 (Windows NT 6.1; Win64; x64) AppleWebKit/537.36 (KHTML, like Gecko) Chrome/105.0.0.0 Safari/537.36"
192.168.11.200 - - [24/Jun/2024:14:27:01 +0800] "GET /eHR/ess/redirect.php?scriptname=ESNE002&appdesc=%E6%89%B9%E9%87%8F%E8%AF%B7%E5%81%87%E7%94%B3%E8%AF%B7 HTTP/1.1" 200 22066
192.168.11.200 - - [24/Jun/2024:14:27:03 +0800] "GET /eHR/ess/redirect.php?scriptname=ESNE001&appdesc=%E6%89%B9%E9%87%8F%E5%8A%A0%E7%8F%AD%E7%94%B3%E8%AF%B7 HTTP/1.1" 200 15271 "http://192.168.1.83:8088/eHR/ess/redirect.php" "Mozilla/5.0 (Windows NT 6.1; Win64; x64) AppleWebKit/537.36 (KHTML, like Gecko) Chrome/105.0.0.0 Safari/537.36"
192.168.11.200 - - [24/Jun/2024:14:27:03 +0800] "GET /eHR/ess/redirect.php?scriptname=ESNE001&appdesc=%E6%89%B9%E9%87%8F%E5%8A%A0%E7%8F%AD%E7%94%B3%E8%AF%B7 HTTP/1.1" 200 15271
100.64.0.1 - - [24/Jun/2024:14:27:04 +0800] "GET /Apache%20Software%20Foundation/ HTTP/1.1" 200 478 "-" "Mozilla/5.0"
100.64.0.1 - - [24/Jun/2024:14:27:04 +0800] "GET /Apache%20Software%20Foundation/ HTTP/1.1" 200 478
100.64.0.1 - - [24/Jun/2024:14:27:07 +0800] "GET /Apache%20Software%20Foundation/ HTTP/1.1" 200 478 "-" "Mozilla/5.0"
100.64.0.1 - - [24/Jun/2024:14:27:07 +0800] "GET /Apache%20Software%20Foundation/ HTTP/1.1" 200 478
100.64.0.1 - - [24/Jun/2024:14:27:10 +0800] "GET /eHRTEST/ HTTP/1.1" 200 649 "-" "Mozilla/5.0"
100.64.0.1 - - [24/Jun/2024:14:27:10 +0800] "GET /eHRTEST/ HTTP/1.1" 200 649
100.64.0.1 - - [24/Jun/2024:14:27:17 +0800] "GET /Apache%20Software%20Foundation/ HTTP/1.1" 200 478 "-" "Mozilla/5.0"
100.64.0.1 - - [24/Jun/2024:14:27:17 +0800] "GET /Apache%20Software%20Foundation/ HTTP/1.1" 200 478
100.64.0.1 - - [24/Jun/2024:14:27:26 +0800] "GET /eHR1/ HTTP/1.1" 200 649 "-" "Mozilla/5.0"
100.64.0.1 - - [24/Jun/2024:14:27:26 +0800] "GET /eHR1/ HTTP/1.1" 200 649
100.64.0.1 - - [24/Jun/2024:14:27:28 +0800] "GET /idcard/ HTTP/1.1" 200 649 "-" "Mozilla/5.0"
100.64.0.1 - - [24/Jun/2024:14:27:28 +0800] "GET /idcard/ HTTP/1.1" 200 649
192.168.11.134 - - [24/Jun/2024:14:27:29 +0800] "GET /eHR/ess/redirect.php?scriptname=ESNE004&appdesc=%E6%89%B9%E9%87%8F%E8%AF%B7%E5%81%87%E6%9F%A5%E8%AF%A2 HTTP/1.1" 200 8189 "http://192.168.1.83:8088/eHR/ess/redirect.php" "Mozilla/5.0 (Windows NT 10.0; Win64; x64) AppleWebKit/537.36 (KHTML, like Gecko) Chrome/105.0.0.0 Safari/537.36"
192.168.11.134 - - [24/Jun/2024:14:27:29 +0800] "GET /eHR/ess/redirect.php?scriptname=ESNE004&appdesc=%E6%89%B9%E9%87%8F%E8%AF%B7%E5%81%87%E6%9F%A5%E8%AF%A2 HTTP/1.1" 200 8189
100.64.0.1 - - [24/Jun/2024:14:27:31 +0800] "GET /Apache%20Software%20Foundation/ HTTP/1.1" 200 478 "-" "Mozilla/5.0"
100.64.0.1 - - [24/Jun/2024:14:27:31 +0800] "GET /Apache%20Software%20Foundation/ HTTP/1.1" 200 478
100.64.0.1 - - [24/Jun/2024:14:27:38 +0800] "GET /idcard/ HTTP/1.1" 200 649 "-" "Mozilla/5.0"
100.64.0.1 - - [24/Jun/2024:14:27:38 +0800] "GET /idcard/ HTTP/1.1" 200 649
100.64.0.1 - - [24/Jun/2024:14:27:41 +0800] "GET /idcard/ HTTP/1.1" 200 649 "-" "Mozilla/5.0"
100.64.0.1 - - [24/Jun/2024:14:27:41 +0800] "GET /idcard/ HTTP/1.1" 200 649
100.64.0.1 - - [24/Jun/2024:14:27:46 +0800] "GET /eHR1/ HTTP/1.1" 200 649 "-" "Mozilla/5.0"
100.64.0.1 - - [24/Jun/2024:14:27:46 +0800] "GET /eHR1/ HTTP/1.1" 200 649
192.168.11.200 - - [24/Jun/2024:14:27:59 +0800] "GET /eHR/ess/redirect.php?scriptname=emp_lov&openW=Y&rand=0.8778574894191897 HTTP/1.1" 200 8816 "http://192.168.1.83:8088/eHR/ess/redirect.php?scriptname=ESNE001&appdesc=%E6%89%B9%E9%87%8F%E5%8A%A0%E7%8F%AD%E7%94%B3%E8%AF%B7" "Mozilla/5.0 (Windows NT 6.1; Win64; x64) AppleWebKit/537.36 (KHTML, like Gecko) Chrome/105.0.0.0 Safari/537.36"
192.168.11.200 - - [24/Jun/2024:14:27:59 +0800] "GET /eHR/ess/redirect.php?scriptname=emp_lov&openW=Y&rand=0.8778574894191897 HTTP/1.1" 200 8816
192.168.11.200 - - [24/Jun/2024:14:28:05 +0800] "POST /eHR/ess/redirect.php?scriptname=emp_lov&openW=Y&rand=0.8778574894191897 HTTP/1.1" 200 10989 "http://192.168.1.83:8088/eHR/ess/redirect.php?scriptname=emp_lov&openW=Y&rand=0.8778574894191897" "Mozilla/5.0 (Windows NT 6.1; Win64; x64) AppleWebKit/537.36 (KHTML, like Gecko) Chrome/105.0.0.0 Safari/537.36"
192.168.11.200 - - [24/Jun/2024:14:28:05 +0800] "POST /eHR/ess/redirect.php?scriptname=emp_lov&openW=Y&rand=0.8778574894191897 HTTP/1.1" 200 10989
100.64.0.1 - - [24/Jun/2024:14:28:09 +0800] "GET /test.php HTTP/1.1" 200 45089 "-" "Mozilla/5.0"
100.64.0.1 - - [24/Jun/2024:14:28:09 +0800] "GET /test.php HTTP/1.1" 200 45089
100.64.0.1 - - [24/Jun/2024:14:28:12 +0800] "GET /Apache%20Software%20Foundation/ HTTP/1.1" 200 478 "-" "Mozilla/5.0"
100.64.0.1 - - [24/Jun/2024:14:28:12 +0800] "GET /Apache%20Software%20Foundation/ HTTP/1.1" 200 478
100.64.0.1 - - [24/Jun/2024:14:28:13 +0800] "GET /eHRTEST/ HTTP/1.1" 200 649 "-" "Mozilla/5.0"
100.64.0.1 - - [24/Jun/2024:14:28:13 +0800] "GET /eHRTEST/ HTTP/1.1" 200 649
100.64.0.1 - - [24/Jun/2024:14:28:14 +0800] "GET /idcard/ HTTP/1.1" 200 649 "-" "Mozilla/5.0"
100.64.0.1 - - [24/Jun/2024:14:28:14 +0800] "GET /idcard/ HTTP/1.1" 200 649
192.168.11.200 - - [24/Jun/2024:14:28:17 +0800] "POST /eHR/ess/redirect.php?scriptname=ESNE001&appdesc=%E6%89%B9%E9%87%8F%E5%8A%A0%E7%8F%AD%E7%94%B3%E8%AF%B7 HTTP/1.1" 200 4066 "http://192.168.1.83:8088/eHR/ess/redirect.php?scriptname=ESNE001&appdesc=%E6%89%B9%E9%87%8F%E5%8A%A0%E7%8F%AD%E7%94%B3%E8%AF%B7" "Mozilla/5.0 (Windows NT 6.1; Win64; x64) AppleWebKit/537.36 (KHTML, like Gecko) Chrome/105.0.0.0 Safari/537.36"
192.168.11.200 - - [24/Jun/2024:14:28:17 +0800] "POST /eHR/ess/redirect.php?scriptname=ESNE001&appdesc=%E6%89%B9%E9%87%8F%E5%8A%A0%E7%8F%AD%E7%94%B3%E8%AF%B7 HTTP/1.1" 200 4066
100.64.0.1 - - [24/Jun/2024:14:28:18 +0800] "GET /test.php HTTP/1.1" 200 45089 "-" "Mozilla/5.0"
100.64.0.1 - - [24/Jun/2024:14:28:18 +0800] "GET /test.php HTTP/1.1" 200 45089
100.64.0.1 - - [24/Jun/2024:14:28:18 +0800] "GET /idcard/ HTTP/1.1" 200 649 "-" "Mozilla/5.0"
100.64.0.1 - - [24/Jun/2024:14:28:18 +0800] "GET /idcard/ HTTP/1.1" 200 649
192.168.11.200 - - [24/Jun/2024:14:28:23 +0800] "GET /eHR/ess/redirect.php?scriptname=ESNE001&appdesc=%E6%89%B9%E9%87%8F%E5%8A%A0%E7%8F%AD%E7%94%B3%E8%AF%B7 HTTP/1.1" 200 15271 "http://192.168.1.83:8088/eHR/ess/redirect.php" "Mozilla/5.0 (Windows NT 6.1; Win64; x64) AppleWebKit/537.36 (KHTML, like Gecko) Chrome/105.0.0.0 Safari/537.36"
192.168.11.200 - - [24/Jun/2024:14:28:23 +0800] "GET /eHR/ess/redirect.php?scriptname=ESNE001&appdesc=%E6%89%B9%E9%87%8F%E5%8A%A0%E7%8F%AD%E7%94%B3%E8%AF%B7 HTTP/1.1" 200 15271
192.168.11.200 - - [24/Jun/2024:14:28:44 +0800] "GET /eHR/ess/redirect.php?scriptname=emp_lov&openW=Y&rand=0.48257418195003243 HTTP/1.1" 200 8816 "http://192.168.1.83:8088/eHR/ess/redirect.php?scriptname=ESNE001&appdesc=%E6%89%B9%E9%87%8F%E5%8A%A0%E7%8F%AD%E7%94%B3%E8%AF%B7" "Mozilla/5.0 (Windows NT 6.1; Win64; x64) AppleWebKit/537.36 (KHTML, like Gecko) Chrome/105.0.0.0 Safari/537.36"
192.168.11.200 - - [24/Jun/2024:14:28:44 +0800] "GET /eHR/ess/redirect.php?scriptname=emp_lov&openW=Y&rand=0.48257418195003243 HTTP/1.1" 200 8816
100.64.0.1 - - [24/Jun/2024:14:28:49 +0800] "GET /eHRTEST/ HTTP/1.1" 200 649 "-" "Mozilla/5.0"
100.64.0.1 - - [24/Jun/2024:14:28:49 +0800] "GET /eHRTEST/ HTTP/1.1" 200 649
100.64.0.1 - - [24/Jun/2024:14:28:52 +0800] "GET /Apache%20Software%20Foundation/ HTTP/1.1" 200 478 "-" "Mozilla/5.0"
100.64.0.1 - - [24/Jun/2024:14:28:52 +0800] "GET /Apache%20Software%20Foundation/ HTTP/1.1" 200 478
192.168.11.200 - - [24/Jun/2024:14:28:53 +0800] "POST /eHR/ess/redirect.php?scriptname=emp_lov&openW=Y&rand=0.48257418195003243 HTTP/1.1" 200 10995 "http://192.168.1.83:8088/eHR/ess/redirect.php?scriptname=emp_lov&openW=Y&rand=0.48257418195003243" "Mozilla/5.0 (Windows NT 6.1; Win64; x64) AppleWebKit/537.36 (KHTML, like Gecko) Chrome/105.0.0.0 Safari/537.36"
192.168.11.200 - - [24/Jun/2024:14:28:53 +0800] "POST /eHR/ess/redirect.php?scriptname=emp_lov&openW=Y&rand=0.48257418195003243 HTTP/1.1" 200 10995
100.64.0.1 - - [24/Jun/2024:14:28:54 +0800] "GET /eHR1/ HTTP/1.1" 200 649 "-" "Mozilla/5.0"
100.64.0.1 - - [24/Jun/2024:14:28:54 +0800] "GET /eHR1/ HTTP/1.1" 200 649
192.168.11.200 - - [24/Jun/2024:14:28:59 +0800] "POST /eHR/ess/redirect.php?scriptname=ESNE001&appdesc=%E6%89%B9%E9%87%8F%E5%8A%A0%E7%8F%AD%E7%94%B3%E8%AF%B7 HTTP/1.1" 200 4066 "http://192.168.1.83:8088/eHR/ess/redirect.php?scriptname=ESNE001&appdesc=%E6%89%B9%E9%87%8F%E5%8A%A0%E7%8F%AD%E7%94%B3%E8%AF%B7" "Mozilla/5.0 (Windows NT 6.1; Win64; x64) AppleWebKit/537.36 (KHTML, like Gecko) Chrome/105.0.0.0 Safari/537.36"
192.168.11.200 - - [24/Jun/2024:14:28:59 +0800] "POST /eHR/ess/redirect.php?scriptname=ESNE001&appdesc=%E6%89%B9%E9%87%8F%E5%8A%A0%E7%8F%AD%E7%94%B3%E8%AF%B7 HTTP/1.1" 200 4066
100.64.0.1 - - [24/Jun/2024:14:29:01 +0800] "GET /eHRTEST/ HTTP/1.1" 200 649 "-" "Mozilla/5.0"
100.64.0.1 - - [24/Jun/2024:14:29:01 +0800] "GET /eHRTEST/ HTTP/1.1" 200 649
100.64.0.1 - - [24/Jun/2024:14:29:06 +0800] "GET /eHRTEST/ HTTP/1.1" 200 649 "-" "Mozilla/5.0"
100.64.0.1 - - [24/Jun/2024:14:29:06 +0800] "GET /eHRTEST/ HTTP/1.1" 200 649
100.64.0.1 - - [24/Jun/2024:14:29:08 +0800] "GET /idcard/ HTTP/1.1" 200 649 "-" "Mozilla/5.0"
100.64.0.1 - - [24/Jun/2024:14:29:08 +0800] "GET /idcard/ HTTP/1.1" 200 649
192.168.11.200 - - [24/Jun/2024:14:29:08 +0800] "GET /eHR/ess/redirect.php?scriptname=ESNE001&appdesc=%E6%89%B9%E9%87%8F%E5%8A%A0%E7%8F%AD%E7%94%B3%E8%AF%B7 HTTP/1.1" 200 15271 "http://192.168.1.83:8088/eHR/ess/redirect.php" "Mozilla/5.0 (Windows NT 6.1; Win64; x64) AppleWebKit/537.36 (KHTML, like Gecko) Chrome/105.0.0.0 Safari/537.36"
192.168.11.200 - - [24/Jun/2024:14:29:08 +0800] "GET /eHR/ess/redirect.php?scriptname=ESNE001&appdesc=%E6%89%B9%E9%87%8F%E5%8A%A0%E7%8F%AD%E7%94%B3%E8%AF%B7 HTTP/1.1" 200 15271
100.64.0.1 - - [24/Jun/2024:14:29:14 +0800] "GET /eHR1/ HTTP/1.1" 200 649 "-" "Mozilla/5.0"
100.64.0.1 - - [24/Jun/2024:14:29:14 +0800] "GET /eHR1/ HTTP/1.1" 200 649
100.64.0.1 - - [24/Jun/2024:14:29:21 +0800] "GET /idcard/ HTTP/1.1" 200 649 "-" "Mozilla/5.0"
100.64.0.1 - - [24/Jun/2024:14:29:21 +0800] "GET /idcard/ HTTP/1.1" 200 649
192.168.11.200 - - [24/Jun/2024:14:29:21 +0800] "GET /eHR/ess/redirect.php?scriptname=emp_lov&openW=Y&rand=0.24991828970104524 HTTP/1.1" 200 8816 "http://192.168.1.83:8088/eHR/ess/redirect.php?scriptname=ESNE001&appdesc=%E6%89%B9%E9%87%8F%E5%8A%A0%E7%8F%AD%E7%94%B3%E8%AF%B7" "Mozilla/5.0 (Windows NT 6.1; Win64; x64) AppleWebKit/537.36 (KHTML, like Gecko) Chrome/105.0.0.0 Safari/537.36"
192.168.11.200 - - [24/Jun/2024:14:29:21 +0800] "GET /eHR/ess/redirect.php?scriptname=emp_lov&openW=Y&rand=0.24991828970104524 HTTP/1.1" 200 8816
100.64.0.1 - - [24/Jun/2024:14:29:23 +0800] "GET /Apache%20Software%20Foundation/ HTTP/1.1" 200 478 "-" "Mozilla/5.0"
100.64.0.1 - - [24/Jun/2024:14:29:23 +0800] "GET /Apache%20Software%20Foundation/ HTTP/1.1" 200 478
100.64.0.1 - - [24/Jun/2024:14:29:27 +0800] "GET /eHRTEST/ HTTP/1.1" 200 649 "-" "Mozilla/5.0"
100.64.0.1 - - [24/Jun/2024:14:29:27 +0800] "GET /eHRTEST/ HTTP/1.1" 200 649
192.168.11.200 - - [24/Jun/2024:14:29:29 +0800] "POST /eHR/ess/redirect.php?scriptname=emp_lov&openW=Y&rand=0.24991828970104524 HTTP/1.1" 200 10989 "http://192.168.1.83:8088/eHR/ess/redirect.php?scriptname=emp_lov&openW=Y&rand=0.24991828970104524" "Mozilla/5.0 (Windows NT 6.1; Win64; x64) AppleWebKit/537.36 (KHTML, like Gecko) Chrome/105.0.0.0 Safari/537.36"
192.168.11.200 - - [24/Jun/2024:14:29:29 +0800] "POST /eHR/ess/redirect.php?scriptname=emp_lov&openW=Y&rand=0.24991828970104524 HTTP/1.1" 200 10989
192.168.11.134 - - [24/Jun/2024:14:29:35 +0800] "GET /eHR/ess/redirect.php?scriptname=ESNE002&appdesc=%E6%89%B9%E9%87%8F%E8%AF%B7%E5%81%87%E7%94%B3%E8%AF%B7 HTTP/1.1" 200 22066 "http://192.168.1.83:8088/eHR/ess/redirect.php" "Mozilla/5.0 (Windows NT 10.0; Win64; x64) AppleWebKit/537.36 (KHTML, like Gecko) Chrome/105.0.0.0 Safari/537.36"
192.168.11.134 - - [24/Jun/2024:14:29:35 +0800] "GET /eHR/ess/redirect.php?scriptname=ESNE002&appdesc=%E6%89%B9%E9%87%8F%E8%AF%B7%E5%81%87%E7%94%B3%E8%AF%B7 HTTP/1.1" 200 22066
192.168.11.200 - - [24/Jun/2024:14:29:38 +0800] "POST /eHR/ess/redirect.php?scriptname=ESNE001&appdesc=%E6%89%B9%E9%87%8F%E5%8A%A0%E7%8F%AD%E7%94%B3%E8%AF%B7 HTTP/1.1" 200 4068 "http://192.168.1.83:8088/eHR/ess/redirect.php?scriptname=ESNE001&appdesc=%E6%89%B9%E9%87%8F%E5%8A%A0%E7%8F%AD%E7%94%B3%E8%AF%B7" "Mozilla/5.0 (Windows NT 6.1; Win64; x64) AppleWebKit/537.36 (KHTML, like Gecko) Chrome/105.0.0.0 Safari/537.36"
192.168.11.200 - - [24/Jun/2024:14:29:38 +0800] "POST /eHR/ess/redirect.php?scriptname=ESNE001&appdesc=%E6%89%B9%E9%87%8F%E5%8A%A0%E7%8F%AD%E7%94%B3%E8%AF%B7 HTTP/1.1" 200 4068
192.168.11.200 - - [24/Jun/2024:14:29:44 +0800] "GET /eHR/ess/redirect.php?scriptname=ESNE001&appdesc=%E6%89%B9%E9%87%8F%E5%8A%A0%E7%8F%AD%E7%94%B3%E8%AF%B7 HTTP/1.1" 200 15271 "http://192.168.1.83:8088/eHR/ess/redirect.php" "Mozilla/5.0 (Windows NT 6.1; Win64; x64) AppleWebKit/537.36 (KHTML, like Gecko) Chrome/105.0.0.0 Safari/537.36"
192.168.11.200 - - [24/Jun/2024:14:29:44 +0800] "GET /eHR/ess/redirect.php?scriptname=ESNE001&appdesc=%E6%89%B9%E9%87%8F%E5%8A%A0%E7%8F%AD%E7%94%B3%E8%AF%B7 HTTP/1.1" 200 15271
100.64.0.1 - - [24/Jun/2024:14:29:46 +0800] "GET /eHRTEST/ HTTP/1.1" 200 649 "-" "Mozilla/5.0"
100.64.0.1 - - [24/Jun/2024:14:29:46 +0800] "GET /eHRTEST/ HTTP/1.1" 200 649
100.64.0.1 - - [24/Jun/2024:14:29:54 +0800] "GET /Apache%20Software%20Foundation/ HTTP/1.1" 200 478 "-" "Mozilla/5.0"
100.64.0.1 - - [24/Jun/2024:14:29:54 +0800] "GET /Apache%20Software%20Foundation/ HTTP/1.1" 200 478
192.168.11.200 - - [24/Jun/2024:14:29:57 +0800] "GET /eHR/ess/redirect.php?scriptname=emp_lov&openW=Y&rand=0.34064156382419974 HTTP/1.1" 200 8816 "http://192.168.1.83:8088/eHR/ess/redirect.php?scriptname=ESNE001&appdesc=%E6%89%B9%E9%87%8F%E5%8A%A0%E7%8F%AD%E7%94%B3%E8%AF%B7" "Mozilla/5.0 (Windows NT 6.1; Win64; x64) AppleWebKit/537.36 (KHTML, like Gecko) Chrome/105.0.0.0 Safari/537.36"
192.168.11.200 - - [24/Jun/2024:14:29:57 +0800] "GET /eHR/ess/redirect.php?scriptname=emp_lov&openW=Y&rand=0.34064156382419974 HTTP/1.1" 200 8816
100.64.0.1 - - [24/Jun/2024:14:30:00 +0800] "GET /eHR/ HTTP/1.1" 200 649 "-" "Mozilla/5.0"
100.64.0.1 - - [24/Jun/2024:14:30:00 +0800] "GET /eHR/ HTTP/1.1" 200 649
100.64.0.1 - - [24/Jun/2024:14:30:01 +0800] "GET /idcard/ HTTP/1.1" 200 649 "-" "Mozilla/5.0"
100.64.0.1 - - [24/Jun/2024:14:30:01 +0800] "GET /idcard/ HTTP/1.1" 200 649
100.64.0.1 - - [24/Jun/2024:14:30:02 +0800] "GET /test.php HTTP/1.1" 200 45089 "-" "Mozilla/5.0"
100.64.0.1 - - [24/Jun/2024:14:30:02 +0800] "GET /test.php HTTP/1.1" 200 45089
100.64.0.1 - - [24/Jun/2024:14:30:02 +0800] "GET /Apache%20Software%20Foundation/ HTTP/1.1" 200 478 "-" "Mozilla/5.0"
100.64.0.1 - - [24/Jun/2024:14:30:02 +0800] "GET /Apache%20Software%20Foundation/ HTTP/1.1" 200 478
100.64.0.1 - - [24/Jun/2024:14:30:04 +0800] "GET /test.php HTTP/1.1" 200 45089 "-" "Mozilla/5.0"
100.64.0.1 - - [24/Jun/2024:14:30:04 +0800] "GET /test.php HTTP/1.1" 200 45089
192.168.11.200 - - [24/Jun/2024:14:30:04 +0800] "POST /eHR/ess/redirect.php?scriptname=emp_lov&openW=Y&rand=0.34064156382419974 HTTP/1.1" 200 10992
192.168.11.200 - - [24/Jun/2024:14:30:04 +0800] "POST /eHR/ess/redirect.php?scriptname=emp_lov&openW=Y&rand=0.34064156382419974 HTTP/1.1" 200 10992 "http://192.168.1.83:8088/eHR/ess/redirect.php?scriptname=emp_lov&openW=Y&rand=0.34064156382419974" "Mozilla/5.0 (Windows NT 6.1; Win64; x64) AppleWebKit/537.36 (KHTML, like Gecko) Chrome/105.0.0.0 Safari/537.36"
100.64.0.1 - - [24/Jun/2024:14:30:06 +0800] "GET /Apache%20Software%20Foundation/ HTTP/1.1" 200 478 "-" "Mozilla/5.0"
100.64.0.1 - - [24/Jun/2024:14:30:06 +0800] "GET /Apache%20Software%20Foundation/ HTTP/1.1" 200 478
100.64.0.1 - - [24/Jun/2024:14:30:08 +0800] "GET /idcard/ HTTP/1.1" 200 649 "-" "Mozilla/5.0"
100.64.0.1 - - [24/Jun/2024:14:30:08 +0800] "GET /idcard/ HTTP/1.1" 200 649
192.168.11.134 - - [24/Jun/2024:14:30:08 +0800] "GET /eHR/ess/redirect.php?scriptname=emp_lov&openW=Y&rand=0.037841670120346116 HTTP/1.1" 200 8988 "http://192.168.1.83:8088/eHR/ess/redirect.php?scriptname=ESNE002&appdesc=%E6%89%B9%E9%87%8F%E8%AF%B7%E5%81%87%E7%94%B3%E8%AF%B7" "Mozilla/5.0 (Windows NT 10.0; Win64; x64) AppleWebKit/537.36 (KHTML, like Gecko) Chrome/105.0.0.0 Safari/537.36"
192.168.11.134 - - [24/Jun/2024:14:30:08 +0800] "GET /eHR/ess/redirect.php?scriptname=emp_lov&openW=Y&rand=0.037841670120346116 HTTP/1.1" 200 8988
100.64.0.1 - - [24/Jun/2024:14:30:12 +0800] "GET /eHR/ HTTP/1.1" 200 649 "-" "Mozilla/5.0"
100.64.0.1 - - [24/Jun/2024:14:30:12 +0800] "GET /eHR/ HTTP/1.1" 200 649
192.168.11.200 - - [24/Jun/2024:14:30:16 +0800] "POST /eHR/ess/redirect.php?scriptname=ESNE001&appdesc=%E6%89%B9%E9%87%8F%E5%8A%A0%E7%8F%AD%E7%94%B3%E8%AF%B7 HTTP/1.1" 200 4066 "http://192.168.1.83:8088/eHR/ess/redirect.php?scriptname=ESNE001&appdesc=%E6%89%B9%E9%87%8F%E5%8A%A0%E7%8F%AD%E7%94%B3%E8%AF%B7" "Mozilla/5.0 (Windows NT 6.1; Win64; x64) AppleWebKit/537.36 (KHTML, like Gecko) Chrome/105.0.0.0 Safari/537.36"
192.168.11.200 - - [24/Jun/2024:14:30:16 +0800] "POST /eHR/ess/redirect.php?scriptname=ESNE001&appdesc=%E6%89%B9%E9%87%8F%E5%8A%A0%E7%8F%AD%E7%94%B3%E8%AF%B7 HTTP/1.1" 200 4066
192.168.11.134 - - [24/Jun/2024:14:30:12 +0800] "POST /eHR/ess/redirect.php?scriptname=emp_lov&openW=Y&rand=0.037841670120346116 HTTP/1.1" 200 32063 "http://192.168.1.83:8088/eHR/ess/redirect.php?scriptname=emp_lov&openW=Y&rand=0.037841670120346116" "Mozilla/5.0 (Windows NT 10.0; Win64; x64) AppleWebKit/537.36 (KHTML, like Gecko) Chrome/105.0.0.0 Safari/537.36"
192.168.11.134 - - [24/Jun/2024:14:30:12 +0800] "POST /eHR/ess/redirect.php?scriptname=emp_lov&openW=Y&rand=0.037841670120346116 HTTP/1.1" 200 32063
192.168.11.200 - - [24/Jun/2024:14:30:20 +0800] "GET /eHR/ess/redirect.php?scriptname=ESNE001&appdesc=%E6%89%B9%E9%87%8F%E5%8A%A0%E7%8F%AD%E7%94%B3%E8%AF%B7 HTTP/1.1" 200 15271 "http://192.168.1.83:8088/eHR/ess/redirect.php" "Mozilla/5.0 (Windows NT 6.1; Win64; x64) AppleWebKit/537.36 (KHTML, like Gecko) Chrome/105.0.0.0 Safari/537.36"
192.168.11.200 - - [24/Jun/2024:14:30:20 +0800] "GET /eHR/ess/redirect.php?scriptname=ESNE001&appdesc=%E6%89%B9%E9%87%8F%E5%8A%A0%E7%8F%AD%E7%94%B3%E8%AF%B7 HTTP/1.1" 200 15271
100.64.0.1 - - [24/Jun/2024:14:30:28 +0800] "GET /test.php HTTP/1.1" 200 45089 "-" "Mozilla/5.0"
100.64.0.1 - - [24/Jun/2024:14:30:28 +0800] "GET /test.php HTTP/1.1" 200 45089
192.168.11.134 - - [24/Jun/2024:14:30:30 +0800] "POST /eHR/ess/redirect.php?scriptname=ESNE002&appdesc=%E6%89%B9%E9%87%8F%E8%AF%B7%E5%81%87%E7%94%B3%E8%AF%B7 HTTP/1.1" 200 4208 "http://192.168.1.83:8088/eHR/ess/redirect.php?scriptname=ESNE002&appdesc=%E6%89%B9%E9%87%8F%E8%AF%B7%E5%81%87%E7%94%B3%E8%AF%B7" "Mozilla/5.0 (Windows NT 10.0; Win64; x64) AppleWebKit/537.36 (KHTML, like Gecko) Chrome/105.0.0.0 Safari/537.36"
192.168.11.134 - - [24/Jun/2024:14:30:30 +0800] "POST /eHR/ess/redirect.php?scriptname=ESNE002&appdesc=%E6%89%B9%E9%87%8F%E8%AF%B7%E5%81%87%E7%94%B3%E8%AF%B7 HTTP/1.1" 200 4208
100.64.0.1 - - [24/Jun/2024:14:30:34 +0800] "GET /eHR1/ HTTP/1.1" 200 649 "-" "Mozilla/5.0"
100.64.0.1 - - [24/Jun/2024:14:30:34 +0800] "GET /eHR1/ HTTP/1.1" 200 649
192.168.11.200 - - [24/Jun/2024:14:30:36 +0800] "GET /eHR/ess/redirect.php?scriptname=emp_lov&openW=Y&rand=0.2449432206086335 HTTP/1.1" 200 8816 "http://192.168.1.83:8088/eHR/ess/redirect.php?scriptname=ESNE001&appdesc=%E6%89%B9%E9%87%8F%E5%8A%A0%E7%8F%AD%E7%94%B3%E8%AF%B7" "Mozilla/5.0 (Windows NT 6.1; Win64; x64) AppleWebKit/537.36 (KHTML, like Gecko) Chrome/105.0.0.0 Safari/537.36"
