192.168.12.81 - - [17/Jun/2024:16:04:49 +0800] "GET /eHR/ess/redirect.php?scriptname=ESNE023&appdesc=%E5%8A%A0%E7%8F%AD%E6%B1%87%E5%85%A5%E7%BB%93%E6%9E%9C%E6%9F%A5%E8%AF%A2 HTTP/1.1" 200 44910
100.64.0.1 - - [17/Jun/2024:16:04:51 +0800] "GET /test.php HTTP/1.1" 200 45089 "-" "Mozilla/5.0"
100.64.0.1 - - [17/Jun/2024:16:04:51 +0800] "GET /test.php HTTP/1.1" 200 45089
192.168.40.59 - - [17/Jun/2024:16:04:48 +0800] "GET /eHR/mgr/redirect.php?scriptname=MDNH105&appdesc=%E5%8A%A0%E7%8F%AD%E5%BE%85%E7%AD%BE HTTP/1.1" 200 318053
192.168.40.59 - - [17/Jun/2024:16:04:48 +0800] "GET /eHR/mgr/redirect.php?scriptname=MDNH105&appdesc=%E5%8A%A0%E7%8F%AD%E5%BE%85%E7%AD%BE HTTP/1.1" 200 318053 "http://192.168.1.83:8088/eHR/ess/redirect.php?scriptname=ESNH000&appdesc=%E9%A6%96%E9%A1%B5" "Mozilla/5.0 (Windows NT 10.0; Win64; x64) AppleWebKit/537.36 (KHTML, like Gecko) Chrome/126.0.0.0 Safari/537.36 Edg/126.0.0.0"
192.168.12.81 - - [17/Jun/2024:16:04:52 +0800] "GET /eHR/ess/redirect.php?scriptname=ESNE004&appdesc=%E6%89%B9%E9%87%8F%E8%AF%B7%E5%81%87%E6%9F%A5%E8%AF%A2 HTTP/1.1" 200 38801 "http://192.168.1.83:8088/eHR/ess/redirect.php" "Mozilla/5.0 (Windows NT 6.2; Win64; x64) AppleWebKit/537.36 (KHTML, like Gecko) Chrome/105.0.0.0 Safari/537.36"
192.168.12.81 - - [17/Jun/2024:16:04:52 +0800] "GET /eHR/ess/redirect.php?scriptname=ESNE004&appdesc=%E6%89%B9%E9%87%8F%E8%AF%B7%E5%81%87%E6%9F%A5%E8%AF%A2 HTTP/1.1" 200 38801
192.168.12.81 - - [17/Jun/2024:16:04:54 +0800] "GET /eHR/ess/redirect.php?scriptname=ESNE003&appdesc=%E6%89%B9%E9%87%8F%E5%8A%A0%E7%8F%AD%E6%9F%A5%E8%AF%A2 HTTP/1.1" 200 37933 "http://192.168.1.83:8088/eHR/ess/redirect.php" "Mozilla/5.0 (Windows NT 6.2; Win64; x64) AppleWebKit/537.36 (KHTML, like Gecko) Chrome/105.0.0.0 Safari/537.36"
192.168.12.81 - - [17/Jun/2024:16:04:54 +0800] "GET /eHR/ess/redirect.php?scriptname=ESNE003&appdesc=%E6%89%B9%E9%87%8F%E5%8A%A0%E7%8F%AD%E6%9F%A5%E8%AF%A2 HTTP/1.1" 200 37933
100.64.0.1 - - [17/Jun/2024:16:04:57 +0800] "GET /idcard/ HTTP/1.1" 200 649 "-" "Mozilla/5.0"
100.64.0.1 - - [17/Jun/2024:16:04:57 +0800] "GET /idcard/ HTTP/1.1" 200 649
100.64.0.1 - - [17/Jun/2024:16:05:03 +0800] "GET /Apache%20Software%20Foundation/ HTTP/1.1" 200 478 "-" "Mozilla/5.0"
100.64.0.1 - - [17/Jun/2024:16:05:03 +0800] "GET /Apache%20Software%20Foundation/ HTTP/1.1" 200 478
192.168.12.81 - - [17/Jun/2024:16:04:57 +0800] "POST /eHR/ess/redirect.php?scriptname=ESNE003&appdesc=%E6%89%B9%E9%87%8F%E5%8A%A0%E7%8F%AD%E6%9F%A5%E8%AF%A2 HTTP/1.1" 200 197080 "http://192.168.1.83:8088/eHR/ess/redirect.php?scriptname=ESNE003&appdesc=%E6%89%B9%E9%87%8F%E5%8A%A0%E7%8F%AD%E6%9F%A5%E8%AF%A2" "Mozilla/5.0 (Windows NT 6.2; Win64; x64) AppleWebKit/537.36 (KHTML, like Gecko) Chrome/105.0.0.0 Safari/537.36"
192.168.12.81 - - [17/Jun/2024:16:04:57 +0800] "POST /eHR/ess/redirect.php?scriptname=ESNE003&appdesc=%E6%89%B9%E9%87%8F%E5%8A%A0%E7%8F%AD%E6%9F%A5%E8%AF%A2 HTTP/1.1" 200 197080
192.168.40.59 - - [17/Jun/2024:16:04:59 +0800] "POST /eHR/mgr/redirect.php?scriptname=MDNH105&appdesc=%E5%8A%A0%E7%8F%AD%E5%BE%85%E7%AD%BE HTTP/1.1" 302 - "http://192.168.1.83:8088/eHR/mgr/redirect.php?scriptname=MDNH105&appdesc=%E5%8A%A0%E7%8F%AD%E5%BE%85%E7%AD%BE" "Mozilla/5.0 (Windows NT 10.0; Win64; x64) AppleWebKit/537.36 (KHTML, like Gecko) Chrome/126.0.0.0 Safari/537.36 Edg/126.0.0.0"
192.168.40.59 - - [17/Jun/2024:16:04:59 +0800] "POST /eHR/mgr/redirect.php?scriptname=MDNH105&appdesc=%E5%8A%A0%E7%8F%AD%E5%BE%85%E7%AD%BE HTTP/1.1" 302 -
192.168.40.59 - - [17/Jun/2024:16:05:05 +0800] "GET /eHR/mgr/redirect.php?scriptname=page_success&msgtxt=%E6%82%A8%E7%9A%84%E7%B0%BD%E6%A0%B8%EF%BC%8C%E5%B7%B2%E6%88%90%E5%8A%9F%E6%8F%90%E4%BA%A4%E5%88%B0%E5%BE%8C%E5%8F%B0%E8%99%95%E7%90%86.%3Cbr%3E%E6%82%A8%E5%8F%AF%E4%BB%A5%E7%82%B9%3Ca+href%3D%22..%2Fess%2Fredirect.php%3Fscriptname%3DESNH100%26requestno%3D122887%22%3E%E9%80%99%E8%A3%A1%3C%2Fa%3E%E6%9F%A5%E7%9C%8B%E7%B0%BD%E6%A0%B8%E7%B5%90%E6%9E%9C%E3%80%82%3Cbr%3E%E6%89%B9%E6%AC%A1%E8%99%9F%3A122887&target=iframe HTTP/1.1" 302 - "http://192.168.1.83:8088/eHR/mgr/redirect.php?scriptname=MDNH105&appdesc=%E5%8A%A0%E7%8F%AD%E5%BE%85%E7%AD%BE" "Mozilla/5.0 (Windows NT 10.0; Win64; x64) AppleWebKit/537.36 (KHTML, like Gecko) Chrome/126.0.0.0 Safari/537.36 Edg/126.0.0.0"
192.168.40.59 - - [17/Jun/2024:16:05:05 +0800] "GET /eHR/mgr/redirect.php?scriptname=page_success&msgtxt=%E6%82%A8%E7%9A%84%E7%B0%BD%E6%A0%B8%EF%BC%8C%E5%B7%B2%E6%88%90%E5%8A%9F%E6%8F%90%E4%BA%A4%E5%88%B0%E5%BE%8C%E5%8F%B0%E8%99%95%E7%90%86.%3Cbr%3E%E6%82%A8%E5%8F%AF%E4%BB%A5%E7%82%B9%3Ca+href%3D%22..%2Fess%2Fredirect.php%3Fscriptname%3DESNH100%26requestno%3D122887%22%3E%E9%80%99%E8%A3%A1%3C%2Fa%3E%E6%9F%A5%E7%9C%8B%E7%B0%BD%E6%A0%B8%E7%B5%90%E6%9E%9C%E3%80%82%3Cbr%3E%E6%89%B9%E6%AC%A1%E8%99%9F%3A122887&target=iframe HTTP/1.1" 302 -
192.168.40.59 - - [17/Jun/2024:16:05:06 +0800] "GET /eHR/mgr/redirect.php?scriptname=page_error&msgtxt=%3Ch3%3EHTTP+404+-+Page+not+found%3C%2Fh3%3E%3Cbr%3E%3Cstrong%3EFile+Name%3A%3C%2Fstrong%3Epage_success%3Cbr%2F%3E%3Cstrong%3EApplication+Name%3C%2Fstrong%3E%3A&target=iframe HTTP/1.1" 302 - "http://192.168.1.83:8088/eHR/mgr/redirect.php?scriptname=MDNH105&appdesc=%E5%8A%A0%E7%8F%AD%E5%BE%85%E7%AD%BE" "Mozilla/5.0 (Windows NT 10.0; Win64; x64) AppleWebKit/537.36 (KHTML, like Gecko) Chrome/126.0.0.0 Safari/537.36 Edg/126.0.0.0"
192.168.40.59 - - [17/Jun/2024:16:05:06 +0800] "GET /eHR/mgr/redirect.php?scriptname=page_error&msgtxt=%3Ch3%3EHTTP+404+-+Page+not+found%3C%2Fh3%3E%3Cbr%3E%3Cstrong%3EFile+Name%3A%3C%2Fstrong%3Epage_success%3Cbr%2F%3E%3Cstrong%3EApplication+Name%3C%2Fstrong%3E%3A&target=iframe HTTP/1.1" 302 -
192.168.40.59 - - [17/Jun/2024:16:05:06 +0800] "GET /eHR/mgr/redirect.php?scriptname=page_error&msgtxt=%3Ch3%3EHTTP+404+-+Page+not+found%3C%2Fh3%3E%3Cbr%3E%3Cstrong%3EFile+Name%3A%3C%2Fstrong%3Epage_error%3Cbr%2F%3E%3Cstrong%3EApplication+Name%3C%2Fstrong%3E%3A&target=iframe HTTP/1.1" 302 - "http://192.168.1.83:8088/eHR/mgr/redirect.php?scriptname=MDNH105&appdesc=%E5%8A%A0%E7%8F%AD%E5%BE%85%E7%AD%BE" "Mozilla/5.0 (Windows NT 10.0; Win64; x64) AppleWebKit/537.36 (KHTML, like Gecko) Chrome/126.0.0.0 Safari/537.36 Edg/126.0.0.0"
192.168.40.59 - - [17/Jun/2024:16:05:06 +0800] "GET /eHR/mgr/redirect.php?scriptname=page_error&msgtxt=%3Ch3%3EHTTP+404+-+Page+not+found%3C%2Fh3%3E%3Cbr%3E%3Cstrong%3EFile+Name%3A%3C%2Fstrong%3Epage_error%3Cbr%2F%3E%3Cstrong%3EApplication+Name%3C%2Fstrong%3E%3A&target=iframe HTTP/1.1" 302 -
192.168.40.59 - - [17/Jun/2024:16:05:07 +0800] "GET /eHR/mgr/redirect.php?scriptname=page_error&msgtxt=%3Ch3%3EHTTP+404+-+Page+not+found%3C%2Fh3%3E%3Cbr%3E%3Cstrong%3EFile+Name%3A%3C%2Fstrong%3Epage_error%3Cbr%2F%3E%3Cstrong%3EApplication+Name%3C%2Fstrong%3E%3A&target=iframe HTTP/1.1" 302 - "http://192.168.1.83:8088/eHR/mgr/redirect.php?scriptname=MDNH105&appdesc=%E5%8A%A0%E7%8F%AD%E5%BE%85%E7%AD%BE" "Mozilla/5.0 (Windows NT 10.0; Win64; x64) AppleWebKit/537.36 (KHTML, like Gecko) Chrome/126.0.0.0 Safari/537.36 Edg/126.0.0.0"
192.168.40.59 - - [17/Jun/2024:16:05:07 +0800] "GET /eHR/mgr/redirect.php?scriptname=page_error&msgtxt=%3Ch3%3EHTTP+404+-+Page+not+found%3C%2Fh3%3E%3Cbr%3E%3Cstrong%3EFile+Name%3A%3C%2Fstrong%3Epage_error%3Cbr%2F%3E%3Cstrong%3EApplication+Name%3C%2Fstrong%3E%3A&target=iframe HTTP/1.1" 302 -
100.64.0.1 - - [17/Jun/2024:16:05:07 +0800] "GET /eHR1/ HTTP/1.1" 200 649
100.64.0.1 - - [17/Jun/2024:16:05:07 +0800] "GET /eHR1/ HTTP/1.1" 200 649 "-" "Mozilla/5.0"
192.168.40.59 - - [17/Jun/2024:16:05:07 +0800] "GET /eHR/mgr/redirect.php?scriptname=page_error&msgtxt=%3Ch3%3EHTTP+404+-+Page+not+found%3C%2Fh3%3E%3Cbr%3E%3Cstrong%3EFile+Name%3A%3C%2Fstrong%3Epage_error%3Cbr%2F%3E%3Cstrong%3EApplication+Name%3C%2Fstrong%3E%3A&target=iframe HTTP/1.1" 302 - "http://192.168.1.83:8088/eHR/mgr/redirect.php?scriptname=MDNH105&appdesc=%E5%8A%A0%E7%8F%AD%E5%BE%85%E7%AD%BE" "Mozilla/5.0 (Windows NT 10.0; Win64; x64) AppleWebKit/537.36 (KHTML, like Gecko) Chrome/126.0.0.0 Safari/537.36 Edg/126.0.0.0"
192.168.40.59 - - [17/Jun/2024:16:05:07 +0800] "GET /eHR/mgr/redirect.php?scriptname=page_error&msgtxt=%3Ch3%3EHTTP+404+-+Page+not+found%3C%2Fh3%3E%3Cbr%3E%3Cstrong%3EFile+Name%3A%3C%2Fstrong%3Epage_error%3Cbr%2F%3E%3Cstrong%3EApplication+Name%3C%2Fstrong%3E%3A&target=iframe HTTP/1.1" 302 -
192.168.40.59 - - [17/Jun/2024:16:05:07 +0800] "GET /eHR/mgr/redirect.php?scriptname=page_error&msgtxt=%3Ch3%3EHTTP+404+-+Page+not+found%3C%2Fh3%3E%3Cbr%3E%3Cstrong%3EFile+Name%3A%3C%2Fstrong%3Epage_error%3Cbr%2F%3E%3Cstrong%3EApplication+Name%3C%2Fstrong%3E%3A&target=iframe HTTP/1.1" 302 - "http://192.168.1.83:8088/eHR/mgr/redirect.php?scriptname=MDNH105&appdesc=%E5%8A%A0%E7%8F%AD%E5%BE%85%E7%AD%BE" "Mozilla/5.0 (Windows NT 10.0; Win64; x64) AppleWebKit/537.36 (KHTML, like Gecko) Chrome/126.0.0.0 Safari/537.36 Edg/126.0.0.0"
192.168.40.59 - - [17/Jun/2024:16:05:07 +0800] "GET /eHR/mgr/redirect.php?scriptname=page_error&msgtxt=%3Ch3%3EHTTP+404+-+Page+not+found%3C%2Fh3%3E%3Cbr%3E%3Cstrong%3EFile+Name%3A%3C%2Fstrong%3Epage_error%3Cbr%2F%3E%3Cstrong%3EApplication+Name%3C%2Fstrong%3E%3A&target=iframe HTTP/1.1" 302 -
192.168.12.81 - - [17/Jun/2024:16:05:07 +0800] "GET /eHR/ess/redirect.php?scriptname=ESNE003&appdesc=%E6%89%B9%E9%87%8F%E5%8A%A0%E7%8F%AD%E6%9F%A5%E8%AF%A2 HTTP/1.1" 200 37933 "http://192.168.1.83:8088/eHR/ess/redirect.php" "Mozilla/5.0 (Windows NT 6.2; Win64; x64) AppleWebKit/537.36 (KHTML, like Gecko) Chrome/105.0.0.0 Safari/537.36"
192.168.12.81 - - [17/Jun/2024:16:05:07 +0800] "GET /eHR/ess/redirect.php?scriptname=ESNE003&appdesc=%E6%89%B9%E9%87%8F%E5%8A%A0%E7%8F%AD%E6%9F%A5%E8%AF%A2 HTTP/1.1" 200 37933
192.168.40.59 - - [17/Jun/2024:16:05:08 +0800] "GET /eHR/mgr/redirect.php?scriptname=page_error&msgtxt=%3Ch3%3EHTTP+404+-+Page+not+found%3C%2Fh3%3E%3Cbr%3E%3Cstrong%3EFile+Name%3A%3C%2Fstrong%3Epage_error%3Cbr%2F%3E%3Cstrong%3EApplication+Name%3C%2Fstrong%3E%3A&target=iframe HTTP/1.1" 302 - "http://192.168.1.83:8088/eHR/mgr/redirect.php?scriptname=MDNH105&appdesc=%E5%8A%A0%E7%8F%AD%E5%BE%85%E7%AD%BE" "Mozilla/5.0 (Windows NT 10.0; Win64; x64) AppleWebKit/537.36 (KHTML, like Gecko) Chrome/126.0.0.0 Safari/537.36 Edg/126.0.0.0"
192.168.40.59 - - [17/Jun/2024:16:05:08 +0800] "GET /eHR/mgr/redirect.php?scriptname=page_error&msgtxt=%3Ch3%3EHTTP+404+-+Page+not+found%3C%2Fh3%3E%3Cbr%3E%3Cstrong%3EFile+Name%3A%3C%2Fstrong%3Epage_error%3Cbr%2F%3E%3Cstrong%3EApplication+Name%3C%2Fstrong%3E%3A&target=iframe HTTP/1.1" 302 -
192.168.40.59 - - [17/Jun/2024:16:05:08 +0800] "GET /eHR/mgr/redirect.php?scriptname=page_error&msgtxt=%3Ch3%3EHTTP+404+-+Page+not+found%3C%2Fh3%3E%3Cbr%3E%3Cstrong%3EFile+Name%3A%3C%2Fstrong%3Epage_error%3Cbr%2F%3E%3Cstrong%3EApplication+Name%3C%2Fstrong%3E%3A&target=iframe HTTP/1.1" 302 - "http://192.168.1.83:8088/eHR/mgr/redirect.php?scriptname=MDNH105&appdesc=%E5%8A%A0%E7%8F%AD%E5%BE%85%E7%AD%BE" "Mozilla/5.0 (Windows NT 10.0; Win64; x64) AppleWebKit/537.36 (KHTML, like Gecko) Chrome/126.0.0.0 Safari/537.36 Edg/126.0.0.0"
192.168.40.59 - - [17/Jun/2024:16:05:08 +0800] "GET /eHR/mgr/redirect.php?scriptname=page_error&msgtxt=%3Ch3%3EHTTP+404+-+Page+not+found%3C%2Fh3%3E%3Cbr%3E%3Cstrong%3EFile+Name%3A%3C%2Fstrong%3Epage_error%3Cbr%2F%3E%3Cstrong%3EApplication+Name%3C%2Fstrong%3E%3A&target=iframe HTTP/1.1" 302 -
192.168.40.59 - - [17/Jun/2024:16:05:08 +0800] "GET /eHR/mgr/redirect.php?scriptname=page_error&msgtxt=%3Ch3%3EHTTP+404+-+Page+not+found%3C%2Fh3%3E%3Cbr%3E%3Cstrong%3EFile+Name%3A%3C%2Fstrong%3Epage_error%3Cbr%2F%3E%3Cstrong%3EApplication+Name%3C%2Fstrong%3E%3A&target=iframe HTTP/1.1" 302 - "http://192.168.1.83:8088/eHR/mgr/redirect.php?scriptname=MDNH105&appdesc=%E5%8A%A0%E7%8F%AD%E5%BE%85%E7%AD%BE" "Mozilla/5.0 (Windows NT 10.0; Win64; x64) AppleWebKit/537.36 (KHTML, like Gecko) Chrome/126.0.0.0 Safari/537.36 Edg/126.0.0.0"
192.168.40.59 - - [17/Jun/2024:16:05:08 +0800] "GET /eHR/mgr/redirect.php?scriptname=page_error&msgtxt=%3Ch3%3EHTTP+404+-+Page+not+found%3C%2Fh3%3E%3Cbr%3E%3Cstrong%3EFile+Name%3A%3C%2Fstrong%3Epage_error%3Cbr%2F%3E%3Cstrong%3EApplication+Name%3C%2Fstrong%3E%3A&target=iframe HTTP/1.1" 302 -
192.168.40.59 - - [17/Jun/2024:16:05:09 +0800] "GET /eHR/mgr/redirect.php?scriptname=page_error&msgtxt=%3Ch3%3EHTTP+404+-+Page+not+found%3C%2Fh3%3E%3Cbr%3E%3Cstrong%3EFile+Name%3A%3C%2Fstrong%3Epage_error%3Cbr%2F%3E%3Cstrong%3EApplication+Name%3C%2Fstrong%3E%3A&target=iframe HTTP/1.1" 302 - "http://192.168.1.83:8088/eHR/mgr/redirect.php?scriptname=MDNH105&appdesc=%E5%8A%A0%E7%8F%AD%E5%BE%85%E7%AD%BE" "Mozilla/5.0 (Windows NT 10.0; Win64; x64) AppleWebKit/537.36 (KHTML, like Gecko) Chrome/126.0.0.0 Safari/537.36 Edg/126.0.0.0"
192.168.40.59 - - [17/Jun/2024:16:05:09 +0800] "GET /eHR/mgr/redirect.php?scriptname=page_error&msgtxt=%3Ch3%3EHTTP+404+-+Page+not+found%3C%2Fh3%3E%3Cbr%3E%3Cstrong%3EFile+Name%3A%3C%2Fstrong%3Epage_error%3Cbr%2F%3E%3Cstrong%3EApplication+Name%3C%2Fstrong%3E%3A&target=iframe HTTP/1.1" 302 -
192.168.40.59 - - [17/Jun/2024:16:05:09 +0800] "GET /eHR/mgr/redirect.php?scriptname=page_error&msgtxt=%3Ch3%3EHTTP+404+-+Page+not+found%3C%2Fh3%3E%3Cbr%3E%3Cstrong%3EFile+Name%3A%3C%2Fstrong%3Epage_error%3Cbr%2F%3E%3Cstrong%3EApplication+Name%3C%2Fstrong%3E%3A&target=iframe HTTP/1.1" 302 - "http://192.168.1.83:8088/eHR/mgr/redirect.php?scriptname=MDNH105&appdesc=%E5%8A%A0%E7%8F%AD%E5%BE%85%E7%AD%BE" "Mozilla/5.0 (Windows NT 10.0; Win64; x64) AppleWebKit/537.36 (KHTML, like Gecko) Chrome/126.0.0.0 Safari/537.36 Edg/126.0.0.0"
192.168.40.59 - - [17/Jun/2024:16:05:09 +0800] "GET /eHR/mgr/redirect.php?scriptname=page_error&msgtxt=%3Ch3%3EHTTP+404+-+Page+not+found%3C%2Fh3%3E%3Cbr%3E%3Cstrong%3EFile+Name%3A%3C%2Fstrong%3Epage_error%3Cbr%2F%3E%3Cstrong%3EApplication+Name%3C%2Fstrong%3E%3A&target=iframe HTTP/1.1" 302 -
192.168.40.59 - - [17/Jun/2024:16:05:09 +0800] "GET /eHR/mgr/redirect.php?scriptname=page_error&msgtxt=%3Ch3%3EHTTP+404+-+Page+not+found%3C%2Fh3%3E%3Cbr%3E%3Cstrong%3EFile+Name%3A%3C%2Fstrong%3Epage_error%3Cbr%2F%3E%3Cstrong%3EApplication+Name%3C%2Fstrong%3E%3A&target=iframe HTTP/1.1" 302 - "http://192.168.1.83:8088/eHR/mgr/redirect.php?scriptname=MDNH105&appdesc=%E5%8A%A0%E7%8F%AD%E5%BE%85%E7%AD%BE" "Mozilla/5.0 (Windows NT 10.0; Win64; x64) AppleWebKit/537.36 (KHTML, like Gecko) Chrome/126.0.0.0 Safari/537.36 Edg/126.0.0.0"
192.168.40.59 - - [17/Jun/2024:16:05:09 +0800] "GET /eHR/mgr/redirect.php?scriptname=page_error&msgtxt=%3Ch3%3EHTTP+404+-+Page+not+found%3C%2Fh3%3E%3Cbr%3E%3Cstrong%3EFile+Name%3A%3C%2Fstrong%3Epage_error%3Cbr%2F%3E%3Cstrong%3EApplication+Name%3C%2Fstrong%3E%3A&target=iframe HTTP/1.1" 302 -
100.64.0.1 - - [17/Jun/2024:16:05:09 +0800] "GET /test.php HTTP/1.1" 200 45089 "-" "Mozilla/5.0"
100.64.0.1 - - [17/Jun/2024:16:05:09 +0800] "GET /test.php HTTP/1.1" 200 45089
192.168.40.59 - - [17/Jun/2024:16:05:09 +0800] "GET /eHR/mgr/redirect.php?scriptname=page_error&msgtxt=%3Ch3%3EHTTP+404+-+Page+not+found%3C%2Fh3%3E%3Cbr%3E%3Cstrong%3EFile+Name%3A%3C%2Fstrong%3Epage_error%3Cbr%2F%3E%3Cstrong%3EApplication+Name%3C%2Fstrong%3E%3A&target=iframe HTTP/1.1" 302 - "http://192.168.1.83:8088/eHR/mgr/redirect.php?scriptname=MDNH105&appdesc=%E5%8A%A0%E7%8F%AD%E5%BE%85%E7%AD%BE" "Mozilla/5.0 (Windows NT 10.0; Win64; x64) AppleWebKit/537.36 (KHTML, like Gecko) Chrome/126.0.0.0 Safari/537.36 Edg/126.0.0.0"
192.168.40.59 - - [17/Jun/2024:16:05:09 +0800] "GET /eHR/mgr/redirect.php?scriptname=page_error&msgtxt=%3Ch3%3EHTTP+404+-+Page+not+found%3C%2Fh3%3E%3Cbr%3E%3Cstrong%3EFile+Name%3A%3C%2Fstrong%3Epage_error%3Cbr%2F%3E%3Cstrong%3EApplication+Name%3C%2Fstrong%3E%3A&target=iframe HTTP/1.1" 302 -
192.168.40.59 - - [17/Jun/2024:16:05:10 +0800] "GET /eHR/mgr/redirect.php?scriptname=page_error&msgtxt=%3Ch3%3EHTTP+404+-+Page+not+found%3C%2Fh3%3E%3Cbr%3E%3Cstrong%3EFile+Name%3A%3C%2Fstrong%3Epage_error%3Cbr%2F%3E%3Cstrong%3EApplication+Name%3C%2Fstrong%3E%3A&target=iframe HTTP/1.1" 302 - "http://192.168.1.83:8088/eHR/mgr/redirect.php?scriptname=MDNH105&appdesc=%E5%8A%A0%E7%8F%AD%E5%BE%85%E7%AD%BE" "Mozilla/5.0 (Windows NT 10.0; Win64; x64) AppleWebKit/537.36 (KHTML, like Gecko) Chrome/126.0.0.0 Safari/537.36 Edg/126.0.0.0"
192.168.40.59 - - [17/Jun/2024:16:05:10 +0800] "GET /eHR/mgr/redirect.php?scriptname=page_error&msgtxt=%3Ch3%3EHTTP+404+-+Page+not+found%3C%2Fh3%3E%3Cbr%3E%3Cstrong%3EFile+Name%3A%3C%2Fstrong%3Epage_error%3Cbr%2F%3E%3Cstrong%3EApplication+Name%3C%2Fstrong%3E%3A&target=iframe HTTP/1.1" 302 -
192.168.40.59 - - [17/Jun/2024:16:05:10 +0800] "GET /eHR/img/layout/resizable-w.gif HTTP/1.1" 200 368 "http://192.168.1.83:8088/eHR/css/layout/layout.min.css" "Mozilla/5.0 (Windows NT 10.0; Win64; x64) AppleWebKit/537.36 (KHTML, like Gecko) Chrome/126.0.0.0 Safari/537.36 Edg/126.0.0.0"
192.168.40.59 - - [17/Jun/2024:16:05:10 +0800] "GET /eHR/img/layout/resizable-w.gif HTTP/1.1" 200 368
192.168.40.59 - - [17/Jun/2024:16:05:10 +0800] "GET /eHR/mgr/redirect.php?scriptname=page_error&msgtxt=%3Ch3%3EHTTP+404+-+Page+not+found%3C%2Fh3%3E%3Cbr%3E%3Cstrong%3EFile+Name%3A%3C%2Fstrong%3Epage_error%3Cbr%2F%3E%3Cstrong%3EApplication+Name%3C%2Fstrong%3E%3A&target=iframe HTTP/1.1" 302 - "http://192.168.1.83:8088/eHR/mgr/redirect.php?scriptname=MDNH105&appdesc=%E5%8A%A0%E7%8F%AD%E5%BE%85%E7%AD%BE" "Mozilla/5.0 (Windows NT 10.0; Win64; x64) AppleWebKit/537.36 (KHTML, like Gecko) Chrome/126.0.0.0 Safari/537.36 Edg/126.0.0.0"
192.168.40.59 - - [17/Jun/2024:16:05:10 +0800] "GET /eHR/mgr/redirect.php?scriptname=page_error&msgtxt=%3Ch3%3EHTTP+404+-+Page+not+found%3C%2Fh3%3E%3Cbr%3E%3Cstrong%3EFile+Name%3A%3C%2Fstrong%3Epage_error%3Cbr%2F%3E%3Cstrong%3EApplication+Name%3C%2Fstrong%3E%3A&target=iframe HTTP/1.1" 302 -
192.168.40.59 - - [17/Jun/2024:16:05:10 +0800] "GET /eHR/mgr/redirect.php?scriptname=page_error&msgtxt=%3Ch3%3EHTTP+404+-+Page+not+found%3C%2Fh3%3E%3Cbr%3E%3Cstrong%3EFile+Name%3A%3C%2Fstrong%3Epage_error%3Cbr%2F%3E%3Cstrong%3EApplication+Name%3C%2Fstrong%3E%3A&target=iframe HTTP/1.1" 302 - "http://192.168.1.83:8088/eHR/mgr/redirect.php?scriptname=MDNH105&appdesc=%E5%8A%A0%E7%8F%AD%E5%BE%85%E7%AD%BE" "Mozilla/5.0 (Windows NT 10.0; Win64; x64) AppleWebKit/537.36 (KHTML, like Gecko) Chrome/126.0.0.0 Safari/537.36 Edg/126.0.0.0"
192.168.40.59 - - [17/Jun/2024:16:05:10 +0800] "GET /eHR/mgr/redirect.php?scriptname=page_error&msgtxt=%3Ch3%3EHTTP+404+-+Page+not+found%3C%2Fh3%3E%3Cbr%3E%3Cstrong%3EFile+Name%3A%3C%2Fstrong%3Epage_error%3Cbr%2F%3E%3Cstrong%3EApplication+Name%3C%2Fstrong%3E%3A&target=iframe HTTP/1.1" 302 -
100.64.0.1 - - [17/Jun/2024:16:05:11 +0800] "GET /eHR/ HTTP/1.1" 200 649 "-" "Mozilla/5.0"
100.64.0.1 - - [17/Jun/2024:16:05:11 +0800] "GET /eHR/ HTTP/1.1" 200 649
192.168.40.59 - - [17/Jun/2024:16:05:10 +0800] "GET /eHR/mgr/redirect.php?scriptname=page_error&msgtxt=%3Ch3%3EHTTP+404+-+Page+not+found%3C%2Fh3%3E%3Cbr%3E%3Cstrong%3EFile+Name%3A%3C%2Fstrong%3Epage_error%3Cbr%2F%3E%3Cstrong%3EApplication+Name%3C%2Fstrong%3E%3A&target=iframe HTTP/1.1" 302 - "http://192.168.1.83:8088/eHR/mgr/redirect.php?scriptname=MDNH105&appdesc=%E5%8A%A0%E7%8F%AD%E5%BE%85%E7%AD%BE" "Mozilla/5.0 (Windows NT 10.0; Win64; x64) AppleWebKit/537.36 (KHTML, like Gecko) Chrome/126.0.0.0 Safari/537.36 Edg/126.0.0.0"
192.168.40.59 - - [17/Jun/2024:16:05:10 +0800] "GET /eHR/mgr/redirect.php?scriptname=page_error&msgtxt=%3Ch3%3EHTTP+404+-+Page+not+found%3C%2Fh3%3E%3Cbr%3E%3Cstrong%3EFile+Name%3A%3C%2Fstrong%3Epage_error%3Cbr%2F%3E%3Cstrong%3EApplication+Name%3C%2Fstrong%3E%3A&target=iframe HTTP/1.1" 302 -
100.64.0.1 - - [17/Jun/2024:16:05:11 +0800] "GET /test.php HTTP/1.1" 200 45089 "-" "Mozilla/5.0"
100.64.0.1 - - [17/Jun/2024:16:05:11 +0800] "GET /test.php HTTP/1.1" 200 45089
192.168.40.59 - - [17/Jun/2024:16:05:10 +0800] "GET /eHR/ess/redirect.php?scriptname=ESNH000&appdesc=%E9%A6%96%E9%A1%B5 HTTP/1.1" 200 10431 "http://192.168.1.83:8088/eHR/ess/redirect.php" "Mozilla/5.0 (Windows NT 10.0; Win64; x64) AppleWebKit/537.36 (KHTML, like Gecko) Chrome/126.0.0.0 Safari/537.36 Edg/126.0.0.0"
192.168.40.59 - - [17/Jun/2024:16:05:10 +0800] "GET /eHR/ess/redirect.php?scriptname=ESNH000&appdesc=%E9%A6%96%E9%A1%B5 HTTP/1.1" 200 10431
100.64.0.1 - - [17/Jun/2024:16:05:17 +0800] "GET /eHR/ HTTP/1.1" 200 649 "-" "Mozilla/5.0"
100.64.0.1 - - [17/Jun/2024:16:05:17 +0800] "GET /eHR/ HTTP/1.1" 200 649
100.64.0.1 - - [17/Jun/2024:16:05:21 +0800] "GET /eHR/ HTTP/1.1" 200 649 "-" "Mozilla/5.0"
100.64.0.1 - - [17/Jun/2024:16:05:21 +0800] "GET /eHR/ HTTP/1.1" 200 649
100.64.0.1 - - [17/Jun/2024:16:05:33 +0800] "GET /eHRTEST/ HTTP/1.1" 200 649 "-" "Mozilla/5.0"
100.64.0.1 - - [17/Jun/2024:16:05:33 +0800] "GET /eHRTEST/ HTTP/1.1" 200 649
100.64.0.1 - - [17/Jun/2024:16:05:36 +0800] "GET /eHR/ HTTP/1.1" 200 649 "-" "Mozilla/5.0"
100.64.0.1 - - [17/Jun/2024:16:05:36 +0800] "GET /eHR/ HTTP/1.1" 200 649
192.168.11.134 - - [17/Jun/2024:16:05:43 +0800] "POST /eHR/ess/redirect.php?scriptname=ESNE001&appdesc=%E6%89%B9%E9%87%8F%E5%8A%A0%E7%8F%AD%E7%94%B3%E8%AF%B7 HTTP/1.1" 200 5117 "http://192.168.1.83:8088/eHR/ess/redirect.php?scriptname=ESNE001&appdesc=%E6%89%B9%E9%87%8F%E5%8A%A0%E7%8F%AD%E7%94%B3%E8%AF%B7" "Mozilla/5.0 (Windows NT 10.0; Win64; x64) AppleWebKit/537.36 (KHTML, like Gecko) Chrome/105.0.0.0 Safari/537.36"
192.168.11.134 - - [17/Jun/2024:16:05:43 +0800] "POST /eHR/ess/redirect.php?scriptname=ESNE001&appdesc=%E6%89%B9%E9%87%8F%E5%8A%A0%E7%8F%AD%E7%94%B3%E8%AF%B7 HTTP/1.1" 200 5117
192.168.11.134 - - [17/Jun/2024:16:05:47 +0800] "GET /eHR/ess/redirect.php?scriptname=ESNE001&appdesc=%E6%89%B9%E9%87%8F%E5%8A%A0%E7%8F%AD%E7%94%B3%E8%AF%B7 HTTP/1.1" 200 15271 "http://192.168.1.83:8088/eHR/ess/redirect.php" "Mozilla/5.0 (Windows NT 10.0; Win64; x64) AppleWebKit/537.36 (KHTML, like Gecko) Chrome/105.0.0.0 Safari/537.36"
192.168.11.134 - - [17/Jun/2024:16:05:47 +0800] "GET /eHR/ess/redirect.php?scriptname=ESNE001&appdesc=%E6%89%B9%E9%87%8F%E5%8A%A0%E7%8F%AD%E7%94%B3%E8%AF%B7 HTTP/1.1" 200 15271
192.168.11.240 - - [17/Jun/2024:16:05:49 +0800] "GET /eHR/ess/redirect.php?scriptname=ESNE023&appdesc=%E5%8A%A0%E7%8F%AD%E6%B1%87%E5%85%A5%E7%BB%93%E6%9E%9C%E6%9F%A5%E8%AF%A2 HTTP/1.1" 200 44668 "http://192.168.1.83:8088/eHR/ess/redirect.php" "Mozilla/5.0 (Windows NT 6.1; Win64; x64) AppleWebKit/537.36 (KHTML, like Gecko) Chrome/105.0.0.0 Safari/537.36"
192.168.11.240 - - [17/Jun/2024:16:05:49 +0800] "GET /eHR/ess/redirect.php?scriptname=ESNE023&appdesc=%E5%8A%A0%E7%8F%AD%E6%B1%87%E5%85%A5%E7%BB%93%E6%9E%9C%E6%9F%A5%E8%AF%A2 HTTP/1.1" 200 44668
192.168.11.240 - - [17/Jun/2024:16:05:51 +0800] "GET /eHR/ess/redirect.php?scriptname=ESNE007&appdesc=%E5%8A%A0%E7%8F%AD%E7%94%B3%E8%AF%B7%E6%B1%87%E5%85%A5 HTTP/1.1" 200 4051 "http://192.168.1.83:8088/eHR/ess/redirect.php" "Mozilla/5.0 (Windows NT 6.1; Win64; x64) AppleWebKit/537.36 (KHTML, like Gecko) Chrome/105.0.0.0 Safari/537.36"
192.168.11.240 - - [17/Jun/2024:16:05:51 +0800] "GET /eHR/ess/redirect.php?scriptname=ESNE007&appdesc=%E5%8A%A0%E7%8F%AD%E7%94%B3%E8%AF%B7%E6%B1%87%E5%85%A5 HTTP/1.1" 200 4051
192.168.11.240 - - [17/Jun/2024:16:05:56 +0800] "POST /eHR/ess/redirect.php?scriptname=ESNE007&appdesc=%E5%8A%A0%E7%8F%AD%E7%94%B3%E8%AF%B7%E6%B1%87%E5%85%A5 HTTP/1.1" 200 21261 "http://192.168.1.83:8088/eHR/ess/redirect.php?scriptname=ESNE007&appdesc=%E5%8A%A0%E7%8F%AD%E7%94%B3%E8%AF%B7%E6%B1%87%E5%85%A5" "Mozilla/5.0 (Windows NT 6.1; Win64; x64) AppleWebKit/537.36 (KHTML, like Gecko) Chrome/105.0.0.0 Safari/537.36"
192.168.11.240 - - [17/Jun/2024:16:05:56 +0800] "POST /eHR/ess/redirect.php?scriptname=ESNE007&appdesc=%E5%8A%A0%E7%8F%AD%E7%94%B3%E8%AF%B7%E6%B1%87%E5%85%A5 HTTP/1.1" 200 21261
100.64.0.1 - - [17/Jun/2024:16:06:03 +0800] "GET /eHR1/ HTTP/1.1" 200 649 "-" "Mozilla/5.0"
100.64.0.1 - - [17/Jun/2024:16:06:03 +0800] "GET /eHR1/ HTTP/1.1" 200 649
192.168.11.240 - - [17/Jun/2024:16:06:03 +0800] "GET /eHR/ess/redirect.php?scriptname=ESNE023&appdesc=%E5%8A%A0%E7%8F%AD%E6%B1%87%E5%85%A5%E7%BB%93%E6%9E%9C%E6%9F%A5%E8%AF%A2 HTTP/1.1" 200 44668 "http://192.168.1.83:8088/eHR/ess/redirect.php" "Mozilla/5.0 (Windows NT 6.1; Win64; x64) AppleWebKit/537.36 (KHTML, like Gecko) Chrome/105.0.0.0 Safari/537.36"
192.168.11.240 - - [17/Jun/2024:16:06:03 +0800] "GET /eHR/ess/redirect.php?scriptname=ESNE023&appdesc=%E5%8A%A0%E7%8F%AD%E6%B1%87%E5%85%A5%E7%BB%93%E6%9E%9C%E6%9F%A5%E8%AF%A2 HTTP/1.1" 200 44668
192.168.11.240 - - [17/Jun/2024:16:06:04 +0800] "GET /eHR/ess/redirect.php?scriptname=ESNE023&appdesc=%E5%8A%A0%E7%8F%AD%E6%B1%87%E5%85%A5%E7%BB%93%E6%9E%9C%E6%9F%A5%E8%AF%A2 HTTP/1.1" 200 44668 "http://192.168.1.83:8088/eHR/ess/redirect.php" "Mozilla/5.0 (Windows NT 6.1; Win64; x64) AppleWebKit/537.36 (KHTML, like Gecko) Chrome/105.0.0.0 Safari/537.36"
192.168.11.240 - - [17/Jun/2024:16:06:04 +0800] "GET /eHR/ess/redirect.php?scriptname=ESNE023&appdesc=%E5%8A%A0%E7%8F%AD%E6%B1%87%E5%85%A5%E7%BB%93%E6%9E%9C%E6%9F%A5%E8%AF%A2 HTTP/1.1" 200 44668
192.168.11.134 - - [17/Jun/2024:16:06:05 +0800] "GET /eHR/ess/redirect.php?scriptname=emp_lov&openW=Y&rand=0.4826210523448873 HTTP/1.1" 200 8988 "http://192.168.1.83:8088/eHR/ess/redirect.php?scriptname=ESNE001&appdesc=%E6%89%B9%E9%87%8F%E5%8A%A0%E7%8F%AD%E7%94%B3%E8%AF%B7" "Mozilla/5.0 (Windows NT 10.0; Win64; x64) AppleWebKit/537.36 (KHTML, like Gecko) Chrome/105.0.0.0 Safari/537.36"
192.168.11.134 - - [17/Jun/2024:16:06:05 +0800] "GET /eHR/ess/redirect.php?scriptname=emp_lov&openW=Y&rand=0.4826210523448873 HTTP/1.1" 200 8988
192.168.11.240 - - [17/Jun/2024:16:06:06 +0800] "GET /eHR/ess/redirect.php?scriptname=ESNE022&requestno=122888&appdesc=%E5%8A%A0%E7%8F%AD%E6%B1%87%E5%85%A5%E6%98%8E%E7%BB%86 HTTP/1.1" 200 3651 "http://192.168.1.83:8088/eHR/ess/redirect.php?scriptname=ESNE023&appdesc=%E5%8A%A0%E7%8F%AD%E6%B1%87%E5%85%A5%E7%BB%93%E6%9E%9C%E6%9F%A5%E8%AF%A2" "Mozilla/5.0 (Windows NT 6.1; Win64; x64) AppleWebKit/537.36 (KHTML, like Gecko) Chrome/105.0.0.0 Safari/537.36"
192.168.11.240 - - [17/Jun/2024:16:06:06 +0800] "GET /eHR/ess/redirect.php?scriptname=ESNE022&requestno=122888&appdesc=%E5%8A%A0%E7%8F%AD%E6%B1%87%E5%85%A5%E6%98%8E%E7%BB%86 HTTP/1.1" 200 3651
192.168.11.134 - - [17/Jun/2024:16:06:06 +0800] "POST /eHR/ess/redirect.php?scriptname=emp_lov&openW=Y&rand=0.4826210523448873 HTTP/1.1" 200 32712 "http://192.168.1.83:8088/eHR/ess/redirect.php?scriptname=emp_lov&openW=Y&rand=0.4826210523448873" "Mozilla/5.0 (Windows NT 10.0; Win64; x64) AppleWebKit/537.36 (KHTML, like Gecko) Chrome/105.0.0.0 Safari/537.36"
192.168.11.134 - - [17/Jun/2024:16:06:06 +0800] "POST /eHR/ess/redirect.php?scriptname=emp_lov&openW=Y&rand=0.4826210523448873 HTTP/1.1" 200 32712
192.168.11.240 - - [17/Jun/2024:16:06:13 +0800] "GET /eHR/ess/redirect.php?scriptname=ESNE023&appdesc=%E5%8A%A0%E7%8F%AD%E6%B1%87%E5%85%A5%E7%BB%93%E6%9E%9C%E6%9F%A5%E8%AF%A2 HTTP/1.1" 200 44668 "http://192.168.1.83:8088/eHR/ess/redirect.php" "Mozilla/5.0 (Windows NT 6.1; Win64; x64) AppleWebKit/537.36 (KHTML, like Gecko) Chrome/105.0.0.0 Safari/537.36"
192.168.11.240 - - [17/Jun/2024:16:06:13 +0800] "GET /eHR/ess/redirect.php?scriptname=ESNE023&appdesc=%E5%8A%A0%E7%8F%AD%E6%B1%87%E5%85%A5%E7%BB%93%E6%9E%9C%E6%9F%A5%E8%AF%A2 HTTP/1.1" 200 44668
100.64.0.1 - - [17/Jun/2024:16:06:17 +0800] "GET /test.php HTTP/1.1" 200 45089 "-" "Mozilla/5.0"
100.64.0.1 - - [17/Jun/2024:16:06:17 +0800] "GET /test.php HTTP/1.1" 200 45089
100.64.0.1 - - [17/Jun/2024:16:06:19 +0800] "GET /eHR/ HTTP/1.1" 200 649 "-" "Mozilla/5.0"
100.64.0.1 - - [17/Jun/2024:16:06:19 +0800] "GET /eHR/ HTTP/1.1" 200 649
100.64.0.1 - - [17/Jun/2024:16:06:21 +0800] "GET /test.php HTTP/1.1" 200 45089 "-" "Mozilla/5.0"
100.64.0.1 - - [17/Jun/2024:16:06:21 +0800] "GET /test.php HTTP/1.1" 200 45089
100.64.0.1 - - [17/Jun/2024:16:06:23 +0800] "GET /idcard/ HTTP/1.1" 200 649 "-" "Mozilla/5.0"
100.64.0.1 - - [17/Jun/2024:16:06:23 +0800] "GET /idcard/ HTTP/1.1" 200 649
100.64.0.1 - - [17/Jun/2024:16:06:25 +0800] "GET /eHR1/ HTTP/1.1" 200 649 "-" "Mozilla/5.0"
100.64.0.1 - - [17/Jun/2024:16:06:25 +0800] "GET /eHR1/ HTTP/1.1" 200 649
100.64.0.1 - - [17/Jun/2024:16:06:27 +0800] "GET /eHR1/ HTTP/1.1" 200 649 "-" "Mozilla/5.0"
100.64.0.1 - - [17/Jun/2024:16:06:27 +0800] "GET /eHR1/ HTTP/1.1" 200 649
100.64.0.1 - - [17/Jun/2024:16:06:28 +0800] "GET /eHR/ HTTP/1.1" 200 649 "-" "Mozilla/5.0"
100.64.0.1 - - [17/Jun/2024:16:06:28 +0800] "GET /eHR/ HTTP/1.1" 200 649
100.64.0.1 - - [17/Jun/2024:16:06:43 +0800] "GET /eHRTEST/ HTTP/1.1" 200 649 "-" "Mozilla/5.0"
100.64.0.1 - - [17/Jun/2024:16:06:43 +0800] "GET /eHRTEST/ HTTP/1.1" 200 649
100.64.0.1 - - [17/Jun/2024:16:06:45 +0800] "GET /eHR/ HTTP/1.1" 200 649 "-" "Mozilla/5.0"
100.64.0.1 - - [17/Jun/2024:16:06:45 +0800] "GET /eHR/ HTTP/1.1" 200 649
192.168.11.240 - - [17/Jun/2024:16:06:49 +0800] "GET /eHR/ess/redirect.php?scriptname=ESNE022&requestno=122888&appdesc=%E5%8A%A0%E7%8F%AD%E6%B1%87%E5%85%A5%E6%98%8E%E7%BB%86 HTTP/1.1" 200 3651 "http://192.168.1.83:8088/eHR/ess/redirect.php?scriptname=ESNE023&appdesc=%E5%8A%A0%E7%8F%AD%E6%B1%87%E5%85%A5%E7%BB%93%E6%9E%9C%E6%9F%A5%E8%AF%A2" "Mozilla/5.0 (Windows NT 6.1; Win64; x64) AppleWebKit/537.36 (KHTML, like Gecko) Chrome/105.0.0.0 Safari/537.36"
192.168.11.240 - - [17/Jun/2024:16:06:49 +0800] "GET /eHR/ess/redirect.php?scriptname=ESNE022&requestno=122888&appdesc=%E5%8A%A0%E7%8F%AD%E6%B1%87%E5%85%A5%E6%98%8E%E7%BB%86 HTTP/1.1" 200 3651
192.168.11.240 - - [17/Jun/2024:16:06:52 +0800] "GET /eHR/ess/redirect.php?scriptname=ESNE023&appdesc=%E5%8A%A0%E7%8F%AD%E6%B1%87%E5%85%A5%E7%BB%93%E6%9E%9C%E6%9F%A5%E8%AF%A2 HTTP/1.1" 200 44668 "http://192.168.1.83:8088/eHR/ess/redirect.php" "Mozilla/5.0 (Windows NT 6.1; Win64; x64) AppleWebKit/537.36 (KHTML, like Gecko) Chrome/105.0.0.0 Safari/537.36"
192.168.11.240 - - [17/Jun/2024:16:06:52 +0800] "GET /eHR/ess/redirect.php?scriptname=ESNE023&appdesc=%E5%8A%A0%E7%8F%AD%E6%B1%87%E5%85%A5%E7%BB%93%E6%9E%9C%E6%9F%A5%E8%AF%A2 HTTP/1.1" 200 44668
192.168.11.240 - - [17/Jun/2024:16:06:55 +0800] "GET /eHR/ess/redirect.php?scriptname=ESNE022&requestno=122873&appdesc=%E5%8A%A0%E7%8F%AD%E6%B1%87%E5%85%A5%E6%98%8E%E7%BB%86 HTTP/1.1" 200 14507 "http://192.168.1.83:8088/eHR/ess/redirect.php?scriptname=ESNE023&appdesc=%E5%8A%A0%E7%8F%AD%E6%B1%87%E5%85%A5%E7%BB%93%E6%9E%9C%E6%9F%A5%E8%AF%A2" "Mozilla/5.0 (Windows NT 6.1; Win64; x64) AppleWebKit/537.36 (KHTML, like Gecko) Chrome/105.0.0.0 Safari/537.36"
192.168.11.240 - - [17/Jun/2024:16:06:55 +0800] "GET /eHR/ess/redirect.php?scriptname=ESNE022&requestno=122873&appdesc=%E5%8A%A0%E7%8F%AD%E6%B1%87%E5%85%A5%E6%98%8E%E7%BB%86 HTTP/1.1" 200 14507
100.64.0.1 - - [17/Jun/2024:16:06:56 +0800] "GET /test.php HTTP/1.1" 200 45089 "-" "Mozilla/5.0"
100.64.0.1 - - [17/Jun/2024:16:06:56 +0800] "GET /test.php HTTP/1.1" 200 45089
100.64.0.1 - - [17/Jun/2024:16:06:59 +0800] "GET /eHR/ HTTP/1.1" 200 649 "-" "Mozilla/5.0"
100.64.0.1 - - [17/Jun/2024:16:06:59 +0800] "GET /eHR/ HTTP/1.1" 200 649
192.168.11.240 - - [17/Jun/2024:16:07:01 +0800] "GET /eHR/ess/redirect.php?scriptname=ESNE023&appdesc=%E5%8A%A0%E7%8F%AD%E6%B1%87%E5%85%A5%E7%BB%93%E6%9E%9C%E6%9F%A5%E8%AF%A2 HTTP/1.1" 200 44668 "http://192.168.1.83:8088/eHR/ess/redirect.php" "Mozilla/5.0 (Windows NT 6.1; Win64; x64) AppleWebKit/537.36 (KHTML, like Gecko) Chrome/105.0.0.0 Safari/537.36"
192.168.11.240 - - [17/Jun/2024:16:07:01 +0800] "GET /eHR/ess/redirect.php?scriptname=ESNE023&appdesc=%E5%8A%A0%E7%8F%AD%E6%B1%87%E5%85%A5%E7%BB%93%E6%9E%9C%E6%9F%A5%E8%AF%A2 HTTP/1.1" 200 44668
192.168.11.134 - - [17/Jun/2024:16:06:59 +0800] "POST /eHR/ess/redirect.php?scriptname=ESNE001&appdesc=%E6%89%B9%E9%87%8F%E5%8A%A0%E7%8F%AD%E7%94%B3%E8%AF%B7 HTTP/1.1" 200 5322 "http://192.168.1.83:8088/eHR/ess/redirect.php?scriptname=ESNE001&appdesc=%E6%89%B9%E9%87%8F%E5%8A%A0%E7%8F%AD%E7%94%B3%E8%AF%B7" "Mozilla/5.0 (Windows NT 10.0; Win64; x64) AppleWebKit/537.36 (KHTML, like Gecko) Chrome/105.0.0.0 Safari/537.36"
192.168.11.134 - - [17/Jun/2024:16:06:59 +0800] "POST /eHR/ess/redirect.php?scriptname=ESNE001&appdesc=%E6%89%B9%E9%87%8F%E5%8A%A0%E7%8F%AD%E7%94%B3%E8%AF%B7 HTTP/1.1" 200 5322
192.168.11.134 - - [17/Jun/2024:16:07:02 +0800] "GET /eHR/ess/redirect.php?scriptname=ESNE003&appdesc=%E6%89%B9%E9%87%8F%E5%8A%A0%E7%8F%AD%E6%9F%A5%E8%AF%A2 HTTP/1.1" 200 7921 "http://192.168.1.83:8088/eHR/ess/redirect.php" "Mozilla/5.0 (Windows NT 10.0; Win64; x64) AppleWebKit/537.36 (KHTML, like Gecko) Chrome/105.0.0.0 Safari/537.36"
192.168.11.134 - - [17/Jun/2024:16:07:02 +0800] "GET /eHR/ess/redirect.php?scriptname=ESNE003&appdesc=%E6%89%B9%E9%87%8F%E5%8A%A0%E7%8F%AD%E6%9F%A5%E8%AF%A2 HTTP/1.1" 200 7921
100.64.0.1 - - [17/Jun/2024:16:07:03 +0800] "GET /test.php HTTP/1.1" 200 45089 "-" "Mozilla/5.0"
100.64.0.1 - - [17/Jun/2024:16:07:03 +0800] "GET /test.php HTTP/1.1" 200 45089
192.168.11.240 - - [17/Jun/2024:16:07:05 +0800] "GET /eHR/ess/redirect.php?scriptname=ESNE022&requestno=122847&appdesc=%E5%8A%A0%E7%8F%AD%E6%B1%87%E5%85%A5%E6%98%8E%E7%BB%86 HTTP/1.1" 200 10717 "http://192.168.1.83:8088/eHR/ess/redirect.php?scriptname=ESNE023&appdesc=%E5%8A%A0%E7%8F%AD%E6%B1%87%E5%85%A5%E7%BB%93%E6%9E%9C%E6%9F%A5%E8%AF%A2" "Mozilla/5.0 (Windows NT 6.1; Win64; x64) AppleWebKit/537.36 (KHTML, like Gecko) Chrome/105.0.0.0 Safari/537.36"
192.168.11.240 - - [17/Jun/2024:16:07:05 +0800] "GET /eHR/ess/redirect.php?scriptname=ESNE022&requestno=122847&appdesc=%E5%8A%A0%E7%8F%AD%E6%B1%87%E5%85%A5%E6%98%8E%E7%BB%86 HTTP/1.1" 200 10717
100.64.0.1 - - [17/Jun/2024:16:07:09 +0800] "GET /Apache%20Software%20Foundation/ HTTP/1.1" 200 478 "-" "Mozilla/5.0"
100.64.0.1 - - [17/Jun/2024:16:07:09 +0800] "GET /Apache%20Software%20Foundation/ HTTP/1.1" 200 478
192.168.11.134 - - [17/Jun/2024:16:07:08 +0800] "POST /eHR/ess/redirect.php?scriptname=ESNE003&appdesc=%E6%89%B9%E9%87%8F%E5%8A%A0%E7%8F%AD%E6%9F%A5%E8%AF%A2 HTTP/1.1" 200 22461 "http://192.168.1.83:8088/eHR/ess/redirect.php?scriptname=ESNE003&appdesc=%E6%89%B9%E9%87%8F%E5%8A%A0%E7%8F%AD%E6%9F%A5%E8%AF%A2" "Mozilla/5.0 (Windows NT 10.0; Win64; x64) AppleWebKit/537.36 (KHTML, like Gecko) Chrome/105.0.0.0 Safari/537.36"
192.168.11.134 - - [17/Jun/2024:16:07:08 +0800] "POST /eHR/ess/redirect.php?scriptname=ESNE003&appdesc=%E6%89%B9%E9%87%8F%E5%8A%A0%E7%8F%AD%E6%9F%A5%E8%AF%A2 HTTP/1.1" 200 22461
100.64.0.1 - - [17/Jun/2024:16:07:11 +0800] "GET /eHR/ HTTP/1.1" 200 649 "-" "Mozilla/5.0"
100.64.0.1 - - [17/Jun/2024:16:07:11 +0800] "GET /eHR/ HTTP/1.1" 200 649
100.64.0.1 - - [17/Jun/2024:16:07:14 +0800] "GET /idcard/ HTTP/1.1" 200 649 "-" "Mozilla/5.0"
100.64.0.1 - - [17/Jun/2024:16:07:14 +0800] "GET /idcard/ HTTP/1.1" 200 649
192.168.11.240 - - [17/Jun/2024:16:07:17 +0800] "GET /eHR/ess/redirect.php?scriptname=ESNE023&appdesc=%E5%8A%A0%E7%8F%AD%E6%B1%87%E5%85%A5%E7%BB%93%E6%9E%9C%E6%9F%A5%E8%AF%A2 HTTP/1.1" 200 44668 "http://192.168.1.83:8088/eHR/ess/redirect.php" "Mozilla/5.0 (Windows NT 6.1; Win64; x64) AppleWebKit/537.36 (KHTML, like Gecko) Chrome/105.0.0.0 Safari/537.36"
192.168.11.240 - - [17/Jun/2024:16:07:17 +0800] "GET /eHR/ess/redirect.php?scriptname=ESNE023&appdesc=%E5%8A%A0%E7%8F%AD%E6%B1%87%E5%85%A5%E7%BB%93%E6%9E%9C%E6%9F%A5%E8%AF%A2 HTTP/1.1" 200 44668
100.64.0.1 - - [17/Jun/2024:16:07:20 +0800] "GET /Apache%20Software%20Foundation/ HTTP/1.1" 200 478 "-" "Mozilla/5.0"
100.64.0.1 - - [17/Jun/2024:16:07:20 +0800] "GET /Apache%20Software%20Foundation/ HTTP/1.1" 200 478
100.64.0.1 - - [17/Jun/2024:16:07:23 +0800] "GET /Apache%20Software%20Foundation/ HTTP/1.1" 200 478 "-" "Mozilla/5.0"
100.64.0.1 - - [17/Jun/2024:16:07:23 +0800] "GET /Apache%20Software%20Foundation/ HTTP/1.1" 200 478
100.64.0.1 - - [17/Jun/2024:16:07:23 +0800] "GET /test.php HTTP/1.1" 200 45089 "-" "Mozilla/5.0"
100.64.0.1 - - [17/Jun/2024:16:07:23 +0800] "GET /test.php HTTP/1.1" 200 45089
192.168.11.240 - - [17/Jun/2024:16:07:22 +0800] "GET /eHR/ess/redirect.php?scriptname=ESNE022&requestno=122860&appdesc=%E5%8A%A0%E7%8F%AD%E6%B1%87%E5%85%A5%E6%98%8E%E7%BB%86 HTTP/1.1" 200 10342 "http://192.168.1.83:8088/eHR/ess/redirect.php?scriptname=ESNE023&appdesc=%E5%8A%A0%E7%8F%AD%E6%B1%87%E5%85%A5%E7%BB%93%E6%9E%9C%E6%9F%A5%E8%AF%A2" "Mozilla/5.0 (Windows NT 6.1; Win64; x64) AppleWebKit/537.36 (KHTML, like Gecko) Chrome/105.0.0.0 Safari/537.36"
192.168.11.240 - - [17/Jun/2024:16:07:22 +0800] "GET /eHR/ess/redirect.php?scriptname=ESNE022&requestno=122860&appdesc=%E5%8A%A0%E7%8F%AD%E6%B1%87%E5%85%A5%E6%98%8E%E7%BB%86 HTTP/1.1" 200 10342
100.64.0.1 - - [17/Jun/2024:16:07:26 +0800] "GET /idcard/ HTTP/1.1" 200 649 "-" "Mozilla/5.0"
100.64.0.1 - - [17/Jun/2024:16:07:26 +0800] "GET /idcard/ HTTP/1.1" 200 649
192.168.12.81 - - [17/Jun/2024:16:07:32 +0800] "GET /eHR/ess/redirect.php?scriptname=ESNE003&appdesc=%E6%89%B9%E9%87%8F%E5%8A%A0%E7%8F%AD%E6%9F%A5%E8%AF%A2 HTTP/1.1" 200 33215 "http://192.168.1.83:8088/eHR/ess/redirect.php" "Mozilla/5.0 (Windows NT 6.2; Win64; x64) AppleWebKit/537.36 (KHTML, like Gecko) Chrome/105.0.0.0 Safari/537.36"
192.168.12.81 - - [17/Jun/2024:16:07:32 +0800] "GET /eHR/ess/redirect.php?scriptname=ESNE003&appdesc=%E6%89%B9%E9%87%8F%E5%8A%A0%E7%8F%AD%E6%9F%A5%E8%AF%A2 HTTP/1.1" 200 33215
100.64.0.1 - - [17/Jun/2024:16:07:33 +0800] "GET /eHR/ HTTP/1.1" 200 649 "-" "Mozilla/5.0"
100.64.0.1 - - [17/Jun/2024:16:07:33 +0800] "GET /eHR/ HTTP/1.1" 200 649
192.168.12.81 - - [17/Jun/2024:16:07:32 +0800] "GET /eHR/ess/redirect.php?scriptname=ESNE003&appdesc=%E6%89%B9%E9%87%8F%E5%8A%A0%E7%8F%AD%E6%9F%A5%E8%AF%A2 HTTP/1.1" 200 37933 "http://192.168.1.83:8088/eHR/ess/redirect.php" "Mozilla/5.0 (Windows NT 6.2; Win64; x64) AppleWebKit/537.36 (KHTML, like Gecko) Chrome/105.0.0.0 Safari/537.36"
192.168.12.81 - - [17/Jun/2024:16:07:32 +0800] "GET /eHR/ess/redirect.php?scriptname=ESNE003&appdesc=%E6%89%B9%E9%87%8F%E5%8A%A0%E7%8F%AD%E6%9F%A5%E8%AF%A2 HTTP/1.1" 200 37933
100.64.0.1 - - [17/Jun/2024:16:07:41 +0800] "GET /eHR/ HTTP/1.1" 200 649 "-" "Mozilla/5.0"
100.64.0.1 - - [17/Jun/2024:16:07:41 +0800] "GET /eHR/ HTTP/1.1" 200 649
192.168.12.81 - - [17/Jun/2024:16:07:37 +0800] "POST /eHR/ess/redirect.php?scriptname=ESNE003&appdesc=%E6%89%B9%E9%87%8F%E5%8A%A0%E7%8F%AD%E6%9F%A5%E8%AF%A2 HTTP/1.1" 200 197080 "http://192.168.1.83:8088/eHR/ess/redirect.php?scriptname=ESNE003&appdesc=%E6%89%B9%E9%87%8F%E5%8A%A0%E7%8F%AD%E6%9F%A5%E8%AF%A2" "Mozilla/5.0 (Windows NT 6.2; Win64; x64) AppleWebKit/537.36 (KHTML, like Gecko) Chrome/105.0.0.0 Safari/537.36"
192.168.12.81 - - [17/Jun/2024:16:07:37 +0800] "POST /eHR/ess/redirect.php?scriptname=ESNE003&appdesc=%E6%89%B9%E9%87%8F%E5%8A%A0%E7%8F%AD%E6%9F%A5%E8%AF%A2 HTTP/1.1" 200 197080
100.64.0.1 - - [17/Jun/2024:16:07:42 +0800] "GET /eHR/ HTTP/1.1" 200 649 "-" "Mozilla/5.0"
100.64.0.1 - - [17/Jun/2024:16:07:42 +0800] "GET /eHR/ HTTP/1.1" 200 649
100.64.0.1 - - [17/Jun/2024:16:07:45 +0800] "GET /eHRTEST/ HTTP/1.1" 200 649 "-" "Mozilla/5.0"
100.64.0.1 - - [17/Jun/2024:16:07:45 +0800] "GET /eHRTEST/ HTTP/1.1" 200 649
100.64.0.1 - - [17/Jun/2024:16:07:47 +0800] "GET /test.php HTTP/1.1" 200 45089 "-" "Mozilla/5.0"
100.64.0.1 - - [17/Jun/2024:16:07:47 +0800] "GET /test.php HTTP/1.1" 200 45089
192.168.12.81 - - [17/Jun/2024:16:07:50 +0800] "GET /eHR/ess/redirect.php?scriptname=ESNE001&appdesc=%E6%89%B9%E9%87%8F%E5%8A%A0%E7%8F%AD%E7%94%B3%E8%AF%B7 HTTP/1.1" 200 15271 "http://192.168.1.83:8088/eHR/ess/redirect.php" "Mozilla/5.0 (Windows NT 6.2; Win64; x64) AppleWebKit/537.36 (KHTML, like Gecko) Chrome/105.0.0.0 Safari/537.36"
192.168.12.81 - - [17/Jun/2024:16:07:50 +0800] "GET /eHR/ess/redirect.php?scriptname=ESNE001&appdesc=%E6%89%B9%E9%87%8F%E5%8A%A0%E7%8F%AD%E7%94%B3%E8%AF%B7 HTTP/1.1" 200 15271
100.64.0.1 - - [17/Jun/2024:16:07:51 +0800] "GET /eHR1/ HTTP/1.1" 200 649 "-" "Mozilla/5.0"
100.64.0.1 - - [17/Jun/2024:16:07:51 +0800] "GET /eHR1/ HTTP/1.1" 200 649
100.64.0.1 - - [17/Jun/2024:16:07:52 +0800] "GET /Apache%20Software%20Foundation/ HTTP/1.1" 200 478 "-" "Mozilla/5.0"
100.64.0.1 - - [17/Jun/2024:16:07:52 +0800] "GET /Apache%20Software%20Foundation/ HTTP/1.1" 200 478
192.168.11.240 - - [17/Jun/2024:16:07:52 +0800] "GET /eHR/ess/redirect.php?scriptname=ESNE023&appdesc=%E5%8A%A0%E7%8F%AD%E6%B1%87%E5%85%A5%E7%BB%93%E6%9E%9C%E6%9F%A5%E8%AF%A2 HTTP/1.1" 200 44668 "http://192.168.1.83:8088/eHR/ess/redirect.php" "Mozilla/5.0 (Windows NT 6.1; Win64; x64) AppleWebKit/537.36 (KHTML, like Gecko) Chrome/105.0.0.0 Safari/537.36"
192.168.11.240 - - [17/Jun/2024:16:07:52 +0800] "GET /eHR/ess/redirect.php?scriptname=ESNE023&appdesc=%E5%8A%A0%E7%8F%AD%E6%B1%87%E5%85%A5%E7%BB%93%E6%9E%9C%E6%9F%A5%E8%AF%A2 HTTP/1.1" 200 44668
100.64.0.1 - - [17/Jun/2024:16:07:55 +0800] "GET /eHR/ HTTP/1.1" 200 649 "-" "Mozilla/5.0"
100.64.0.1 - - [17/Jun/2024:16:07:55 +0800] "GET /eHR/ HTTP/1.1" 200 649
192.168.11.240 - - [17/Jun/2024:16:07:55 +0800] "GET /eHR/ess/redirect.php?scriptname=ESNE022&requestno=122805&appdesc=%E5%8A%A0%E7%8F%AD%E6%B1%87%E5%85%A5%E6%98%8E%E7%BB%86 HTTP/1.1" 200 11014 "http://192.168.1.83:8088/eHR/ess/redirect.php?scriptname=ESNE023&appdesc=%E5%8A%A0%E7%8F%AD%E6%B1%87%E5%85%A5%E7%BB%93%E6%9E%9C%E6%9F%A5%E8%AF%A2" "Mozilla/5.0 (Windows NT 6.1; Win64; x64) AppleWebKit/537.36 (KHTML, like Gecko) Chrome/105.0.0.0 Safari/537.36"
192.168.11.240 - - [17/Jun/2024:16:07:55 +0800] "GET /eHR/ess/redirect.php?scriptname=ESNE022&requestno=122805&appdesc=%E5%8A%A0%E7%8F%AD%E6%B1%87%E5%85%A5%E6%98%8E%E7%BB%86 HTTP/1.1" 200 11014
100.64.0.1 - - [17/Jun/2024:16:07:56 +0800] "GET /eHR1/ HTTP/1.1" 200 649 "-" "Mozilla/5.0"
100.64.0.1 - - [17/Jun/2024:16:07:56 +0800] "GET /eHR1/ HTTP/1.1" 200 649
192.168.11.240 - - [17/Jun/2024:16:07:59 +0800] "GET /eHR/ess/redirect.php?scriptname=ESNE023&appdesc=%E5%8A%A0%E7%8F%AD%E6%B1%87%E5%85%A5%E7%BB%93%E6%9E%9C%E6%9F%A5%E8%AF%A2 HTTP/1.1" 200 44668 "http://192.168.1.83:8088/eHR/ess/redirect.php" "Mozilla/5.0 (Windows NT 6.1; Win64; x64) AppleWebKit/537.36 (KHTML, like Gecko) Chrome/105.0.0.0 Safari/537.36"
192.168.11.240 - - [17/Jun/2024:16:07:59 +0800] "GET /eHR/ess/redirect.php?scriptname=ESNE023&appdesc=%E5%8A%A0%E7%8F%AD%E6%B1%87%E5%85%A5%E7%BB%93%E6%9E%9C%E6%9F%A5%E8%AF%A2 HTTP/1.1" 200 44668
192.168.12.81 - - [17/Jun/2024:16:08:01 +0800] "GET /eHR/ess/redirect.php?scriptname=emp_lov&openW=Y&rand=0.09743517246301114 HTTP/1.1" 200 15124 "http://192.168.1.83:8088/eHR/ess/redirect.php?scriptname=ESNE001&appdesc=%E6%89%B9%E9%87%8F%E5%8A%A0%E7%8F%AD%E7%94%B3%E8%AF%B7" "Mozilla/5.0 (Windows NT 6.2; Win64; x64) AppleWebKit/537.36 (KHTML, like Gecko) Chrome/105.0.0.0 Safari/537.36"
192.168.12.81 - - [17/Jun/2024:16:08:01 +0800] "GET /eHR/ess/redirect.php?scriptname=emp_lov&openW=Y&rand=0.09743517246301114 HTTP/1.1" 200 15124
192.168.12.81 - - [17/Jun/2024:16:08:02 +0800] "POST /eHR/ess/redirect.php?scriptname=emp_lov&openW=Y&rand=0.09743517246301114 HTTP/1.1" 200 17295 "http://192.168.1.83:8088/eHR/ess/redirect.php?scriptname=emp_lov&openW=Y&rand=0.09743517246301114" "Mozilla/5.0 (Windows NT 6.2; Win64; x64) AppleWebKit/537.36 (KHTML, like Gecko) Chrome/105.0.0.0 Safari/537.36"
192.168.12.81 - - [17/Jun/2024:16:08:02 +0800] "POST /eHR/ess/redirect.php?scriptname=emp_lov&openW=Y&rand=0.09743517246301114 HTTP/1.1" 200 17295
192.168.12.81 - - [17/Jun/2024:16:08:06 +0800] "POST /eHR/ess/redirect.php?scriptname=ESNE001&appdesc=%E6%89%B9%E9%87%8F%E5%8A%A0%E7%8F%AD%E7%94%B3%E8%AF%B7 HTTP/1.1" 200 4067 "http://192.168.1.83:8088/eHR/ess/redirect.php?scriptname=ESNE001&appdesc=%E6%89%B9%E9%87%8F%E5%8A%A0%E7%8F%AD%E7%94%B3%E8%AF%B7" "Mozilla/5.0 (Windows NT 6.2; Win64; x64) AppleWebKit/537.36 (KHTML, like Gecko) Chrome/105.0.0.0 Safari/537.36"
192.168.12.81 - - [17/Jun/2024:16:08:06 +0800] "POST /eHR/ess/redirect.php?scriptname=ESNE001&appdesc=%E6%89%B9%E9%87%8F%E5%8A%A0%E7%8F%AD%E7%94%B3%E8%AF%B7 HTTP/1.1" 200 4067
192.168.12.81 - - [17/Jun/2024:16:08:10 +0800] "GET /eHR/ess/redirect.php?scriptname=ESNE004&appdesc=%E6%89%B9%E9%87%8F%E8%AF%B7%E5%81%87%E6%9F%A5%E8%AF%A2 HTTP/1.1" 200 38801 "http://192.168.1.83:8088/eHR/ess/redirect.php" "Mozilla/5.0 (Windows NT 6.2; Win64; x64) AppleWebKit/537.36 (KHTML, like Gecko) Chrome/105.0.0.0 Safari/537.36"
192.168.12.81 - - [17/Jun/2024:16:08:10 +0800] "GET /eHR/ess/redirect.php?scriptname=ESNE004&appdesc=%E6%89%B9%E9%87%8F%E8%AF%B7%E5%81%87%E6%9F%A5%E8%AF%A2 HTTP/1.1" 200 38801
100.64.0.1 - - [17/Jun/2024:16:08:11 +0800] "GET /eHRTEST/ HTTP/1.1" 200 649 "-" "Mozilla/5.0"
100.64.0.1 - - [17/Jun/2024:16:08:11 +0800] "GET /eHRTEST/ HTTP/1.1" 200 649
192.168.12.81 - - [17/Jun/2024:16:08:11 +0800] "GET /eHR/ess/redirect.php?scriptname=ESNE003&appdesc=%E6%89%B9%E9%87%8F%E5%8A%A0%E7%8F%AD%E6%9F%A5%E8%AF%A2 HTTP/1.1" 200 37933 "http://192.168.1.83:8088/eHR/ess/redirect.php" "Mozilla/5.0 (Windows NT 6.2; Win64; x64) AppleWebKit/537.36 (KHTML, like Gecko) Chrome/105.0.0.0 Safari/537.36"
192.168.12.81 - - [17/Jun/2024:16:08:11 +0800] "GET /eHR/ess/redirect.php?scriptname=ESNE003&appdesc=%E6%89%B9%E9%87%8F%E5%8A%A0%E7%8F%AD%E6%9F%A5%E8%AF%A2 HTTP/1.1" 200 37933
100.64.0.1 - - [17/Jun/2024:16:08:15 +0800] "GET /eHRTEST/ HTTP/1.1" 200 649 "-" "Mozilla/5.0"
100.64.0.1 - - [17/Jun/2024:16:08:15 +0800] "GET /eHRTEST/ HTTP/1.1" 200 649
192.168.12.81 - - [17/Jun/2024:16:08:13 +0800] "POST /eHR/ess/redirect.php?scriptname=ESNE003&appdesc=%E6%89%B9%E9%87%8F%E5%8A%A0%E7%8F%AD%E6%9F%A5%E8%AF%A2 HTTP/1.1" 200 197312 "http://192.168.1.83:8088/eHR/ess/redirect.php?scriptname=ESNE003&appdesc=%E6%89%B9%E9%87%8F%E5%8A%A0%E7%8F%AD%E6%9F%A5%E8%AF%A2" "Mozilla/5.0 (Windows NT 6.2; Win64; x64) AppleWebKit/537.36 (KHTML, like Gecko) Chrome/105.0.0.0 Safari/537.36"
192.168.12.81 - - [17/Jun/2024:16:08:13 +0800] "POST /eHR/ess/redirect.php?scriptname=ESNE003&appdesc=%E6%89%B9%E9%87%8F%E5%8A%A0%E7%8F%AD%E6%9F%A5%E8%AF%A2 HTTP/1.1" 200 197312
100.64.0.1 - - [17/Jun/2024:16:08:20 +0800] "GET /eHR/ HTTP/1.1" 200 649 "-" "Mozilla/5.0"
100.64.0.1 - - [17/Jun/2024:16:08:20 +0800] "GET /eHR/ HTTP/1.1" 200 649
192.168.11.240 - - [17/Jun/2024:16:08:20 +0800] "GET /eHR/ess/redirect.php?scriptname=ESNE022&requestno=122805&appdesc=%E5%8A%A0%E7%8F%AD%E6%B1%87%E5%85%A5%E6%98%8E%E7%BB%86 HTTP/1.1" 200 11014 "http://192.168.1.83:8088/eHR/ess/redirect.php?scriptname=ESNE023&appdesc=%E5%8A%A0%E7%8F%AD%E6%B1%87%E5%85%A5%E7%BB%93%E6%9E%9C%E6%9F%A5%E8%AF%A2" "Mozilla/5.0 (Windows NT 6.1; Win64; x64) AppleWebKit/537.36 (KHTML, like Gecko) Chrome/105.0.0.0 Safari/537.36"
192.168.11.240 - - [17/Jun/2024:16:08:20 +0800] "GET /eHR/ess/redirect.php?scriptname=ESNE022&requestno=122805&appdesc=%E5%8A%A0%E7%8F%AD%E6%B1%87%E5%85%A5%E6%98%8E%E7%BB%86 HTTP/1.1" 200 11014
100.64.0.1 - - [17/Jun/2024:16:08:22 +0800] "GET /eHR/ HTTP/1.1" 200 649 "-" "Mozilla/5.0"
100.64.0.1 - - [17/Jun/2024:16:08:22 +0800] "GET /eHR/ HTTP/1.1" 200 649
192.168.12.81 - - [17/Jun/2024:16:08:23 +0800] "POST /eHR/ess/redirect.php?scriptname=view_flowchart&action=view_flowchart&apply_type=overtime&flow_seqno=1092450 HTTP/1.1" 200 5317 "http://192.168.1.83:8088/eHR/ess/redirect.php" "Mozilla/5.0 (Windows NT 6.2; Win64; x64) AppleWebKit/537.36 (KHTML, like Gecko) Chrome/105.0.0.0 Safari/537.36"
192.168.12.81 - - [17/Jun/2024:16:08:23 +0800] "POST /eHR/ess/redirect.php?scriptname=view_flowchart&action=view_flowchart&apply_type=overtime&flow_seqno=1092450 HTTP/1.1" 200 5317
100.64.0.1 - - [17/Jun/2024:16:08:30 +0800] "GET /eHRTEST/ HTTP/1.1" 200 649 "-" "Mozilla/5.0"
100.64.0.1 - - [17/Jun/2024:16:08:30 +0800] "GET /eHRTEST/ HTTP/1.1" 200 649
100.64.0.1 - - [17/Jun/2024:16:08:34 +0800] "GET /eHR/ HTTP/1.1" 200 649 "-" "Mozilla/5.0"
100.64.0.1 - - [17/Jun/2024:16:08:34 +0800] "GET /eHR/ HTTP/1.1" 200 649
100.64.0.1 - - [17/Jun/2024:16:08:48 +0800] "GET /eHRTEST/ HTTP/1.1" 200 649 "-" "Mozilla/5.0"
100.64.0.1 - - [17/Jun/2024:16:08:48 +0800] "GET /eHRTEST/ HTTP/1.1" 200 649
100.64.0.1 - - [17/Jun/2024:16:08:49 +0800] "GET /test.php HTTP/1.1" 200 45089 "-" "Mozilla/5.0"
100.64.0.1 - - [17/Jun/2024:16:08:49 +0800] "GET /test.php HTTP/1.1" 200 45089
100.64.0.1 - - [17/Jun/2024:16:08:59 +0800] "GET /Apache%20Software%20Foundation/ HTTP/1.1" 200 478 "-" "Mozilla/5.0"
100.64.0.1 - - [17/Jun/2024:16:08:59 +0800] "GET /Apache%20Software%20Foundation/ HTTP/1.1" 200 478
100.64.0.1 - - [17/Jun/2024:16:09:02 +0800] "GET /eHRTEST/ HTTP/1.1" 200 649
100.64.0.1 - - [17/Jun/2024:16:09:02 +0800] "GET /eHRTEST/ HTTP/1.1" 200 649 "-" "Mozilla/5.0"
100.64.0.1 - - [17/Jun/2024:16:09:06 +0800] "GET /Apache%20Software%20Foundation/ HTTP/1.1" 200 478 "-" "Mozilla/5.0"
100.64.0.1 - - [17/Jun/2024:16:09:06 +0800] "GET /Apache%20Software%20Foundation/ HTTP/1.1" 200 478
100.64.0.1 - - [17/Jun/2024:16:09:08 +0800] "GET /eHRTEST/ HTTP/1.1" 200 649
100.64.0.1 - - [17/Jun/2024:16:09:08 +0800] "GET /eHRTEST/ HTTP/1.1" 200 649 "-" "Mozilla/5.0"
100.64.0.1 - - [17/Jun/2024:16:09:20 +0800] "GET /eHR1/ HTTP/1.1" 200 649 "-" "Mozilla/5.0"
100.64.0.1 - - [17/Jun/2024:16:09:20 +0800] "GET /eHR1/ HTTP/1.1" 200 649
100.64.0.1 - - [17/Jun/2024:16:09:21 +0800] "GET /eHR1/ HTTP/1.1" 200 649 "-" "Mozilla/5.0"
100.64.0.1 - - [17/Jun/2024:16:09:21 +0800] "GET /eHR1/ HTTP/1.1" 200 649
100.64.0.1 - - [17/Jun/2024:16:09:27 +0800] "GET /test.php HTTP/1.1" 200 45089 "-" "Mozilla/5.0"
100.64.0.1 - - [17/Jun/2024:16:09:27 +0800] "GET /test.php HTTP/1.1" 200 45089
192.168.11.104 - - [17/Jun/2024:16:09:36 +0800] "GET /eHR/ess/redirect.php HTTP/1.1" 302 - "http://192.168.1.83:8088/eHR/ess/index.php?lang=ZHT" "Mozilla/4.0 (compatible; MSIE 7.0; Windows NT 10.0; WOW64; Trident/7.0; .NET4.0C; .NET4.0E)"
192.168.11.104 - - [17/Jun/2024:16:09:36 +0800] "GET /eHR/ess/redirect.php HTTP/1.1" 302 -
192.168.11.104 - - [17/Jun/2024:16:09:36 +0800] "GET /eHR/css/blueprint/screen.css HTTP/1.1" 304 - "http://192.168.1.83:8088/eHR/ess/index.php?action=logout" "Mozilla/4.0 (compatible; MSIE 7.0; Windows NT 10.0; WOW64; Trident/7.0; .NET4.0C; .NET4.0E)"
192.168.11.104 - - [17/Jun/2024:16:09:36 +0800] "GET /eHR/css/blueprint/screen.css HTTP/1.1" 304 -
192.168.11.104 - - [17/Jun/2024:16:09:36 +0800] "GET /eHR/ess/index.php?action=logout HTTP/1.1" 200 8826 "http://192.168.1.83:8088/eHR/ess/index.php?lang=ZHT" "Mozilla/4.0 (compatible; MSIE 7.0; Windows NT 10.0; WOW64; Trident/7.0; .NET4.0C; .NET4.0E)"
192.168.11.104 - - [17/Jun/2024:16:09:36 +0800] "GET /eHR/ess/index.php?action=logout HTTP/1.1" 200 8826
