100.64.0.1 - - [17/Jun/2024:08:24:50 +0800] "GET /ehr/css/jqueryui/themes/redmond/images/ui-bg_inset-hard_100_fcfdfd_1x100.png HTTP/1.1" 200 88 "http://hcp.maglayers.com.cn:8088/ehr/css/jqueryui/themes/redmond/jquery.ui.theme.css" "Mozilla/5.0 (Windows NT 10.0; Win64; x64) AppleWebKit/537.36 (KHTML, like Gecko) Chrome/100.0.4896.127 Safari/537.36"
100.64.0.1 - - [17/Jun/2024:08:24:50 +0800] "GET /ehr/css/jqueryui/themes/redmond/images/ui-bg_inset-hard_100_fcfdfd_1x100.png HTTP/1.1" 200 88
100.64.0.1 - - [17/Jun/2024:08:24:50 +0800] "GET /ehr/css/jqueryui/themes/redmond/images/ui-bg_flat_55_fbec88_40x100.png HTTP/1.1" 200 182 "http://hcp.maglayers.com.cn:8088/ehr/css/jqueryui/themes/redmond/jquery.ui.theme.css" "Mozilla/5.0 (Windows NT 10.0; Win64; x64) AppleWebKit/537.36 (KHTML, like Gecko) Chrome/100.0.4896.127 Safari/537.36"
100.64.0.1 - - [17/Jun/2024:08:24:50 +0800] "GET /ehr/css/jqueryui/themes/redmond/images/ui-bg_flat_55_fbec88_40x100.png HTTP/1.1" 200 182
100.64.0.1 - - [17/Jun/2024:08:24:50 +0800] "GET /ehr/css/jqueryui/themes/redmond/images/ui-bg_gloss-wave_55_5c9ccc_500x100.png HTTP/1.1" 200 3457 "http://hcp.maglayers.com.cn:8088/ehr/css/jqueryui/themes/redmond/jquery.ui.theme.css" "Mozilla/5.0 (Windows NT 10.0; Win64; x64) AppleWebKit/537.36 (KHTML, like Gecko) Chrome/100.0.4896.127 Safari/537.36"
100.64.0.1 - - [17/Jun/2024:08:24:50 +0800] "GET /ehr/css/jqueryui/themes/redmond/images/ui-bg_gloss-wave_55_5c9ccc_500x100.png HTTP/1.1" 200 3457
100.64.0.1 - - [17/Jun/2024:08:24:50 +0800] "GET /ehr/css/jqueryui/themes/redmond/images/ui-icons_2e83ff_256x240.png HTTP/1.1" 200 4369
100.64.0.1 - - [17/Jun/2024:08:24:50 +0800] "GET /ehr/css/jqueryui/themes/redmond/images/ui-icons_2e83ff_256x240.png HTTP/1.1" 200 4369 "http://hcp.maglayers.com.cn:8088/ehr/css/jqueryui/themes/redmond/jquery.ui.theme.css" "Mozilla/5.0 (Windows NT 10.0; Win64; x64) AppleWebKit/537.36 (KHTML, like Gecko) Chrome/100.0.4896.127 Safari/537.36"
100.64.0.1 - - [17/Jun/2024:08:24:50 +0800] "GET /ehr/css/jqueryui/themes/redmond/images/ui-bg_glass_85_dfeffc_1x400.png HTTP/1.1" 200 123 "http://hcp.maglayers.com.cn:8088/ehr/css/jqueryui/themes/redmond/jquery.ui.theme.css" "Mozilla/5.0 (Windows NT 10.0; Win64; x64) AppleWebKit/537.36 (KHTML, like Gecko) Chrome/100.0.4896.127 Safari/537.36"
100.64.0.1 - - [17/Jun/2024:08:24:50 +0800] "GET /ehr/css/jqueryui/themes/redmond/images/ui-bg_glass_85_dfeffc_1x400.png HTTP/1.1" 200 123
100.64.0.1 - - [17/Jun/2024:08:24:50 +0800] "GET /ehr/img/date.png HTTP/1.1" 200 626 "http://hcp.maglayers.com.cn:8088/ehr/css/default.css" "Mozilla/5.0 (Windows NT 10.0; Win64; x64) AppleWebKit/537.36 (KHTML, like Gecko) Chrome/100.0.4896.127 Safari/537.36"
100.64.0.1 - - [17/Jun/2024:08:24:50 +0800] "GET /ehr/img/date.png HTTP/1.1" 200 626
192.168.11.69 - - [17/Jun/2024:08:24:50 +0800] "GET /eHR/ess/redirect.php?scriptname=user_excel_upload&used_program=emp_import&openW=Y&rand=0.9722526178428548 HTTP/1.1" 200 5264 "http://192.168.1.83:8088/eHR/ess/redirect.php?scriptname=ESNE001&appdesc=%E6%89%B9%E9%87%8F%E5%8A%A0%E7%8F%AD%E7%94%B3%E8%AF%B7" "Mozilla/5.0 (Windows NT 6.1; Win64; x64) AppleWebKit/537.36 (KHTML, like Gecko) Chrome/105.0.0.0 Safari/537.36"
192.168.11.69 - - [17/Jun/2024:08:24:50 +0800] "GET /eHR/ess/redirect.php?scriptname=user_excel_upload&used_program=emp_import&openW=Y&rand=0.9722526178428548 HTTP/1.1" 200 5264
100.64.0.1 - - [17/Jun/2024:08:24:55 +0800] "GET /test.php HTTP/1.1" 200 45089 "-" "Mozilla/5.0"
100.64.0.1 - - [17/Jun/2024:08:24:55 +0800] "GET /test.php HTTP/1.1" 200 45089
100.64.0.1 - - [17/Jun/2024:08:24:55 +0800] "GET /ehr/img/ares.ico HTTP/1.1" 200 1406 "http://hcp.maglayers.com.cn:8088/ehr/mgr/redirect.php?scriptname=overtime_approve&key=7C6666DC02DC78F993805DAC3599826EC3486E831C5A10895C9BFBFFFC26937E7DF356132FEE8AC3C3AEAA80BA29E5DF" "Mozilla/5.0 (Windows NT 10.0; Win64; x64) AppleWebKit/537.36 (KHTML, like Gecko) Chrome/100.0.4896.127 Safari/537.36"
100.64.0.1 - - [17/Jun/2024:08:24:55 +0800] "GET /ehr/img/ares.ico HTTP/1.1" 200 1406
100.64.0.1 - - [17/Jun/2024:08:24:57 +0800] "GET /eHRTEST/ HTTP/1.1" 200 649 "-" "Mozilla/5.0"
100.64.0.1 - - [17/Jun/2024:08:24:57 +0800] "GET /eHRTEST/ HTTP/1.1" 200 649
192.168.11.69 - - [17/Jun/2024:08:24:57 +0800] "POST /eHR/ess/redirect.php?scriptname=user_excel_upload&used_program=emp_import&openW=Y&rand=0.9722526178428548 HTTP/1.1" 302 - "http://192.168.1.83:8088/eHR/ess/redirect.php?scriptname=user_excel_upload&used_program=emp_import&openW=Y&rand=0.9722526178428548" "Mozilla/5.0 (Windows NT 6.1; Win64; x64) AppleWebKit/537.36 (KHTML, like Gecko) Chrome/105.0.0.0 Safari/537.36"
192.168.11.69 - - [17/Jun/2024:08:24:57 +0800] "POST /eHR/ess/redirect.php?scriptname=user_excel_upload&used_program=emp_import&openW=Y&rand=0.9722526178428548 HTTP/1.1" 302 -
100.64.0.1 - - [17/Jun/2024:08:24:57 +0800] "GET /eHR1/ HTTP/1.1" 200 649 "-" "Mozilla/5.0"
100.64.0.1 - - [17/Jun/2024:08:24:57 +0800] "GET /eHR1/ HTTP/1.1" 200 649
192.168.11.69 - - [17/Jun/2024:08:24:57 +0800] "GET /eHR/ess/redirect.php?scriptname=emp_import&id=3 HTTP/1.1" 200 4494 "http://192.168.1.83:8088/eHR/ess/redirect.php?scriptname=user_excel_upload&used_program=emp_import&openW=Y&rand=0.9722526178428548" "Mozilla/5.0 (Windows NT 6.1; Win64; x64) AppleWebKit/537.36 (KHTML, like Gecko) Chrome/105.0.0.0 Safari/537.36"
192.168.11.69 - - [17/Jun/2024:08:24:57 +0800] "GET /eHR/ess/redirect.php?scriptname=emp_import&id=3 HTTP/1.1" 200 4494
192.168.11.69 - - [17/Jun/2024:08:25:01 +0800] "POST /eHR/ess/redirect.php?scriptname=ESNE001&appdesc=%E6%89%B9%E9%87%8F%E5%8A%A0%E7%8F%AD%E7%94%B3%E8%AF%B7 HTTP/1.1" 200 4265 "http://192.168.1.83:8088/eHR/ess/redirect.php?scriptname=ESNE001&appdesc=%E6%89%B9%E9%87%8F%E5%8A%A0%E7%8F%AD%E7%94%B3%E8%AF%B7" "Mozilla/5.0 (Windows NT 6.1; Win64; x64) AppleWebKit/537.36 (KHTML, like Gecko) Chrome/105.0.0.0 Safari/537.36"
192.168.11.69 - - [17/Jun/2024:08:25:01 +0800] "POST /eHR/ess/redirect.php?scriptname=ESNE001&appdesc=%E6%89%B9%E9%87%8F%E5%8A%A0%E7%8F%AD%E7%94%B3%E8%AF%B7 HTTP/1.1" 200 4265
192.168.11.69 - - [17/Jun/2024:08:25:03 +0800] "GET /eHR/ess/redirect.php?scriptname=ESNE001&appdesc=%E6%89%B9%E9%87%8F%E5%8A%A0%E7%8F%AD%E7%94%B3%E8%AF%B7 HTTP/1.1" 200 15271 "http://192.168.1.83:8088/eHR/ess/redirect.php" "Mozilla/5.0 (Windows NT 6.1; Win64; x64) AppleWebKit/537.36 (KHTML, like Gecko) Chrome/105.0.0.0 Safari/537.36"
192.168.11.69 - - [17/Jun/2024:08:25:03 +0800] "GET /eHR/ess/redirect.php?scriptname=ESNE001&appdesc=%E6%89%B9%E9%87%8F%E5%8A%A0%E7%8F%AD%E7%94%B3%E8%AF%B7 HTTP/1.1" 200 15271
192.168.11.69 - - [17/Jun/2024:08:25:04 +0800] "GET /eHR/ess/redirect.php?scriptname=ESNE001&appdesc=%E6%89%B9%E9%87%8F%E5%8A%A0%E7%8F%AD%E7%94%B3%E8%AF%B7 HTTP/1.1" 200 15271 "http://192.168.1.83:8088/eHR/ess/redirect.php" "Mozilla/5.0 (Windows NT 6.1; Win64; x64) AppleWebKit/537.36 (KHTML, like Gecko) Chrome/105.0.0.0 Safari/537.36"
192.168.11.69 - - [17/Jun/2024:08:25:04 +0800] "GET /eHR/ess/redirect.php?scriptname=ESNE001&appdesc=%E6%89%B9%E9%87%8F%E5%8A%A0%E7%8F%AD%E7%94%B3%E8%AF%B7 HTTP/1.1" 200 15271
100.64.0.1 - - [17/Jun/2024:08:25:22 +0800] "GET /eHR/ HTTP/1.1" 200 649 "-" "Mozilla/5.0"
100.64.0.1 - - [17/Jun/2024:08:25:22 +0800] "GET /eHR/ HTTP/1.1" 200 649
192.168.11.69 - - [17/Jun/2024:08:25:24 +0800] "GET /eHR/ess/redirect.php?scriptname=ESNE001&appdesc=%E6%89%B9%E9%87%8F%E5%8A%A0%E7%8F%AD%E7%94%B3%E8%AF%B7 HTTP/1.1" 200 15271 "http://192.168.1.83:8088/eHR/ess/redirect.php" "Mozilla/5.0 (Windows NT 6.1; Win64; x64) AppleWebKit/537.36 (KHTML, like Gecko) Chrome/105.0.0.0 Safari/537.36"
192.168.11.69 - - [17/Jun/2024:08:25:24 +0800] "GET /eHR/ess/redirect.php?scriptname=ESNE001&appdesc=%E6%89%B9%E9%87%8F%E5%8A%A0%E7%8F%AD%E7%94%B3%E8%AF%B7 HTTP/1.1" 200 15271
100.64.0.1 - - [17/Jun/2024:08:25:38 +0800] "GET /eHRTEST/ HTTP/1.1" 200 649 "-" "Mozilla/5.0"
100.64.0.1 - - [17/Jun/2024:08:25:38 +0800] "GET /eHRTEST/ HTTP/1.1" 200 649
100.64.0.1 - - [17/Jun/2024:08:25:41 +0800] "GET /eHRTEST/ HTTP/1.1" 200 649 "-" "Mozilla/5.0"
100.64.0.1 - - [17/Jun/2024:08:25:41 +0800] "GET /eHRTEST/ HTTP/1.1" 200 649
192.168.11.69 - - [17/Jun/2024:08:25:41 +0800] "GET /eHR/ess/redirect.php?scriptname=user_excel_upload&used_program=emp_import&openW=Y&rand=0.7478824883039072 HTTP/1.1" 200 5264 "http://192.168.1.83:8088/eHR/ess/redirect.php?scriptname=ESNE001&appdesc=%E6%89%B9%E9%87%8F%E5%8A%A0%E7%8F%AD%E7%94%B3%E8%AF%B7" "Mozilla/5.0 (Windows NT 6.1; Win64; x64) AppleWebKit/537.36 (KHTML, like Gecko) Chrome/105.0.0.0 Safari/537.36"
192.168.11.69 - - [17/Jun/2024:08:25:41 +0800] "GET /eHR/ess/redirect.php?scriptname=user_excel_upload&used_program=emp_import&openW=Y&rand=0.7478824883039072 HTTP/1.1" 200 5264
100.64.0.1 - - [17/Jun/2024:08:25:45 +0800] "GET /eHR1/ HTTP/1.1" 200 649 "-" "Mozilla/5.0"
100.64.0.1 - - [17/Jun/2024:08:25:45 +0800] "GET /eHR1/ HTTP/1.1" 200 649
192.168.11.69 - - [17/Jun/2024:08:25:46 +0800] "POST /eHR/ess/redirect.php?scriptname=user_excel_upload&used_program=emp_import&openW=Y&rand=0.7478824883039072 HTTP/1.1" 302 - "http://192.168.1.83:8088/eHR/ess/redirect.php?scriptname=user_excel_upload&used_program=emp_import&openW=Y&rand=0.7478824883039072" "Mozilla/5.0 (Windows NT 6.1; Win64; x64) AppleWebKit/537.36 (KHTML, like Gecko) Chrome/105.0.0.0 Safari/537.36"
192.168.11.69 - - [17/Jun/2024:08:25:46 +0800] "POST /eHR/ess/redirect.php?scriptname=user_excel_upload&used_program=emp_import&openW=Y&rand=0.7478824883039072 HTTP/1.1" 302 -
192.168.11.69 - - [17/Jun/2024:08:25:47 +0800] "GET /eHR/ess/redirect.php?scriptname=emp_import&id=3 HTTP/1.1" 200 4819 "http://192.168.1.83:8088/eHR/ess/redirect.php?scriptname=user_excel_upload&used_program=emp_import&openW=Y&rand=0.7478824883039072" "Mozilla/5.0 (Windows NT 6.1; Win64; x64) AppleWebKit/537.36 (KHTML, like Gecko) Chrome/105.0.0.0 Safari/537.36"
192.168.11.69 - - [17/Jun/2024:08:25:47 +0800] "GET /eHR/ess/redirect.php?scriptname=emp_import&id=3 HTTP/1.1" 200 4819
192.168.11.69 - - [17/Jun/2024:08:25:50 +0800] "POST /eHR/ess/redirect.php?scriptname=ESNE001&appdesc=%E6%89%B9%E9%87%8F%E5%8A%A0%E7%8F%AD%E7%94%B3%E8%AF%B7 HTTP/1.1" 200 4507 "http://192.168.1.83:8088/eHR/ess/redirect.php?scriptname=ESNE001&appdesc=%E6%89%B9%E9%87%8F%E5%8A%A0%E7%8F%AD%E7%94%B3%E8%AF%B7" "Mozilla/5.0 (Windows NT 6.1; Win64; x64) AppleWebKit/537.36 (KHTML, like Gecko) Chrome/105.0.0.0 Safari/537.36"
192.168.11.69 - - [17/Jun/2024:08:25:50 +0800] "POST /eHR/ess/redirect.php?scriptname=ESNE001&appdesc=%E6%89%B9%E9%87%8F%E5%8A%A0%E7%8F%AD%E7%94%B3%E8%AF%B7 HTTP/1.1" 200 4507
100.64.0.1 - - [17/Jun/2024:08:25:54 +0800] "GET /eHRTEST/ HTTP/1.1" 200 649 "-" "Mozilla/5.0"
100.64.0.1 - - [17/Jun/2024:08:25:54 +0800] "GET /eHRTEST/ HTTP/1.1" 200 649
192.168.11.69 - - [17/Jun/2024:08:25:56 +0800] "GET /eHR/ess/redirect.php?scriptname=ESNE001&appdesc=%E6%89%B9%E9%87%8F%E5%8A%A0%E7%8F%AD%E7%94%B3%E8%AF%B7 HTTP/1.1" 200 15271 "http://192.168.1.83:8088/eHR/ess/redirect.php" "Mozilla/5.0 (Windows NT 6.1; Win64; x64) AppleWebKit/537.36 (KHTML, like Gecko) Chrome/105.0.0.0 Safari/537.36"
192.168.11.69 - - [17/Jun/2024:08:25:56 +0800] "GET /eHR/ess/redirect.php?scriptname=ESNE001&appdesc=%E6%89%B9%E9%87%8F%E5%8A%A0%E7%8F%AD%E7%94%B3%E8%AF%B7 HTTP/1.1" 200 15271
100.64.0.1 - - [17/Jun/2024:08:26:07 +0800] "GET /eHRTEST/ HTTP/1.1" 200 649 "-" "Mozilla/5.0"
100.64.0.1 - - [17/Jun/2024:08:26:07 +0800] "GET /eHRTEST/ HTTP/1.1" 200 649
192.168.11.69 - - [17/Jun/2024:08:26:07 +0800] "GET /eHR/ess/redirect.php?scriptname=ESNE001&appdesc=%E6%89%B9%E9%87%8F%E5%8A%A0%E7%8F%AD%E7%94%B3%E8%AF%B7 HTTP/1.1" 200 15271 "http://192.168.1.83:8088/eHR/ess/redirect.php" "Mozilla/5.0 (Windows NT 6.1; Win64; x64) AppleWebKit/537.36 (KHTML, like Gecko) Chrome/105.0.0.0 Safari/537.36"
192.168.11.69 - - [17/Jun/2024:08:26:07 +0800] "GET /eHR/ess/redirect.php?scriptname=ESNE001&appdesc=%E6%89%B9%E9%87%8F%E5%8A%A0%E7%8F%AD%E7%94%B3%E8%AF%B7 HTTP/1.1" 200 15271
100.64.0.1 - - [17/Jun/2024:08:26:15 +0800] "GET /Apache%20Software%20Foundation/ HTTP/1.1" 200 478 "-" "Mozilla/5.0"
100.64.0.1 - - [17/Jun/2024:08:26:15 +0800] "GET /Apache%20Software%20Foundation/ HTTP/1.1" 200 478
100.64.0.1 - - [17/Jun/2024:08:26:15 +0800] "GET /Apache%20Software%20Foundation/ HTTP/1.1" 200 478 "-" "Mozilla/5.0"
100.64.0.1 - - [17/Jun/2024:08:26:15 +0800] "GET /Apache%20Software%20Foundation/ HTTP/1.1" 200 478
100.64.0.1 - - [17/Jun/2024:08:26:16 +0800] "GET /eHR1/ HTTP/1.1" 200 649 "-" "Mozilla/5.0"
100.64.0.1 - - [17/Jun/2024:08:26:16 +0800] "GET /eHR1/ HTTP/1.1" 200 649
100.64.0.1 - - [17/Jun/2024:08:26:18 +0800] "GET /idcard/ HTTP/1.1" 200 649 "-" "Mozilla/5.0"
100.64.0.1 - - [17/Jun/2024:08:26:18 +0800] "GET /idcard/ HTTP/1.1" 200 649
192.168.11.69 - - [17/Jun/2024:08:26:25 +0800] "GET /eHR/ess/redirect.php?scriptname=ESNE001&appdesc=%E6%89%B9%E9%87%8F%E5%8A%A0%E7%8F%AD%E7%94%B3%E8%AF%B7 HTTP/1.1" 200 15271 "http://192.168.1.83:8088/eHR/ess/redirect.php" "Mozilla/5.0 (Windows NT 6.1; Win64; x64) AppleWebKit/537.36 (KHTML, like Gecko) Chrome/105.0.0.0 Safari/537.36"
192.168.11.69 - - [17/Jun/2024:08:26:25 +0800] "GET /eHR/ess/redirect.php?scriptname=ESNE001&appdesc=%E6%89%B9%E9%87%8F%E5%8A%A0%E7%8F%AD%E7%94%B3%E8%AF%B7 HTTP/1.1" 200 15271
100.64.0.1 - - [17/Jun/2024:08:26:29 +0800] "GET /eHR1/ HTTP/1.1" 200 649 "-" "Mozilla/5.0"
100.64.0.1 - - [17/Jun/2024:08:26:29 +0800] "GET /eHR1/ HTTP/1.1" 200 649
100.64.0.1 - - [17/Jun/2024:08:26:33 +0800] "GET /idcard/ HTTP/1.1" 200 649
100.64.0.1 - - [17/Jun/2024:08:26:33 +0800] "GET /idcard/ HTTP/1.1" 200 649 "-" "Mozilla/5.0"
100.64.0.1 - - [17/Jun/2024:08:26:35 +0800] "GET /idcard/ HTTP/1.1" 200 649 "-" "Mozilla/5.0"
100.64.0.1 - - [17/Jun/2024:08:26:35 +0800] "GET /idcard/ HTTP/1.1" 200 649
192.168.11.69 - - [17/Jun/2024:08:26:38 +0800] "GET /eHR/ess/redirect.php?scriptname=user_excel_upload&used_program=emp_import&openW=Y&rand=0.8588649215607551 HTTP/1.1" 200 5264 "http://192.168.1.83:8088/eHR/ess/redirect.php?scriptname=ESNE001&appdesc=%E6%89%B9%E9%87%8F%E5%8A%A0%E7%8F%AD%E7%94%B3%E8%AF%B7" "Mozilla/5.0 (Windows NT 6.1; Win64; x64) AppleWebKit/537.36 (KHTML, like Gecko) Chrome/105.0.0.0 Safari/537.36"
192.168.11.69 - - [17/Jun/2024:08:26:38 +0800] "GET /eHR/ess/redirect.php?scriptname=user_excel_upload&used_program=emp_import&openW=Y&rand=0.8588649215607551 HTTP/1.1" 200 5264
100.64.0.1 - - [17/Jun/2024:08:26:39 +0800] "GET /test.php HTTP/1.1" 200 45089 "-" "Mozilla/5.0"
100.64.0.1 - - [17/Jun/2024:08:26:39 +0800] "GET /test.php HTTP/1.1" 200 45089
100.64.0.1 - - [17/Jun/2024:08:26:41 +0800] "GET /eHR/ HTTP/1.1" 200 649 "-" "Mozilla/5.0"
100.64.0.1 - - [17/Jun/2024:08:26:41 +0800] "GET /eHR/ HTTP/1.1" 200 649
100.64.0.1 - - [17/Jun/2024:08:26:42 +0800] "GET /eHRTEST/ HTTP/1.1" 200 649 "-" "Mozilla/5.0"
100.64.0.1 - - [17/Jun/2024:08:26:42 +0800] "GET /eHRTEST/ HTTP/1.1" 200 649
192.168.11.69 - - [17/Jun/2024:08:26:43 +0800] "POST /eHR/ess/redirect.php?scriptname=user_excel_upload&used_program=emp_import&openW=Y&rand=0.8588649215607551 HTTP/1.1" 302 - "http://192.168.1.83:8088/eHR/ess/redirect.php?scriptname=user_excel_upload&used_program=emp_import&openW=Y&rand=0.8588649215607551" "Mozilla/5.0 (Windows NT 6.1; Win64; x64) AppleWebKit/537.36 (KHTML, like Gecko) Chrome/105.0.0.0 Safari/537.36"
192.168.11.69 - - [17/Jun/2024:08:26:43 +0800] "POST /eHR/ess/redirect.php?scriptname=user_excel_upload&used_program=emp_import&openW=Y&rand=0.8588649215607551 HTTP/1.1" 302 -
192.168.11.69 - - [17/Jun/2024:08:26:44 +0800] "GET /eHR/ess/redirect.php?scriptname=emp_import&id=3 HTTP/1.1" 200 12159 "http://192.168.1.83:8088/eHR/ess/redirect.php?scriptname=user_excel_upload&used_program=emp_import&openW=Y&rand=0.8588649215607551" "Mozilla/5.0 (Windows NT 6.1; Win64; x64) AppleWebKit/537.36 (KHTML, like Gecko) Chrome/105.0.0.0 Safari/537.36"
192.168.11.69 - - [17/Jun/2024:08:26:44 +0800] "GET /eHR/ess/redirect.php?scriptname=emp_import&id=3 HTTP/1.1" 200 12159
100.64.0.1 - - [17/Jun/2024:08:26:48 +0800] "GET /eHR/ HTTP/1.1" 200 649 "-" "Mozilla/5.0"
100.64.0.1 - - [17/Jun/2024:08:26:48 +0800] "GET /eHR/ HTTP/1.1" 200 649
192.168.11.69 - - [17/Jun/2024:08:26:48 +0800] "POST /eHR/ess/redirect.php?scriptname=ESNE001&appdesc=%E6%89%B9%E9%87%8F%E5%8A%A0%E7%8F%AD%E7%94%B3%E8%AF%B7 HTTP/1.1" 302 - "http://192.168.1.83:8088/eHR/ess/redirect.php?scriptname=ESNE001&appdesc=%E6%89%B9%E9%87%8F%E5%8A%A0%E7%8F%AD%E7%94%B3%E8%AF%B7" "Mozilla/5.0 (Windows NT 6.1; Win64; x64) AppleWebKit/537.36 (KHTML, like Gecko) Chrome/105.0.0.0 Safari/537.36"
192.168.11.69 - - [17/Jun/2024:08:26:48 +0800] "POST /eHR/ess/redirect.php?scriptname=ESNE001&appdesc=%E6%89%B9%E9%87%8F%E5%8A%A0%E7%8F%AD%E7%94%B3%E8%AF%B7 HTTP/1.1" 302 -
192.168.11.69 - - [17/Jun/2024:08:26:49 +0800] "GET /eHR/ess/redirect.php?scriptname=page_success&msgtxt=%E6%82%A8%E7%9A%84%E5%8A%A0%E7%8F%AD%E7%94%B3%E8%AB%8B%E5%B7%B2%E6%88%90%E5%8A%9F%E6%8F%90%E4%BA%A4%E5%BE%8C%E5%8F%B0%E8%99%95%E7%90%86.%3Cbr%3E%E6%82%A8%E5%8F%AF%E4%BB%A5%E5%9C%A8%3Ca+href%3D%22..%2Fess%2Fredirect.php%3Fscriptname%3DESNE023%26requestno%3D122869%22%3E%E9%80%99%E8%A3%A1%3C%2Fa%3E%E6%9F%A5%E7%9C%8B%E7%94%B3%E8%AB%8B%E8%99%95%E7%90%86%E7%B5%90%E6%9E%9C.%3Cbr%3E%E6%89%B9%E6%AC%A1%E8%99%9F%E7%82%BA%3A122869&target=iframe HTTP/1.1" 200 3251 "http://192.168.1.83:8088/eHR/ess/redirect.php?scriptname=ESNE001&appdesc=%E6%89%B9%E9%87%8F%E5%8A%A0%E7%8F%AD%E7%94%B3%E8%AF%B7" "Mozilla/5.0 (Windows NT 6.1; Win64; x64) AppleWebKit/537.36 (KHTML, like Gecko) Chrome/105.0.0.0 Safari/537.36"
192.168.11.69 - - [17/Jun/2024:08:26:49 +0800] "GET /eHR/ess/redirect.php?scriptname=page_success&msgtxt=%E6%82%A8%E7%9A%84%E5%8A%A0%E7%8F%AD%E7%94%B3%E8%AB%8B%E5%B7%B2%E6%88%90%E5%8A%9F%E6%8F%90%E4%BA%A4%E5%BE%8C%E5%8F%B0%E8%99%95%E7%90%86.%3Cbr%3E%E6%82%A8%E5%8F%AF%E4%BB%A5%E5%9C%A8%3Ca+href%3D%22..%2Fess%2Fredirect.php%3Fscriptname%3DESNE023%26requestno%3D122869%22%3E%E9%80%99%E8%A3%A1%3C%2Fa%3E%E6%9F%A5%E7%9C%8B%E7%94%B3%E8%AB%8B%E8%99%95%E7%90%86%E7%B5%90%E6%9E%9C.%3Cbr%3E%E6%89%B9%E6%AC%A1%E8%99%9F%E7%82%BA%3A122869&target=iframe HTTP/1.1" 200 3251
100.64.0.1 - - [17/Jun/2024:08:26:52 +0800] "GET /eHR1/ HTTP/1.1" 200 649 "-" "Mozilla/5.0"
100.64.0.1 - - [17/Jun/2024:08:26:52 +0800] "GET /eHR1/ HTTP/1.1" 200 649
192.168.11.69 - - [17/Jun/2024:08:26:53 +0800] "GET /eHR/ess/redirect.php?scriptname=ESNE023&requestno=122869 HTTP/1.1" 200 5531 "http://192.168.1.83:8088/eHR/ess/redirect.php?scriptname=page_success&msgtxt=%E6%82%A8%E7%9A%84%E5%8A%A0%E7%8F%AD%E7%94%B3%E8%AB%8B%E5%B7%B2%E6%88%90%E5%8A%9F%E6%8F%90%E4%BA%A4%E5%BE%8C%E5%8F%B0%E8%99%95%E7%90%86.%3Cbr%3E%E6%82%A8%E5%8F%AF%E4%BB%A5%E5%9C%A8%3Ca+href%3D%22..%2Fess%2Fredirect.php%3Fscriptname%3DESNE023%26requestno%3D122869%22%3E%E9%80%99%E8%A3%A1%3C%2Fa%3E%E6%9F%A5%E7%9C%8B%E7%94%B3%E8%AB%8B%E8%99%95%E7%90%86%E7%B5%90%E6%9E%9C.%3Cbr%3E%E6%89%B9%E6%AC%A1%E8%99%9F%E7%82%BA%3A122869&target=iframe" "Mozilla/5.0 (Windows NT 6.1; Win64; x64) AppleWebKit/537.36 (KHTML, like Gecko) Chrome/105.0.0.0 Safari/537.36"
192.168.11.69 - - [17/Jun/2024:08:26:53 +0800] "GET /eHR/ess/redirect.php?scriptname=ESNE023&requestno=122869 HTTP/1.1" 200 5531
192.168.11.69 - - [17/Jun/2024:08:26:55 +0800] "GET /eHR/ess/redirect.php?scriptname=ESNE022&requestno=122869&appdesc=%E5%8A%A0%E7%8F%AD%E6%B1%87%E5%85%A5%E6%98%8E%E7%BB%86 HTTP/1.1" 200 14571 "http://192.168.1.83:8088/eHR/ess/redirect.php?scriptname=ESNE023&requestno=122869" "Mozilla/5.0 (Windows NT 6.1; Win64; x64) AppleWebKit/537.36 (KHTML, like Gecko) Chrome/105.0.0.0 Safari/537.36"
192.168.11.69 - - [17/Jun/2024:08:26:55 +0800] "GET /eHR/ess/redirect.php?scriptname=ESNE022&requestno=122869&appdesc=%E5%8A%A0%E7%8F%AD%E6%B1%87%E5%85%A5%E6%98%8E%E7%BB%86 HTTP/1.1" 200 14571
192.168.11.69 - - [17/Jun/2024:08:26:57 +0800] "GET /eHR/ess/redirect.php?scriptname=ESNE001&appdesc=%E6%89%B9%E9%87%8F%E5%8A%A0%E7%8F%AD%E7%94%B3%E8%AF%B7 HTTP/1.1" 200 15271 "http://192.168.1.83:8088/eHR/ess/redirect.php" "Mozilla/5.0 (Windows NT 6.1; Win64; x64) AppleWebKit/537.36 (KHTML, like Gecko) Chrome/105.0.0.0 Safari/537.36"
192.168.11.69 - - [17/Jun/2024:08:26:57 +0800] "GET /eHR/ess/redirect.php?scriptname=ESNE001&appdesc=%E6%89%B9%E9%87%8F%E5%8A%A0%E7%8F%AD%E7%94%B3%E8%AF%B7 HTTP/1.1" 200 15271
100.64.0.1 - - [17/Jun/2024:08:26:58 +0800] "GET /eHRTEST/ HTTP/1.1" 200 649 "-" "Mozilla/5.0"
100.64.0.1 - - [17/Jun/2024:08:26:58 +0800] "GET /eHRTEST/ HTTP/1.1" 200 649
100.64.0.1 - - [17/Jun/2024:08:27:03 +0800] "GET /eHRTEST/ HTTP/1.1" 200 649 "-" "Mozilla/5.0"
100.64.0.1 - - [17/Jun/2024:08:27:03 +0800] "GET /eHRTEST/ HTTP/1.1" 200 649
100.64.0.1 - - [17/Jun/2024:08:27:06 +0800] "GET /eHR1/ HTTP/1.1" 200 649 "-" "Mozilla/5.0"
100.64.0.1 - - [17/Jun/2024:08:27:06 +0800] "GET /eHR1/ HTTP/1.1" 200 649
100.64.0.1 - - [17/Jun/2024:08:27:16 +0800] "GET /eHR1/ HTTP/1.1" 200 649 "-" "Mozilla/5.0"
100.64.0.1 - - [17/Jun/2024:08:27:16 +0800] "GET /eHR1/ HTTP/1.1" 200 649
100.64.0.1 - - [17/Jun/2024:08:27:17 +0800] "GET /Apache%20Software%20Foundation/ HTTP/1.1" 200 478 "-" "Mozilla/5.0"
100.64.0.1 - - [17/Jun/2024:08:27:17 +0800] "GET /Apache%20Software%20Foundation/ HTTP/1.1" 200 478
100.64.0.1 - - [17/Jun/2024:08:27:17 +0800] "GET /eHR/ HTTP/1.1" 200 649 "-" "Mozilla/5.0"
100.64.0.1 - - [17/Jun/2024:08:27:17 +0800] "GET /eHR/ HTTP/1.1" 200 649
100.64.0.1 - - [17/Jun/2024:08:27:20 +0800] "GET /Apache%20Software%20Foundation/ HTTP/1.1" 200 478 "-" "Mozilla/5.0"
100.64.0.1 - - [17/Jun/2024:08:27:20 +0800] "GET /Apache%20Software%20Foundation/ HTTP/1.1" 200 478
100.64.0.1 - - [17/Jun/2024:08:27:20 +0800] "GET /test.php HTTP/1.1" 200 45089 "-" "Mozilla/5.0"
100.64.0.1 - - [17/Jun/2024:08:27:20 +0800] "GET /test.php HTTP/1.1" 200 45089
192.168.11.69 - - [17/Jun/2024:08:27:20 +0800] "GET /eHR/ess/redirect.php?scriptname=ESNE001&appdesc=%E6%89%B9%E9%87%8F%E5%8A%A0%E7%8F%AD%E7%94%B3%E8%AF%B7 HTTP/1.1" 200 15271 "http://192.168.1.83:8088/eHR/ess/redirect.php" "Mozilla/5.0 (Windows NT 6.1; Win64; x64) AppleWebKit/537.36 (KHTML, like Gecko) Chrome/105.0.0.0 Safari/537.36"
192.168.11.69 - - [17/Jun/2024:08:27:20 +0800] "GET /eHR/ess/redirect.php?scriptname=ESNE001&appdesc=%E6%89%B9%E9%87%8F%E5%8A%A0%E7%8F%AD%E7%94%B3%E8%AF%B7 HTTP/1.1" 200 15271
100.64.0.1 - - [17/Jun/2024:08:27:22 +0800] "GET /eHR/ HTTP/1.1" 200 649 "-" "Mozilla/5.0"
100.64.0.1 - - [17/Jun/2024:08:27:22 +0800] "GET /eHR/ HTTP/1.1" 200 649
100.64.0.1 - - [17/Jun/2024:08:27:25 +0800] "GET /eHR/ HTTP/1.1" 200 649
100.64.0.1 - - [17/Jun/2024:08:27:25 +0800] "GET /eHR/ HTTP/1.1" 200 649 "-" "Mozilla/5.0"
192.168.11.69 - - [17/Jun/2024:08:27:33 +0800] "GET /eHR/ess/redirect.php?scriptname=emp_lov&openW=Y&rand=0.246416608552684 HTTP/1.1" 200 13560 "http://192.168.1.83:8088/eHR/ess/redirect.php?scriptname=ESNE001&appdesc=%E6%89%B9%E9%87%8F%E5%8A%A0%E7%8F%AD%E7%94%B3%E8%AF%B7" "Mozilla/5.0 (Windows NT 6.1; Win64; x64) AppleWebKit/537.36 (KHTML, like Gecko) Chrome/105.0.0.0 Safari/537.36"
192.168.11.69 - - [17/Jun/2024:08:27:33 +0800] "GET /eHR/ess/redirect.php?scriptname=emp_lov&openW=Y&rand=0.246416608552684 HTTP/1.1" 200 13560
100.64.0.1 - - [17/Jun/2024:08:27:35 +0800] "GET /eHR/ HTTP/1.1" 200 649 "-" "Mozilla/5.0"
100.64.0.1 - - [17/Jun/2024:08:27:35 +0800] "GET /eHR/ HTTP/1.1" 200 649
192.168.11.69 - - [17/Jun/2024:08:27:39 +0800] "POST /eHR/ess/redirect.php?scriptname=emp_lov&openW=Y&rand=0.246416608552684 HTTP/1.1" 200 15745 "http://192.168.1.83:8088/eHR/ess/redirect.php?scriptname=emp_lov&openW=Y&rand=0.246416608552684" "Mozilla/5.0 (Windows NT 6.1; Win64; x64) AppleWebKit/537.36 (KHTML, like Gecko) Chrome/105.0.0.0 Safari/537.36"
192.168.11.69 - - [17/Jun/2024:08:27:39 +0800] "POST /eHR/ess/redirect.php?scriptname=emp_lov&openW=Y&rand=0.246416608552684 HTTP/1.1" 200 15745
100.64.0.1 - - [17/Jun/2024:08:27:41 +0800] "GET /test.php HTTP/1.1" 200 45089 "-" "Mozilla/5.0"
100.64.0.1 - - [17/Jun/2024:08:27:41 +0800] "GET /test.php HTTP/1.1" 200 45089
100.64.0.1 - - [17/Jun/2024:08:27:43 +0800] "GET /test.php HTTP/1.1" 200 45089
100.64.0.1 - - [17/Jun/2024:08:27:43 +0800] "GET /test.php HTTP/1.1" 200 45089 "-" "Mozilla/5.0"
192.168.11.69 - - [17/Jun/2024:08:27:44 +0800] "POST /eHR/ess/redirect.php?scriptname=ESNE001&appdesc=%E6%89%B9%E9%87%8F%E5%8A%A0%E7%8F%AD%E7%94%B3%E8%AF%B7 HTTP/1.1" 200 4075 "http://192.168.1.83:8088/eHR/ess/redirect.php?scriptname=ESNE001&appdesc=%E6%89%B9%E9%87%8F%E5%8A%A0%E7%8F%AD%E7%94%B3%E8%AF%B7" "Mozilla/5.0 (Windows NT 6.1; Win64; x64) AppleWebKit/537.36 (KHTML, like Gecko) Chrome/105.0.0.0 Safari/537.36"
192.168.11.69 - - [17/Jun/2024:08:27:44 +0800] "POST /eHR/ess/redirect.php?scriptname=ESNE001&appdesc=%E6%89%B9%E9%87%8F%E5%8A%A0%E7%8F%AD%E7%94%B3%E8%AF%B7 HTTP/1.1" 200 4075
192.168.11.69 - - [17/Jun/2024:08:27:46 +0800] "GET /eHR/ess/redirect.php?scriptname=ESNE001&appdesc=%E6%89%B9%E9%87%8F%E5%8A%A0%E7%8F%AD%E7%94%B3%E8%AF%B7 HTTP/1.1" 200 15271 "http://192.168.1.83:8088/eHR/ess/redirect.php" "Mozilla/5.0 (Windows NT 6.1; Win64; x64) AppleWebKit/537.36 (KHTML, like Gecko) Chrome/105.0.0.0 Safari/537.36"
192.168.11.69 - - [17/Jun/2024:08:27:46 +0800] "GET /eHR/ess/redirect.php?scriptname=ESNE001&appdesc=%E6%89%B9%E9%87%8F%E5%8A%A0%E7%8F%AD%E7%94%B3%E8%AF%B7 HTTP/1.1" 200 15271
192.168.11.69 - - [17/Jun/2024:08:27:47 +0800] "GET /eHR/ess/redirect.php?scriptname=ESNE001&appdesc=%E6%89%B9%E9%87%8F%E5%8A%A0%E7%8F%AD%E7%94%B3%E8%AF%B7 HTTP/1.1" 200 15271 "http://192.168.1.83:8088/eHR/ess/redirect.php" "Mozilla/5.0 (Windows NT 6.1; Win64; x64) AppleWebKit/537.36 (KHTML, like Gecko) Chrome/105.0.0.0 Safari/537.36"
192.168.11.69 - - [17/Jun/2024:08:27:47 +0800] "GET /eHR/ess/redirect.php?scriptname=ESNE001&appdesc=%E6%89%B9%E9%87%8F%E5%8A%A0%E7%8F%AD%E7%94%B3%E8%AF%B7 HTTP/1.1" 200 15271
100.64.0.1 - - [17/Jun/2024:08:27:53 +0800] "GET /eHR1/ HTTP/1.1" 200 649 "-" "Mozilla/5.0"
100.64.0.1 - - [17/Jun/2024:08:27:53 +0800] "GET /eHR1/ HTTP/1.1" 200 649
100.64.0.1 - - [17/Jun/2024:08:27:54 +0800] "GET /eHRTEST/ HTTP/1.1" 200 649 "-" "Mozilla/5.0"
100.64.0.1 - - [17/Jun/2024:08:27:54 +0800] "GET /eHRTEST/ HTTP/1.1" 200 649
100.64.0.1 - - [17/Jun/2024:08:28:00 +0800] "GET /eHR/ HTTP/1.1" 200 649 "-" "Mozilla/5.0"
100.64.0.1 - - [17/Jun/2024:08:28:00 +0800] "GET /eHR/ HTTP/1.1" 200 649
100.64.0.1 - - [17/Jun/2024:08:28:01 +0800] "GET /test.php HTTP/1.1" 200 45089 "-" "Mozilla/5.0"
100.64.0.1 - - [17/Jun/2024:08:28:01 +0800] "GET /test.php HTTP/1.1" 200 45089
100.64.0.1 - - [17/Jun/2024:08:28:03 +0800] "GET /eHRTEST/ HTTP/1.1" 200 649
100.64.0.1 - - [17/Jun/2024:08:28:03 +0800] "GET /eHRTEST/ HTTP/1.1" 200 649 "-" "Mozilla/5.0"
192.168.11.69 - - [17/Jun/2024:08:28:03 +0800] "GET /eHR/ess/redirect.php?scriptname=emp_lov&openW=Y&rand=0.8766514162380921 HTTP/1.1" 200 13560 "http://192.168.1.83:8088/eHR/ess/redirect.php?scriptname=ESNE001&appdesc=%E6%89%B9%E9%87%8F%E5%8A%A0%E7%8F%AD%E7%94%B3%E8%AF%B7" "Mozilla/5.0 (Windows NT 6.1; Win64; x64) AppleWebKit/537.36 (KHTML, like Gecko) Chrome/105.0.0.0 Safari/537.36"
192.168.11.69 - - [17/Jun/2024:08:28:03 +0800] "GET /eHR/ess/redirect.php?scriptname=emp_lov&openW=Y&rand=0.8766514162380921 HTTP/1.1" 200 13560
100.64.0.1 - - [17/Jun/2024:08:28:04 +0800] "GET /idcard/ HTTP/1.1" 200 649 "-" "Mozilla/5.0"
100.64.0.1 - - [17/Jun/2024:08:28:04 +0800] "GET /idcard/ HTTP/1.1" 200 649
192.168.40.74 - - [17/Jun/2024:08:28:12 +0800] "GET /eHR/ess/index.php?action=logout HTTP/1.1" 200 8826 "-" "Mozilla/5.0 (Windows NT 6.2; Win64; x64) AppleWebKit/537.36 (KHTML, like Gecko) Chrome/105.0.0.0 Safari/537.36"
192.168.40.74 - - [17/Jun/2024:08:28:12 +0800] "GET /eHR/ess/index.php?action=logout HTTP/1.1" 200 8826
192.168.40.74 - - [17/Jun/2024:08:28:15 +0800] "POST /eHR/ess/includes/login.php HTTP/1.1" 302 - "http://hcp.maglayers.com.cn:8088/eHR/ess/index.php?action=logout" "Mozilla/5.0 (Windows NT 6.2; Win64; x64) AppleWebKit/537.36 (KHTML, like Gecko) Chrome/105.0.0.0 Safari/537.36"
192.168.40.74 - - [17/Jun/2024:08:28:15 +0800] "POST /eHR/ess/includes/login.php HTTP/1.1" 302 -
192.168.11.69 - - [17/Jun/2024:08:28:15 +0800] "POST /eHR/ess/redirect.php?scriptname=emp_lov&openW=Y&rand=0.8766514162380921 HTTP/1.1" 200 15745
192.168.11.69 - - [17/Jun/2024:08:28:15 +0800] "POST /eHR/ess/redirect.php?scriptname=emp_lov&openW=Y&rand=0.8766514162380921 HTTP/1.1" 200 15745 "http://192.168.1.83:8088/eHR/ess/redirect.php?scriptname=emp_lov&openW=Y&rand=0.8766514162380921" "Mozilla/5.0 (Windows NT 6.1; Win64; x64) AppleWebKit/537.36 (KHTML, like Gecko) Chrome/105.0.0.0 Safari/537.36"
192.168.40.74 - - [17/Jun/2024:08:28:15 +0800] "GET /eHR/ess/redirect.php HTTP/1.1" 200 9206 "http://hcp.maglayers.com.cn:8088/eHR/ess/index.php?action=logout" "Mozilla/5.0 (Windows NT 6.2; Win64; x64) AppleWebKit/537.36 (KHTML, like Gecko) Chrome/105.0.0.0 Safari/537.36"
192.168.40.74 - - [17/Jun/2024:08:28:15 +0800] "GET /eHR/ess/redirect.php HTTP/1.1" 200 9206
192.168.40.74 - - [17/Jun/2024:08:28:16 +0800] "GET /eHR/ess/redirect.php?scriptname=ESNH000 HTTP/1.1" 200 10431 "http://hcp.maglayers.com.cn:8088/eHR/ess/redirect.php" "Mozilla/5.0 (Windows NT 6.2; Win64; x64) AppleWebKit/537.36 (KHTML, like Gecko) Chrome/105.0.0.0 Safari/537.36"
192.168.40.74 - - [17/Jun/2024:08:28:16 +0800] "GET /eHR/ess/redirect.php?scriptname=ESNH000 HTTP/1.1" 200 10431
100.64.0.1 - - [17/Jun/2024:08:28:17 +0800] "GET /eHRTEST/ HTTP/1.1" 200 649
100.64.0.1 - - [17/Jun/2024:08:28:17 +0800] "GET /eHRTEST/ HTTP/1.1" 200 649 "-" "Mozilla/5.0"
192.168.11.69 - - [17/Jun/2024:08:28:20 +0800] "POST /eHR/ess/redirect.php?scriptname=ESNE001&appdesc=%E6%89%B9%E9%87%8F%E5%8A%A0%E7%8F%AD%E7%94%B3%E8%AF%B7 HTTP/1.1" 200 4092 "http://192.168.1.83:8088/eHR/ess/redirect.php?scriptname=ESNE001&appdesc=%E6%89%B9%E9%87%8F%E5%8A%A0%E7%8F%AD%E7%94%B3%E8%AF%B7" "Mozilla/5.0 (Windows NT 6.1; Win64; x64) AppleWebKit/537.36 (KHTML, like Gecko) Chrome/105.0.0.0 Safari/537.36"
192.168.11.69 - - [17/Jun/2024:08:28:20 +0800] "POST /eHR/ess/redirect.php?scriptname=ESNE001&appdesc=%E6%89%B9%E9%87%8F%E5%8A%A0%E7%8F%AD%E7%94%B3%E8%AF%B7 HTTP/1.1" 200 4092
100.64.0.1 - - [17/Jun/2024:08:28:24 +0800] "GET /eHRTEST/ HTTP/1.1" 200 649 "-" "Mozilla/5.0"
100.64.0.1 - - [17/Jun/2024:08:28:24 +0800] "GET /eHRTEST/ HTTP/1.1" 200 649
192.168.11.69 - - [17/Jun/2024:08:28:32 +0800] "GET /eHR/ess/redirect.php?scriptname=ESNE001&appdesc=%E6%89%B9%E9%87%8F%E5%8A%A0%E7%8F%AD%E7%94%B3%E8%AF%B7 HTTP/1.1" 200 15271 "http://192.168.1.83:8088/eHR/ess/redirect.php" "Mozilla/5.0 (Windows NT 6.1; Win64; x64) AppleWebKit/537.36 (KHTML, like Gecko) Chrome/105.0.0.0 Safari/537.36"
192.168.11.69 - - [17/Jun/2024:08:28:32 +0800] "GET /eHR/ess/redirect.php?scriptname=ESNE001&appdesc=%E6%89%B9%E9%87%8F%E5%8A%A0%E7%8F%AD%E7%94%B3%E8%AF%B7 HTTP/1.1" 200 15271
192.168.11.69 - - [17/Jun/2024:08:28:34 +0800] "GET /eHR/ess/redirect.php?scriptname=ESNE003&appdesc=%E6%89%B9%E9%87%8F%E5%8A%A0%E7%8F%AD%E6%9F%A5%E8%AF%A2 HTTP/1.1" 200 12493 "http://192.168.1.83:8088/eHR/ess/redirect.php" "Mozilla/5.0 (Windows NT 6.1; Win64; x64) AppleWebKit/537.36 (KHTML, like Gecko) Chrome/105.0.0.0 Safari/537.36"
192.168.11.69 - - [17/Jun/2024:08:28:34 +0800] "GET /eHR/ess/redirect.php?scriptname=ESNE003&appdesc=%E6%89%B9%E9%87%8F%E5%8A%A0%E7%8F%AD%E6%9F%A5%E8%AF%A2 HTTP/1.1" 200 12493
192.168.11.69 - - [17/Jun/2024:08:28:41 +0800] "POST /eHR/ess/redirect.php?scriptname=ESNE003&appdesc=%E6%89%B9%E9%87%8F%E5%8A%A0%E7%8F%AD%E6%9F%A5%E8%AF%A2 HTTP/1.1" 200 147202 "http://192.168.1.83:8088/eHR/ess/redirect.php?scriptname=ESNE003&appdesc=%E6%89%B9%E9%87%8F%E5%8A%A0%E7%8F%AD%E6%9F%A5%E8%AF%A2" "Mozilla/5.0 (Windows NT 6.1; Win64; x64) AppleWebKit/537.36 (KHTML, like Gecko) Chrome/105.0.0.0 Safari/537.36"
192.168.11.69 - - [17/Jun/2024:08:28:41 +0800] "POST /eHR/ess/redirect.php?scriptname=ESNE003&appdesc=%E6%89%B9%E9%87%8F%E5%8A%A0%E7%8F%AD%E6%9F%A5%E8%AF%A2 HTTP/1.1" 200 147202
100.64.0.1 - - [17/Jun/2024:08:28:49 +0800] "GET /eHRTEST/ HTTP/1.1" 200 649 "-" "Mozilla/5.0"
100.64.0.1 - - [17/Jun/2024:08:28:49 +0800] "GET /eHRTEST/ HTTP/1.1" 200 649
192.168.11.69 - - [17/Jun/2024:08:28:49 +0800] "GET /eHR/ess/redirect.php?scriptname=ESNE003&action=delete&overtime_flowseqno=1093190 HTTP/1.1" 302 - "http://192.168.1.83:8088/eHR/ess/redirect.php?scriptname=ESNE003&appdesc=%E6%89%B9%E9%87%8F%E5%8A%A0%E7%8F%AD%E6%9F%A5%E8%AF%A2" "Mozilla/5.0 (Windows NT 6.1; Win64; x64) AppleWebKit/537.36 (KHTML, like Gecko) Chrome/105.0.0.0 Safari/537.36"
192.168.11.69 - - [17/Jun/2024:08:28:49 +0800] "GET /eHR/ess/redirect.php?scriptname=ESNE003&action=delete&overtime_flowseqno=1093190 HTTP/1.1" 302 -
100.64.0.1 - - [17/Jun/2024:08:28:50 +0800] "GET /Apache%20Software%20Foundation/ HTTP/1.1" 200 478 "-" "Mozilla/5.0"
100.64.0.1 - - [17/Jun/2024:08:28:50 +0800] "GET /Apache%20Software%20Foundation/ HTTP/1.1" 200 478
192.168.11.69 - - [17/Jun/2024:08:28:50 +0800] "GET /eHR/ess/redirect.php?scriptname=page_success&msgtxt=%E5%96%AE%E8%99%9F%3A1093190+%E7%9A%84%E7%94%B3%E8%AB%8B%E5%96%AE%E5%88%AA%E9%99%A4%E6%88%90%E5%8A%9F.&target=iframe HTTP/1.1" 200 3105 "http://192.168.1.83:8088/eHR/ess/redirect.php?scriptname=ESNE003&appdesc=%E6%89%B9%E9%87%8F%E5%8A%A0%E7%8F%AD%E6%9F%A5%E8%AF%A2" "Mozilla/5.0 (Windows NT 6.1; Win64; x64) AppleWebKit/537.36 (KHTML, like Gecko) Chrome/105.0.0.0 Safari/537.36"
192.168.11.69 - - [17/Jun/2024:08:28:50 +0800] "GET /eHR/ess/redirect.php?scriptname=page_success&msgtxt=%E5%96%AE%E8%99%9F%3A1093190+%E7%9A%84%E7%94%B3%E8%AB%8B%E5%96%AE%E5%88%AA%E9%99%A4%E6%88%90%E5%8A%9F.&target=iframe HTTP/1.1" 200 3105
100.64.0.1 - - [17/Jun/2024:08:28:51 +0800] "GET /eHR1/ HTTP/1.1" 200 649 "-" "Mozilla/5.0"
100.64.0.1 - - [17/Jun/2024:08:28:51 +0800] "GET /eHR1/ HTTP/1.1" 200 649
192.168.11.69 - - [17/Jun/2024:08:28:54 +0800] "GET /eHR/ess/redirect.php?scriptname=ESNE001&appdesc=%E6%89%B9%E9%87%8F%E5%8A%A0%E7%8F%AD%E7%94%B3%E8%AF%B7 HTTP/1.1" 200 15271 "http://192.168.1.83:8088/eHR/ess/redirect.php" "Mozilla/5.0 (Windows NT 6.1; Win64; x64) AppleWebKit/537.36 (KHTML, like Gecko) Chrome/105.0.0.0 Safari/537.36"
192.168.11.69 - - [17/Jun/2024:08:28:54 +0800] "GET /eHR/ess/redirect.php?scriptname=ESNE001&appdesc=%E6%89%B9%E9%87%8F%E5%8A%A0%E7%8F%AD%E7%94%B3%E8%AF%B7 HTTP/1.1" 200 15271
100.64.0.1 - - [17/Jun/2024:08:28:57 +0800] "GET /eHRTEST/ HTTP/1.1" 200 649 "-" "Mozilla/5.0"
100.64.0.1 - - [17/Jun/2024:08:28:57 +0800] "GET /eHRTEST/ HTTP/1.1" 200 649
100.64.0.1 - - [17/Jun/2024:08:29:02 +0800] "GET /test.php HTTP/1.1" 200 45089 "-" "Mozilla/5.0"
100.64.0.1 - - [17/Jun/2024:08:29:02 +0800] "GET /test.php HTTP/1.1" 200 45089
100.64.0.1 - - [17/Jun/2024:08:29:05 +0800] "GET /test.php HTTP/1.1" 200 45089 "-" "Mozilla/5.0"
100.64.0.1 - - [17/Jun/2024:08:29:05 +0800] "GET /test.php HTTP/1.1" 200 45089
192.168.11.69 - - [17/Jun/2024:08:29:05 +0800] "GET /eHR/ess/redirect.php?scriptname=emp_lov&openW=Y&rand=0.5123888883835073 HTTP/1.1" 200 13560
192.168.11.69 - - [17/Jun/2024:08:29:05 +0800] "GET /eHR/ess/redirect.php?scriptname=emp_lov&openW=Y&rand=0.5123888883835073 HTTP/1.1" 200 13560 "http://192.168.1.83:8088/eHR/ess/redirect.php?scriptname=ESNE001&appdesc=%E6%89%B9%E9%87%8F%E5%8A%A0%E7%8F%AD%E7%94%B3%E8%AF%B7" "Mozilla/5.0 (Windows NT 6.1; Win64; x64) AppleWebKit/537.36 (KHTML, like Gecko) Chrome/105.0.0.0 Safari/537.36"
100.64.0.1 - - [17/Jun/2024:08:29:08 +0800] "GET /test.php HTTP/1.1" 200 45089
100.64.0.1 - - [17/Jun/2024:08:29:08 +0800] "GET /test.php HTTP/1.1" 200 45089 "-" "Mozilla/5.0"
192.168.11.69 - - [17/Jun/2024:08:29:11 +0800] "POST /eHR/ess/redirect.php?scriptname=emp_lov&openW=Y&rand=0.5123888883835073 HTTP/1.1" 200 15739 "http://192.168.1.83:8088/eHR/ess/redirect.php?scriptname=emp_lov&openW=Y&rand=0.5123888883835073" "Mozilla/5.0 (Windows NT 6.1; Win64; x64) AppleWebKit/537.36 (KHTML, like Gecko) Chrome/105.0.0.0 Safari/537.36"
192.168.11.69 - - [17/Jun/2024:08:29:11 +0800] "POST /eHR/ess/redirect.php?scriptname=emp_lov&openW=Y&rand=0.5123888883835073 HTTP/1.1" 200 15739
100.64.0.1 - - [17/Jun/2024:08:29:21 +0800] "GET /Apache%20Software%20Foundation/ HTTP/1.1" 200 478 "-" "Mozilla/5.0"
100.64.0.1 - - [17/Jun/2024:08:29:21 +0800] "GET /Apache%20Software%20Foundation/ HTTP/1.1" 200 478
192.168.11.69 - - [17/Jun/2024:08:29:21 +0800] "POST /eHR/ess/redirect.php?scriptname=ESNE001&appdesc=%E6%89%B9%E9%87%8F%E5%8A%A0%E7%8F%AD%E7%94%B3%E8%AF%B7 HTTP/1.1" 200 4072 "http://192.168.1.83:8088/eHR/ess/redirect.php?scriptname=ESNE001&appdesc=%E6%89%B9%E9%87%8F%E5%8A%A0%E7%8F%AD%E7%94%B3%E8%AF%B7" "Mozilla/5.0 (Windows NT 6.1; Win64; x64) AppleWebKit/537.36 (KHTML, like Gecko) Chrome/105.0.0.0 Safari/537.36"
192.168.11.69 - - [17/Jun/2024:08:29:21 +0800] "POST /eHR/ess/redirect.php?scriptname=ESNE001&appdesc=%E6%89%B9%E9%87%8F%E5%8A%A0%E7%8F%AD%E7%94%B3%E8%AF%B7 HTTP/1.1" 200 4072
100.64.0.1 - - [17/Jun/2024:08:29:23 +0800] "GET /eHR/ HTTP/1.1" 200 649 "-" "Mozilla/5.0"
100.64.0.1 - - [17/Jun/2024:08:29:23 +0800] "GET /eHR/ HTTP/1.1" 200 649
192.168.11.69 - - [17/Jun/2024:08:29:23 +0800] "GET /eHR/ess/redirect.php?scriptname=ESNE001&appdesc=%E6%89%B9%E9%87%8F%E5%8A%A0%E7%8F%AD%E7%94%B3%E8%AF%B7 HTTP/1.1" 200 15271 "http://192.168.1.83:8088/eHR/ess/redirect.php" "Mozilla/5.0 (Windows NT 6.1; Win64; x64) AppleWebKit/537.36 (KHTML, like Gecko) Chrome/105.0.0.0 Safari/537.36"
192.168.11.69 - - [17/Jun/2024:08:29:23 +0800] "GET /eHR/ess/redirect.php?scriptname=ESNE001&appdesc=%E6%89%B9%E9%87%8F%E5%8A%A0%E7%8F%AD%E7%94%B3%E8%AF%B7 HTTP/1.1" 200 15271
192.168.11.69 - - [17/Jun/2024:08:29:24 +0800] "GET /eHR/ess/redirect.php?scriptname=ESNE001&appdesc=%E6%89%B9%E9%87%8F%E5%8A%A0%E7%8F%AD%E7%94%B3%E8%AF%B7 HTTP/1.1" 200 15271 "http://192.168.1.83:8088/eHR/ess/redirect.php" "Mozilla/5.0 (Windows NT 6.1; Win64; x64) AppleWebKit/537.36 (KHTML, like Gecko) Chrome/105.0.0.0 Safari/537.36"
192.168.11.69 - - [17/Jun/2024:08:29:24 +0800] "GET /eHR/ess/redirect.php?scriptname=ESNE001&appdesc=%E6%89%B9%E9%87%8F%E5%8A%A0%E7%8F%AD%E7%94%B3%E8%AF%B7 HTTP/1.1" 200 15271
100.64.0.1 - - [17/Jun/2024:08:29:25 +0800] "GET /eHRTEST/ HTTP/1.1" 200 649 "-" "Mozilla/5.0"
100.64.0.1 - - [17/Jun/2024:08:29:25 +0800] "GET /eHRTEST/ HTTP/1.1" 200 649
100.64.0.1 - - [17/Jun/2024:08:29:30 +0800] "GET /Apache%20Software%20Foundation/ HTTP/1.1" 200 478 "-" "Mozilla/5.0"
100.64.0.1 - - [17/Jun/2024:08:29:30 +0800] "GET /Apache%20Software%20Foundation/ HTTP/1.1" 200 478
100.64.0.1 - - [17/Jun/2024:08:29:32 +0800] "GET /eHRTEST/ HTTP/1.1" 200 649 "-" "Mozilla/5.0"
100.64.0.1 - - [17/Jun/2024:08:29:32 +0800] "GET /eHRTEST/ HTTP/1.1" 200 649
100.64.0.1 - - [17/Jun/2024:08:29:34 +0800] "GET /eHR1/ HTTP/1.1" 200 649 "-" "Mozilla/5.0"
100.64.0.1 - - [17/Jun/2024:08:29:34 +0800] "GET /eHR1/ HTTP/1.1" 200 649
192.168.11.69 - - [17/Jun/2024:08:29:43 +0800] "GET /eHR/ess/redirect.php?scriptname=emp_lov&openW=Y&rand=0.3067896099253602 HTTP/1.1" 200 13560 "http://192.168.1.83:8088/eHR/ess/redirect.php?scriptname=ESNE001&appdesc=%E6%89%B9%E9%87%8F%E5%8A%A0%E7%8F%AD%E7%94%B3%E8%AF%B7" "Mozilla/5.0 (Windows NT 6.1; Win64; x64) AppleWebKit/537.36 (KHTML, like Gecko) Chrome/105.0.0.0 Safari/537.36"
192.168.11.69 - - [17/Jun/2024:08:29:43 +0800] "GET /eHR/ess/redirect.php?scriptname=emp_lov&openW=Y&rand=0.3067896099253602 HTTP/1.1" 200 13560
100.64.0.1 - - [17/Jun/2024:08:29:47 +0800] "GET /eHR/ HTTP/1.1" 200 649 "-" "Mozilla/5.0"
100.64.0.1 - - [17/Jun/2024:08:29:47 +0800] "GET /eHR/ HTTP/1.1" 200 649
100.64.0.1 - - [17/Jun/2024:08:29:48 +0800] "GET /eHR1/ HTTP/1.1" 200 649 "-" "Mozilla/5.0"
100.64.0.1 - - [17/Jun/2024:08:29:48 +0800] "GET /eHR1/ HTTP/1.1" 200 649
192.168.11.69 - - [17/Jun/2024:08:29:49 +0800] "POST /eHR/ess/redirect.php?scriptname=emp_lov&openW=Y&rand=0.3067896099253602 HTTP/1.1" 200 15745 "http://192.168.1.83:8088/eHR/ess/redirect.php?scriptname=emp_lov&openW=Y&rand=0.3067896099253602" "Mozilla/5.0 (Windows NT 6.1; Win64; x64) AppleWebKit/537.36 (KHTML, like Gecko) Chrome/105.0.0.0 Safari/537.36"
192.168.11.69 - - [17/Jun/2024:08:29:49 +0800] "POST /eHR/ess/redirect.php?scriptname=emp_lov&openW=Y&rand=0.3067896099253602 HTTP/1.1" 200 15745
100.64.0.1 - - [17/Jun/2024:08:29:51 +0800] "GET /eHR/ HTTP/1.1" 200 649 "-" "Mozilla/5.0"
100.64.0.1 - - [17/Jun/2024:08:29:51 +0800] "GET /eHR/ HTTP/1.1" 200 649
100.64.0.1 - - [17/Jun/2024:08:29:52 +0800] "GET /idcard/ HTTP/1.1" 200 649 "-" "Mozilla/5.0"
100.64.0.1 - - [17/Jun/2024:08:29:52 +0800] "GET /idcard/ HTTP/1.1" 200 649
192.168.11.69 - - [17/Jun/2024:08:29:54 +0800] "POST /eHR/ess/redirect.php?scriptname=ESNE001&appdesc=%E6%89%B9%E9%87%8F%E5%8A%A0%E7%8F%AD%E7%94%B3%E8%AF%B7 HTTP/1.1" 200 4075 "http://192.168.1.83:8088/eHR/ess/redirect.php?scriptname=ESNE001&appdesc=%E6%89%B9%E9%87%8F%E5%8A%A0%E7%8F%AD%E7%94%B3%E8%AF%B7" "Mozilla/5.0 (Windows NT 6.1; Win64; x64) AppleWebKit/537.36 (KHTML, like Gecko) Chrome/105.0.0.0 Safari/537.36"
192.168.11.69 - - [17/Jun/2024:08:29:54 +0800] "POST /eHR/ess/redirect.php?scriptname=ESNE001&appdesc=%E6%89%B9%E9%87%8F%E5%8A%A0%E7%8F%AD%E7%94%B3%E8%AF%B7 HTTP/1.1" 200 4075
192.168.11.69 - - [17/Jun/2024:08:29:56 +0800] "GET /eHR/ess/redirect.php?scriptname=ESNE001&appdesc=%E6%89%B9%E9%87%8F%E5%8A%A0%E7%8F%AD%E7%94%B3%E8%AF%B7 HTTP/1.1" 200 15271 "http://192.168.1.83:8088/eHR/ess/redirect.php" "Mozilla/5.0 (Windows NT 6.1; Win64; x64) AppleWebKit/537.36 (KHTML, like Gecko) Chrome/105.0.0.0 Safari/537.36"
192.168.11.69 - - [17/Jun/2024:08:29:56 +0800] "GET /eHR/ess/redirect.php?scriptname=ESNE001&appdesc=%E6%89%B9%E9%87%8F%E5%8A%A0%E7%8F%AD%E7%94%B3%E8%AF%B7 HTTP/1.1" 200 15271
192.168.11.69 - - [17/Jun/2024:08:29:57 +0800] "GET /eHR/ess/redirect.php?scriptname=ESNE001&appdesc=%E6%89%B9%E9%87%8F%E5%8A%A0%E7%8F%AD%E7%94%B3%E8%AF%B7 HTTP/1.1" 200 15271 "http://192.168.1.83:8088/eHR/ess/redirect.php" "Mozilla/5.0 (Windows NT 6.1; Win64; x64) AppleWebKit/537.36 (KHTML, like Gecko) Chrome/105.0.0.0 Safari/537.36"
192.168.11.69 - - [17/Jun/2024:08:29:57 +0800] "GET /eHR/ess/redirect.php?scriptname=ESNE001&appdesc=%E6%89%B9%E9%87%8F%E5%8A%A0%E7%8F%AD%E7%94%B3%E8%AF%B7 HTTP/1.1" 200 15271
100.64.0.1 - - [17/Jun/2024:08:30:03 +0800] "GET /idcard/ HTTP/1.1" 200 649 "-" "Mozilla/5.0"
100.64.0.1 - - [17/Jun/2024:08:30:03 +0800] "GET /idcard/ HTTP/1.1" 200 649
192.168.11.69 - - [17/Jun/2024:08:30:08 +0800] "GET /eHR/ess/redirect.php?scriptname=ESNE001&appdesc=%E6%89%B9%E9%87%8F%E5%8A%A0%E7%8F%AD%E7%94%B3%E8%AF%B7 HTTP/1.1" 200 15271 "http://192.168.1.83:8088/eHR/ess/redirect.php" "Mozilla/5.0 (Windows NT 6.1; Win64; x64) AppleWebKit/537.36 (KHTML, like Gecko) Chrome/105.0.0.0 Safari/537.36"
192.168.11.69 - - [17/Jun/2024:08:30:08 +0800] "GET /eHR/ess/redirect.php?scriptname=ESNE001&appdesc=%E6%89%B9%E9%87%8F%E5%8A%A0%E7%8F%AD%E7%94%B3%E8%AF%B7 HTTP/1.1" 200 15271
100.64.0.1 - - [17/Jun/2024:08:30:11 +0800] "GET /eHR1/ HTTP/1.1" 200 649 "-" "Mozilla/5.0"
100.64.0.1 - - [17/Jun/2024:08:30:11 +0800] "GET /eHR1/ HTTP/1.1" 200 649
100.64.0.1 - - [17/Jun/2024:08:30:15 +0800] "GET /test.php HTTP/1.1" 200 45089 "-" "Mozilla/5.0"
100.64.0.1 - - [17/Jun/2024:08:30:15 +0800] "GET /test.php HTTP/1.1" 200 45089
192.168.11.69 - - [17/Jun/2024:08:30:18 +0800] "GET /eHR/ess/redirect.php?scriptname=emp_lov&openW=Y&rand=0.02506755607053246 HTTP/1.1" 200 13560 "http://192.168.1.83:8088/eHR/ess/redirect.php?scriptname=ESNE001&appdesc=%E6%89%B9%E9%87%8F%E5%8A%A0%E7%8F%AD%E7%94%B3%E8%AF%B7" "Mozilla/5.0 (Windows NT 6.1; Win64; x64) AppleWebKit/537.36 (KHTML, like Gecko) Chrome/105.0.0.0 Safari/537.36"
192.168.11.69 - - [17/Jun/2024:08:30:18 +0800] "GET /eHR/ess/redirect.php?scriptname=emp_lov&openW=Y&rand=0.02506755607053246 HTTP/1.1" 200 13560
192.168.11.69 - - [17/Jun/2024:08:30:24 +0800] "POST /eHR/ess/redirect.php?scriptname=emp_lov&openW=Y&rand=0.02506755607053246 HTTP/1.1" 200 15741 "http://192.168.1.83:8088/eHR/ess/redirect.php?scriptname=emp_lov&openW=Y&rand=0.02506755607053246" "Mozilla/5.0 (Windows NT 6.1; Win64; x64) AppleWebKit/537.36 (KHTML, like Gecko) Chrome/105.0.0.0 Safari/537.36"
192.168.11.69 - - [17/Jun/2024:08:30:24 +0800] "POST /eHR/ess/redirect.php?scriptname=emp_lov&openW=Y&rand=0.02506755607053246 HTTP/1.1" 200 15741
192.168.11.69 - - [17/Jun/2024:08:30:29 +0800] "POST /eHR/ess/redirect.php?scriptname=ESNE001&appdesc=%E6%89%B9%E9%87%8F%E5%8A%A0%E7%8F%AD%E7%94%B3%E8%AF%B7 HTTP/1.1" 200 4072 "http://192.168.1.83:8088/eHR/ess/redirect.php?scriptname=ESNE001&appdesc=%E6%89%B9%E9%87%8F%E5%8A%A0%E7%8F%AD%E7%94%B3%E8%AF%B7" "Mozilla/5.0 (Windows NT 6.1; Win64; x64) AppleWebKit/537.36 (KHTML, like Gecko) Chrome/105.0.0.0 Safari/537.36"
192.168.11.69 - - [17/Jun/2024:08:30:29 +0800] "POST /eHR/ess/redirect.php?scriptname=ESNE001&appdesc=%E6%89%B9%E9%87%8F%E5%8A%A0%E7%8F%AD%E7%94%B3%E8%AF%B7 HTTP/1.1" 200 4072
192.168.11.69 - - [17/Jun/2024:08:30:33 +0800] "GET /eHR/ess/redirect.php?scriptname=ESNE001&appdesc=%E6%89%B9%E9%87%8F%E5%8A%A0%E7%8F%AD%E7%94%B3%E8%AF%B7 HTTP/1.1" 200 15271 "http://192.168.1.83:8088/eHR/ess/redirect.php" "Mozilla/5.0 (Windows NT 6.1; Win64; x64) AppleWebKit/537.36 (KHTML, like Gecko) Chrome/105.0.0.0 Safari/537.36"
192.168.11.69 - - [17/Jun/2024:08:30:33 +0800] "GET /eHR/ess/redirect.php?scriptname=ESNE001&appdesc=%E6%89%B9%E9%87%8F%E5%8A%A0%E7%8F%AD%E7%94%B3%E8%AF%B7 HTTP/1.1" 200 15271
100.64.0.1 - - [17/Jun/2024:08:30:34 +0800] "GET /eHRTEST/ HTTP/1.1" 200 649 "-" "Mozilla/5.0"
100.64.0.1 - - [17/Jun/2024:08:30:34 +0800] "GET /eHRTEST/ HTTP/1.1" 200 649
192.168.11.69 - - [17/Jun/2024:08:30:34 +0800] "GET /eHR/ess/redirect.php?scriptname=ESNE001&appdesc=%E6%89%B9%E9%87%8F%E5%8A%A0%E7%8F%AD%E7%94%B3%E8%AF%B7 HTTP/1.1" 200 15271 "http://192.168.1.83:8088/eHR/ess/redirect.php" "Mozilla/5.0 (Windows NT 6.1; Win64; x64) AppleWebKit/537.36 (KHTML, like Gecko) Chrome/105.0.0.0 Safari/537.36"
192.168.11.69 - - [17/Jun/2024:08:30:34 +0800] "GET /eHR/ess/redirect.php?scriptname=ESNE001&appdesc=%E6%89%B9%E9%87%8F%E5%8A%A0%E7%8F%AD%E7%94%B3%E8%AF%B7 HTTP/1.1" 200 15271
100.64.0.1 - - [17/Jun/2024:08:30:36 +0800] "GET /Apache%20Software%20Foundation/ HTTP/1.1" 200 478 "-" "Mozilla/5.0"
100.64.0.1 - - [17/Jun/2024:08:30:36 +0800] "GET /Apache%20Software%20Foundation/ HTTP/1.1" 200 478
100.64.0.1 - - [17/Jun/2024:08:30:39 +0800] "POST /ws/v1/cluster/apps/new-application HTTP/1.1" 404 232 "-" "python-requests/2.22.0"
100.64.0.1 - - [17/Jun/2024:08:30:39 +0800] "POST /ws/v1/cluster/apps/new-application HTTP/1.1" 404 232
100.64.0.1 - - [17/Jun/2024:08:30:45 +0800] "GET /eHR/ HTTP/1.1" 200 649 "-" "Mozilla/5.0"
100.64.0.1 - - [17/Jun/2024:08:30:45 +0800] "GET /eHR/ HTTP/1.1" 200 649
192.168.11.69 - - [17/Jun/2024:08:30:47 +0800] "GET /eHR/ess/redirect.php?scriptname=emp_lov&openW=Y&rand=0.9713190170606179 HTTP/1.1" 200 13560 "http://192.168.1.83:8088/eHR/ess/redirect.php?scriptname=ESNE001&appdesc=%E6%89%B9%E9%87%8F%E5%8A%A0%E7%8F%AD%E7%94%B3%E8%AF%B7" "Mozilla/5.0 (Windows NT 6.1; Win64; x64) AppleWebKit/537.36 (KHTML, like Gecko) Chrome/105.0.0.0 Safari/537.36"
192.168.11.69 - - [17/Jun/2024:08:30:47 +0800] "GET /eHR/ess/redirect.php?scriptname=emp_lov&openW=Y&rand=0.9713190170606179 HTTP/1.1" 200 13560
100.64.0.1 - - [17/Jun/2024:08:30:51 +0800] "GET /eHR/ HTTP/1.1" 200 649
100.64.0.1 - - [17/Jun/2024:08:30:51 +0800] "GET /eHR/ HTTP/1.1" 200 649 "-" "Mozilla/5.0"
192.168.11.69 - - [17/Jun/2024:08:30:53 +0800] "POST /eHR/ess/redirect.php?scriptname=emp_lov&openW=Y&rand=0.9713190170606179 HTTP/1.1" 200 15729 "http://192.168.1.83:8088/eHR/ess/redirect.php?scriptname=emp_lov&openW=Y&rand=0.9713190170606179" "Mozilla/5.0 (Windows NT 6.1; Win64; x64) AppleWebKit/537.36 (KHTML, like Gecko) Chrome/105.0.0.0 Safari/537.36"
192.168.11.69 - - [17/Jun/2024:08:30:53 +0800] "POST /eHR/ess/redirect.php?scriptname=emp_lov&openW=Y&rand=0.9713190170606179 HTTP/1.1" 200 15729
192.168.11.69 - - [17/Jun/2024:08:30:59 +0800] "POST /eHR/ess/redirect.php?scriptname=ESNE001&appdesc=%E6%89%B9%E9%87%8F%E5%8A%A0%E7%8F%AD%E7%94%B3%E8%AF%B7 HTTP/1.1" 200 4059 "http://192.168.1.83:8088/eHR/ess/redirect.php?scriptname=ESNE001&appdesc=%E6%89%B9%E9%87%8F%E5%8A%A0%E7%8F%AD%E7%94%B3%E8%AF%B7" "Mozilla/5.0 (Windows NT 6.1; Win64; x64) AppleWebKit/537.36 (KHTML, like Gecko) Chrome/105.0.0.0 Safari/537.36"
192.168.11.69 - - [17/Jun/2024:08:30:59 +0800] "POST /eHR/ess/redirect.php?scriptname=ESNE001&appdesc=%E6%89%B9%E9%87%8F%E5%8A%A0%E7%8F%AD%E7%94%B3%E8%AF%B7 HTTP/1.1" 200 4059
192.168.11.69 - - [17/Jun/2024:08:31:01 +0800] "GET /eHR/ess/redirect.php?scriptname=ESNE001&appdesc=%E6%89%B9%E9%87%8F%E5%8A%A0%E7%8F%AD%E7%94%B3%E8%AF%B7 HTTP/1.1" 200 15271 "http://192.168.1.83:8088/eHR/ess/redirect.php" "Mozilla/5.0 (Windows NT 6.1; Win64; x64) AppleWebKit/537.36 (KHTML, like Gecko) Chrome/105.0.0.0 Safari/537.36"
192.168.11.69 - - [17/Jun/2024:08:31:01 +0800] "GET /eHR/ess/redirect.php?scriptname=ESNE001&appdesc=%E6%89%B9%E9%87%8F%E5%8A%A0%E7%8F%AD%E7%94%B3%E8%AF%B7 HTTP/1.1" 200 15271
192.168.11.69 - - [17/Jun/2024:08:31:02 +0800] "GET /eHR/ess/redirect.php?scriptname=ESNE001&appdesc=%E6%89%B9%E9%87%8F%E5%8A%A0%E7%8F%AD%E7%94%B3%E8%AF%B7 HTTP/1.1" 200 15271 "http://192.168.1.83:8088/eHR/ess/redirect.php" "Mozilla/5.0 (Windows NT 6.1; Win64; x64) AppleWebKit/537.36 (KHTML, like Gecko) Chrome/105.0.0.0 Safari/537.36"
192.168.11.69 - - [17/Jun/2024:08:31:02 +0800] "GET /eHR/ess/redirect.php?scriptname=ESNE001&appdesc=%E6%89%B9%E9%87%8F%E5%8A%A0%E7%8F%AD%E7%94%B3%E8%AF%B7 HTTP/1.1" 200 15271
192.168.11.104 - - [17/Jun/2024:08:31:06 +0800] "GET /eHR/ess/redirect.php HTTP/1.1" 302 121 "-" "Mozilla/5.0 (Windows NT 10.0; Win64; x64) AppleWebKit/537.36 (KHTML, like Gecko) Chrome/126.0.0.0 Safari/537.36 Edg/126.0.0.0"
192.168.11.104 - - [17/Jun/2024:08:31:06 +0800] "GET /eHR/ess/redirect.php HTTP/1.1" 302 121
192.168.11.104 - - [17/Jun/2024:08:31:07 +0800] "GET /eHR/ess/index.php?action=logout HTTP/1.1" 200 8826 "-" "Mozilla/4.0 (compatible; MSIE 7.0; Windows NT 10.0; WOW64; Trident/7.0; .NET4.0C; .NET4.0E)"
192.168.11.104 - - [17/Jun/2024:08:31:07 +0800] "GET /eHR/ess/index.php?action=logout HTTP/1.1" 200 8826
100.64.0.1 - - [17/Jun/2024:08:31:21 +0800] "GET /idcard/ HTTP/1.1" 200 649 "-" "Mozilla/5.0"
100.64.0.1 - - [17/Jun/2024:08:31:21 +0800] "GET /idcard/ HTTP/1.1" 200 649
