192.168.11.104 - - [26/Apr/2024:09:52:34 +0800] "GET /eHR/js/flash_detect_min.js HTTP/1.1" 200 2477 "http://192.168.1.83:8088/eHR/ess/index.php?action=logout" "Mozilla/4.0 (compatible; MSIE 7.0; Windows NT 10.0; WOW64; Trident/7.0; .NET4.0C; .NET4.0E)"
192.168.11.104 - - [26/Apr/2024:09:52:34 +0800] "GET /eHR/js/flash_detect_min.js HTTP/1.1" 200 2477
192.168.11.104 - - [26/Apr/2024:09:52:34 +0800] "GET /eHR/css/jqueryui/themes/redmond/images/ui-bg_glass_85_dfeffc_1x400.png HTTP/1.1" 200 123 "http://192.168.1.83:8088/eHR/ess/index.php?action=logout" "Mozilla/4.0 (compatible; MSIE 7.0; Windows NT 10.0; WOW64; Trident/7.0; .NET4.0C; .NET4.0E)"
192.168.11.104 - - [26/Apr/2024:09:52:34 +0800] "GET /eHR/css/jqueryui/themes/redmond/images/ui-bg_glass_85_dfeffc_1x400.png HTTP/1.1" 200 123
192.168.11.104 - - [26/Apr/2024:09:52:34 +0800] "GET /eHR/img/ares.ico HTTP/1.1" 200 1406 "-" "Mozilla/4.0 (compatible; MSIE 7.0; Windows NT 10.0; WOW64; Trident/7.0; .NET4.0C; .NET4.0E)"
192.168.11.104 - - [26/Apr/2024:09:52:34 +0800] "GET /eHR/img/ares.ico HTTP/1.1" 200 1406
192.168.11.104 - - [26/Apr/2024:09:52:34 +0800] "GET /eHR/img/ares.ico HTTP/1.1" 200 1406 "-" "Mozilla/5.0 (Windows NT 10.0; Win64; x64) AppleWebKit/537.36 (KHTML, like Gecko) Chrome/124.0.0.0 Safari/537.36 Edg/124.0.0.0"
192.168.11.104 - - [26/Apr/2024:09:52:34 +0800] "GET /eHR/img/ares.ico HTTP/1.1" 200 1406
192.168.11.104 - - [26/Apr/2024:09:52:34 +0800] "GET /eHR/img/ares.ico HTTP/1.1" 200 1406 "-" "Mozilla/5.0 (Windows NT 10.0; Win64; x64) AppleWebKit/537.36 (KHTML, like Gecko) Chrome/124.0.0.0 Safari/537.36 Edg/124.0.0.0"
192.168.11.104 - - [26/Apr/2024:09:52:34 +0800] "GET /eHR/img/ares.ico HTTP/1.1" 200 1406
192.168.11.104 - - [26/Apr/2024:09:52:36 +0800] "GET /eHR/ess/index.php?lang=ZHT HTTP/1.1" 200 8829 "http://192.168.1.83:8088/eHR/ess/index.php?action=logout" "Mozilla/4.0 (compatible; MSIE 7.0; Windows NT 10.0; WOW64; Trident/7.0; .NET4.0C; .NET4.0E)"
192.168.11.104 - - [26/Apr/2024:09:52:36 +0800] "GET /eHR/ess/index.php?lang=ZHT HTTP/1.1" 200 8829
192.168.11.104 - - [26/Apr/2024:09:52:40 +0800] "GET /eHR/css/jqueryui/themes/redmond/images/ui-bg_glass_75_d0e5f5_1x400.png HTTP/1.1" 200 124 "http://192.168.1.83:8088/eHR/ess/index.php?lang=ZHT" "Mozilla/4.0 (compatible; MSIE 7.0; Windows NT 10.0; WOW64; Trident/7.0; .NET4.0C; .NET4.0E)"
192.168.11.104 - - [26/Apr/2024:09:52:40 +0800] "GET /eHR/css/jqueryui/themes/redmond/images/ui-bg_glass_75_d0e5f5_1x400.png HTTP/1.1" 200 124
192.168.11.104 - - [26/Apr/2024:09:52:41 +0800] "GET /eHR/css/jqueryui/themes/redmond/images/ui-bg_inset-hard_100_f5f8f9_1x100.png HTTP/1.1" 200 104 "http://192.168.1.83:8088/eHR/ess/index.php?lang=ZHT" "Mozilla/4.0 (compatible; MSIE 7.0; Windows NT 10.0; WOW64; Trident/7.0; .NET4.0C; .NET4.0E)"
192.168.11.104 - - [26/Apr/2024:09:52:41 +0800] "GET /eHR/css/jqueryui/themes/redmond/images/ui-bg_inset-hard_100_f5f8f9_1x100.png HTTP/1.1" 200 104
192.168.11.104 - - [26/Apr/2024:09:52:41 +0800] "POST /eHR/ess/includes/login.php HTTP/1.1" 302 - "http://192.168.1.83:8088/eHR/ess/index.php?lang=ZHT" "Mozilla/4.0 (compatible; MSIE 7.0; Windows NT 10.0; WOW64; Trident/7.0; .NET4.0C; .NET4.0E)"
192.168.11.104 - - [26/Apr/2024:09:52:41 +0800] "POST /eHR/ess/includes/login.php HTTP/1.1" 302 -
192.168.12.81 - - [26/Apr/2024:09:52:46 +0800] "GET /eHR/ess/redirect.php?scriptname=ESNE002&appdesc=%E6%89%B9%E9%87%8F%E8%AF%B7%E5%81%87%E7%94%B3%E8%AF%B7 HTTP/1.1" 200 22066 "http://192.168.1.83:8088/eHR/ess/redirect.php" "Mozilla/5.0 (Windows NT 6.2; Win64; x64) AppleWebKit/537.36 (KHTML, like Gecko) Chrome/105.0.0.0 Safari/537.36"
192.168.12.81 - - [26/Apr/2024:09:52:46 +0800] "GET /eHR/ess/redirect.php?scriptname=ESNE002&appdesc=%E6%89%B9%E9%87%8F%E8%AF%B7%E5%81%87%E7%94%B3%E8%AF%B7 HTTP/1.1" 200 22066
192.168.11.104 - - [26/Apr/2024:09:52:46 +0800] "GET /eHR/ess/redirect.php HTTP/1.1" 200 9827 "http://192.168.1.83:8088/eHR/ess/index.php?lang=ZHT" "Mozilla/4.0 (compatible; MSIE 7.0; Windows NT 10.0; WOW64; Trident/7.0; .NET4.0C; .NET4.0E)"
192.168.11.104 - - [26/Apr/2024:09:52:46 +0800] "GET /eHR/ess/redirect.php HTTP/1.1" 200 9827
192.168.11.104 - - [26/Apr/2024:09:52:46 +0800] "GET /eHR/img/icon_obj.png HTTP/1.1" 200 3270 "http://192.168.1.83:8088/eHR/ess/redirect.php" "Mozilla/4.0 (compatible; MSIE 7.0; Windows NT 10.0; WOW64; Trident/7.0; .NET4.0C; .NET4.0E)"
192.168.11.104 - - [26/Apr/2024:09:52:46 +0800] "GET /eHR/img/icon_obj.png HTTP/1.1" 200 3270
192.168.11.104 - - [26/Apr/2024:09:52:46 +0800] "GET /eHR/img/icon_jd.png HTTP/1.1" 200 3186 "http://192.168.1.83:8088/eHR/ess/redirect.php" "Mozilla/4.0 (compatible; MSIE 7.0; Windows NT 10.0; WOW64; Trident/7.0; .NET4.0C; .NET4.0E)"
192.168.11.104 - - [26/Apr/2024:09:52:46 +0800] "GET /eHR/img/icon_jd.png HTTP/1.1" 200 3186
192.168.11.104 - - [26/Apr/2024:09:52:46 +0800] "GET /eHR/img/icon_about.png HTTP/1.1" 200 3493 "http://192.168.1.83:8088/eHR/ess/redirect.php" "Mozilla/4.0 (compatible; MSIE 7.0; Windows NT 10.0; WOW64; Trident/7.0; .NET4.0C; .NET4.0E)"
192.168.11.104 - - [26/Apr/2024:09:52:46 +0800] "GET /eHR/img/icon_about.png HTTP/1.1" 200 3493
192.168.11.104 - - [26/Apr/2024:09:52:46 +0800] "GET /eHR/img/icon_help.png HTTP/1.1" 200 3588 "http://192.168.1.83:8088/eHR/ess/redirect.php" "Mozilla/4.0 (compatible; MSIE 7.0; Windows NT 10.0; WOW64; Trident/7.0; .NET4.0C; .NET4.0E)"
192.168.11.104 - - [26/Apr/2024:09:52:46 +0800] "GET /eHR/img/icon_help.png HTTP/1.1" 200 3588
192.168.11.104 - - [26/Apr/2024:09:52:46 +0800] "GET /eHR/css/layout/layout.min.css HTTP/1.1" 200 3534 "http://192.168.1.83:8088/eHR/ess/redirect.php" "Mozilla/4.0 (compatible; MSIE 7.0; Windows NT 10.0; WOW64; Trident/7.0; .NET4.0C; .NET4.0E)"
192.168.11.104 - - [26/Apr/2024:09:52:46 +0800] "GET /eHR/css/layout/layout.min.css HTTP/1.1" 200 3534
192.168.11.104 - - [26/Apr/2024:09:52:46 +0800] "GET /eHR/img/icon_exit.png HTTP/1.1" 200 3607 "http://192.168.1.83:8088/eHR/ess/redirect.php" "Mozilla/4.0 (compatible; MSIE 7.0; Windows NT 10.0; WOW64; Trident/7.0; .NET4.0C; .NET4.0E)"
192.168.11.104 - - [26/Apr/2024:09:52:46 +0800] "GET /eHR/img/icon_exit.png HTTP/1.1" 200 3607
192.168.11.104 - - [26/Apr/2024:09:52:46 +0800] "GET /eHR/js/jquery.cookie.min.js HTTP/1.1" 200 4339 "http://192.168.1.83:8088/eHR/ess/redirect.php" "Mozilla/4.0 (compatible; MSIE 7.0; Windows NT 10.0; WOW64; Trident/7.0; .NET4.0C; .NET4.0E)"
192.168.11.104 - - [26/Apr/2024:09:52:46 +0800] "GET /eHR/js/jquery.cookie.min.js HTTP/1.1" 200 4339
192.168.11.104 - - [26/Apr/2024:09:52:46 +0800] "GET /eHR/js/jquery.layout.min-1.2.0.js HTTP/1.1" 200 34635 "http://192.168.1.83:8088/eHR/ess/redirect.php" "Mozilla/4.0 (compatible; MSIE 7.0; Windows NT 10.0; WOW64; Trident/7.0; .NET4.0C; .NET4.0E)"
192.168.11.104 - - [26/Apr/2024:09:52:46 +0800] "GET /eHR/js/jquery.layout.min-1.2.0.js HTTP/1.1" 200 34635
192.168.11.104 - - [26/Apr/2024:09:52:47 +0800] "GET /eHR/css/jqueryui/themes/redmond/images/ui-bg_inset-hard_100_fcfdfd_1x100.png HTTP/1.1" 200 88 "http://192.168.1.83:8088/eHR/ess/redirect.php" "Mozilla/4.0 (compatible; MSIE 7.0; Windows NT 10.0; WOW64; Trident/7.0; .NET4.0C; .NET4.0E)"
192.168.11.104 - - [26/Apr/2024:09:52:47 +0800] "GET /eHR/css/jqueryui/themes/redmond/images/ui-bg_inset-hard_100_fcfdfd_1x100.png HTTP/1.1" 200 88
192.168.11.104 - - [26/Apr/2024:09:52:47 +0800] "GET /eHR/img/ess-logo.png HTTP/1.1" 200 9030 "http://192.168.1.83:8088/eHR/ess/redirect.php" "Mozilla/4.0 (compatible; MSIE 7.0; Windows NT 10.0; WOW64; Trident/7.0; .NET4.0C; .NET4.0E)"
192.168.11.104 - - [26/Apr/2024:09:52:47 +0800] "GET /eHR/img/ess-logo.png HTTP/1.1" 200 9030
192.168.11.104 - - [26/Apr/2024:09:52:47 +0800] "GET /eHR/css/jqueryui/themes/redmond/images/ui-icons_6da8d5_256x240.png HTTP/1.1" 200 4369 "http://192.168.1.83:8088/eHR/ess/redirect.php" "Mozilla/4.0 (compatible; MSIE 7.0; Windows NT 10.0; WOW64; Trident/7.0; .NET4.0C; .NET4.0E)"
192.168.11.104 - - [26/Apr/2024:09:52:47 +0800] "GET /eHR/css/jqueryui/themes/redmond/images/ui-icons_6da8d5_256x240.png HTTP/1.1" 200 4369
192.168.11.104 - - [26/Apr/2024:09:52:47 +0800] "GET /eHR/img/layout/toggle-lt.gif HTTP/1.1" 200 871 "http://192.168.1.83:8088/eHR/ess/redirect.php" "Mozilla/4.0 (compatible; MSIE 7.0; Windows NT 10.0; WOW64; Trident/7.0; .NET4.0C; .NET4.0E)"
192.168.11.104 - - [26/Apr/2024:09:52:47 +0800] "GET /eHR/img/layout/toggle-lt.gif HTTP/1.1" 200 871
192.168.11.104 - - [26/Apr/2024:09:52:47 +0800] "GET /eHR/img/human.png HTTP/1.1" 200 26107 "http://192.168.1.83:8088/eHR/ess/redirect.php" "Mozilla/4.0 (compatible; MSIE 7.0; Windows NT 10.0; WOW64; Trident/7.0; .NET4.0C; .NET4.0E)"
192.168.11.104 - - [26/Apr/2024:09:52:47 +0800] "GET /eHR/img/human.png HTTP/1.1" 200 26107
192.168.11.104 - - [26/Apr/2024:09:52:47 +0800] "GET /eHR/img/Person.png HTTP/1.1" 200 960 "http://192.168.1.83:8088/eHR/ess/redirect.php" "Mozilla/4.0 (compatible; MSIE 7.0; Windows NT 10.0; WOW64; Trident/7.0; .NET4.0C; .NET4.0E)"
192.168.11.104 - - [26/Apr/2024:09:52:47 +0800] "GET /eHR/img/Person.png HTTP/1.1" 200 960
192.168.11.104 - - [26/Apr/2024:09:52:47 +0800] "GET /eHR/img/layout/resizable-w.gif HTTP/1.1" 200 368 "http://192.168.1.83:8088/eHR/ess/redirect.php" "Mozilla/4.0 (compatible; MSIE 7.0; Windows NT 10.0; WOW64; Trident/7.0; .NET4.0C; .NET4.0E)"
192.168.11.104 - - [26/Apr/2024:09:52:47 +0800] "GET /eHR/img/layout/resizable-w.gif HTTP/1.1" 200 368
192.168.11.104 - - [26/Apr/2024:09:52:47 +0800] "GET /eHR/css/jqueryui/themes/redmond/images/ui-icons_217bc0_256x240.png HTTP/1.1" 200 4369 "http://192.168.1.83:8088/eHR/ess/redirect.php" "Mozilla/4.0 (compatible; MSIE 7.0; Windows NT 10.0; WOW64; Trident/7.0; .NET4.0C; .NET4.0E)"
192.168.11.104 - - [26/Apr/2024:09:52:47 +0800] "GET /eHR/css/jqueryui/themes/redmond/images/ui-icons_217bc0_256x240.png HTTP/1.1" 200 4369
100.64.0.1 - - [26/Apr/2024:09:52:47 +0800] "GET /stacks HTTP/1.1" 404 204 "-" "Mozilla/5.0 zgrab/0.x"
100.64.0.1 - - [26/Apr/2024:09:52:47 +0800] "GET /stacks HTTP/1.1" 404 204
192.168.11.104 - - [26/Apr/2024:09:52:46 +0800] "GET /eHR/ess/redirect.php?scriptname=ESNH000 HTTP/1.1" 200 10044 "http://192.168.1.83:8088/eHR/ess/redirect.php" "Mozilla/4.0 (compatible; MSIE 7.0; Windows NT 10.0; WOW64; Trident/7.0; .NET4.0C; .NET4.0E)"
192.168.11.104 - - [26/Apr/2024:09:52:46 +0800] "GET /eHR/ess/redirect.php?scriptname=ESNH000 HTTP/1.1" 200 10044
192.168.11.104 - - [26/Apr/2024:09:52:47 +0800] "GET /eHR/js/functions.js HTTP/1.1" 200 11658 "http://192.168.1.83:8088/eHR/ess/redirect.php?scriptname=ESNH000" "Mozilla/4.0 (compatible; MSIE 7.0; Windows NT 10.0; WOW64; Trident/7.0; .NET4.0C; .NET4.0E)"
192.168.11.104 - - [26/Apr/2024:09:52:47 +0800] "GET /eHR/js/functions.js HTTP/1.1" 200 11658
192.168.11.104 - - [26/Apr/2024:09:52:48 +0800] "GET /eHR/css/jqueryui/themes/redmond/images/ui-icons_f9bd01_256x240.png HTTP/1.1" 200 4369 "http://192.168.1.83:8088/eHR/ess/redirect.php" "Mozilla/4.0 (compatible; MSIE 7.0; Windows NT 10.0; WOW64; Trident/7.0; .NET4.0C; .NET4.0E)"
192.168.11.104 - - [26/Apr/2024:09:52:48 +0800] "GET /eHR/css/jqueryui/themes/redmond/images/ui-icons_f9bd01_256x240.png HTTP/1.1" 200 4369
192.168.11.104 - - [26/Apr/2024:09:52:49 +0800] "GET /eHR/ess/redirect.php?scriptname=ESNA015&appdesc=%E5%8A%A0%E7%8F%AD%E7%94%B3%E8%AB%8B%E6%9F%A5%E8%A9%A2 HTTP/1.1" 200 6457 "http://192.168.1.83:8088/eHR/ess/redirect.php" "Mozilla/4.0 (compatible; MSIE 7.0; Windows NT 10.0; WOW64; Trident/7.0; .NET4.0C; .NET4.0E)"
192.168.11.104 - - [26/Apr/2024:09:52:49 +0800] "GET /eHR/ess/redirect.php?scriptname=ESNA015&appdesc=%E5%8A%A0%E7%8F%AD%E7%94%B3%E8%AB%8B%E6%9F%A5%E8%A9%A2 HTTP/1.1" 200 6457
192.168.11.104 - - [26/Apr/2024:09:52:50 +0800] "GET /eHR/img/date.png HTTP/1.1" 200 626 "http://192.168.1.83:8088/eHR/ess/redirect.php?scriptname=ESNA015&appdesc=%E5%8A%A0%E7%8F%AD%E7%94%B3%E8%AB%8B%E6%9F%A5%E8%A9%A2" "Mozilla/4.0 (compatible; MSIE 7.0; Windows NT 10.0; WOW64; Trident/7.0; .NET4.0C; .NET4.0E)"
192.168.11.104 - - [26/Apr/2024:09:52:50 +0800] "GET /eHR/img/date.png HTTP/1.1" 200 626
192.168.11.104 - - [26/Apr/2024:09:52:50 +0800] "GET /eHR/css/jqueryui/themes/redmond/images/ui-bg_gloss-wave_55_5c9ccc_500x100.png HTTP/1.1" 200 3457 "http://192.168.1.83:8088/eHR/ess/redirect.php?scriptname=ESNA015&appdesc=%E5%8A%A0%E7%8F%AD%E7%94%B3%E8%AB%8B%E6%9F%A5%E8%A9%A2" "Mozilla/4.0 (compatible; MSIE 7.0; Windows NT 10.0; WOW64; Trident/7.0; .NET4.0C; .NET4.0E)"
192.168.11.104 - - [26/Apr/2024:09:52:50 +0800] "GET /eHR/css/jqueryui/themes/redmond/images/ui-bg_gloss-wave_55_5c9ccc_500x100.png HTTP/1.1" 200 3457
192.168.11.104 - - [26/Apr/2024:09:52:53 +0800] "GET /eHR/img/pe.png HTTP/1.1" 200 1268 "http://192.168.1.83:8088/eHR/ess/redirect.php?scriptname=ESNA015&appdesc=%E5%8A%A0%E7%8F%AD%E7%94%B3%E8%AB%8B%E6%9F%A5%E8%A9%A2" "Mozilla/4.0 (compatible; MSIE 7.0; Windows NT 10.0; WOW64; Trident/7.0; .NET4.0C; .NET4.0E)"
192.168.11.104 - - [26/Apr/2024:09:52:53 +0800] "GET /eHR/img/pe.png HTTP/1.1" 200 1268
192.168.11.104 - - [26/Apr/2024:09:52:50 +0800] "POST /eHR/ess/redirect.php?scriptname=ESNA015&appdesc=%E5%8A%A0%E7%8F%AD%E7%94%B3%E8%AB%8B%E6%9F%A5%E8%A9%A2 HTTP/1.1" 200 164517 "http://192.168.1.83:8088/eHR/ess/redirect.php?scriptname=ESNA015&appdesc=%E5%8A%A0%E7%8F%AD%E7%94%B3%E8%AB%8B%E6%9F%A5%E8%A9%A2" "Mozilla/4.0 (compatible; MSIE 7.0; Windows NT 10.0; WOW64; Trident/7.0; .NET4.0C; .NET4.0E)"
192.168.11.104 - - [26/Apr/2024:09:52:50 +0800] "POST /eHR/ess/redirect.php?scriptname=ESNA015&appdesc=%E5%8A%A0%E7%8F%AD%E7%94%B3%E8%AB%8B%E6%9F%A5%E8%A9%A2 HTTP/1.1" 200 164517
100.64.0.1 - - [26/Apr/2024:09:52:54 +0800] "POST /ws/v1/cluster/apps/new-application HTTP/1.1" 404 232 "-" "python-requests/2.22.0"
100.64.0.1 - - [26/Apr/2024:09:52:54 +0800] "POST /ws/v1/cluster/apps/new-application HTTP/1.1" 404 232
192.168.11.104 - - [26/Apr/2024:09:52:57 +0800] "POST /eHR/ess/redirect.php?scriptname=view_flowchart&action=view_flowchart&apply_type=overtime&flow_seqno=1070349 HTTP/1.1" 200 5607 "http://192.168.1.83:8088/eHR/ess/redirect.php" "Mozilla/4.0 (compatible; MSIE 7.0; Windows NT 10.0; WOW64; Trident/7.0; .NET4.0C; .NET4.0E)"
192.168.11.104 - - [26/Apr/2024:09:52:57 +0800] "POST /eHR/ess/redirect.php?scriptname=view_flowchart&action=view_flowchart&apply_type=overtime&flow_seqno=1070349 HTTP/1.1" 200 5607
192.168.11.104 - - [26/Apr/2024:09:52:58 +0800] "GET /eHR/img/workflow/start.png HTTP/1.1" 200 2344 "http://192.168.1.83:8088/eHR/ess/redirect.php" "Mozilla/4.0 (compatible; MSIE 7.0; Windows NT 10.0; WOW64; Trident/7.0; .NET4.0C; .NET4.0E)"
192.168.11.104 - - [26/Apr/2024:09:52:58 +0800] "GET /eHR/img/workflow/start.png HTTP/1.1" 200 2344
192.168.11.104 - - [26/Apr/2024:09:52:58 +0800] "GET /eHR/img/workflow/process.png HTTP/1.1" 200 2728
192.168.11.104 - - [26/Apr/2024:09:52:58 +0800] "GET /eHR/img/workflow/process.png HTTP/1.1" 200 2728 "http://192.168.1.83:8088/eHR/ess/redirect.php" "Mozilla/4.0 (compatible; MSIE 7.0; Windows NT 10.0; WOW64; Trident/7.0; .NET4.0C; .NET4.0E)"
192.168.11.104 - - [26/Apr/2024:09:52:58 +0800] "GET /eHR/img/workflow/user_sign_approve_key.png HTTP/1.1" 200 3099 "http://192.168.1.83:8088/eHR/ess/redirect.php" "Mozilla/4.0 (compatible; MSIE 7.0; Windows NT 10.0; WOW64; Trident/7.0; .NET4.0C; .NET4.0E)"
192.168.11.104 - - [26/Apr/2024:09:52:58 +0800] "GET /eHR/img/workflow/user_sign_approve_key.png HTTP/1.1" 200 3099
192.168.11.104 - - [26/Apr/2024:09:52:58 +0800] "GET /eHR/img/workflow/end.png HTTP/1.1" 200 2726 "http://192.168.1.83:8088/eHR/ess/redirect.php" "Mozilla/4.0 (compatible; MSIE 7.0; Windows NT 10.0; WOW64; Trident/7.0; .NET4.0C; .NET4.0E)"
192.168.11.104 - - [26/Apr/2024:09:52:58 +0800] "GET /eHR/img/workflow/end.png HTTP/1.1" 200 2726
192.168.11.104 - - [26/Apr/2024:09:52:58 +0800] "GET /eHR/img/workflow/user_sign_unknown_key.png HTTP/1.1" 200 3101 "http://192.168.1.83:8088/eHR/ess/redirect.php" "Mozilla/4.0 (compatible; MSIE 7.0; Windows NT 10.0; WOW64; Trident/7.0; .NET4.0C; .NET4.0E)"
192.168.11.104 - - [26/Apr/2024:09:52:58 +0800] "GET /eHR/img/workflow/user_sign_unknown_key.png HTTP/1.1" 200 3101
192.168.11.104 - - [26/Apr/2024:09:52:58 +0800] "GET /eHR/css/jqueryui/themes/redmond/images/ui-bg_flat_0_aaaaaa_40x100.png HTTP/1.1" 200 180 "http://192.168.1.83:8088/eHR/ess/redirect.php" "Mozilla/4.0 (compatible; MSIE 7.0; Windows NT 10.0; WOW64; Trident/7.0; .NET4.0C; .NET4.0E)"
192.168.11.104 - - [26/Apr/2024:09:52:58 +0800] "GET /eHR/css/jqueryui/themes/redmond/images/ui-bg_flat_0_aaaaaa_40x100.png HTTP/1.1" 200 180
192.168.11.104 - - [26/Apr/2024:09:52:58 +0800] "GET /eHR/css/jqueryui/themes/redmond/images/ui-icons_469bdd_256x240.png HTTP/1.1" 200 4369 "http://192.168.1.83:8088/eHR/ess/redirect.php" "Mozilla/4.0 (compatible; MSIE 7.0; Windows NT 10.0; WOW64; Trident/7.0; .NET4.0C; .NET4.0E)"
192.168.11.104 - - [26/Apr/2024:09:52:58 +0800] "GET /eHR/css/jqueryui/themes/redmond/images/ui-icons_469bdd_256x240.png HTTP/1.1" 200 4369
192.168.11.104 - - [26/Apr/2024:09:52:58 +0800] "GET /eHR/css/jqueryui/themes/redmond/images/ui-icons_d8e7f3_256x240.png HTTP/1.1" 200 4369 "http://192.168.1.83:8088/eHR/ess/redirect.php" "Mozilla/4.0 (compatible; MSIE 7.0; Windows NT 10.0; WOW64; Trident/7.0; .NET4.0C; .NET4.0E)"
192.168.11.104 - - [26/Apr/2024:09:52:58 +0800] "GET /eHR/css/jqueryui/themes/redmond/images/ui-icons_d8e7f3_256x240.png HTTP/1.1" 200 4369
192.168.12.81 - - [26/Apr/2024:09:52:59 +0800] "GET /eHR/ess/redirect.php?scriptname=emp_lov&openW=Y&rand=0.07339276767546066 HTTP/1.1" 200 15100 "http://192.168.1.83:8088/eHR/ess/redirect.php?scriptname=ESNE002&appdesc=%E6%89%B9%E9%87%8F%E8%AF%B7%E5%81%87%E7%94%B3%E8%AF%B7" "Mozilla/5.0 (Windows NT 6.2; Win64; x64) AppleWebKit/537.36 (KHTML, like Gecko) Chrome/105.0.0.0 Safari/537.36"
192.168.12.81 - - [26/Apr/2024:09:52:59 +0800] "GET /eHR/ess/redirect.php?scriptname=emp_lov&openW=Y&rand=0.07339276767546066 HTTP/1.1" 200 15100
192.168.11.104 - - [26/Apr/2024:09:53:02 +0800] "POST /eHR/ess/redirect.php?scriptname=view_flowchart&action=view_flowchart&apply_type=overtime&flow_seqno=1068672 HTTP/1.1" 200 5607 "http://192.168.1.83:8088/eHR/ess/redirect.php" "Mozilla/4.0 (compatible; MSIE 7.0; Windows NT 10.0; WOW64; Trident/7.0; .NET4.0C; .NET4.0E)"
192.168.11.104 - - [26/Apr/2024:09:53:02 +0800] "POST /eHR/ess/redirect.php?scriptname=view_flowchart&action=view_flowchart&apply_type=overtime&flow_seqno=1068672 HTTP/1.1" 200 5607
192.168.12.81 - - [26/Apr/2024:09:53:04 +0800] "POST /eHR/ess/redirect.php?scriptname=emp_lov&openW=Y&rand=0.07339276767546066 HTTP/1.1" 200 17298 "http://192.168.1.83:8088/eHR/ess/redirect.php?scriptname=emp_lov&openW=Y&rand=0.07339276767546066" "Mozilla/5.0 (Windows NT 6.2; Win64; x64) AppleWebKit/537.36 (KHTML, like Gecko) Chrome/105.0.0.0 Safari/537.36"
192.168.12.81 - - [26/Apr/2024:09:53:04 +0800] "POST /eHR/ess/redirect.php?scriptname=emp_lov&openW=Y&rand=0.07339276767546066 HTTP/1.1" 200 17298
192.168.11.104 - - [26/Apr/2024:09:53:12 +0800] "POST /eHR/ess/redirect.php?scriptname=view_flowchart&action=view_flowchart&apply_type=overtime&flow_seqno=1066631 HTTP/1.1" 200 5607 "http://192.168.1.83:8088/eHR/ess/redirect.php" "Mozilla/4.0 (compatible; MSIE 7.0; Windows NT 10.0; WOW64; Trident/7.0; .NET4.0C; .NET4.0E)"
192.168.11.104 - - [26/Apr/2024:09:53:12 +0800] "POST /eHR/ess/redirect.php?scriptname=view_flowchart&action=view_flowchart&apply_type=overtime&flow_seqno=1066631 HTTP/1.1" 200 5607
192.168.11.200 - - [26/Apr/2024:09:53:15 +0800] "GET /eHR/ess/redirect.php?scriptname=ESNE001&appdesc=%E6%89%B9%E9%87%8F%E5%8A%A0%E7%8F%AD%E7%94%B3%E8%AF%B7 HTTP/1.1" 200 15271 "http://192.168.1.83:8088/eHR/ess/redirect.php" "Mozilla/5.0 (Windows NT 6.1; Win64; x64) AppleWebKit/537.36 (KHTML, like Gecko) Chrome/105.0.0.0 Safari/537.36"
192.168.11.200 - - [26/Apr/2024:09:53:15 +0800] "GET /eHR/ess/redirect.php?scriptname=ESNE001&appdesc=%E6%89%B9%E9%87%8F%E5%8A%A0%E7%8F%AD%E7%94%B3%E8%AF%B7 HTTP/1.1" 200 15271
192.168.11.104 - - [26/Apr/2024:09:53:16 +0800] "POST /eHR/ess/redirect.php?scriptname=view_flowchart&action=view_flowchart&apply_type=overtime&flow_seqno=1065088 HTTP/1.1" 200 5607 "http://192.168.1.83:8088/eHR/ess/redirect.php" "Mozilla/4.0 (compatible; MSIE 7.0; Windows NT 10.0; WOW64; Trident/7.0; .NET4.0C; .NET4.0E)"
192.168.11.104 - - [26/Apr/2024:09:53:16 +0800] "POST /eHR/ess/redirect.php?scriptname=view_flowchart&action=view_flowchart&apply_type=overtime&flow_seqno=1065088 HTTP/1.1" 200 5607
192.168.12.81 - - [26/Apr/2024:09:53:27 +0800] "POST /eHR/ess/redirect.php?scriptname=ESNE002&appdesc=%E6%89%B9%E9%87%8F%E8%AF%B7%E5%81%87%E7%94%B3%E8%AF%B7 HTTP/1.1" 200 4216 "http://192.168.1.83:8088/eHR/ess/redirect.php?scriptname=ESNE002&appdesc=%E6%89%B9%E9%87%8F%E8%AF%B7%E5%81%87%E7%94%B3%E8%AF%B7" "Mozilla/5.0 (Windows NT 6.2; Win64; x64) AppleWebKit/537.36 (KHTML, like Gecko) Chrome/105.0.0.0 Safari/537.36"
192.168.12.81 - - [26/Apr/2024:09:53:27 +0800] "POST /eHR/ess/redirect.php?scriptname=ESNE002&appdesc=%E6%89%B9%E9%87%8F%E8%AF%B7%E5%81%87%E7%94%B3%E8%AF%B7 HTTP/1.1" 200 4216
192.168.12.81 - - [26/Apr/2024:09:53:34 +0800] "GET /eHR/ess/redirect.php?scriptname=ESNE002&appdesc=%E6%89%B9%E9%87%8F%E8%AF%B7%E5%81%87%E7%94%B3%E8%AF%B7 HTTP/1.1" 200 22066 "http://192.168.1.83:8088/eHR/ess/redirect.php" "Mozilla/5.0 (Windows NT 6.2; Win64; x64) AppleWebKit/537.36 (KHTML, like Gecko) Chrome/105.0.0.0 Safari/537.36"
192.168.12.81 - - [26/Apr/2024:09:53:34 +0800] "GET /eHR/ess/redirect.php?scriptname=ESNE002&appdesc=%E6%89%B9%E9%87%8F%E8%AF%B7%E5%81%87%E7%94%B3%E8%AF%B7 HTTP/1.1" 200 22066
192.168.11.104 - - [26/Apr/2024:09:53:41 +0800] "POST /eHR/ess/redirect.php?scriptname=view_flowchart&action=view_flowchart&apply_type=overtime&flow_seqno=1065088 HTTP/1.1" 200 5607 "http://192.168.1.83:8088/eHR/ess/redirect.php" "Mozilla/4.0 (compatible; MSIE 7.0; Windows NT 10.0; WOW64; Trident/7.0; .NET4.0C; .NET4.0E)"
192.168.11.104 - - [26/Apr/2024:09:53:41 +0800] "POST /eHR/ess/redirect.php?scriptname=view_flowchart&action=view_flowchart&apply_type=overtime&flow_seqno=1065088 HTTP/1.1" 200 5607
192.168.12.81 - - [26/Apr/2024:09:53:51 +0800] "GET /eHR/ess/redirect.php?scriptname=emp_lov&openW=Y&rand=0.6866974727314747 HTTP/1.1" 200 15100 "http://192.168.1.83:8088/eHR/ess/redirect.php?scriptname=ESNE002&appdesc=%E6%89%B9%E9%87%8F%E8%AF%B7%E5%81%87%E7%94%B3%E8%AF%B7" "Mozilla/5.0 (Windows NT 6.2; Win64; x64) AppleWebKit/537.36 (KHTML, like Gecko) Chrome/105.0.0.0 Safari/537.36"
192.168.12.81 - - [26/Apr/2024:09:53:51 +0800] "GET /eHR/ess/redirect.php?scriptname=emp_lov&openW=Y&rand=0.6866974727314747 HTTP/1.1" 200 15100
192.168.11.104 - - [26/Apr/2024:09:53:54 +0800] "GET /eHR/ess/redirect.php?scriptname=ESNF000&appdesc=%E6%B5%81%E7%A8%8B%E7%AE%A1%E7%90%86 HTTP/1.1" 200 29207 "http://192.168.1.83:8088/eHR/ess/redirect.php" "Mozilla/4.0 (compatible; MSIE 7.0; Windows NT 10.0; WOW64; Trident/7.0; .NET4.0C; .NET4.0E)"
192.168.11.104 - - [26/Apr/2024:09:53:54 +0800] "GET /eHR/ess/redirect.php?scriptname=ESNF000&appdesc=%E6%B5%81%E7%A8%8B%E7%AE%A1%E7%90%86 HTTP/1.1" 200 29207
192.168.12.81 - - [26/Apr/2024:09:53:55 +0800] "POST /eHR/ess/redirect.php?scriptname=emp_lov&openW=Y&rand=0.6866974727314747 HTTP/1.1" 200 17291 "http://192.168.1.83:8088/eHR/ess/redirect.php?scriptname=emp_lov&openW=Y&rand=0.6866974727314747" "Mozilla/5.0 (Windows NT 6.2; Win64; x64) AppleWebKit/537.36 (KHTML, like Gecko) Chrome/105.0.0.0 Safari/537.36"
192.168.12.81 - - [26/Apr/2024:09:53:55 +0800] "POST /eHR/ess/redirect.php?scriptname=emp_lov&openW=Y&rand=0.6866974727314747 HTTP/1.1" 200 17291
192.168.11.104 - - [26/Apr/2024:09:53:57 +0800] "GET /eHR/ess/redirect.php?scriptname=assistant_leave_apply_search&dept_seqno=3914&flowstatus=01&whoami=admin HTTP/1.1" 200 58392 "http://192.168.1.83:8088/eHR/ess/redirect.php?scriptname=ESNF000&appdesc=%E6%B5%81%E7%A8%8B%E7%AE%A1%E7%90%86" "Mozilla/4.0 (compatible; MSIE 7.0; Windows NT 10.0; WOW64; Trident/7.0; .NET4.0C; .NET4.0E)"
192.168.11.104 - - [26/Apr/2024:09:53:57 +0800] "GET /eHR/ess/redirect.php?scriptname=assistant_leave_apply_search&dept_seqno=3914&flowstatus=01&whoami=admin HTTP/1.1" 200 58392
192.168.11.104 - - [26/Apr/2024:09:53:58 +0800] "GET /eHR/img/cancel.png HTTP/1.1" 200 1230 "http://192.168.1.83:8088/eHR/ess/redirect.php?scriptname=assistant_leave_apply_search&dept_seqno=3914&flowstatus=01&whoami=admin" "Mozilla/4.0 (compatible; MSIE 7.0; Windows NT 10.0; WOW64; Trident/7.0; .NET4.0C; .NET4.0E)"
192.168.11.104 - - [26/Apr/2024:09:53:58 +0800] "GET /eHR/img/cancel.png HTTP/1.1" 200 1230
192.168.11.104 - - [26/Apr/2024:09:53:59 +0800] "POST /eHR/ess/redirect.php?scriptname=view_flowchart&action=viewflowchart&apply_type=absence&flow_seqno=101897 HTTP/1.1" 200 5354 "http://192.168.1.83:8088/eHR/ess/redirect.php" "Mozilla/4.0 (compatible; MSIE 7.0; Windows NT 10.0; WOW64; Trident/7.0; .NET4.0C; .NET4.0E)"
192.168.11.104 - - [26/Apr/2024:09:53:59 +0800] "POST /eHR/ess/redirect.php?scriptname=view_flowchart&action=viewflowchart&apply_type=absence&flow_seqno=101897 HTTP/1.1" 200 5354
192.168.12.81 - - [26/Apr/2024:09:54:01 +0800] "POST /eHR/ess/redirect.php?scriptname=ESNE002&appdesc=%E6%89%B9%E9%87%8F%E8%AF%B7%E5%81%87%E7%94%B3%E8%AF%B7 HTTP/1.1" 200 4223 "http://192.168.1.83:8088/eHR/ess/redirect.php?scriptname=ESNE002&appdesc=%E6%89%B9%E9%87%8F%E8%AF%B7%E5%81%87%E7%94%B3%E8%AF%B7" "Mozilla/5.0 (Windows NT 6.2; Win64; x64) AppleWebKit/537.36 (KHTML, like Gecko) Chrome/105.0.0.0 Safari/537.36"
192.168.12.81 - - [26/Apr/2024:09:54:01 +0800] "POST /eHR/ess/redirect.php?scriptname=ESNE002&appdesc=%E6%89%B9%E9%87%8F%E8%AF%B7%E5%81%87%E7%94%B3%E8%AF%B7 HTTP/1.1" 200 4223
192.168.12.81 - - [26/Apr/2024:09:54:09 +0800] "GET /eHR/ess/redirect.php?scriptname=ESNE002&appdesc=%E6%89%B9%E9%87%8F%E8%AF%B7%E5%81%87%E7%94%B3%E8%AF%B7 HTTP/1.1" 200 22066 "http://192.168.1.83:8088/eHR/ess/redirect.php" "Mozilla/5.0 (Windows NT 6.2; Win64; x64) AppleWebKit/537.36 (KHTML, like Gecko) Chrome/105.0.0.0 Safari/537.36"
192.168.12.81 - - [26/Apr/2024:09:54:09 +0800] "GET /eHR/ess/redirect.php?scriptname=ESNE002&appdesc=%E6%89%B9%E9%87%8F%E8%AF%B7%E5%81%87%E7%94%B3%E8%AF%B7 HTTP/1.1" 200 22066
192.168.11.104 - - [26/Apr/2024:09:54:10 +0800] "GET /eHR/ess/redirect.php?scriptname=ESNF000&appdesc=%E6%B5%81%E7%A8%8B%E7%AE%A1%E7%90%86 HTTP/1.1" 200 29207 "http://192.168.1.83:8088/eHR/ess/redirect.php" "Mozilla/4.0 (compatible; MSIE 7.0; Windows NT 10.0; WOW64; Trident/7.0; .NET4.0C; .NET4.0E)"
192.168.11.104 - - [26/Apr/2024:09:54:10 +0800] "GET /eHR/ess/redirect.php?scriptname=ESNF000&appdesc=%E6%B5%81%E7%A8%8B%E7%AE%A1%E7%90%86 HTTP/1.1" 200 29207
192.168.11.104 - - [26/Apr/2024:09:54:15 +0800] "GET /eHR/ess/redirect.php?scriptname=assistant_leave_apply_search&dept_seqno=3969&flowstatus=01&whoami=admin HTTP/1.1" 200 58270 "http://192.168.1.83:8088/eHR/ess/redirect.php?scriptname=ESNF000&appdesc=%E6%B5%81%E7%A8%8B%E7%AE%A1%E7%90%86" "Mozilla/4.0 (compatible; MSIE 7.0; Windows NT 10.0; WOW64; Trident/7.0; .NET4.0C; .NET4.0E)"
192.168.11.104 - - [26/Apr/2024:09:54:15 +0800] "GET /eHR/ess/redirect.php?scriptname=assistant_leave_apply_search&dept_seqno=3969&flowstatus=01&whoami=admin HTTP/1.1" 200 58270
192.168.11.104 - - [26/Apr/2024:09:54:19 +0800] "POST /eHR/ess/redirect.php?scriptname=view_flowchart&action=viewflowchart&apply_type=absence&flow_seqno=101846 HTTP/1.1" 200 5521 "http://192.168.1.83:8088/eHR/ess/redirect.php" "Mozilla/4.0 (compatible; MSIE 7.0; Windows NT 10.0; WOW64; Trident/7.0; .NET4.0C; .NET4.0E)"
192.168.11.104 - - [26/Apr/2024:09:54:19 +0800] "POST /eHR/ess/redirect.php?scriptname=view_flowchart&action=viewflowchart&apply_type=absence&flow_seqno=101846 HTTP/1.1" 200 5521
192.168.11.104 - - [26/Apr/2024:09:54:23 +0800] "GET /eHR/ess/redirect.php?scriptname=ESNF000&appdesc=%E6%B5%81%E7%A8%8B%E7%AE%A1%E7%90%86 HTTP/1.1" 200 29207 "http://192.168.1.83:8088/eHR/ess/redirect.php" "Mozilla/4.0 (compatible; MSIE 7.0; Windows NT 10.0; WOW64; Trident/7.0; .NET4.0C; .NET4.0E)"
192.168.11.104 - - [26/Apr/2024:09:54:23 +0800] "GET /eHR/ess/redirect.php?scriptname=ESNF000&appdesc=%E6%B5%81%E7%A8%8B%E7%AE%A1%E7%90%86 HTTP/1.1" 200 29207
192.168.11.104 - - [26/Apr/2024:09:54:39 +0800] "GET /eHR/css/jqueryui/themes/redmond/jquery.ui.all.css HTTP/1.1" 304 - "http://192.168.1.83:8088/eHR/ess/redirect.php" "Mozilla/4.0 (compatible; MSIE 7.0; Windows NT 10.0; WOW64; Trident/7.0; .NET4.0C; .NET4.0E)"
192.168.11.104 - - [26/Apr/2024:09:54:39 +0800] "GET /eHR/css/jqueryui/themes/redmond/jquery.ui.all.css HTTP/1.1" 304 -
192.168.11.104 - - [26/Apr/2024:09:54:39 +0800] "GET /eHR/css/jqueryui/themes/redmond/jquery.ui.base.css HTTP/1.1" 304 - "http://192.168.1.83:8088/eHR/ess/redirect.php" "Mozilla/4.0 (compatible; MSIE 7.0; Windows NT 10.0; WOW64; Trident/7.0; .NET4.0C; .NET4.0E)"
192.168.11.104 - - [26/Apr/2024:09:54:39 +0800] "GET /eHR/css/jqueryui/themes/redmond/jquery.ui.base.css HTTP/1.1" 304 -
192.168.11.104 - - [26/Apr/2024:09:54:39 +0800] "GET /eHR/css/jqueryui/themes/redmond/jquery.ui.theme.css HTTP/1.1" 304 - "http://192.168.1.83:8088/eHR/ess/redirect.php" "Mozilla/4.0 (compatible; MSIE 7.0; Windows NT 10.0; WOW64; Trident/7.0; .NET4.0C; .NET4.0E)"
192.168.11.104 - - [26/Apr/2024:09:54:39 +0800] "GET /eHR/css/jqueryui/themes/redmond/jquery.ui.theme.css HTTP/1.1" 304 -
192.168.11.104 - - [26/Apr/2024:09:54:38 +0800] "GET /eHR/ess/redirect.php HTTP/1.1" 200 9827 "http://192.168.1.83:8088/eHR/ess/index.php?lang=ZHT" "Mozilla/4.0 (compatible; MSIE 7.0; Windows NT 10.0; WOW64; Trident/7.0; .NET4.0C; .NET4.0E)"
192.168.11.104 - - [26/Apr/2024:09:54:38 +0800] "GET /eHR/ess/redirect.php HTTP/1.1" 200 9827
192.168.11.104 - - [26/Apr/2024:09:54:39 +0800] "GET /eHR/css/jqueryui/themes/redmond/jquery.ui.core.css HTTP/1.1" 304 - "http://192.168.1.83:8088/eHR/ess/redirect.php" "Mozilla/4.0 (compatible; MSIE 7.0; Windows NT 10.0; WOW64; Trident/7.0; .NET4.0C; .NET4.0E)"
192.168.11.104 - - [26/Apr/2024:09:54:39 +0800] "GET /eHR/css/jqueryui/themes/redmond/jquery.ui.core.css HTTP/1.1" 304 -
192.168.11.104 - - [26/Apr/2024:09:54:39 +0800] "GET /eHR/css/jqueryui/themes/redmond/jquery.ui.resizable.css HTTP/1.1" 304 - "http://192.168.1.83:8088/eHR/ess/redirect.php" "Mozilla/4.0 (compatible; MSIE 7.0; Windows NT 10.0; WOW64; Trident/7.0; .NET4.0C; .NET4.0E)"
192.168.11.104 - - [26/Apr/2024:09:54:39 +0800] "GET /eHR/css/jqueryui/themes/redmond/jquery.ui.resizable.css HTTP/1.1" 304 -
192.168.11.104 - - [26/Apr/2024:09:54:39 +0800] "GET /eHR/css/jqueryui/themes/redmond/jquery.ui.selectable.css HTTP/1.1" 304 - "http://192.168.1.83:8088/eHR/ess/redirect.php" "Mozilla/4.0 (compatible; MSIE 7.0; Windows NT 10.0; WOW64; Trident/7.0; .NET4.0C; .NET4.0E)"
192.168.11.104 - - [26/Apr/2024:09:54:39 +0800] "GET /eHR/css/jqueryui/themes/redmond/jquery.ui.selectable.css HTTP/1.1" 304 -
192.168.11.104 - - [26/Apr/2024:09:54:39 +0800] "GET /eHR/css/jqueryui/themes/redmond/jquery.ui.accordion.css HTTP/1.1" 304 - "http://192.168.1.83:8088/eHR/ess/redirect.php" "Mozilla/4.0 (compatible; MSIE 7.0; Windows NT 10.0; WOW64; Trident/7.0; .NET4.0C; .NET4.0E)"
192.168.11.104 - - [26/Apr/2024:09:54:39 +0800] "GET /eHR/css/jqueryui/themes/redmond/jquery.ui.accordion.css HTTP/1.1" 304 -
192.168.11.104 - - [26/Apr/2024:09:54:39 +0800] "GET /eHR/css/jqueryui/themes/redmond/jquery.ui.autocomplete.css HTTP/1.1" 304 - "http://192.168.1.83:8088/eHR/ess/redirect.php" "Mozilla/4.0 (compatible; MSIE 7.0; Windows NT 10.0; WOW64; Trident/7.0; .NET4.0C; .NET4.0E)"
192.168.11.104 - - [26/Apr/2024:09:54:39 +0800] "GET /eHR/css/jqueryui/themes/redmond/jquery.ui.autocomplete.css HTTP/1.1" 304 -
192.168.11.104 - - [26/Apr/2024:09:54:39 +0800] "GET /eHR/css/jqueryui/themes/redmond/jquery.ui.button.css HTTP/1.1" 304 - "http://192.168.1.83:8088/eHR/ess/redirect.php" "Mozilla/4.0 (compatible; MSIE 7.0; Windows NT 10.0; WOW64; Trident/7.0; .NET4.0C; .NET4.0E)"
192.168.11.104 - - [26/Apr/2024:09:54:39 +0800] "GET /eHR/css/jqueryui/themes/redmond/jquery.ui.button.css HTTP/1.1" 304 -
192.168.11.104 - - [26/Apr/2024:09:54:39 +0800] "GET /eHR/css/jqueryui/themes/redmond/jquery.ui.dialog.css HTTP/1.1" 304 - "http://192.168.1.83:8088/eHR/ess/redirect.php" "Mozilla/4.0 (compatible; MSIE 7.0; Windows NT 10.0; WOW64; Trident/7.0; .NET4.0C; .NET4.0E)"
192.168.11.104 - - [26/Apr/2024:09:54:39 +0800] "GET /eHR/css/jqueryui/themes/redmond/jquery.ui.dialog.css HTTP/1.1" 304 -
192.168.11.104 - - [26/Apr/2024:09:54:39 +0800] "GET /eHR/css/jqueryui/themes/redmond/jquery.ui.slider.css HTTP/1.1" 304 - "http://192.168.1.83:8088/eHR/ess/redirect.php" "Mozilla/4.0 (compatible; MSIE 7.0; Windows NT 10.0; WOW64; Trident/7.0; .NET4.0C; .NET4.0E)"
192.168.11.104 - - [26/Apr/2024:09:54:39 +0800] "GET /eHR/css/jqueryui/themes/redmond/jquery.ui.slider.css HTTP/1.1" 304 -
192.168.11.104 - - [26/Apr/2024:09:54:39 +0800] "GET /eHR/css/jqueryui/themes/redmond/jquery.ui.tabs.css HTTP/1.1" 304 - "http://192.168.1.83:8088/eHR/ess/redirect.php" "Mozilla/4.0 (compatible; MSIE 7.0; Windows NT 10.0; WOW64; Trident/7.0; .NET4.0C; .NET4.0E)"
192.168.11.104 - - [26/Apr/2024:09:54:39 +0800] "GET /eHR/css/jqueryui/themes/redmond/jquery.ui.tabs.css HTTP/1.1" 304 -
192.168.11.104 - - [26/Apr/2024:09:54:39 +0800] "GET /eHR/css/jqueryui/themes/redmond/jquery.ui.datepicker.css HTTP/1.1" 304 - "http://192.168.1.83:8088/eHR/ess/redirect.php" "Mozilla/4.0 (compatible; MSIE 7.0; Windows NT 10.0; WOW64; Trident/7.0; .NET4.0C; .NET4.0E)"
192.168.11.104 - - [26/Apr/2024:09:54:39 +0800] "GET /eHR/css/jqueryui/themes/redmond/jquery.ui.datepicker.css HTTP/1.1" 304 -
192.168.11.104 - - [26/Apr/2024:09:54:39 +0800] "GET /eHR/css/jqueryui/themes/redmond/jquery.ui.progressbar.css HTTP/1.1" 304 - "http://192.168.1.83:8088/eHR/ess/redirect.php" "Mozilla/4.0 (compatible; MSIE 7.0; Windows NT 10.0; WOW64; Trident/7.0; .NET4.0C; .NET4.0E)"
192.168.11.104 - - [26/Apr/2024:09:54:39 +0800] "GET /eHR/css/jqueryui/themes/redmond/jquery.ui.progressbar.css HTTP/1.1" 304 -
192.168.11.104 - - [26/Apr/2024:09:54:39 +0800] "GET /eHR/css/layout/layout.min.css HTTP/1.1" 304 - "http://192.168.1.83:8088/eHR/ess/redirect.php" "Mozilla/4.0 (compatible; MSIE 7.0; Windows NT 10.0; WOW64; Trident/7.0; .NET4.0C; .NET4.0E)"
192.168.11.104 - - [26/Apr/2024:09:54:39 +0800] "GET /eHR/css/layout/layout.min.css HTTP/1.1" 304 -
192.168.11.104 - - [26/Apr/2024:09:54:39 +0800] "GET /eHR/img/logo.gif HTTP/1.1" 304 - "http://192.168.1.83:8088/eHR/ess/redirect.php" "Mozilla/4.0 (compatible; MSIE 7.0; Windows NT 10.0; WOW64; Trident/7.0; .NET4.0C; .NET4.0E)"
192.168.11.104 - - [26/Apr/2024:09:54:39 +0800] "GET /eHR/img/logo.gif HTTP/1.1" 304 -
192.168.11.104 - - [26/Apr/2024:09:54:39 +0800] "GET /eHR/img/icon_obj.png HTTP/1.1" 304 - "http://192.168.1.83:8088/eHR/ess/redirect.php" "Mozilla/4.0 (compatible; MSIE 7.0; Windows NT 10.0; WOW64; Trident/7.0; .NET4.0C; .NET4.0E)"
192.168.11.104 - - [26/Apr/2024:09:54:39 +0800] "GET /eHR/img/icon_obj.png HTTP/1.1" 304 -
192.168.11.104 - - [26/Apr/2024:09:54:39 +0800] "GET /eHR/img/icon_jd.png HTTP/1.1" 304 - "http://192.168.1.83:8088/eHR/ess/redirect.php" "Mozilla/4.0 (compatible; MSIE 7.0; Windows NT 10.0; WOW64; Trident/7.0; .NET4.0C; .NET4.0E)"
192.168.11.104 - - [26/Apr/2024:09:54:39 +0800] "GET /eHR/img/icon_jd.png HTTP/1.1" 304 -
192.168.11.104 - - [26/Apr/2024:09:54:39 +0800] "GET /eHR/img/icon_about.png HTTP/1.1" 304 - "http://192.168.1.83:8088/eHR/ess/redirect.php" "Mozilla/4.0 (compatible; MSIE 7.0; Windows NT 10.0; WOW64; Trident/7.0; .NET4.0C; .NET4.0E)"
192.168.11.104 - - [26/Apr/2024:09:54:39 +0800] "GET /eHR/img/icon_about.png HTTP/1.1" 304 -
192.168.11.104 - - [26/Apr/2024:09:54:39 +0800] "GET /eHR/img/icon_help.png HTTP/1.1" 304 - "http://192.168.1.83:8088/eHR/ess/redirect.php" "Mozilla/4.0 (compatible; MSIE 7.0; Windows NT 10.0; WOW64; Trident/7.0; .NET4.0C; .NET4.0E)"
192.168.11.104 - - [26/Apr/2024:09:54:39 +0800] "GET /eHR/img/icon_help.png HTTP/1.1" 304 -
192.168.11.104 - - [26/Apr/2024:09:54:39 +0800] "GET /eHR/img/icon_exit.png HTTP/1.1" 304 - "http://192.168.1.83:8088/eHR/ess/redirect.php" "Mozilla/4.0 (compatible; MSIE 7.0; Windows NT 10.0; WOW64; Trident/7.0; .NET4.0C; .NET4.0E)"
192.168.11.104 - - [26/Apr/2024:09:54:39 +0800] "GET /eHR/img/icon_exit.png HTTP/1.1" 304 -
192.168.11.104 - - [26/Apr/2024:09:54:39 +0800] "GET /eHR/js/jqueryui/jquery-1.4.4.min.js HTTP/1.1" 304 - "http://192.168.1.83:8088/eHR/ess/redirect.php" "Mozilla/4.0 (compatible; MSIE 7.0; Windows NT 10.0; WOW64; Trident/7.0; .NET4.0C; .NET4.0E)"
192.168.11.104 - - [26/Apr/2024:09:54:39 +0800] "GET /eHR/js/jqueryui/jquery-1.4.4.min.js HTTP/1.1" 304 -
192.168.11.104 - - [26/Apr/2024:09:54:39 +0800] "GET /eHR/img/human.png HTTP/1.1" 304 - "http://192.168.1.83:8088/eHR/ess/redirect.php" "Mozilla/4.0 (compatible; MSIE 7.0; Windows NT 10.0; WOW64; Trident/7.0; .NET4.0C; .NET4.0E)"
192.168.11.104 - - [26/Apr/2024:09:54:39 +0800] "GET /eHR/img/human.png HTTP/1.1" 304 -
192.168.11.104 - - [26/Apr/2024:09:54:39 +0800] "GET /eHR/img/ess-logo.png HTTP/1.1" 304 - "http://192.168.1.83:8088/eHR/ess/redirect.php" "Mozilla/4.0 (compatible; MSIE 7.0; Windows NT 10.0; WOW64; Trident/7.0; .NET4.0C; .NET4.0E)"
192.168.11.104 - - [26/Apr/2024:09:54:39 +0800] "GET /eHR/img/ess-logo.png HTTP/1.1" 304 -
192.168.11.104 - - [26/Apr/2024:09:54:39 +0800] "GET /eHR/js/jqueryui/jquery-ui-1.8.11.custom.min.js HTTP/1.1" 304 - "http://192.168.1.83:8088/eHR/ess/redirect.php" "Mozilla/4.0 (compatible; MSIE 7.0; Windows NT 10.0; WOW64; Trident/7.0; .NET4.0C; .NET4.0E)"
192.168.11.104 - - [26/Apr/2024:09:54:39 +0800] "GET /eHR/js/jqueryui/jquery-ui-1.8.11.custom.min.js HTTP/1.1" 304 -
192.168.11.104 - - [26/Apr/2024:09:54:39 +0800] "GET /eHR/js/jquery.layout.min-1.2.0.js HTTP/1.1" 304 - "http://192.168.1.83:8088/eHR/ess/redirect.php" "Mozilla/4.0 (compatible; MSIE 7.0; Windows NT 10.0; WOW64; Trident/7.0; .NET4.0C; .NET4.0E)"
192.168.11.104 - - [26/Apr/2024:09:54:39 +0800] "GET /eHR/js/jquery.layout.min-1.2.0.js HTTP/1.1" 304 -
192.168.11.104 - - [26/Apr/2024:09:54:39 +0800] "GET /eHR/js/jquery.cookie.min.js HTTP/1.1" 304 - "http://192.168.1.83:8088/eHR/ess/redirect.php" "Mozilla/4.0 (compatible; MSIE 7.0; Windows NT 10.0; WOW64; Trident/7.0; .NET4.0C; .NET4.0E)"
192.168.11.104 - - [26/Apr/2024:09:54:39 +0800] "GET /eHR/js/jquery.cookie.min.js HTTP/1.1" 304 -
192.168.11.104 - - [26/Apr/2024:09:54:39 +0800] "GET /eHR/img/Person.png HTTP/1.1" 304 - "http://192.168.1.83:8088/eHR/ess/redirect.php" "Mozilla/4.0 (compatible; MSIE 7.0; Windows NT 10.0; WOW64; Trident/7.0; .NET4.0C; .NET4.0E)"
192.168.11.104 - - [26/Apr/2024:09:54:39 +0800] "GET /eHR/img/Person.png HTTP/1.1" 304 -
192.168.11.104 - - [26/Apr/2024:09:54:39 +0800] "GET /eHR/css/jqueryui/themes/redmond/images/ui-icons_6da8d5_256x240.png HTTP/1.1" 304 - "http://192.168.1.83:8088/eHR/ess/redirect.php" "Mozilla/4.0 (compatible; MSIE 7.0; Windows NT 10.0; WOW64; Trident/7.0; .NET4.0C; .NET4.0E)"
192.168.11.104 - - [26/Apr/2024:09:54:39 +0800] "GET /eHR/css/jqueryui/themes/redmond/images/ui-icons_6da8d5_256x240.png HTTP/1.1" 304 -
192.168.11.104 - - [26/Apr/2024:09:54:39 +0800] "GET /eHR/css/jqueryui/themes/redmond/images/ui-bg_glass_85_dfeffc_1x400.png HTTP/1.1" 304 - "http://192.168.1.83:8088/eHR/ess/redirect.php" "Mozilla/4.0 (compatible; MSIE 7.0; Windows NT 10.0; WOW64; Trident/7.0; .NET4.0C; .NET4.0E)"
192.168.11.104 - - [26/Apr/2024:09:54:39 +0800] "GET /eHR/css/jqueryui/themes/redmond/images/ui-bg_glass_85_dfeffc_1x400.png HTTP/1.1" 304 -
192.168.11.104 - - [26/Apr/2024:09:54:39 +0800] "GET /eHR/css/jqueryui/themes/redmond/images/ui-bg_inset-hard_100_fcfdfd_1x100.png HTTP/1.1" 304 - "http://192.168.1.83:8088/eHR/ess/redirect.php" "Mozilla/4.0 (compatible; MSIE 7.0; Windows NT 10.0; WOW64; Trident/7.0; .NET4.0C; .NET4.0E)"
192.168.11.104 - - [26/Apr/2024:09:54:39 +0800] "GET /eHR/css/jqueryui/themes/redmond/images/ui-bg_inset-hard_100_fcfdfd_1x100.png HTTP/1.1" 304 -
192.168.11.104 - - [26/Apr/2024:09:54:39 +0800] "GET /eHR/img/layout/toggle-lt.gif HTTP/1.1" 304 - "http://192.168.1.83:8088/eHR/ess/redirect.php" "Mozilla/4.0 (compatible; MSIE 7.0; Windows NT 10.0; WOW64; Trident/7.0; .NET4.0C; .NET4.0E)"
192.168.11.104 - - [26/Apr/2024:09:54:39 +0800] "GET /eHR/img/layout/toggle-lt.gif HTTP/1.1" 304 -
192.168.11.104 - - [26/Apr/2024:09:54:40 +0800] "GET /eHR/img/layout/resizable-w.gif HTTP/1.1" 304 - "http://192.168.1.83:8088/eHR/ess/redirect.php" "Mozilla/4.0 (compatible; MSIE 7.0; Windows NT 10.0; WOW64; Trident/7.0; .NET4.0C; .NET4.0E)"
192.168.11.104 - - [26/Apr/2024:09:54:40 +0800] "GET /eHR/img/layout/resizable-w.gif HTTP/1.1" 304 -
192.168.11.104 - - [26/Apr/2024:09:54:39 +0800] "GET /eHR/ess/redirect.php?scriptname=ESNH000 HTTP/1.1" 200 10044 "http://192.168.1.83:8088/eHR/ess/redirect.php" "Mozilla/4.0 (compatible; MSIE 7.0; Windows NT 10.0; WOW64; Trident/7.0; .NET4.0C; .NET4.0E)"
192.168.11.104 - - [26/Apr/2024:09:54:39 +0800] "GET /eHR/ess/redirect.php?scriptname=ESNH000 HTTP/1.1" 200 10044
192.168.11.104 - - [26/Apr/2024:09:54:40 +0800] "GET /eHR/css/blueprint/screen.css HTTP/1.1" 304 - "http://192.168.1.83:8088/eHR/ess/redirect.php?scriptname=ESNH000" "Mozilla/4.0 (compatible; MSIE 7.0; Windows NT 10.0; WOW64; Trident/7.0; .NET4.0C; .NET4.0E)"
192.168.11.104 - - [26/Apr/2024:09:54:40 +0800] "GET /eHR/css/blueprint/screen.css HTTP/1.1" 304 -
192.168.11.104 - - [26/Apr/2024:09:54:40 +0800] "GET /eHR/css/jqueryui/themes/redmond/jquery.ui.all.css HTTP/1.1" 304 - "http://192.168.1.83:8088/eHR/ess/redirect.php?scriptname=ESNH000" "Mozilla/4.0 (compatible; MSIE 7.0; Windows NT 10.0; WOW64; Trident/7.0; .NET4.0C; .NET4.0E)"
192.168.11.104 - - [26/Apr/2024:09:54:40 +0800] "GET /eHR/css/jqueryui/themes/redmond/jquery.ui.all.css HTTP/1.1" 304 -
192.168.11.104 - - [26/Apr/2024:09:54:40 +0800] "GET /eHR/css/default.css?m=20130917 HTTP/1.1" 304 - "http://192.168.1.83:8088/eHR/ess/redirect.php?scriptname=ESNH000" "Mozilla/4.0 (compatible; MSIE 7.0; Windows NT 10.0; WOW64; Trident/7.0; .NET4.0C; .NET4.0E)"
192.168.11.104 - - [26/Apr/2024:09:54:40 +0800] "GET /eHR/css/default.css?m=20130917 HTTP/1.1" 304 -
192.168.11.104 - - [26/Apr/2024:09:54:40 +0800] "GET /eHR/js/jqueryui/jquery-1.4.4.min.js HTTP/1.1" 304 - "http://192.168.1.83:8088/eHR/ess/redirect.php?scriptname=ESNH000" "Mozilla/4.0 (compatible; MSIE 7.0; Windows NT 10.0; WOW64; Trident/7.0; .NET4.0C; .NET4.0E)"
192.168.11.104 - - [26/Apr/2024:09:54:40 +0800] "GET /eHR/js/jqueryui/jquery-1.4.4.min.js HTTP/1.1" 304 -
192.168.11.104 - - [26/Apr/2024:09:54:40 +0800] "GET /eHR/js/jqueryui/jquery-ui-1.8.11.custom.min.js HTTP/1.1" 304 - "http://192.168.1.83:8088/eHR/ess/redirect.php?scriptname=ESNH000" "Mozilla/4.0 (compatible; MSIE 7.0; Windows NT 10.0; WOW64; Trident/7.0; .NET4.0C; .NET4.0E)"
192.168.11.104 - - [26/Apr/2024:09:54:40 +0800] "GET /eHR/js/jqueryui/jquery-ui-1.8.11.custom.min.js HTTP/1.1" 304 -
192.168.11.104 - - [26/Apr/2024:09:54:40 +0800] "GET /eHR/js/i18n/ui.datepicker-zh-TW.min.js HTTP/1.1" 304 - "http://192.168.1.83:8088/eHR/ess/redirect.php?scriptname=ESNH000" "Mozilla/4.0 (compatible; MSIE 7.0; Windows NT 10.0; WOW64; Trident/7.0; .NET4.0C; .NET4.0E)"
192.168.11.104 - - [26/Apr/2024:09:54:40 +0800] "GET /eHR/js/i18n/ui.datepicker-zh-TW.min.js HTTP/1.1" 304 -
192.168.11.104 - - [26/Apr/2024:09:54:40 +0800] "GET /eHR/js/functions.js HTTP/1.1" 304 - "http://192.168.1.83:8088/eHR/ess/redirect.php?scriptname=ESNH000" "Mozilla/4.0 (compatible; MSIE 7.0; Windows NT 10.0; WOW64; Trident/7.0; .NET4.0C; .NET4.0E)"
192.168.11.104 - - [26/Apr/2024:09:54:40 +0800] "GET /eHR/js/functions.js HTTP/1.1" 304 -
192.168.11.104 - - [26/Apr/2024:09:54:40 +0800] "GET /eHR/img/ares.ico HTTP/1.1" 200 1406 "-" "Mozilla/5.0 (Windows NT 10.0; Win64; x64) AppleWebKit/537.36 (KHTML, like Gecko) Chrome/124.0.0.0 Safari/537.36 Edg/124.0.0.0"
192.168.11.104 - - [26/Apr/2024:09:54:40 +0800] "GET /eHR/img/ares.ico HTTP/1.1" 200 1406
192.168.11.104 - - [26/Apr/2024:09:54:40 +0800] "GET /eHR/img/ares.ico HTTP/1.1" 200 1406 "-" "Mozilla/5.0 (Windows NT 10.0; Win64; x64) AppleWebKit/537.36 (KHTML, like Gecko) Chrome/124.0.0.0 Safari/537.36 Edg/124.0.0.0"
192.168.11.104 - - [26/Apr/2024:09:54:40 +0800] "GET /eHR/img/ares.ico HTTP/1.1" 200 1406
192.168.11.104 - - [26/Apr/2024:09:54:42 +0800] "GET /eHR/ess/index.php?lang=ZHT HTTP/1.1" 200 8829 "http://192.168.1.83:8088/eHR/ess/index.php?action=logout" "Mozilla/4.0 (compatible; MSIE 7.0; Windows NT 10.0; WOW64; Trident/7.0; .NET4.0C; .NET4.0E)"
192.168.11.104 - - [26/Apr/2024:09:54:42 +0800] "GET /eHR/ess/index.php?lang=ZHT HTTP/1.1" 200 8829
192.168.11.200 - - [26/Apr/2024:09:54:42 +0800] "GET /eHR/ess/redirect.php?scriptname=emp_lov&openW=Y&rand=0.27194034499476283 HTTP/1.1" 200 8816 "http://192.168.1.83:8088/eHR/ess/redirect.php?scriptname=ESNE001&appdesc=%E6%89%B9%E9%87%8F%E5%8A%A0%E7%8F%AD%E7%94%B3%E8%AF%B7" "Mozilla/5.0 (Windows NT 6.1; Win64; x64) AppleWebKit/537.36 (KHTML, like Gecko) Chrome/105.0.0.0 Safari/537.36"
192.168.11.200 - - [26/Apr/2024:09:54:42 +0800] "GET /eHR/ess/redirect.php?scriptname=emp_lov&openW=Y&rand=0.27194034499476283 HTTP/1.1" 200 8816
192.168.12.81 - - [26/Apr/2024:09:54:46 +0800] "GET /eHR/ess/redirect.php?scriptname=emp_lov&openW=Y&rand=0.37735961650236116 HTTP/1.1" 200 15100 "http://192.168.1.83:8088/eHR/ess/redirect.php?scriptname=ESNE002&appdesc=%E6%89%B9%E9%87%8F%E8%AF%B7%E5%81%87%E7%94%B3%E8%AF%B7" "Mozilla/5.0 (Windows NT 6.2; Win64; x64) AppleWebKit/537.36 (KHTML, like Gecko) Chrome/105.0.0.0 Safari/537.36"
192.168.12.81 - - [26/Apr/2024:09:54:46 +0800] "GET /eHR/ess/redirect.php?scriptname=emp_lov&openW=Y&rand=0.37735961650236116 HTTP/1.1" 200 15100
192.168.11.200 - - [26/Apr/2024:09:54:47 +0800] "POST /eHR/ess/redirect.php?scriptname=emp_lov&openW=Y&rand=0.27194034499476283 HTTP/1.1" 200 17440 "http://192.168.1.83:8088/eHR/ess/redirect.php?scriptname=emp_lov&openW=Y&rand=0.27194034499476283" "Mozilla/5.0 (Windows NT 6.1; Win64; x64) AppleWebKit/537.36 (KHTML, like Gecko) Chrome/105.0.0.0 Safari/537.36"
192.168.11.200 - - [26/Apr/2024:09:54:47 +0800] "POST /eHR/ess/redirect.php?scriptname=emp_lov&openW=Y&rand=0.27194034499476283 HTTP/1.1" 200 17440
192.168.11.104 - - [26/Apr/2024:09:54:45 +0800] "POST /eHR/ess/includes/login.php HTTP/1.1" 302 - "http://192.168.1.83:8088/eHR/ess/index.php?lang=ZHT" "Mozilla/4.0 (compatible; MSIE 7.0; Windows NT 10.0; WOW64; Trident/7.0; .NET4.0C; .NET4.0E)"
192.168.11.104 - - [26/Apr/2024:09:54:45 +0800] "POST /eHR/ess/includes/login.php HTTP/1.1" 302 -
192.168.11.104 - - [26/Apr/2024:09:54:50 +0800] "GET /eHR/ess/redirect.php HTTP/1.1" 200 7220 "http://192.168.1.83:8088/eHR/ess/index.php?lang=ZHT" "Mozilla/4.0 (compatible; MSIE 7.0; Windows NT 10.0; WOW64; Trident/7.0; .NET4.0C; .NET4.0E)"
192.168.11.104 - - [26/Apr/2024:09:54:50 +0800] "GET /eHR/ess/redirect.php HTTP/1.1" 200 7220
192.168.12.81 - - [26/Apr/2024:09:54:51 +0800] "POST /eHR/ess/redirect.php?scriptname=emp_lov&openW=Y&rand=0.37735961650236116 HTTP/1.1" 200 17295 "http://192.168.1.83:8088/eHR/ess/redirect.php?scriptname=emp_lov&openW=Y&rand=0.37735961650236116" "Mozilla/5.0 (Windows NT 6.2; Win64; x64) AppleWebKit/537.36 (KHTML, like Gecko) Chrome/105.0.0.0 Safari/537.36"
192.168.12.81 - - [26/Apr/2024:09:54:51 +0800] "POST /eHR/ess/redirect.php?scriptname=emp_lov&openW=Y&rand=0.37735961650236116 HTTP/1.1" 200 17295
192.168.11.104 - - [26/Apr/2024:09:54:51 +0800] "GET /eHR/ess/redirect.php?scriptname=ESNH000 HTTP/1.1" 200 10347 "http://192.168.1.83:8088/eHR/ess/redirect.php" "Mozilla/4.0 (compatible; MSIE 7.0; Windows NT 10.0; WOW64; Trident/7.0; .NET4.0C; .NET4.0E)"
192.168.11.104 - - [26/Apr/2024:09:54:51 +0800] "GET /eHR/ess/redirect.php?scriptname=ESNH000 HTTP/1.1" 200 10347
192.168.11.104 - - [26/Apr/2024:09:54:55 +0800] "GET /eHR/css/default.css HTTP/1.1" 200 8445 "http://192.168.1.83:8088/eHR/mgr/redirect.php?scriptname=MDNH105&appdesc=%E5%8A%A0%E7%8F%AD%E5%BE%85%E7%B0%BD" "Mozilla/4.0 (compatible; MSIE 7.0; Windows NT 10.0; WOW64; Trident/7.0; .NET4.0C; .NET4.0E)"
192.168.11.104 - - [26/Apr/2024:09:54:55 +0800] "GET /eHR/css/default.css HTTP/1.1" 200 8445
192.168.11.104 - - [26/Apr/2024:09:54:54 +0800] "GET /eHR/mgr/redirect.php?scriptname=MDNH105&appdesc=%E5%8A%A0%E7%8F%AD%E5%BE%85%E7%B0%BD HTTP/1.1" 200 34031 "http://192.168.1.83:8088/eHR/ess/redirect.php?scriptname=ESNH000" "Mozilla/4.0 (compatible; MSIE 7.0; Windows NT 10.0; WOW64; Trident/7.0; .NET4.0C; .NET4.0E)"
192.168.11.104 - - [26/Apr/2024:09:54:54 +0800] "GET /eHR/mgr/redirect.php?scriptname=MDNH105&appdesc=%E5%8A%A0%E7%8F%AD%E5%BE%85%E7%B0%BD HTTP/1.1" 200 34031
192.168.12.81 - - [26/Apr/2024:09:54:56 +0800] "POST /eHR/ess/redirect.php?scriptname=ESNE002&appdesc=%E6%89%B9%E9%87%8F%E8%AF%B7%E5%81%87%E7%94%B3%E8%AF%B7 HTTP/1.1" 200 4225 "http://192.168.1.83:8088/eHR/ess/redirect.php?scriptname=ESNE002&appdesc=%E6%89%B9%E9%87%8F%E8%AF%B7%E5%81%87%E7%94%B3%E8%AF%B7" "Mozilla/5.0 (Windows NT 6.2; Win64; x64) AppleWebKit/537.36 (KHTML, like Gecko) Chrome/105.0.0.0 Safari/537.36"
192.168.12.81 - - [26/Apr/2024:09:54:56 +0800] "POST /eHR/ess/redirect.php?scriptname=ESNE002&appdesc=%E6%89%B9%E9%87%8F%E8%AF%B7%E5%81%87%E7%94%B3%E8%AF%B7 HTTP/1.1" 200 4225
192.168.11.200 - - [26/Apr/2024:09:54:57 +0800] "POST /eHR/ess/redirect.php?scriptname=ESNE001&appdesc=%E6%89%B9%E9%87%8F%E5%8A%A0%E7%8F%AD%E7%94%B3%E8%AF%B7 HTTP/1.1" 200 4270 "http://192.168.1.83:8088/eHR/ess/redirect.php?scriptname=ESNE001&appdesc=%E6%89%B9%E9%87%8F%E5%8A%A0%E7%8F%AD%E7%94%B3%E8%AF%B7" "Mozilla/5.0 (Windows NT 6.1; Win64; x64) AppleWebKit/537.36 (KHTML, like Gecko) Chrome/105.0.0.0 Safari/537.36"
192.168.11.200 - - [26/Apr/2024:09:54:57 +0800] "POST /eHR/ess/redirect.php?scriptname=ESNE001&appdesc=%E6%89%B9%E9%87%8F%E5%8A%A0%E7%8F%AD%E7%94%B3%E8%AF%B7 HTTP/1.1" 200 4270
192.168.11.104 - - [26/Apr/2024:09:54:58 +0800] "POST /eHR/ess/redirect.php?scriptname=view_flowchart&action=viewflowchart&apply_type=overtime&flow_seqno=1069789&companyid=3913&userseqno=49070 HTTP/1.1" 200 5603 "http://192.168.1.83:8088/eHR/ess/redirect.php" "Mozilla/4.0 (compatible; MSIE 7.0; Windows NT 10.0; WOW64; Trident/7.0; .NET4.0C; .NET4.0E)"
