192.168.11.104 - - [26/Apr/2024:09:54:58 +0800] "POST /eHR/ess/redirect.php?scriptname=view_flowchart&action=viewflowchart&apply_type=overtime&flow_seqno=1069789&companyid=3913&userseqno=49070 HTTP/1.1" 200 5603
192.168.11.104 - - [26/Apr/2024:09:55:02 +0800] "GET /eHR/ess/redirect.php?scriptname=ESNH000 HTTP/1.1" 200 10347 "http://192.168.1.83:8088/eHR/ess/redirect.php" "Mozilla/4.0 (compatible; MSIE 7.0; Windows NT 10.0; WOW64; Trident/7.0; .NET4.0C; .NET4.0E)"
192.168.11.104 - - [26/Apr/2024:09:55:02 +0800] "GET /eHR/ess/redirect.php?scriptname=ESNH000 HTTP/1.1" 200 10347
192.168.11.104 - - [26/Apr/2024:09:55:05 +0800] "GET /eHR/ess/index.php?lang=ZHT HTTP/1.1" 200 8829 "http://192.168.1.83:8088/eHR/ess/index.php?action=logout" "Mozilla/4.0 (compatible; MSIE 7.0; Windows NT 10.0; WOW64; Trident/7.0; .NET4.0C; .NET4.0E)"
192.168.11.104 - - [26/Apr/2024:09:55:05 +0800] "GET /eHR/ess/index.php?lang=ZHT HTTP/1.1" 200 8829
192.168.12.81 - - [26/Apr/2024:09:55:09 +0800] "GET /eHR/ess/redirect.php?scriptname=ESNE002&appdesc=%E6%89%B9%E9%87%8F%E8%AF%B7%E5%81%87%E7%94%B3%E8%AF%B7 HTTP/1.1" 200 22066 "http://192.168.1.83:8088/eHR/ess/redirect.php" "Mozilla/5.0 (Windows NT 6.2; Win64; x64) AppleWebKit/537.36 (KHTML, like Gecko) Chrome/105.0.0.0 Safari/537.36"
192.168.12.81 - - [26/Apr/2024:09:55:09 +0800] "GET /eHR/ess/redirect.php?scriptname=ESNE002&appdesc=%E6%89%B9%E9%87%8F%E8%AF%B7%E5%81%87%E7%94%B3%E8%AF%B7 HTTP/1.1" 200 22066
192.168.11.200 - - [26/Apr/2024:09:55:10 +0800] "GET /eHR/ess/redirect.php?scriptname=ESNE001&appdesc=%E6%89%B9%E9%87%8F%E5%8A%A0%E7%8F%AD%E7%94%B3%E8%AF%B7 HTTP/1.1" 200 15271 "http://192.168.1.83:8088/eHR/ess/redirect.php" "Mozilla/5.0 (Windows NT 6.1; Win64; x64) AppleWebKit/537.36 (KHTML, like Gecko) Chrome/105.0.0.0 Safari/537.36"
192.168.11.200 - - [26/Apr/2024:09:55:10 +0800] "GET /eHR/ess/redirect.php?scriptname=ESNE001&appdesc=%E6%89%B9%E9%87%8F%E5%8A%A0%E7%8F%AD%E7%94%B3%E8%AF%B7 HTTP/1.1" 200 15271
192.168.11.104 - - [26/Apr/2024:09:55:08 +0800] "POST /eHR/ess/includes/login.php HTTP/1.1" 302 - "http://192.168.1.83:8088/eHR/ess/index.php?lang=ZHT" "Mozilla/4.0 (compatible; MSIE 7.0; Windows NT 10.0; WOW64; Trident/7.0; .NET4.0C; .NET4.0E)"
192.168.11.104 - - [26/Apr/2024:09:55:08 +0800] "POST /eHR/ess/includes/login.php HTTP/1.1" 302 -
192.168.11.104 - - [26/Apr/2024:09:55:13 +0800] "GET /eHR/ess/redirect.php HTTP/1.1" 200 7220 "http://192.168.1.83:8088/eHR/ess/index.php?lang=ZHT" "Mozilla/4.0 (compatible; MSIE 7.0; Windows NT 10.0; WOW64; Trident/7.0; .NET4.0C; .NET4.0E)"
192.168.11.104 - - [26/Apr/2024:09:55:13 +0800] "GET /eHR/ess/redirect.php HTTP/1.1" 200 7220
192.168.11.104 - - [26/Apr/2024:09:55:13 +0800] "GET /eHR/ess/redirect.php?scriptname=ESNH000 HTTP/1.1" 200 10044 "http://192.168.1.83:8088/eHR/ess/redirect.php" "Mozilla/4.0 (compatible; MSIE 7.0; Windows NT 10.0; WOW64; Trident/7.0; .NET4.0C; .NET4.0E)"
192.168.11.104 - - [26/Apr/2024:09:55:13 +0800] "GET /eHR/ess/redirect.php?scriptname=ESNH000 HTTP/1.1" 200 10044
192.168.11.104 - - [26/Apr/2024:09:55:16 +0800] "GET /eHR/ess/index.php?lang=ZHT HTTP/1.1" 200 8829 "http://192.168.1.83:8088/eHR/ess/index.php?action=logout" "Mozilla/4.0 (compatible; MSIE 7.0; Windows NT 10.0; WOW64; Trident/7.0; .NET4.0C; .NET4.0E)"
192.168.11.104 - - [26/Apr/2024:09:55:16 +0800] "GET /eHR/ess/index.php?lang=ZHT HTTP/1.1" 200 8829
192.168.12.81 - - [26/Apr/2024:09:55:20 +0800] "GET /eHR/ess/redirect.php?scriptname=emp_lov&openW=Y&rand=0.6143374987614225 HTTP/1.1" 200 15100 "http://192.168.1.83:8088/eHR/ess/redirect.php?scriptname=ESNE002&appdesc=%E6%89%B9%E9%87%8F%E8%AF%B7%E5%81%87%E7%94%B3%E8%AF%B7" "Mozilla/5.0 (Windows NT 6.2; Win64; x64) AppleWebKit/537.36 (KHTML, like Gecko) Chrome/105.0.0.0 Safari/537.36"
192.168.12.81 - - [26/Apr/2024:09:55:20 +0800] "GET /eHR/ess/redirect.php?scriptname=emp_lov&openW=Y&rand=0.6143374987614225 HTTP/1.1" 200 15100
192.168.11.104 - - [26/Apr/2024:09:55:19 +0800] "POST /eHR/ess/includes/login.php HTTP/1.1" 302 - "http://192.168.1.83:8088/eHR/ess/index.php?lang=ZHT" "Mozilla/4.0 (compatible; MSIE 7.0; Windows NT 10.0; WOW64; Trident/7.0; .NET4.0C; .NET4.0E)"
192.168.11.104 - - [26/Apr/2024:09:55:19 +0800] "POST /eHR/ess/includes/login.php HTTP/1.1" 302 -
192.168.11.104 - - [26/Apr/2024:09:55:23 +0800] "GET /eHR/ess/redirect.php HTTP/1.1" 200 7220 "http://192.168.1.83:8088/eHR/ess/index.php?lang=ZHT" "Mozilla/4.0 (compatible; MSIE 7.0; Windows NT 10.0; WOW64; Trident/7.0; .NET4.0C; .NET4.0E)"
192.168.11.104 - - [26/Apr/2024:09:55:23 +0800] "GET /eHR/ess/redirect.php HTTP/1.1" 200 7220
192.168.11.104 - - [26/Apr/2024:09:55:24 +0800] "GET /eHR/ess/redirect.php?scriptname=ESNH000 HTTP/1.1" 200 9926 "http://192.168.1.83:8088/eHR/ess/redirect.php" "Mozilla/4.0 (compatible; MSIE 7.0; Windows NT 10.0; WOW64; Trident/7.0; .NET4.0C; .NET4.0E)"
192.168.11.104 - - [26/Apr/2024:09:55:24 +0800] "GET /eHR/ess/redirect.php?scriptname=ESNH000 HTTP/1.1" 200 9926
192.168.12.81 - - [26/Apr/2024:09:55:25 +0800] "POST /eHR/ess/redirect.php?scriptname=emp_lov&openW=Y&rand=0.6143374987614225 HTTP/1.1" 200 17295 "http://192.168.1.83:8088/eHR/ess/redirect.php?scriptname=emp_lov&openW=Y&rand=0.6143374987614225" "Mozilla/5.0 (Windows NT 6.2; Win64; x64) AppleWebKit/537.36 (KHTML, like Gecko) Chrome/105.0.0.0 Safari/537.36"
192.168.12.81 - - [26/Apr/2024:09:55:25 +0800] "POST /eHR/ess/redirect.php?scriptname=emp_lov&openW=Y&rand=0.6143374987614225 HTTP/1.1" 200 17295
192.168.11.200 - - [26/Apr/2024:09:55:25 +0800] "GET /eHR/ess/redirect.php?scriptname=emp_lov&openW=Y&rand=0.377524335857762 HTTP/1.1" 200 8816 "http://192.168.1.83:8088/eHR/ess/redirect.php?scriptname=ESNE001&appdesc=%E6%89%B9%E9%87%8F%E5%8A%A0%E7%8F%AD%E7%94%B3%E8%AF%B7" "Mozilla/5.0 (Windows NT 6.1; Win64; x64) AppleWebKit/537.36 (KHTML, like Gecko) Chrome/105.0.0.0 Safari/537.36"
192.168.11.200 - - [26/Apr/2024:09:55:25 +0800] "GET /eHR/ess/redirect.php?scriptname=emp_lov&openW=Y&rand=0.377524335857762 HTTP/1.1" 200 8816
192.168.11.104 - - [26/Apr/2024:09:55:27 +0800] "GET /eHR/ess/index.php?lang=ZHT HTTP/1.1" 200 8829 "http://192.168.1.83:8088/eHR/ess/index.php?action=logout" "Mozilla/4.0 (compatible; MSIE 7.0; Windows NT 10.0; WOW64; Trident/7.0; .NET4.0C; .NET4.0E)"
192.168.11.104 - - [26/Apr/2024:09:55:27 +0800] "GET /eHR/ess/index.php?lang=ZHT HTTP/1.1" 200 8829
192.168.12.81 - - [26/Apr/2024:09:55:30 +0800] "POST /eHR/ess/redirect.php?scriptname=ESNE002&appdesc=%E6%89%B9%E9%87%8F%E8%AF%B7%E5%81%87%E7%94%B3%E8%AF%B7 HTTP/1.1" 200 4220 "http://192.168.1.83:8088/eHR/ess/redirect.php?scriptname=ESNE002&appdesc=%E6%89%B9%E9%87%8F%E8%AF%B7%E5%81%87%E7%94%B3%E8%AF%B7" "Mozilla/5.0 (Windows NT 6.2; Win64; x64) AppleWebKit/537.36 (KHTML, like Gecko) Chrome/105.0.0.0 Safari/537.36"
192.168.12.81 - - [26/Apr/2024:09:55:30 +0800] "POST /eHR/ess/redirect.php?scriptname=ESNE002&appdesc=%E6%89%B9%E9%87%8F%E8%AF%B7%E5%81%87%E7%94%B3%E8%AF%B7 HTTP/1.1" 200 4220
192.168.11.200 - - [26/Apr/2024:09:55:34 +0800] "POST /eHR/ess/redirect.php?scriptname=emp_lov&openW=Y&rand=0.377524335857762 HTTP/1.1" 200 17440 "http://192.168.1.83:8088/eHR/ess/redirect.php?scriptname=emp_lov&openW=Y&rand=0.377524335857762" "Mozilla/5.0 (Windows NT 6.1; Win64; x64) AppleWebKit/537.36 (KHTML, like Gecko) Chrome/105.0.0.0 Safari/537.36"
192.168.11.200 - - [26/Apr/2024:09:55:34 +0800] "POST /eHR/ess/redirect.php?scriptname=emp_lov&openW=Y&rand=0.377524335857762 HTTP/1.1" 200 17440
192.168.11.104 - - [26/Apr/2024:09:55:31 +0800] "POST /eHR/ess/includes/login.php HTTP/1.1" 302 - "http://192.168.1.83:8088/eHR/ess/index.php?lang=ZHT" "Mozilla/4.0 (compatible; MSIE 7.0; Windows NT 10.0; WOW64; Trident/7.0; .NET4.0C; .NET4.0E)"
192.168.11.104 - - [26/Apr/2024:09:55:31 +0800] "POST /eHR/ess/includes/login.php HTTP/1.1" 302 -
192.168.11.104 - - [26/Apr/2024:09:55:36 +0800] "GET /eHR/ess/redirect.php HTTP/1.1" 200 7217 "http://192.168.1.83:8088/eHR/ess/index.php?lang=ZHT" "Mozilla/4.0 (compatible; MSIE 7.0; Windows NT 10.0; WOW64; Trident/7.0; .NET4.0C; .NET4.0E)"
192.168.11.104 - - [26/Apr/2024:09:55:36 +0800] "GET /eHR/ess/redirect.php HTTP/1.1" 200 7217
192.168.11.104 - - [26/Apr/2024:09:55:36 +0800] "GET /eHR/ess/redirect.php?scriptname=ESNH000 HTTP/1.1" 200 10557 "http://192.168.1.83:8088/eHR/ess/redirect.php" "Mozilla/4.0 (compatible; MSIE 7.0; Windows NT 10.0; WOW64; Trident/7.0; .NET4.0C; .NET4.0E)"
192.168.11.104 - - [26/Apr/2024:09:55:36 +0800] "GET /eHR/ess/redirect.php?scriptname=ESNH000 HTTP/1.1" 200 10557
192.168.12.81 - - [26/Apr/2024:09:55:37 +0800] "GET /eHR/ess/redirect.php?scriptname=ESNE002&appdesc=%E6%89%B9%E9%87%8F%E8%AF%B7%E5%81%87%E7%94%B3%E8%AF%B7 HTTP/1.1" 200 22066 "http://192.168.1.83:8088/eHR/ess/redirect.php" "Mozilla/5.0 (Windows NT 6.2; Win64; x64) AppleWebKit/537.36 (KHTML, like Gecko) Chrome/105.0.0.0 Safari/537.36"
192.168.12.81 - - [26/Apr/2024:09:55:37 +0800] "GET /eHR/ess/redirect.php?scriptname=ESNE002&appdesc=%E6%89%B9%E9%87%8F%E8%AF%B7%E5%81%87%E7%94%B3%E8%AF%B7 HTTP/1.1" 200 22066
192.168.11.104 - - [26/Apr/2024:09:55:40 +0800] "GET /eHR/mgr/redirect.php?scriptname=MDNH104&appdesc=%E8%AB%8B%E5%81%87%E5%BE%85%E7%B0%BD HTTP/1.1" 200 12239 "http://192.168.1.83:8088/eHR/ess/redirect.php?scriptname=ESNH000" "Mozilla/4.0 (compatible; MSIE 7.0; Windows NT 10.0; WOW64; Trident/7.0; .NET4.0C; .NET4.0E)"
192.168.11.104 - - [26/Apr/2024:09:55:40 +0800] "GET /eHR/mgr/redirect.php?scriptname=MDNH104&appdesc=%E8%AB%8B%E5%81%87%E5%BE%85%E7%B0%BD HTTP/1.1" 200 12239
192.168.11.104 - - [26/Apr/2024:09:55:45 +0800] "POST /eHR/ess/redirect.php?scriptname=view_flowchart&action=viewflowchart&apply_type=absence&flow_seqno=101985&companyid=3913&userseqno=47814 HTTP/1.1" 200 5357 "http://192.168.1.83:8088/eHR/ess/redirect.php" "Mozilla/4.0 (compatible; MSIE 7.0; Windows NT 10.0; WOW64; Trident/7.0; .NET4.0C; .NET4.0E)"
192.168.11.104 - - [26/Apr/2024:09:55:45 +0800] "POST /eHR/ess/redirect.php?scriptname=view_flowchart&action=viewflowchart&apply_type=absence&flow_seqno=101985&companyid=3913&userseqno=47814 HTTP/1.1" 200 5357
192.168.11.104 - - [26/Apr/2024:09:55:51 +0800] "GET /eHR/upload/userfile/4e42f5ad3e40ec91c01065ce96024d34.jpg?&openW=Y&rand=0.9018829279512921 HTTP/1.1" 200 566629 "-" "Mozilla/4.0 (compatible; MSIE 7.0; Windows NT 10.0; WOW64; Trident/7.0; .NET4.0C; .NET4.0E)"
192.168.11.104 - - [26/Apr/2024:09:55:51 +0800] "GET /eHR/upload/userfile/4e42f5ad3e40ec91c01065ce96024d34.jpg?&openW=Y&rand=0.9018829279512921 HTTP/1.1" 200 566629
192.168.11.104 - - [26/Apr/2024:09:55:51 +0800] "GET /favicon.ico HTTP/1.1" 404 209 "-" "Mozilla/5.0 (Windows NT 10.0; Win64; x64) AppleWebKit/537.36 (KHTML, like Gecko) Chrome/124.0.0.0 Safari/537.36 Edg/124.0.0.0"
192.168.11.104 - - [26/Apr/2024:09:55:51 +0800] "GET /favicon.ico HTTP/1.1" 404 209
192.168.11.104 - - [26/Apr/2024:09:55:56 +0800] "GET /eHR/ess/redirect.php?scriptname=ESNH000 HTTP/1.1" 200 10557 "http://192.168.1.83:8088/eHR/ess/redirect.php" "Mozilla/4.0 (compatible; MSIE 7.0; Windows NT 10.0; WOW64; Trident/7.0; .NET4.0C; .NET4.0E)"
192.168.11.104 - - [26/Apr/2024:09:55:56 +0800] "GET /eHR/ess/redirect.php?scriptname=ESNH000 HTTP/1.1" 200 10557
192.168.11.104 - - [26/Apr/2024:09:55:59 +0800] "GET /eHR/mgr/redirect.php?scriptname=MDNH105&appdesc=%E5%8A%A0%E7%8F%AD%E5%BE%85%E7%B0%BD HTTP/1.1" 200 42954 "http://192.168.1.83:8088/eHR/ess/redirect.php?scriptname=ESNH000" "Mozilla/4.0 (compatible; MSIE 7.0; Windows NT 10.0; WOW64; Trident/7.0; .NET4.0C; .NET4.0E)"
192.168.11.104 - - [26/Apr/2024:09:55:59 +0800] "GET /eHR/mgr/redirect.php?scriptname=MDNH105&appdesc=%E5%8A%A0%E7%8F%AD%E5%BE%85%E7%B0%BD HTTP/1.1" 200 42954
192.168.11.104 - - [26/Apr/2024:09:56:03 +0800] "GET /eHR/ess/redirect.php?scriptname=ESNH000 HTTP/1.1" 200 10557 "http://192.168.1.83:8088/eHR/ess/redirect.php" "Mozilla/4.0 (compatible; MSIE 7.0; Windows NT 10.0; WOW64; Trident/7.0; .NET4.0C; .NET4.0E)"
192.168.11.104 - - [26/Apr/2024:09:56:03 +0800] "GET /eHR/ess/redirect.php?scriptname=ESNH000 HTTP/1.1" 200 10557
192.168.11.104 - - [26/Apr/2024:09:56:04 +0800] "GET /eHR/ess/index.php?lang=ZHT HTTP/1.1" 200 8829 "http://192.168.1.83:8088/eHR/ess/index.php?action=logout" "Mozilla/4.0 (compatible; MSIE 7.0; Windows NT 10.0; WOW64; Trident/7.0; .NET4.0C; .NET4.0E)"
192.168.11.104 - - [26/Apr/2024:09:56:04 +0800] "GET /eHR/ess/index.php?lang=ZHT HTTP/1.1" 200 8829
192.168.11.104 - - [26/Apr/2024:09:56:11 +0800] "POST /eHR/ess/includes/login.php HTTP/1.1" 302 - "http://192.168.1.83:8088/eHR/ess/index.php?lang=ZHT" "Mozilla/4.0 (compatible; MSIE 7.0; Windows NT 10.0; WOW64; Trident/7.0; .NET4.0C; .NET4.0E)"
192.168.11.104 - - [26/Apr/2024:09:56:11 +0800] "POST /eHR/ess/includes/login.php HTTP/1.1" 302 -
192.168.11.104 - - [26/Apr/2024:09:56:16 +0800] "GET /eHR/ess/redirect.php HTTP/1.1" 200 7220 "http://192.168.1.83:8088/eHR/ess/index.php?lang=ZHT" "Mozilla/4.0 (compatible; MSIE 7.0; Windows NT 10.0; WOW64; Trident/7.0; .NET4.0C; .NET4.0E)"
192.168.11.104 - - [26/Apr/2024:09:56:16 +0800] "GET /eHR/ess/redirect.php HTTP/1.1" 200 7220
192.168.11.104 - - [26/Apr/2024:09:56:16 +0800] "GET /eHR/ess/redirect.php?scriptname=ESNH000 HTTP/1.1" 200 10347 "http://192.168.1.83:8088/eHR/ess/redirect.php" "Mozilla/4.0 (compatible; MSIE 7.0; Windows NT 10.0; WOW64; Trident/7.0; .NET4.0C; .NET4.0E)"
192.168.11.104 - - [26/Apr/2024:09:56:16 +0800] "GET /eHR/ess/redirect.php?scriptname=ESNH000 HTTP/1.1" 200 10347
192.168.11.104 - - [26/Apr/2024:09:56:18 +0800] "GET /eHR/mgr/redirect.php?scriptname=MDNH105&appdesc=%E5%8A%A0%E7%8F%AD%E5%BE%85%E7%B0%BD HTTP/1.1" 200 79234 "http://192.168.1.83:8088/eHR/ess/redirect.php?scriptname=ESNH000" "Mozilla/4.0 (compatible; MSIE 7.0; Windows NT 10.0; WOW64; Trident/7.0; .NET4.0C; .NET4.0E)"
192.168.11.104 - - [26/Apr/2024:09:56:18 +0800] "GET /eHR/mgr/redirect.php?scriptname=MDNH105&appdesc=%E5%8A%A0%E7%8F%AD%E5%BE%85%E7%B0%BD HTTP/1.1" 200 79234
192.168.11.104 - - [26/Apr/2024:09:56:23 +0800] "GET /eHR/ess/redirect.php?scriptname=ESNH000 HTTP/1.1" 200 10347 "http://192.168.1.83:8088/eHR/ess/redirect.php" "Mozilla/4.0 (compatible; MSIE 7.0; Windows NT 10.0; WOW64; Trident/7.0; .NET4.0C; .NET4.0E)"
192.168.11.104 - - [26/Apr/2024:09:56:23 +0800] "GET /eHR/ess/redirect.php?scriptname=ESNH000 HTTP/1.1" 200 10347
192.168.11.104 - - [26/Apr/2024:09:56:26 +0800] "GET /eHR/ess/index.php?lang=ZHT HTTP/1.1" 200 8829 "http://192.168.1.83:8088/eHR/ess/index.php?action=logout" "Mozilla/4.0 (compatible; MSIE 7.0; Windows NT 10.0; WOW64; Trident/7.0; .NET4.0C; .NET4.0E)"
192.168.11.104 - - [26/Apr/2024:09:56:26 +0800] "GET /eHR/ess/index.php?lang=ZHT HTTP/1.1" 200 8829
192.168.11.104 - - [26/Apr/2024:09:56:32 +0800] "POST /eHR/ess/includes/login.php HTTP/1.1" 302 - "http://192.168.1.83:8088/eHR/ess/index.php?lang=ZHT" "Mozilla/4.0 (compatible; MSIE 7.0; Windows NT 10.0; WOW64; Trident/7.0; .NET4.0C; .NET4.0E)"
192.168.11.104 - - [26/Apr/2024:09:56:32 +0800] "POST /eHR/ess/includes/login.php HTTP/1.1" 302 -
192.168.11.104 - - [26/Apr/2024:09:56:36 +0800] "GET /eHR/ess/redirect.php HTTP/1.1" 200 7220 "http://192.168.1.83:8088/eHR/ess/index.php?lang=ZHT" "Mozilla/4.0 (compatible; MSIE 7.0; Windows NT 10.0; WOW64; Trident/7.0; .NET4.0C; .NET4.0E)"
192.168.11.104 - - [26/Apr/2024:09:56:36 +0800] "GET /eHR/ess/redirect.php HTTP/1.1" 200 7220
192.168.11.104 - - [26/Apr/2024:09:56:37 +0800] "GET /eHR/ess/redirect.php?scriptname=ESNH000 HTTP/1.1" 200 10240 "http://192.168.1.83:8088/eHR/ess/redirect.php" "Mozilla/4.0 (compatible; MSIE 7.0; Windows NT 10.0; WOW64; Trident/7.0; .NET4.0C; .NET4.0E)"
192.168.11.104 - - [26/Apr/2024:09:56:37 +0800] "GET /eHR/ess/redirect.php?scriptname=ESNH000 HTTP/1.1" 200 10240
192.168.11.104 - - [26/Apr/2024:09:56:40 +0800] "GET /eHR/mgr/redirect.php?scriptname=MDNH104&appdesc=%E8%AB%8B%E5%81%87%E5%BE%85%E7%B0%BD HTTP/1.1" 200 12112 "http://192.168.1.83:8088/eHR/ess/redirect.php?scriptname=ESNH000" "Mozilla/4.0 (compatible; MSIE 7.0; Windows NT 10.0; WOW64; Trident/7.0; .NET4.0C; .NET4.0E)"
192.168.11.104 - - [26/Apr/2024:09:56:40 +0800] "GET /eHR/mgr/redirect.php?scriptname=MDNH104&appdesc=%E8%AB%8B%E5%81%87%E5%BE%85%E7%B0%BD HTTP/1.1" 200 12112
192.168.12.81 - - [26/Apr/2024:09:56:41 +0800] "GET /eHR/ess/redirect.php?scriptname=emp_lov&openW=Y&rand=0.13398049296850134 HTTP/1.1" 200 15100 "http://192.168.1.83:8088/eHR/ess/redirect.php?scriptname=ESNE002&appdesc=%E6%89%B9%E9%87%8F%E8%AF%B7%E5%81%87%E7%94%B3%E8%AF%B7" "Mozilla/5.0 (Windows NT 6.2; Win64; x64) AppleWebKit/537.36 (KHTML, like Gecko) Chrome/105.0.0.0 Safari/537.36"
192.168.12.81 - - [26/Apr/2024:09:56:41 +0800] "GET /eHR/ess/redirect.php?scriptname=emp_lov&openW=Y&rand=0.13398049296850134 HTTP/1.1" 200 15100
192.168.11.104 - - [26/Apr/2024:09:56:45 +0800] "GET /eHR/ess/redirect.php?scriptname=ESNH000 HTTP/1.1" 200 10240 "http://192.168.1.83:8088/eHR/ess/redirect.php" "Mozilla/4.0 (compatible; MSIE 7.0; Windows NT 10.0; WOW64; Trident/7.0; .NET4.0C; .NET4.0E)"
192.168.11.104 - - [26/Apr/2024:09:56:45 +0800] "GET /eHR/ess/redirect.php?scriptname=ESNH000 HTTP/1.1" 200 10240
192.168.11.104 - - [26/Apr/2024:09:56:47 +0800] "GET /eHR/ess/index.php?lang=ZHT HTTP/1.1" 200 8829 "http://192.168.1.83:8088/eHR/ess/index.php?action=logout" "Mozilla/4.0 (compatible; MSIE 7.0; Windows NT 10.0; WOW64; Trident/7.0; .NET4.0C; .NET4.0E)"
192.168.11.104 - - [26/Apr/2024:09:56:47 +0800] "GET /eHR/ess/index.php?lang=ZHT HTTP/1.1" 200 8829
192.168.12.81 - - [26/Apr/2024:09:56:48 +0800] "POST /eHR/ess/redirect.php?scriptname=emp_lov&openW=Y&rand=0.13398049296850134 HTTP/1.1" 200 17296 "http://192.168.1.83:8088/eHR/ess/redirect.php?scriptname=emp_lov&openW=Y&rand=0.13398049296850134" "Mozilla/5.0 (Windows NT 6.2; Win64; x64) AppleWebKit/537.36 (KHTML, like Gecko) Chrome/105.0.0.0 Safari/537.36"
192.168.12.81 - - [26/Apr/2024:09:56:48 +0800] "POST /eHR/ess/redirect.php?scriptname=emp_lov&openW=Y&rand=0.13398049296850134 HTTP/1.1" 200 17296
192.168.11.104 - - [26/Apr/2024:09:56:51 +0800] "POST /eHR/ess/includes/login.php HTTP/1.1" 302 - "http://192.168.1.83:8088/eHR/ess/index.php?lang=ZHT" "Mozilla/4.0 (compatible; MSIE 7.0; Windows NT 10.0; WOW64; Trident/7.0; .NET4.0C; .NET4.0E)"
192.168.11.104 - - [26/Apr/2024:09:56:51 +0800] "POST /eHR/ess/includes/login.php HTTP/1.1" 302 -
192.168.11.104 - - [26/Apr/2024:09:56:56 +0800] "GET /eHR/ess/redirect.php HTTP/1.1" 200 9206 "http://192.168.1.83:8088/eHR/ess/index.php?lang=ZHT" "Mozilla/4.0 (compatible; MSIE 7.0; Windows NT 10.0; WOW64; Trident/7.0; .NET4.0C; .NET4.0E)"
192.168.11.104 - - [26/Apr/2024:09:56:56 +0800] "GET /eHR/ess/redirect.php HTTP/1.1" 200 9206
192.168.11.104 - - [26/Apr/2024:09:56:56 +0800] "GET /eHR/ess/redirect.php?scriptname=ESNH000 HTTP/1.1" 200 10557 "http://192.168.1.83:8088/eHR/ess/redirect.php" "Mozilla/4.0 (compatible; MSIE 7.0; Windows NT 10.0; WOW64; Trident/7.0; .NET4.0C; .NET4.0E)"
192.168.11.104 - - [26/Apr/2024:09:56:56 +0800] "GET /eHR/ess/redirect.php?scriptname=ESNH000 HTTP/1.1" 200 10557
192.168.11.104 - - [26/Apr/2024:09:56:59 +0800] "GET /eHR/mgr/redirect.php?scriptname=MDNH104&appdesc=%E8%AB%8B%E5%81%87%E5%BE%85%E7%B0%BD HTTP/1.1" 200 16835 "http://192.168.1.83:8088/eHR/ess/redirect.php?scriptname=ESNH000" "Mozilla/4.0 (compatible; MSIE 7.0; Windows NT 10.0; WOW64; Trident/7.0; .NET4.0C; .NET4.0E)"
192.168.11.104 - - [26/Apr/2024:09:56:59 +0800] "GET /eHR/mgr/redirect.php?scriptname=MDNH104&appdesc=%E8%AB%8B%E5%81%87%E5%BE%85%E7%B0%BD HTTP/1.1" 200 16835
192.168.11.104 - - [26/Apr/2024:09:57:05 +0800] "POST /eHR/ess/redirect.php?scriptname=view_flowchart&action=viewflowchart&apply_type=absence&flow_seqno=101940&companyid=3913&userseqno=47860 HTTP/1.1" 200 6255 "http://192.168.1.83:8088/eHR/ess/redirect.php" "Mozilla/4.0 (compatible; MSIE 7.0; Windows NT 10.0; WOW64; Trident/7.0; .NET4.0C; .NET4.0E)"
192.168.11.104 - - [26/Apr/2024:09:57:05 +0800] "POST /eHR/ess/redirect.php?scriptname=view_flowchart&action=viewflowchart&apply_type=absence&flow_seqno=101940&companyid=3913&userseqno=47860 HTTP/1.1" 200 6255
192.168.11.104 - - [26/Apr/2024:09:57:17 +0800] "POST /eHR/ess/redirect.php?scriptname=view_flowchart&action=viewflowchart&apply_type=absence&flow_seqno=101957&companyid=3913&userseqno=47860 HTTP/1.1" 200 6121 "http://192.168.1.83:8088/eHR/ess/redirect.php" "Mozilla/4.0 (compatible; MSIE 7.0; Windows NT 10.0; WOW64; Trident/7.0; .NET4.0C; .NET4.0E)"
192.168.11.104 - - [26/Apr/2024:09:57:17 +0800] "POST /eHR/ess/redirect.php?scriptname=view_flowchart&action=viewflowchart&apply_type=absence&flow_seqno=101957&companyid=3913&userseqno=47860 HTTP/1.1" 200 6121
192.168.11.200 - - [26/Apr/2024:09:57:45 +0800] "GET /eHR/ess/redirect.php?scriptname=emp_lov&openW=Y&rand=0.03777892743213207 HTTP/1.1" 200 8816 "http://192.168.1.83:8088/eHR/ess/redirect.php?scriptname=ESNE001&appdesc=%E6%89%B9%E9%87%8F%E5%8A%A0%E7%8F%AD%E7%94%B3%E8%AF%B7" "Mozilla/5.0 (Windows NT 6.1; Win64; x64) AppleWebKit/537.36 (KHTML, like Gecko) Chrome/105.0.0.0 Safari/537.36"
192.168.11.200 - - [26/Apr/2024:09:57:45 +0800] "GET /eHR/ess/redirect.php?scriptname=emp_lov&openW=Y&rand=0.03777892743213207 HTTP/1.1" 200 8816
192.168.11.200 - - [26/Apr/2024:09:57:49 +0800] "POST /eHR/ess/redirect.php?scriptname=emp_lov&openW=Y&rand=0.03777892743213207 HTTP/1.1" 200 17440 "http://192.168.1.83:8088/eHR/ess/redirect.php?scriptname=emp_lov&openW=Y&rand=0.03777892743213207" "Mozilla/5.0 (Windows NT 6.1; Win64; x64) AppleWebKit/537.36 (KHTML, like Gecko) Chrome/105.0.0.0 Safari/537.36"
192.168.11.200 - - [26/Apr/2024:09:57:49 +0800] "POST /eHR/ess/redirect.php?scriptname=emp_lov&openW=Y&rand=0.03777892743213207 HTTP/1.1" 200 17440
192.168.11.104 - - [26/Apr/2024:09:57:58 +0800] "POST /eHR/mgr/redirect.php?scriptname=MDNH104&appdesc=%E8%AB%8B%E5%81%87%E5%BE%85%E7%B0%BD HTTP/1.1" 200 4789 "http://192.168.1.83:8088/eHR/mgr/redirect.php?scriptname=MDNH104&appdesc=%E8%AB%8B%E5%81%87%E5%BE%85%E7%B0%BD" "Mozilla/4.0 (compatible; MSIE 7.0; Windows NT 10.0; WOW64; Trident/7.0; .NET4.0C; .NET4.0E)"
192.168.11.104 - - [26/Apr/2024:09:57:58 +0800] "POST /eHR/mgr/redirect.php?scriptname=MDNH104&appdesc=%E8%AB%8B%E5%81%87%E5%BE%85%E7%B0%BD HTTP/1.1" 200 4789
192.168.11.104 - - [26/Apr/2024:09:57:58 +0800] "GET /eHR/img/Y.png HTTP/1.1" 200 1084 "http://192.168.1.83:8088/eHR/mgr/redirect.php?scriptname=MDNH104&appdesc=%E8%AB%8B%E5%81%87%E5%BE%85%E7%B0%BD" "Mozilla/4.0 (compatible; MSIE 7.0; Windows NT 10.0; WOW64; Trident/7.0; .NET4.0C; .NET4.0E)"
192.168.11.104 - - [26/Apr/2024:09:57:58 +0800] "GET /eHR/img/Y.png HTTP/1.1" 200 1084
192.168.11.104 - - [26/Apr/2024:09:58:00 +0800] "GET /eHR/css/jqueryui/themes/redmond/jquery.ui.all.css HTTP/1.1" 304 - "http://192.168.1.83:8088/eHR/ess/redirect.php" "Mozilla/4.0 (compatible; MSIE 7.0; Windows NT 10.0; WOW64; Trident/7.0; .NET4.0C; .NET4.0E)"
192.168.11.104 - - [26/Apr/2024:09:58:00 +0800] "GET /eHR/css/jqueryui/themes/redmond/jquery.ui.all.css HTTP/1.1" 304 -
192.168.11.104 - - [26/Apr/2024:09:58:00 +0800] "GET /eHR/ess/redirect.php HTTP/1.1" 200 9206 "http://192.168.1.83:8088/eHR/ess/index.php?lang=ZHT" "Mozilla/4.0 (compatible; MSIE 7.0; Windows NT 10.0; WOW64; Trident/7.0; .NET4.0C; .NET4.0E)"
192.168.11.104 - - [26/Apr/2024:09:58:00 +0800] "GET /eHR/ess/redirect.php HTTP/1.1" 200 9206
192.168.11.104 - - [26/Apr/2024:09:58:00 +0800] "GET /eHR/css/jqueryui/themes/redmond/jquery.ui.base.css HTTP/1.1" 304 - "http://192.168.1.83:8088/eHR/ess/redirect.php" "Mozilla/4.0 (compatible; MSIE 7.0; Windows NT 10.0; WOW64; Trident/7.0; .NET4.0C; .NET4.0E)"
192.168.11.104 - - [26/Apr/2024:09:58:00 +0800] "GET /eHR/css/jqueryui/themes/redmond/jquery.ui.base.css HTTP/1.1" 304 -
192.168.11.104 - - [26/Apr/2024:09:58:00 +0800] "GET /eHR/css/jqueryui/themes/redmond/jquery.ui.theme.css HTTP/1.1" 304 - "http://192.168.1.83:8088/eHR/ess/redirect.php" "Mozilla/4.0 (compatible; MSIE 7.0; Windows NT 10.0; WOW64; Trident/7.0; .NET4.0C; .NET4.0E)"
192.168.11.104 - - [26/Apr/2024:09:58:00 +0800] "GET /eHR/css/jqueryui/themes/redmond/jquery.ui.theme.css HTTP/1.1" 304 -
192.168.11.104 - - [26/Apr/2024:09:58:00 +0800] "GET /eHR/css/jqueryui/themes/redmond/jquery.ui.core.css HTTP/1.1" 304 - "http://192.168.1.83:8088/eHR/ess/redirect.php" "Mozilla/4.0 (compatible; MSIE 7.0; Windows NT 10.0; WOW64; Trident/7.0; .NET4.0C; .NET4.0E)"
192.168.11.104 - - [26/Apr/2024:09:58:00 +0800] "GET /eHR/css/jqueryui/themes/redmond/jquery.ui.core.css HTTP/1.1" 304 -
192.168.11.104 - - [26/Apr/2024:09:58:00 +0800] "GET /eHR/css/jqueryui/themes/redmond/jquery.ui.resizable.css HTTP/1.1" 304 - "http://192.168.1.83:8088/eHR/ess/redirect.php" "Mozilla/4.0 (compatible; MSIE 7.0; Windows NT 10.0; WOW64; Trident/7.0; .NET4.0C; .NET4.0E)"
192.168.11.104 - - [26/Apr/2024:09:58:00 +0800] "GET /eHR/css/jqueryui/themes/redmond/jquery.ui.resizable.css HTTP/1.1" 304 -
192.168.11.104 - - [26/Apr/2024:09:58:00 +0800] "GET /eHR/css/jqueryui/themes/redmond/jquery.ui.selectable.css HTTP/1.1" 304 - "http://192.168.1.83:8088/eHR/ess/redirect.php" "Mozilla/4.0 (compatible; MSIE 7.0; Windows NT 10.0; WOW64; Trident/7.0; .NET4.0C; .NET4.0E)"
192.168.11.104 - - [26/Apr/2024:09:58:00 +0800] "GET /eHR/css/jqueryui/themes/redmond/jquery.ui.selectable.css HTTP/1.1" 304 -
192.168.11.104 - - [26/Apr/2024:09:58:00 +0800] "GET /eHR/css/jqueryui/themes/redmond/jquery.ui.accordion.css HTTP/1.1" 304 - "http://192.168.1.83:8088/eHR/ess/redirect.php" "Mozilla/4.0 (compatible; MSIE 7.0; Windows NT 10.0; WOW64; Trident/7.0; .NET4.0C; .NET4.0E)"
192.168.11.104 - - [26/Apr/2024:09:58:00 +0800] "GET /eHR/css/jqueryui/themes/redmond/jquery.ui.accordion.css HTTP/1.1" 304 -
192.168.11.104 - - [26/Apr/2024:09:58:00 +0800] "GET /eHR/css/jqueryui/themes/redmond/jquery.ui.autocomplete.css HTTP/1.1" 304 - "http://192.168.1.83:8088/eHR/ess/redirect.php" "Mozilla/4.0 (compatible; MSIE 7.0; Windows NT 10.0; WOW64; Trident/7.0; .NET4.0C; .NET4.0E)"
192.168.11.104 - - [26/Apr/2024:09:58:00 +0800] "GET /eHR/css/jqueryui/themes/redmond/jquery.ui.autocomplete.css HTTP/1.1" 304 -
192.168.11.104 - - [26/Apr/2024:09:58:00 +0800] "GET /eHR/css/jqueryui/themes/redmond/jquery.ui.button.css HTTP/1.1" 304 - "http://192.168.1.83:8088/eHR/ess/redirect.php" "Mozilla/4.0 (compatible; MSIE 7.0; Windows NT 10.0; WOW64; Trident/7.0; .NET4.0C; .NET4.0E)"
192.168.11.104 - - [26/Apr/2024:09:58:00 +0800] "GET /eHR/css/jqueryui/themes/redmond/jquery.ui.button.css HTTP/1.1" 304 -
192.168.11.104 - - [26/Apr/2024:09:58:00 +0800] "GET /eHR/css/jqueryui/themes/redmond/jquery.ui.dialog.css HTTP/1.1" 304 - "http://192.168.1.83:8088/eHR/ess/redirect.php" "Mozilla/4.0 (compatible; MSIE 7.0; Windows NT 10.0; WOW64; Trident/7.0; .NET4.0C; .NET4.0E)"
192.168.11.104 - - [26/Apr/2024:09:58:00 +0800] "GET /eHR/css/jqueryui/themes/redmond/jquery.ui.dialog.css HTTP/1.1" 304 -
192.168.11.104 - - [26/Apr/2024:09:58:00 +0800] "GET /eHR/css/jqueryui/themes/redmond/jquery.ui.slider.css HTTP/1.1" 304 - "http://192.168.1.83:8088/eHR/ess/redirect.php" "Mozilla/4.0 (compatible; MSIE 7.0; Windows NT 10.0; WOW64; Trident/7.0; .NET4.0C; .NET4.0E)"
192.168.11.104 - - [26/Apr/2024:09:58:00 +0800] "GET /eHR/css/jqueryui/themes/redmond/jquery.ui.slider.css HTTP/1.1" 304 -
192.168.11.104 - - [26/Apr/2024:09:58:00 +0800] "GET /eHR/css/jqueryui/themes/redmond/jquery.ui.tabs.css HTTP/1.1" 304 - "http://192.168.1.83:8088/eHR/ess/redirect.php" "Mozilla/4.0 (compatible; MSIE 7.0; Windows NT 10.0; WOW64; Trident/7.0; .NET4.0C; .NET4.0E)"
192.168.11.104 - - [26/Apr/2024:09:58:00 +0800] "GET /eHR/css/jqueryui/themes/redmond/jquery.ui.tabs.css HTTP/1.1" 304 -
192.168.11.104 - - [26/Apr/2024:09:58:00 +0800] "GET /eHR/css/jqueryui/themes/redmond/jquery.ui.datepicker.css HTTP/1.1" 304 - "http://192.168.1.83:8088/eHR/ess/redirect.php" "Mozilla/4.0 (compatible; MSIE 7.0; Windows NT 10.0; WOW64; Trident/7.0; .NET4.0C; .NET4.0E)"
192.168.11.104 - - [26/Apr/2024:09:58:00 +0800] "GET /eHR/css/jqueryui/themes/redmond/jquery.ui.datepicker.css HTTP/1.1" 304 -
192.168.11.104 - - [26/Apr/2024:09:58:00 +0800] "GET /eHR/css/jqueryui/themes/redmond/jquery.ui.progressbar.css HTTP/1.1" 304 - "http://192.168.1.83:8088/eHR/ess/redirect.php" "Mozilla/4.0 (compatible; MSIE 7.0; Windows NT 10.0; WOW64; Trident/7.0; .NET4.0C; .NET4.0E)"
192.168.11.104 - - [26/Apr/2024:09:58:00 +0800] "GET /eHR/css/jqueryui/themes/redmond/jquery.ui.progressbar.css HTTP/1.1" 304 -
192.168.11.104 - - [26/Apr/2024:09:58:00 +0800] "GET /eHR/css/layout/layout.min.css HTTP/1.1" 304 - "http://192.168.1.83:8088/eHR/ess/redirect.php" "Mozilla/4.0 (compatible; MSIE 7.0; Windows NT 10.0; WOW64; Trident/7.0; .NET4.0C; .NET4.0E)"
192.168.11.104 - - [26/Apr/2024:09:58:00 +0800] "GET /eHR/css/layout/layout.min.css HTTP/1.1" 304 -
192.168.11.104 - - [26/Apr/2024:09:58:00 +0800] "GET /eHR/img/logo.gif HTTP/1.1" 304 - "http://192.168.1.83:8088/eHR/ess/redirect.php" "Mozilla/4.0 (compatible; MSIE 7.0; Windows NT 10.0; WOW64; Trident/7.0; .NET4.0C; .NET4.0E)"
192.168.11.104 - - [26/Apr/2024:09:58:00 +0800] "GET /eHR/img/logo.gif HTTP/1.1" 304 -
192.168.11.104 - - [26/Apr/2024:09:58:00 +0800] "GET /eHR/img/icon_obj.png HTTP/1.1" 304 - "http://192.168.1.83:8088/eHR/ess/redirect.php" "Mozilla/4.0 (compatible; MSIE 7.0; Windows NT 10.0; WOW64; Trident/7.0; .NET4.0C; .NET4.0E)"
192.168.11.104 - - [26/Apr/2024:09:58:00 +0800] "GET /eHR/img/icon_obj.png HTTP/1.1" 304 -
192.168.11.104 - - [26/Apr/2024:09:58:00 +0800] "GET /eHR/img/icon_jd.png HTTP/1.1" 304 - "http://192.168.1.83:8088/eHR/ess/redirect.php" "Mozilla/4.0 (compatible; MSIE 7.0; Windows NT 10.0; WOW64; Trident/7.0; .NET4.0C; .NET4.0E)"
192.168.11.104 - - [26/Apr/2024:09:58:00 +0800] "GET /eHR/img/icon_jd.png HTTP/1.1" 304 -
192.168.11.104 - - [26/Apr/2024:09:58:00 +0800] "GET /eHR/img/icon_about.png HTTP/1.1" 304 - "http://192.168.1.83:8088/eHR/ess/redirect.php" "Mozilla/4.0 (compatible; MSIE 7.0; Windows NT 10.0; WOW64; Trident/7.0; .NET4.0C; .NET4.0E)"
192.168.11.104 - - [26/Apr/2024:09:58:00 +0800] "GET /eHR/img/icon_about.png HTTP/1.1" 304 -
192.168.11.104 - - [26/Apr/2024:09:58:00 +0800] "GET /eHR/img/icon_help.png HTTP/1.1" 304 - "http://192.168.1.83:8088/eHR/ess/redirect.php" "Mozilla/4.0 (compatible; MSIE 7.0; Windows NT 10.0; WOW64; Trident/7.0; .NET4.0C; .NET4.0E)"
192.168.11.104 - - [26/Apr/2024:09:58:00 +0800] "GET /eHR/img/icon_help.png HTTP/1.1" 304 -
192.168.11.104 - - [26/Apr/2024:09:58:00 +0800] "GET /eHR/img/icon_exit.png HTTP/1.1" 304 - "http://192.168.1.83:8088/eHR/ess/redirect.php" "Mozilla/4.0 (compatible; MSIE 7.0; Windows NT 10.0; WOW64; Trident/7.0; .NET4.0C; .NET4.0E)"
192.168.11.104 - - [26/Apr/2024:09:58:00 +0800] "GET /eHR/img/icon_exit.png HTTP/1.1" 304 -
192.168.11.104 - - [26/Apr/2024:09:58:00 +0800] "GET /eHR/js/jqueryui/jquery-1.4.4.min.js HTTP/1.1" 304 - "http://192.168.1.83:8088/eHR/ess/redirect.php" "Mozilla/4.0 (compatible; MSIE 7.0; Windows NT 10.0; WOW64; Trident/7.0; .NET4.0C; .NET4.0E)"
192.168.11.104 - - [26/Apr/2024:09:58:00 +0800] "GET /eHR/js/jqueryui/jquery-1.4.4.min.js HTTP/1.1" 304 -
192.168.11.104 - - [26/Apr/2024:09:58:01 +0800] "GET /eHR/js/jqueryui/jquery-ui-1.8.11.custom.min.js HTTP/1.1" 304 - "http://192.168.1.83:8088/eHR/ess/redirect.php" "Mozilla/4.0 (compatible; MSIE 7.0; Windows NT 10.0; WOW64; Trident/7.0; .NET4.0C; .NET4.0E)"
192.168.11.104 - - [26/Apr/2024:09:58:01 +0800] "GET /eHR/js/jqueryui/jquery-ui-1.8.11.custom.min.js HTTP/1.1" 304 -
192.168.11.104 - - [26/Apr/2024:09:58:01 +0800] "GET /eHR/img/ess-logo.png HTTP/1.1" 304 - "http://192.168.1.83:8088/eHR/ess/redirect.php" "Mozilla/4.0 (compatible; MSIE 7.0; Windows NT 10.0; WOW64; Trident/7.0; .NET4.0C; .NET4.0E)"
192.168.11.104 - - [26/Apr/2024:09:58:01 +0800] "GET /eHR/img/ess-logo.png HTTP/1.1" 304 -
192.168.11.104 - - [26/Apr/2024:09:58:01 +0800] "GET /eHR/img/human.png HTTP/1.1" 304 - "http://192.168.1.83:8088/eHR/ess/redirect.php" "Mozilla/4.0 (compatible; MSIE 7.0; Windows NT 10.0; WOW64; Trident/7.0; .NET4.0C; .NET4.0E)"
192.168.11.104 - - [26/Apr/2024:09:58:01 +0800] "GET /eHR/img/human.png HTTP/1.1" 304 -
192.168.11.104 - - [26/Apr/2024:09:58:01 +0800] "GET /eHR/js/jquery.layout.min-1.2.0.js HTTP/1.1" 304 - "http://192.168.1.83:8088/eHR/ess/redirect.php" "Mozilla/4.0 (compatible; MSIE 7.0; Windows NT 10.0; WOW64; Trident/7.0; .NET4.0C; .NET4.0E)"
192.168.11.104 - - [26/Apr/2024:09:58:01 +0800] "GET /eHR/js/jquery.layout.min-1.2.0.js HTTP/1.1" 304 -
192.168.11.104 - - [26/Apr/2024:09:58:01 +0800] "GET /eHR/js/jquery.cookie.min.js HTTP/1.1" 304 - "http://192.168.1.83:8088/eHR/ess/redirect.php" "Mozilla/4.0 (compatible; MSIE 7.0; Windows NT 10.0; WOW64; Trident/7.0; .NET4.0C; .NET4.0E)"
192.168.11.104 - - [26/Apr/2024:09:58:01 +0800] "GET /eHR/js/jquery.cookie.min.js HTTP/1.1" 304 -
192.168.11.104 - - [26/Apr/2024:09:58:01 +0800] "GET /eHR/img/Person.png HTTP/1.1" 304 - "http://192.168.1.83:8088/eHR/ess/redirect.php" "Mozilla/4.0 (compatible; MSIE 7.0; Windows NT 10.0; WOW64; Trident/7.0; .NET4.0C; .NET4.0E)"
192.168.11.104 - - [26/Apr/2024:09:58:01 +0800] "GET /eHR/img/Person.png HTTP/1.1" 304 -
192.168.11.104 - - [26/Apr/2024:09:58:01 +0800] "GET /eHR/css/jqueryui/themes/redmond/images/ui-icons_6da8d5_256x240.png HTTP/1.1" 304 - "http://192.168.1.83:8088/eHR/ess/redirect.php" "Mozilla/4.0 (compatible; MSIE 7.0; Windows NT 10.0; WOW64; Trident/7.0; .NET4.0C; .NET4.0E)"
192.168.11.104 - - [26/Apr/2024:09:58:01 +0800] "GET /eHR/css/jqueryui/themes/redmond/images/ui-icons_6da8d5_256x240.png HTTP/1.1" 304 -
192.168.11.104 - - [26/Apr/2024:09:58:01 +0800] "GET /eHR/img/layout/toggle-lt.gif HTTP/1.1" 304 -
192.168.11.104 - - [26/Apr/2024:09:58:01 +0800] "GET /eHR/img/layout/toggle-lt.gif HTTP/1.1" 304 - "http://192.168.1.83:8088/eHR/ess/redirect.php" "Mozilla/4.0 (compatible; MSIE 7.0; Windows NT 10.0; WOW64; Trident/7.0; .NET4.0C; .NET4.0E)"
192.168.11.104 - - [26/Apr/2024:09:58:01 +0800] "GET /eHR/css/jqueryui/themes/redmond/images/ui-bg_inset-hard_100_fcfdfd_1x100.png HTTP/1.1" 304 - "http://192.168.1.83:8088/eHR/ess/redirect.php" "Mozilla/4.0 (compatible; MSIE 7.0; Windows NT 10.0; WOW64; Trident/7.0; .NET4.0C; .NET4.0E)"
192.168.11.104 - - [26/Apr/2024:09:58:01 +0800] "GET /eHR/css/jqueryui/themes/redmond/images/ui-bg_inset-hard_100_fcfdfd_1x100.png HTTP/1.1" 304 -
192.168.11.104 - - [26/Apr/2024:09:58:01 +0800] "GET /eHR/css/jqueryui/themes/redmond/images/ui-bg_glass_85_dfeffc_1x400.png HTTP/1.1" 304 - "http://192.168.1.83:8088/eHR/ess/redirect.php" "Mozilla/4.0 (compatible; MSIE 7.0; Windows NT 10.0; WOW64; Trident/7.0; .NET4.0C; .NET4.0E)"
192.168.11.104 - - [26/Apr/2024:09:58:01 +0800] "GET /eHR/css/jqueryui/themes/redmond/images/ui-bg_glass_85_dfeffc_1x400.png HTTP/1.1" 304 -
192.168.11.104 - - [26/Apr/2024:09:58:00 +0800] "GET /eHR/ess/redirect.php?scriptname=ESNH000 HTTP/1.1" 200 10557 "http://192.168.1.83:8088/eHR/ess/redirect.php" "Mozilla/4.0 (compatible; MSIE 7.0; Windows NT 10.0; WOW64; Trident/7.0; .NET4.0C; .NET4.0E)"
192.168.11.104 - - [26/Apr/2024:09:58:00 +0800] "GET /eHR/ess/redirect.php?scriptname=ESNH000 HTTP/1.1" 200 10557
192.168.11.104 - - [26/Apr/2024:09:58:01 +0800] "GET /eHR/css/blueprint/screen.css HTTP/1.1" 304 - "http://192.168.1.83:8088/eHR/ess/redirect.php?scriptname=ESNH000" "Mozilla/4.0 (compatible; MSIE 7.0; Windows NT 10.0; WOW64; Trident/7.0; .NET4.0C; .NET4.0E)"
192.168.11.104 - - [26/Apr/2024:09:58:01 +0800] "GET /eHR/css/blueprint/screen.css HTTP/1.1" 304 -
192.168.11.104 - - [26/Apr/2024:09:58:01 +0800] "GET /eHR/css/jqueryui/themes/redmond/jquery.ui.all.css HTTP/1.1" 304 - "http://192.168.1.83:8088/eHR/ess/redirect.php?scriptname=ESNH000" "Mozilla/4.0 (compatible; MSIE 7.0; Windows NT 10.0; WOW64; Trident/7.0; .NET4.0C; .NET4.0E)"
192.168.11.104 - - [26/Apr/2024:09:58:01 +0800] "GET /eHR/css/jqueryui/themes/redmond/jquery.ui.all.css HTTP/1.1" 304 -
192.168.11.104 - - [26/Apr/2024:09:58:01 +0800] "GET /eHR/css/default.css?m=20130917 HTTP/1.1" 304 - "http://192.168.1.83:8088/eHR/ess/redirect.php?scriptname=ESNH000" "Mozilla/4.0 (compatible; MSIE 7.0; Windows NT 10.0; WOW64; Trident/7.0; .NET4.0C; .NET4.0E)"
192.168.11.104 - - [26/Apr/2024:09:58:01 +0800] "GET /eHR/css/default.css?m=20130917 HTTP/1.1" 304 -
192.168.11.104 - - [26/Apr/2024:09:58:01 +0800] "GET /eHR/js/jqueryui/jquery-1.4.4.min.js HTTP/1.1" 304 - "http://192.168.1.83:8088/eHR/ess/redirect.php?scriptname=ESNH000" "Mozilla/4.0 (compatible; MSIE 7.0; Windows NT 10.0; WOW64; Trident/7.0; .NET4.0C; .NET4.0E)"
192.168.11.104 - - [26/Apr/2024:09:58:01 +0800] "GET /eHR/js/jqueryui/jquery-1.4.4.min.js HTTP/1.1" 304 -
192.168.11.104 - - [26/Apr/2024:09:58:01 +0800] "GET /eHR/js/jqueryui/jquery-ui-1.8.11.custom.min.js HTTP/1.1" 304 - "http://192.168.1.83:8088/eHR/ess/redirect.php?scriptname=ESNH000" "Mozilla/4.0 (compatible; MSIE 7.0; Windows NT 10.0; WOW64; Trident/7.0; .NET4.0C; .NET4.0E)"
192.168.11.104 - - [26/Apr/2024:09:58:01 +0800] "GET /eHR/js/jqueryui/jquery-ui-1.8.11.custom.min.js HTTP/1.1" 304 -
192.168.11.104 - - [26/Apr/2024:09:58:01 +0800] "GET /eHR/js/i18n/ui.datepicker-zh-TW.min.js HTTP/1.1" 304 - "http://192.168.1.83:8088/eHR/ess/redirect.php?scriptname=ESNH000" "Mozilla/4.0 (compatible; MSIE 7.0; Windows NT 10.0; WOW64; Trident/7.0; .NET4.0C; .NET4.0E)"
192.168.11.104 - - [26/Apr/2024:09:58:01 +0800] "GET /eHR/js/i18n/ui.datepicker-zh-TW.min.js HTTP/1.1" 304 -
192.168.11.104 - - [26/Apr/2024:09:58:01 +0800] "GET /eHR/js/functions.js HTTP/1.1" 304 - "http://192.168.1.83:8088/eHR/ess/redirect.php?scriptname=ESNH000" "Mozilla/4.0 (compatible; MSIE 7.0; Windows NT 10.0; WOW64; Trident/7.0; .NET4.0C; .NET4.0E)"
192.168.11.104 - - [26/Apr/2024:09:58:01 +0800] "GET /eHR/js/functions.js HTTP/1.1" 304 -
192.168.11.104 - - [26/Apr/2024:09:58:01 +0800] "GET /eHR/img/ares.ico HTTP/1.1" 200 1406 "-" "Mozilla/5.0 (Windows NT 10.0; Win64; x64) AppleWebKit/537.36 (KHTML, like Gecko) Chrome/124.0.0.0 Safari/537.36 Edg/124.0.0.0"
192.168.11.104 - - [26/Apr/2024:09:58:01 +0800] "GET /eHR/img/ares.ico HTTP/1.1" 200 1406
192.168.11.104 - - [26/Apr/2024:09:58:01 +0800] "GET /eHR/img/ares.ico HTTP/1.1" 200 1406 "-" "Mozilla/5.0 (Windows NT 10.0; Win64; x64) AppleWebKit/537.36 (KHTML, like Gecko) Chrome/124.0.0.0 Safari/537.36 Edg/124.0.0.0"
192.168.11.104 - - [26/Apr/2024:09:58:01 +0800] "GET /eHR/img/ares.ico HTTP/1.1" 200 1406
192.168.11.200 - - [26/Apr/2024:09:58:02 +0800] "POST /eHR/ess/redirect.php?scriptname=ESNE001&appdesc=%E6%89%B9%E9%87%8F%E5%8A%A0%E7%8F%AD%E7%94%B3%E8%AF%B7 HTTP/1.1" 200 4270 "http://192.168.1.83:8088/eHR/ess/redirect.php?scriptname=ESNE001&appdesc=%E6%89%B9%E9%87%8F%E5%8A%A0%E7%8F%AD%E7%94%B3%E8%AF%B7" "Mozilla/5.0 (Windows NT 6.1; Win64; x64) AppleWebKit/537.36 (KHTML, like Gecko) Chrome/105.0.0.0 Safari/537.36"
192.168.11.200 - - [26/Apr/2024:09:58:02 +0800] "POST /eHR/ess/redirect.php?scriptname=ESNE001&appdesc=%E6%89%B9%E9%87%8F%E5%8A%A0%E7%8F%AD%E7%94%B3%E8%AF%B7 HTTP/1.1" 200 4270
192.168.11.104 - - [26/Apr/2024:09:58:03 +0800] "GET /eHR/mgr/redirect.php?scriptname=MDNH104&appdesc=%E8%AB%8B%E5%81%87%E5%BE%85%E7%B0%BD HTTP/1.1" 200 16835 "http://192.168.1.83:8088/eHR/ess/redirect.php?scriptname=ESNH000" "Mozilla/4.0 (compatible; MSIE 7.0; Windows NT 10.0; WOW64; Trident/7.0; .NET4.0C; .NET4.0E)"
192.168.11.104 - - [26/Apr/2024:09:58:03 +0800] "GET /eHR/mgr/redirect.php?scriptname=MDNH104&appdesc=%E8%AB%8B%E5%81%87%E5%BE%85%E7%B0%BD HTTP/1.1" 200 16835
192.168.11.200 - - [26/Apr/2024:09:58:05 +0800] "GET /eHR/ess/redirect.php?scriptname=ESNE001&appdesc=%E6%89%B9%E9%87%8F%E5%8A%A0%E7%8F%AD%E7%94%B3%E8%AF%B7 HTTP/1.1" 200 15271 "http://192.168.1.83:8088/eHR/ess/redirect.php" "Mozilla/5.0 (Windows NT 6.1; Win64; x64) AppleWebKit/537.36 (KHTML, like Gecko) Chrome/105.0.0.0 Safari/537.36"
192.168.11.200 - - [26/Apr/2024:09:58:05 +0800] "GET /eHR/ess/redirect.php?scriptname=ESNE001&appdesc=%E6%89%B9%E9%87%8F%E5%8A%A0%E7%8F%AD%E7%94%B3%E8%AF%B7 HTTP/1.1" 200 15271
192.168.11.104 - - [26/Apr/2024:09:58:07 +0800] "POST /eHR/ess/redirect.php?scriptname=view_flowchart&action=viewflowchart&apply_type=absence&flow_seqno=101940&companyid=3913&userseqno=47860 HTTP/1.1" 200 6259 "http://192.168.1.83:8088/eHR/ess/redirect.php" "Mozilla/4.0 (compatible; MSIE 7.0; Windows NT 10.0; WOW64; Trident/7.0; .NET4.0C; .NET4.0E)"
192.168.11.104 - - [26/Apr/2024:09:58:07 +0800] "POST /eHR/ess/redirect.php?scriptname=view_flowchart&action=viewflowchart&apply_type=absence&flow_seqno=101940&companyid=3913&userseqno=47860 HTTP/1.1" 200 6259
192.168.11.104 - - [26/Apr/2024:09:58:13 +0800] "POST /eHR/ess/redirect.php?scriptname=view_flowchart&action=viewflowchart&apply_type=absence&flow_seqno=101957&companyid=3913&userseqno=47860 HTTP/1.1" 200 6125 "http://192.168.1.83:8088/eHR/ess/redirect.php" "Mozilla/4.0 (compatible; MSIE 7.0; Windows NT 10.0; WOW64; Trident/7.0; .NET4.0C; .NET4.0E)"
192.168.11.104 - - [26/Apr/2024:09:58:13 +0800] "POST /eHR/ess/redirect.php?scriptname=view_flowchart&action=viewflowchart&apply_type=absence&flow_seqno=101957&companyid=3913&userseqno=47860 HTTP/1.1" 200 6125
192.168.11.200 - - [26/Apr/2024:09:58:18 +0800] "GET /eHR/ess/redirect.php?scriptname=emp_lov&openW=Y&rand=0.06521179591237924 HTTP/1.1" 200 8816 "http://192.168.1.83:8088/eHR/ess/redirect.php?scriptname=ESNE001&appdesc=%E6%89%B9%E9%87%8F%E5%8A%A0%E7%8F%AD%E7%94%B3%E8%AF%B7" "Mozilla/5.0 (Windows NT 6.1; Win64; x64) AppleWebKit/537.36 (KHTML, like Gecko) Chrome/105.0.0.0 Safari/537.36"
192.168.11.200 - - [26/Apr/2024:09:58:18 +0800] "GET /eHR/ess/redirect.php?scriptname=emp_lov&openW=Y&rand=0.06521179591237924 HTTP/1.1" 200 8816
192.168.11.104 - - [26/Apr/2024:09:58:22 +0800] "POST /eHR/mgr/redirect.php?scriptname=MDNH104&appdesc=%E8%AB%8B%E5%81%87%E5%BE%85%E7%B0%BD HTTP/1.1" 200 4783 "http://192.168.1.83:8088/eHR/mgr/redirect.php?scriptname=MDNH104&appdesc=%E8%AB%8B%E5%81%87%E5%BE%85%E7%B0%BD" "Mozilla/4.0 (compatible; MSIE 7.0; Windows NT 10.0; WOW64; Trident/7.0; .NET4.0C; .NET4.0E)"
192.168.11.104 - - [26/Apr/2024:09:58:22 +0800] "POST /eHR/mgr/redirect.php?scriptname=MDNH104&appdesc=%E8%AB%8B%E5%81%87%E5%BE%85%E7%B0%BD HTTP/1.1" 200 4783
192.168.12.81 - - [26/Apr/2024:09:58:22 +0800] "GET /eHR/ess/redirect.php?scriptname=ESNE002&appdesc=%E6%89%B9%E9%87%8F%E8%AF%B7%E5%81%87%E7%94%B3%E8%AF%B7 HTTP/1.1" 200 22066 "http://192.168.1.83:8088/eHR/ess/redirect.php" "Mozilla/5.0 (Windows NT 6.2; Win64; x64) AppleWebKit/537.36 (KHTML, like Gecko) Chrome/105.0.0.0 Safari/537.36"
192.168.12.81 - - [26/Apr/2024:09:58:22 +0800] "GET /eHR/ess/redirect.php?scriptname=ESNE002&appdesc=%E6%89%B9%E9%87%8F%E8%AF%B7%E5%81%87%E7%94%B3%E8%AF%B7 HTTP/1.1" 200 22066
192.168.11.200 - - [26/Apr/2024:09:58:23 +0800] "POST /eHR/ess/redirect.php?scriptname=emp_lov&openW=Y&rand=0.06521179591237924 HTTP/1.1" 200 10987 "http://192.168.1.83:8088/eHR/ess/redirect.php?scriptname=emp_lov&openW=Y&rand=0.06521179591237924" "Mozilla/5.0 (Windows NT 6.1; Win64; x64) AppleWebKit/537.36 (KHTML, like Gecko) Chrome/105.0.0.0 Safari/537.36"
192.168.11.200 - - [26/Apr/2024:09:58:23 +0800] "POST /eHR/ess/redirect.php?scriptname=emp_lov&openW=Y&rand=0.06521179591237924 HTTP/1.1" 200 10987
192.168.11.104 - - [26/Apr/2024:09:58:25 +0800] "GET /eHR/css/jqueryui/themes/redmond/jquery.ui.all.css HTTP/1.1" 304 - "http://192.168.1.83:8088/eHR/ess/redirect.php" "Mozilla/4.0 (compatible; MSIE 7.0; Windows NT 10.0; WOW64; Trident/7.0; .NET4.0C; .NET4.0E)"
192.168.11.104 - - [26/Apr/2024:09:58:25 +0800] "GET /eHR/css/jqueryui/themes/redmond/jquery.ui.all.css HTTP/1.1" 304 -
192.168.11.104 - - [26/Apr/2024:09:58:25 +0800] "GET /eHR/css/jqueryui/themes/redmond/jquery.ui.base.css HTTP/1.1" 304 - "http://192.168.1.83:8088/eHR/ess/redirect.php" "Mozilla/4.0 (compatible; MSIE 7.0; Windows NT 10.0; WOW64; Trident/7.0; .NET4.0C; .NET4.0E)"
192.168.11.104 - - [26/Apr/2024:09:58:25 +0800] "GET /eHR/css/jqueryui/themes/redmond/jquery.ui.base.css HTTP/1.1" 304 -
192.168.11.104 - - [26/Apr/2024:09:58:25 +0800] "GET /eHR/css/jqueryui/themes/redmond/jquery.ui.theme.css HTTP/1.1" 304 - "http://192.168.1.83:8088/eHR/ess/redirect.php" "Mozilla/4.0 (compatible; MSIE 7.0; Windows NT 10.0; WOW64; Trident/7.0; .NET4.0C; .NET4.0E)"
192.168.11.104 - - [26/Apr/2024:09:58:25 +0800] "GET /eHR/css/jqueryui/themes/redmond/jquery.ui.theme.css HTTP/1.1" 304 -
192.168.11.104 - - [26/Apr/2024:09:58:25 +0800] "GET /eHR/ess/redirect.php HTTP/1.1" 200 9206 "http://192.168.1.83:8088/eHR/ess/index.php?lang=ZHT" "Mozilla/4.0 (compatible; MSIE 7.0; Windows NT 10.0; WOW64; Trident/7.0; .NET4.0C; .NET4.0E)"
192.168.11.104 - - [26/Apr/2024:09:58:25 +0800] "GET /eHR/ess/redirect.php HTTP/1.1" 200 9206
192.168.11.104 - - [26/Apr/2024:09:58:25 +0800] "GET /eHR/css/jqueryui/themes/redmond/jquery.ui.core.css HTTP/1.1" 304 - "http://192.168.1.83:8088/eHR/ess/redirect.php" "Mozilla/4.0 (compatible; MSIE 7.0; Windows NT 10.0; WOW64; Trident/7.0; .NET4.0C; .NET4.0E)"
192.168.11.104 - - [26/Apr/2024:09:58:25 +0800] "GET /eHR/css/jqueryui/themes/redmond/jquery.ui.core.css HTTP/1.1" 304 -
192.168.11.104 - - [26/Apr/2024:09:58:25 +0800] "GET /eHR/css/jqueryui/themes/redmond/jquery.ui.resizable.css HTTP/1.1" 304 - "http://192.168.1.83:8088/eHR/ess/redirect.php" "Mozilla/4.0 (compatible; MSIE 7.0; Windows NT 10.0; WOW64; Trident/7.0; .NET4.0C; .NET4.0E)"
192.168.11.104 - - [26/Apr/2024:09:58:25 +0800] "GET /eHR/css/jqueryui/themes/redmond/jquery.ui.resizable.css HTTP/1.1" 304 -
192.168.11.104 - - [26/Apr/2024:09:58:25 +0800] "GET /eHR/css/jqueryui/themes/redmond/jquery.ui.selectable.css HTTP/1.1" 304 - "http://192.168.1.83:8088/eHR/ess/redirect.php" "Mozilla/4.0 (compatible; MSIE 7.0; Windows NT 10.0; WOW64; Trident/7.0; .NET4.0C; .NET4.0E)"
192.168.11.104 - - [26/Apr/2024:09:58:25 +0800] "GET /eHR/css/jqueryui/themes/redmond/jquery.ui.selectable.css HTTP/1.1" 304 -
192.168.11.104 - - [26/Apr/2024:09:58:25 +0800] "GET /eHR/css/jqueryui/themes/redmond/jquery.ui.accordion.css HTTP/1.1" 304 - "http://192.168.1.83:8088/eHR/ess/redirect.php" "Mozilla/4.0 (compatible; MSIE 7.0; Windows NT 10.0; WOW64; Trident/7.0; .NET4.0C; .NET4.0E)"
192.168.11.104 - - [26/Apr/2024:09:58:25 +0800] "GET /eHR/css/jqueryui/themes/redmond/jquery.ui.accordion.css HTTP/1.1" 304 -
192.168.11.104 - - [26/Apr/2024:09:58:25 +0800] "GET /eHR/css/jqueryui/themes/redmond/jquery.ui.autocomplete.css HTTP/1.1" 304 - "http://192.168.1.83:8088/eHR/ess/redirect.php" "Mozilla/4.0 (compatible; MSIE 7.0; Windows NT 10.0; WOW64; Trident/7.0; .NET4.0C; .NET4.0E)"
192.168.11.104 - - [26/Apr/2024:09:58:25 +0800] "GET /eHR/css/jqueryui/themes/redmond/jquery.ui.autocomplete.css HTTP/1.1" 304 -
192.168.11.104 - - [26/Apr/2024:09:58:25 +0800] "GET /eHR/css/jqueryui/themes/redmond/jquery.ui.button.css HTTP/1.1" 304 -
192.168.11.104 - - [26/Apr/2024:09:58:25 +0800] "GET /eHR/css/jqueryui/themes/redmond/jquery.ui.button.css HTTP/1.1" 304 - "http://192.168.1.83:8088/eHR/ess/redirect.php" "Mozilla/4.0 (compatible; MSIE 7.0; Windows NT 10.0; WOW64; Trident/7.0; .NET4.0C; .NET4.0E)"
192.168.11.104 - - [26/Apr/2024:09:58:25 +0800] "GET /eHR/css/jqueryui/themes/redmond/jquery.ui.dialog.css HTTP/1.1" 304 - "http://192.168.1.83:8088/eHR/ess/redirect.php" "Mozilla/4.0 (compatible; MSIE 7.0; Windows NT 10.0; WOW64; Trident/7.0; .NET4.0C; .NET4.0E)"
192.168.11.104 - - [26/Apr/2024:09:58:25 +0800] "GET /eHR/css/jqueryui/themes/redmond/jquery.ui.dialog.css HTTP/1.1" 304 -
192.168.11.104 - - [26/Apr/2024:09:58:25 +0800] "GET /eHR/css/jqueryui/themes/redmond/jquery.ui.slider.css HTTP/1.1" 304 - "http://192.168.1.83:8088/eHR/ess/redirect.php" "Mozilla/4.0 (compatible; MSIE 7.0; Windows NT 10.0; WOW64; Trident/7.0; .NET4.0C; .NET4.0E)"
192.168.11.104 - - [26/Apr/2024:09:58:25 +0800] "GET /eHR/css/jqueryui/themes/redmond/jquery.ui.slider.css HTTP/1.1" 304 -
192.168.11.104 - - [26/Apr/2024:09:58:25 +0800] "GET /eHR/css/jqueryui/themes/redmond/jquery.ui.tabs.css HTTP/1.1" 304 - "http://192.168.1.83:8088/eHR/ess/redirect.php" "Mozilla/4.0 (compatible; MSIE 7.0; Windows NT 10.0; WOW64; Trident/7.0; .NET4.0C; .NET4.0E)"
192.168.11.104 - - [26/Apr/2024:09:58:25 +0800] "GET /eHR/css/jqueryui/themes/redmond/jquery.ui.tabs.css HTTP/1.1" 304 -
192.168.11.104 - - [26/Apr/2024:09:58:25 +0800] "GET /eHR/css/jqueryui/themes/redmond/jquery.ui.datepicker.css HTTP/1.1" 304 - "http://192.168.1.83:8088/eHR/ess/redirect.php" "Mozilla/4.0 (compatible; MSIE 7.0; Windows NT 10.0; WOW64; Trident/7.0; .NET4.0C; .NET4.0E)"
192.168.11.104 - - [26/Apr/2024:09:58:25 +0800] "GET /eHR/css/jqueryui/themes/redmond/jquery.ui.datepicker.css HTTP/1.1" 304 -
192.168.11.104 - - [26/Apr/2024:09:58:25 +0800] "GET /eHR/css/jqueryui/themes/redmond/jquery.ui.progressbar.css HTTP/1.1" 304 - "http://192.168.1.83:8088/eHR/ess/redirect.php" "Mozilla/4.0 (compatible; MSIE 7.0; Windows NT 10.0; WOW64; Trident/7.0; .NET4.0C; .NET4.0E)"
192.168.11.104 - - [26/Apr/2024:09:58:25 +0800] "GET /eHR/css/jqueryui/themes/redmond/jquery.ui.progressbar.css HTTP/1.1" 304 -
192.168.11.104 - - [26/Apr/2024:09:58:25 +0800] "GET /eHR/css/layout/layout.min.css HTTP/1.1" 304 - "http://192.168.1.83:8088/eHR/ess/redirect.php" "Mozilla/4.0 (compatible; MSIE 7.0; Windows NT 10.0; WOW64; Trident/7.0; .NET4.0C; .NET4.0E)"
192.168.11.104 - - [26/Apr/2024:09:58:25 +0800] "GET /eHR/css/layout/layout.min.css HTTP/1.1" 304 -
192.168.11.104 - - [26/Apr/2024:09:58:25 +0800] "GET /eHR/img/logo.gif HTTP/1.1" 304 - "http://192.168.1.83:8088/eHR/ess/redirect.php" "Mozilla/4.0 (compatible; MSIE 7.0; Windows NT 10.0; WOW64; Trident/7.0; .NET4.0C; .NET4.0E)"
192.168.11.104 - - [26/Apr/2024:09:58:25 +0800] "GET /eHR/img/logo.gif HTTP/1.1" 304 -
192.168.11.104 - - [26/Apr/2024:09:58:25 +0800] "GET /eHR/img/icon_obj.png HTTP/1.1" 304 - "http://192.168.1.83:8088/eHR/ess/redirect.php" "Mozilla/4.0 (compatible; MSIE 7.0; Windows NT 10.0; WOW64; Trident/7.0; .NET4.0C; .NET4.0E)"
192.168.11.104 - - [26/Apr/2024:09:58:25 +0800] "GET /eHR/img/icon_obj.png HTTP/1.1" 304 -
192.168.11.104 - - [26/Apr/2024:09:58:25 +0800] "GET /eHR/img/icon_jd.png HTTP/1.1" 304 - "http://192.168.1.83:8088/eHR/ess/redirect.php" "Mozilla/4.0 (compatible; MSIE 7.0; Windows NT 10.0; WOW64; Trident/7.0; .NET4.0C; .NET4.0E)"
