192.168.11.69 - - [21/Oct/2023:08:36:50 +0800] "GET /eHR/ess/redirect.php?scriptname=ESNE002&appdesc=%E6%89%B9%E9%87%8F%E8%AF%B7%E5%81%87%E7%94%B3%E8%AF%B7 HTTP/1.1" 200 22066 "http://192.168.1.83:8088/eHR/ess/redirect.php" "Mozilla/5.0 (Windows NT 6.1; Win64; x64) AppleWebKit/537.36 (KHTML, like Gecko) Chrome/105.0.0.0 Safari/537.36"
192.168.11.69 - - [21/Oct/2023:08:36:50 +0800] "GET /eHR/ess/redirect.php?scriptname=ESNE002&appdesc=%E6%89%B9%E9%87%8F%E8%AF%B7%E5%81%87%E7%94%B3%E8%AF%B7 HTTP/1.1" 200 22066
192.168.11.69 - - [21/Oct/2023:08:36:52 +0800] "GET /eHR/ess/redirect.php?scriptname=ESNE001&appdesc=%E6%89%B9%E9%87%8F%E5%8A%A0%E7%8F%AD%E7%94%B3%E8%AF%B7 HTTP/1.1" 200 15271 "http://192.168.1.83:8088/eHR/ess/redirect.php" "Mozilla/5.0 (Windows NT 6.1; Win64; x64) AppleWebKit/537.36 (KHTML, like Gecko) Chrome/105.0.0.0 Safari/537.36"
192.168.11.69 - - [21/Oct/2023:08:36:52 +0800] "GET /eHR/ess/redirect.php?scriptname=ESNE001&appdesc=%E6%89%B9%E9%87%8F%E5%8A%A0%E7%8F%AD%E7%94%B3%E8%AF%B7 HTTP/1.1" 200 15271
192.168.11.104 - - [21/Oct/2023:08:36:52 +0800] "GET /eHR/ess/redirect.php?scriptname=ESNF000&appdesc=%E6%B5%81%E7%A8%8B%E7%AE%A1%E7%90%86 HTTP/1.1" 200 31929 "http://192.168.1.83:8088/eHR/ess/redirect.php" "Mozilla/5.0 (Windows NT 10.0; Win64; x64) AppleWebKit/537.36 (KHTML, like Gecko) Chrome/118.0.0.0 Safari/537.36 Edg/118.0.2088.57"
192.168.11.104 - - [21/Oct/2023:08:36:52 +0800] "GET /eHR/ess/redirect.php?scriptname=ESNF000&appdesc=%E6%B5%81%E7%A8%8B%E7%AE%A1%E7%90%86 HTTP/1.1" 200 31929
192.168.11.104 - - [21/Oct/2023:08:36:58 +0800] "GET /eHR/ess/redirect.php?scriptname=assistant_leave_apply_search&dept_seqno=3934&flowstatus=01&whoami=admin HTTP/1.1" 200 57390 "http://192.168.1.83:8088/eHR/ess/redirect.php?scriptname=ESNF000&appdesc=%E6%B5%81%E7%A8%8B%E7%AE%A1%E7%90%86" "Mozilla/5.0 (Windows NT 10.0; Win64; x64) AppleWebKit/537.36 (KHTML, like Gecko) Chrome/118.0.0.0 Safari/537.36 Edg/118.0.2088.57"
192.168.11.104 - - [21/Oct/2023:08:36:58 +0800] "GET /eHR/ess/redirect.php?scriptname=assistant_leave_apply_search&dept_seqno=3934&flowstatus=01&whoami=admin HTTP/1.1" 200 57390
192.168.11.104 - - [21/Oct/2023:08:37:00 +0800] "POST /eHR/ess/redirect.php?scriptname=view_flowchart&action=viewflowchart&apply_type=absence&flow_seqno=97386 HTTP/1.1" 200 5212 "http://192.168.1.83:8088/eHR/ess/redirect.php" "Mozilla/5.0 (Windows NT 10.0; Win64; x64) AppleWebKit/537.36 (KHTML, like Gecko) Chrome/118.0.0.0 Safari/537.36 Edg/118.0.2088.57"
192.168.11.104 - - [21/Oct/2023:08:37:00 +0800] "POST /eHR/ess/redirect.php?scriptname=view_flowchart&action=viewflowchart&apply_type=absence&flow_seqno=97386 HTTP/1.1" 200 5212
192.168.11.104 - - [21/Oct/2023:08:37:01 +0800] "GET /eHR/img/workflow/user_sign_unknown.png HTTP/1.1" 200 2737 "http://192.168.1.83:8088/eHR/ess/redirect.php" "Mozilla/5.0 (Windows NT 10.0; Win64; x64) AppleWebKit/537.36 (KHTML, like Gecko) Chrome/118.0.0.0 Safari/537.36 Edg/118.0.2088.57"
192.168.11.104 - - [21/Oct/2023:08:37:01 +0800] "GET /eHR/img/workflow/user_sign_unknown.png HTTP/1.1" 200 2737
192.168.11.104 - - [21/Oct/2023:08:37:08 +0800] "GET /eHR/ess/redirect.php?scriptname=ESNF000&appdesc=%E6%B5%81%E7%A8%8B%E7%AE%A1%E7%90%86 HTTP/1.1" 200 31929 "http://192.168.1.83:8088/eHR/ess/redirect.php" "Mozilla/5.0 (Windows NT 10.0; Win64; x64) AppleWebKit/537.36 (KHTML, like Gecko) Chrome/118.0.0.0 Safari/537.36 Edg/118.0.2088.57"
192.168.11.104 - - [21/Oct/2023:08:37:08 +0800] "GET /eHR/ess/redirect.php?scriptname=ESNF000&appdesc=%E6%B5%81%E7%A8%8B%E7%AE%A1%E7%90%86 HTTP/1.1" 200 31929
192.168.11.69 - - [21/Oct/2023:08:37:09 +0800] "GET /eHR/ess/redirect.php?scriptname=ESNE001&appdesc=%E6%89%B9%E9%87%8F%E5%8A%A0%E7%8F%AD%E7%94%B3%E8%AF%B7 HTTP/1.1" 200 15271 "http://192.168.1.83:8088/eHR/ess/redirect.php" "Mozilla/5.0 (Windows NT 6.1; Win64; x64) AppleWebKit/537.36 (KHTML, like Gecko) Chrome/105.0.0.0 Safari/537.36"
192.168.11.69 - - [21/Oct/2023:08:37:09 +0800] "GET /eHR/ess/redirect.php?scriptname=ESNE001&appdesc=%E6%89%B9%E9%87%8F%E5%8A%A0%E7%8F%AD%E7%94%B3%E8%AF%B7 HTTP/1.1" 200 15271
192.168.11.104 - - [21/Oct/2023:08:37:16 +0800] "GET /eHR/ess/redirect.php?scriptname=assistant_leave_apply_search&dept_seqno=3936&flowstatus=01&whoami=admin HTTP/1.1" 200 50966 "http://192.168.1.83:8088/eHR/ess/redirect.php?scriptname=ESNF000&appdesc=%E6%B5%81%E7%A8%8B%E7%AE%A1%E7%90%86" "Mozilla/5.0 (Windows NT 10.0; Win64; x64) AppleWebKit/537.36 (KHTML, like Gecko) Chrome/118.0.0.0 Safari/537.36 Edg/118.0.2088.57"
192.168.11.104 - - [21/Oct/2023:08:37:16 +0800] "GET /eHR/ess/redirect.php?scriptname=assistant_leave_apply_search&dept_seqno=3936&flowstatus=01&whoami=admin HTTP/1.1" 200 50966
192.168.11.104 - - [21/Oct/2023:08:37:17 +0800] "GET /eHR/ess/redirect.php?scriptname=assistant_leave_apply_search&dept_seqno=3936&flowstatus=01&whoami=admin HTTP/1.1" 200 57384 "http://192.168.1.83:8088/eHR/ess/redirect.php?scriptname=ESNF000&appdesc=%E6%B5%81%E7%A8%8B%E7%AE%A1%E7%90%86" "Mozilla/5.0 (Windows NT 10.0; Win64; x64) AppleWebKit/537.36 (KHTML, like Gecko) Chrome/118.0.0.0 Safari/537.36 Edg/118.0.2088.57"
192.168.11.104 - - [21/Oct/2023:08:37:17 +0800] "GET /eHR/ess/redirect.php?scriptname=assistant_leave_apply_search&dept_seqno=3936&flowstatus=01&whoami=admin HTTP/1.1" 200 57384
192.168.40.100 - - [21/Oct/2023:08:37:18 +0800] "GET /ehr/mgr/batchapprove.php?key=53A48BD976E12DBD487F3660E3324AFCA7690CA46F0CCF40380592A37CDF699054371A70236DED4AA45D5CFC1E19BB00 HTTP/1.1" 302 - "-" "Mozilla/5.0 (Windows NT 6.2; Win64; x64) AppleWebKit/537.36 (KHTML, like Gecko) Chrome/105.0.0.0 Safari/537.36"
192.168.40.100 - - [21/Oct/2023:08:37:18 +0800] "GET /ehr/mgr/batchapprove.php?key=53A48BD976E12DBD487F3660E3324AFCA7690CA46F0CCF40380592A37CDF699054371A70236DED4AA45D5CFC1E19BB00 HTTP/1.1" 302 -
192.168.40.100 - - [21/Oct/2023:08:37:18 +0800] "GET /ehr/mgr/redirect.php?scriptname=leave_approve&key=53A48BD976E12DBD487F3660E3324AFCA7690CA46F0CCF40380592A37CDF699054371A70236DED4AA45D5CFC1E19BB00 HTTP/1.1" 200 12114 "-" "Mozilla/5.0 (Windows NT 6.2; Win64; x64) AppleWebKit/537.36 (KHTML, like Gecko) Chrome/105.0.0.0 Safari/537.36"
192.168.40.100 - - [21/Oct/2023:08:37:18 +0800] "GET /ehr/mgr/redirect.php?scriptname=leave_approve&key=53A48BD976E12DBD487F3660E3324AFCA7690CA46F0CCF40380592A37CDF699054371A70236DED4AA45D5CFC1E19BB00 HTTP/1.1" 200 12114
192.168.11.104 - - [21/Oct/2023:08:37:20 +0800] "POST /eHR/ess/redirect.php?scriptname=view_flowchart&action=viewflowchart&apply_type=absence&flow_seqno=97419 HTTP/1.1" 200 5212 "http://192.168.1.83:8088/eHR/ess/redirect.php" "Mozilla/5.0 (Windows NT 10.0; Win64; x64) AppleWebKit/537.36 (KHTML, like Gecko) Chrome/118.0.0.0 Safari/537.36 Edg/118.0.2088.57"
192.168.11.104 - - [21/Oct/2023:08:37:20 +0800] "POST /eHR/ess/redirect.php?scriptname=view_flowchart&action=viewflowchart&apply_type=absence&flow_seqno=97419 HTTP/1.1" 200 5212
192.168.11.69 - - [21/Oct/2023:08:37:22 +0800] "GET /eHR/ess/redirect.php?scriptname=emp_lov&openW=Y&rand=0.15625991339394196 HTTP/1.1" 200 13392 "http://192.168.1.83:8088/eHR/ess/redirect.php?scriptname=ESNE001&appdesc=%E6%89%B9%E9%87%8F%E5%8A%A0%E7%8F%AD%E7%94%B3%E8%AF%B7" "Mozilla/5.0 (Windows NT 6.1; Win64; x64) AppleWebKit/537.36 (KHTML, like Gecko) Chrome/105.0.0.0 Safari/537.36"
192.168.11.69 - - [21/Oct/2023:08:37:22 +0800] "GET /eHR/ess/redirect.php?scriptname=emp_lov&openW=Y&rand=0.15625991339394196 HTTP/1.1" 200 13392
192.168.11.69 - - [21/Oct/2023:08:37:26 +0800] "POST /eHR/ess/redirect.php?scriptname=emp_lov&openW=Y&rand=0.15625991339394196 HTTP/1.1" 200 15561 "http://192.168.1.83:8088/eHR/ess/redirect.php?scriptname=emp_lov&openW=Y&rand=0.15625991339394196" "Mozilla/5.0 (Windows NT 6.1; Win64; x64) AppleWebKit/537.36 (KHTML, like Gecko) Chrome/105.0.0.0 Safari/537.36"
192.168.11.69 - - [21/Oct/2023:08:37:26 +0800] "POST /eHR/ess/redirect.php?scriptname=emp_lov&openW=Y&rand=0.15625991339394196 HTTP/1.1" 200 15561
192.168.11.104 - - [21/Oct/2023:08:37:29 +0800] "GET /eHR/ess/redirect.php?scriptname=ESNF000&appdesc=%E6%B5%81%E7%A8%8B%E7%AE%A1%E7%90%86 HTTP/1.1" 200 31929 "http://192.168.1.83:8088/eHR/ess/redirect.php" "Mozilla/5.0 (Windows NT 10.0; Win64; x64) AppleWebKit/537.36 (KHTML, like Gecko) Chrome/118.0.0.0 Safari/537.36 Edg/118.0.2088.57"
192.168.11.104 - - [21/Oct/2023:08:37:29 +0800] "GET /eHR/ess/redirect.php?scriptname=ESNF000&appdesc=%E6%B5%81%E7%A8%8B%E7%AE%A1%E7%90%86 HTTP/1.1" 200 31929
192.168.11.69 - - [21/Oct/2023:08:37:33 +0800] "POST /eHR/ess/redirect.php?scriptname=ESNE001&appdesc=%E6%89%B9%E9%87%8F%E5%8A%A0%E7%8F%AD%E7%94%B3%E8%AF%B7 HTTP/1.1" 200 4061 "http://192.168.1.83:8088/eHR/ess/redirect.php?scriptname=ESNE001&appdesc=%E6%89%B9%E9%87%8F%E5%8A%A0%E7%8F%AD%E7%94%B3%E8%AF%B7" "Mozilla/5.0 (Windows NT 6.1; Win64; x64) AppleWebKit/537.36 (KHTML, like Gecko) Chrome/105.0.0.0 Safari/537.36"
192.168.11.69 - - [21/Oct/2023:08:37:33 +0800] "POST /eHR/ess/redirect.php?scriptname=ESNE001&appdesc=%E6%89%B9%E9%87%8F%E5%8A%A0%E7%8F%AD%E7%94%B3%E8%AF%B7 HTTP/1.1" 200 4061
192.168.11.69 - - [21/Oct/2023:08:37:36 +0800] "GET /eHR/ess/redirect.php?scriptname=ESNE001&appdesc=%E6%89%B9%E9%87%8F%E5%8A%A0%E7%8F%AD%E7%94%B3%E8%AF%B7 HTTP/1.1" 200 15271 "http://192.168.1.83:8088/eHR/ess/redirect.php" "Mozilla/5.0 (Windows NT 6.1; Win64; x64) AppleWebKit/537.36 (KHTML, like Gecko) Chrome/105.0.0.0 Safari/537.36"
192.168.11.69 - - [21/Oct/2023:08:37:36 +0800] "GET /eHR/ess/redirect.php?scriptname=ESNE001&appdesc=%E6%89%B9%E9%87%8F%E5%8A%A0%E7%8F%AD%E7%94%B3%E8%AF%B7 HTTP/1.1" 200 15271
192.168.11.104 - - [21/Oct/2023:08:37:36 +0800] "GET /eHR/ess/redirect.php?scriptname=assistant_leave_apply_search&dept_seqno=3935&flowstatus=01&whoami=admin HTTP/1.1" 200 50966
192.168.11.104 - - [21/Oct/2023:08:37:36 +0800] "GET /eHR/ess/redirect.php?scriptname=assistant_leave_apply_search&dept_seqno=3935&flowstatus=01&whoami=admin HTTP/1.1" 200 50966 "http://192.168.1.83:8088/eHR/ess/redirect.php?scriptname=ESNF000&appdesc=%E6%B5%81%E7%A8%8B%E7%AE%A1%E7%90%86" "Mozilla/5.0 (Windows NT 10.0; Win64; x64) AppleWebKit/537.36 (KHTML, like Gecko) Chrome/118.0.0.0 Safari/537.36 Edg/118.0.2088.57"
192.168.11.104 - - [21/Oct/2023:08:37:37 +0800] "GET /eHR/ess/redirect.php?scriptname=assistant_leave_apply_search&dept_seqno=3935&flowstatus=01&whoami=admin HTTP/1.1" 200 57393 "http://192.168.1.83:8088/eHR/ess/redirect.php?scriptname=ESNF000&appdesc=%E6%B5%81%E7%A8%8B%E7%AE%A1%E7%90%86" "Mozilla/5.0 (Windows NT 10.0; Win64; x64) AppleWebKit/537.36 (KHTML, like Gecko) Chrome/118.0.0.0 Safari/537.36 Edg/118.0.2088.57"
192.168.11.104 - - [21/Oct/2023:08:37:37 +0800] "GET /eHR/ess/redirect.php?scriptname=assistant_leave_apply_search&dept_seqno=3935&flowstatus=01&whoami=admin HTTP/1.1" 200 57393
192.168.11.156 - - [21/Oct/2023:08:37:39 +0800] "POST /eHR/ess/redirect.php?scriptname=ajax_overtime&do=GetOverTime HTTP/1.1" 200 28 "http://192.168.1.83:8088/eHR/ess/redirect.php?scriptname=ESNA014&appdesc=%E5%8A%A0%E7%8F%AD%E7%94%B3%E8%AF%B7" "Mozilla/5.0 (Windows NT 10.0; Win64; x64) AppleWebKit/537.36 (KHTML, like Gecko) Chrome/118.0.0.0 Safari/537.36 Edg/118.0.2088.57"
192.168.11.156 - - [21/Oct/2023:08:37:39 +0800] "POST /eHR/ess/redirect.php?scriptname=ajax_overtime&do=GetOverTime HTTP/1.1" 200 28
192.168.11.104 - - [21/Oct/2023:08:37:39 +0800] "POST /eHR/ess/redirect.php?scriptname=view_flowchart&action=viewflowchart&apply_type=absence&flow_seqno=97391 HTTP/1.1" 200 5215
192.168.11.104 - - [21/Oct/2023:08:37:39 +0800] "POST /eHR/ess/redirect.php?scriptname=view_flowchart&action=viewflowchart&apply_type=absence&flow_seqno=97391 HTTP/1.1" 200 5215 "http://192.168.1.83:8088/eHR/ess/redirect.php" "Mozilla/5.0 (Windows NT 10.0; Win64; x64) AppleWebKit/537.36 (KHTML, like Gecko) Chrome/118.0.0.0 Safari/537.36 Edg/118.0.2088.57"
192.168.11.156 - - [21/Oct/2023:08:37:43 +0800] "POST /eHR/ess/redirect.php?scriptname=ajax_overtime&do=GetOverTime HTTP/1.1" 200 28 "http://192.168.1.83:8088/eHR/ess/redirect.php?scriptname=ESNA014&appdesc=%E5%8A%A0%E7%8F%AD%E7%94%B3%E8%AF%B7" "Mozilla/5.0 (Windows NT 10.0; Win64; x64) AppleWebKit/537.36 (KHTML, like Gecko) Chrome/118.0.0.0 Safari/537.36 Edg/118.0.2088.57"
192.168.11.156 - - [21/Oct/2023:08:37:43 +0800] "POST /eHR/ess/redirect.php?scriptname=ajax_overtime&do=GetOverTime HTTP/1.1" 200 28
192.168.11.104 - - [21/Oct/2023:08:37:44 +0800] "GET /eHR/ess/redirect.php?scriptname=ESNF000&appdesc=%E6%B5%81%E7%A8%8B%E7%AE%A1%E7%90%86 HTTP/1.1" 200 31929 "http://192.168.1.83:8088/eHR/ess/redirect.php" "Mozilla/5.0 (Windows NT 10.0; Win64; x64) AppleWebKit/537.36 (KHTML, like Gecko) Chrome/118.0.0.0 Safari/537.36 Edg/118.0.2088.57"
192.168.11.104 - - [21/Oct/2023:08:37:44 +0800] "GET /eHR/ess/redirect.php?scriptname=ESNF000&appdesc=%E6%B5%81%E7%A8%8B%E7%AE%A1%E7%90%86 HTTP/1.1" 200 31929
192.168.11.156 - - [21/Oct/2023:08:37:48 +0800] "POST /eHR/ess/redirect.php?scriptname=ajax_overtime&do=GetOverTime HTTP/1.1" 200 30 "http://192.168.1.83:8088/eHR/ess/redirect.php?scriptname=ESNA014&appdesc=%E5%8A%A0%E7%8F%AD%E7%94%B3%E8%AF%B7" "Mozilla/5.0 (Windows NT 10.0; Win64; x64) AppleWebKit/537.36 (KHTML, like Gecko) Chrome/118.0.0.0 Safari/537.36 Edg/118.0.2088.57"
192.168.11.156 - - [21/Oct/2023:08:37:48 +0800] "POST /eHR/ess/redirect.php?scriptname=ajax_overtime&do=GetOverTime HTTP/1.1" 200 30
192.168.11.226 - - [21/Oct/2023:08:37:48 +0800] "GET /eHR/ess/redirect.php HTTP/1.1" 302 121 "-" "Mozilla/5.0 (Windows NT 6.2; Win64; x64) AppleWebKit/537.36 (KHTML, like Gecko) Chrome/105.0.0.0 Safari/537.36"
192.168.11.226 - - [21/Oct/2023:08:37:48 +0800] "GET /eHR/ess/redirect.php HTTP/1.1" 302 121
192.168.11.226 - - [21/Oct/2023:08:37:48 +0800] "GET /eHR/ess/index.php?action=logout HTTP/1.1" 200 8826 "-" "Mozilla/5.0 (Windows NT 6.2; Win64; x64) AppleWebKit/537.36 (KHTML, like Gecko) Chrome/105.0.0.0 Safari/537.36"
192.168.11.226 - - [21/Oct/2023:08:37:48 +0800] "GET /eHR/ess/index.php?action=logout HTTP/1.1" 200 8826
192.168.11.156 - - [21/Oct/2023:08:37:50 +0800] "POST /eHR/ess/redirect.php?scriptname=ESNA014&appdesc=%E5%8A%A0%E7%8F%AD%E7%94%B3%E8%AF%B7 HTTP/1.1" 302 - "http://192.168.1.83:8088/eHR/ess/redirect.php?scriptname=ESNA014&appdesc=%E5%8A%A0%E7%8F%AD%E7%94%B3%E8%AF%B7" "Mozilla/5.0 (Windows NT 10.0; Win64; x64) AppleWebKit/537.36 (KHTML, like Gecko) Chrome/118.0.0.0 Safari/537.36 Edg/118.0.2088.57"
192.168.11.156 - - [21/Oct/2023:08:37:50 +0800] "POST /eHR/ess/redirect.php?scriptname=ESNA014&appdesc=%E5%8A%A0%E7%8F%AD%E7%94%B3%E8%AF%B7 HTTP/1.1" 302 -
192.168.11.156 - - [21/Oct/2023:08:37:50 +0800] "GET /eHR/ess/redirect.php?scriptname=page_success&msgtxt=%E5%8A%A0%E7%8F%AD%E7%94%B3%E8%AF%B7%E6%8F%90%E4%BA%A4%E6%88%90%E5%8A%9F%2C%E8%AF%B7%E7%AD%89%E5%BE%85%E4%B8%BB%E7%AE%A1%E7%AD%BE%E6%A0%B8.&target=iframe HTTP/1.1" 200 3112 "http://192.168.1.83:8088/eHR/ess/redirect.php?scriptname=ESNA014&appdesc=%E5%8A%A0%E7%8F%AD%E7%94%B3%E8%AF%B7" "Mozilla/5.0 (Windows NT 10.0; Win64; x64) AppleWebKit/537.36 (KHTML, like Gecko) Chrome/118.0.0.0 Safari/537.36 Edg/118.0.2088.57"
192.168.11.156 - - [21/Oct/2023:08:37:50 +0800] "GET /eHR/ess/redirect.php?scriptname=page_success&msgtxt=%E5%8A%A0%E7%8F%AD%E7%94%B3%E8%AF%B7%E6%8F%90%E4%BA%A4%E6%88%90%E5%8A%9F%2C%E8%AF%B7%E7%AD%89%E5%BE%85%E4%B8%BB%E7%AE%A1%E7%AD%BE%E6%A0%B8.&target=iframe HTTP/1.1" 200 3112
192.168.11.156 - - [21/Oct/2023:08:37:52 +0800] "GET /eHR/ess/redirect.php?scriptname=ESNA014&appdesc=%E5%8A%A0%E7%8F%AD%E7%94%B3%E8%AF%B7 HTTP/1.1" 200 12800 "http://192.168.1.83:8088/eHR/ess/redirect.php" "Mozilla/5.0 (Windows NT 10.0; Win64; x64) AppleWebKit/537.36 (KHTML, like Gecko) Chrome/118.0.0.0 Safari/537.36 Edg/118.0.2088.57"
192.168.11.156 - - [21/Oct/2023:08:37:52 +0800] "GET /eHR/ess/redirect.php?scriptname=ESNA014&appdesc=%E5%8A%A0%E7%8F%AD%E7%94%B3%E8%AF%B7 HTTP/1.1" 200 12800
192.168.11.156 - - [21/Oct/2023:08:37:53 +0800] "POST /eHR/ess/redirect.php?scriptname=ajax_overtime&do=GetOverTime HTTP/1.1" 200 28 "http://192.168.1.83:8088/eHR/ess/redirect.php?scriptname=ESNA014&appdesc=%E5%8A%A0%E7%8F%AD%E7%94%B3%E8%AF%B7" "Mozilla/5.0 (Windows NT 10.0; Win64; x64) AppleWebKit/537.36 (KHTML, like Gecko) Chrome/118.0.0.0 Safari/537.36 Edg/118.0.2088.57"
192.168.11.156 - - [21/Oct/2023:08:37:53 +0800] "POST /eHR/ess/redirect.php?scriptname=ajax_overtime&do=GetOverTime HTTP/1.1" 200 28
192.168.11.226 - - [21/Oct/2023:08:37:52 +0800] "POST /eHR/ess/includes/login.php HTTP/1.1" 302 - "http://192.168.1.83:8088/eHR/ess/index.php?action=logout" "Mozilla/5.0 (Windows NT 6.2; Win64; x64) AppleWebKit/537.36 (KHTML, like Gecko) Chrome/105.0.0.0 Safari/537.36"
192.168.11.226 - - [21/Oct/2023:08:37:52 +0800] "POST /eHR/ess/includes/login.php HTTP/1.1" 302 -
192.168.11.226 - - [21/Oct/2023:08:37:57 +0800] "GET /eHR/ess/redirect.php HTTP/1.1" 200 8929 "http://192.168.1.83:8088/eHR/ess/index.php?action=logout" "Mozilla/5.0 (Windows NT 6.2; Win64; x64) AppleWebKit/537.36 (KHTML, like Gecko) Chrome/105.0.0.0 Safari/537.36"
192.168.11.226 - - [21/Oct/2023:08:37:57 +0800] "GET /eHR/ess/redirect.php HTTP/1.1" 200 8929
192.168.11.226 - - [21/Oct/2023:08:37:57 +0800] "GET /eHR/ess/redirect.php?scriptname=ESNH000 HTTP/1.1" 200 9918
192.168.11.226 - - [21/Oct/2023:08:37:57 +0800] "GET /eHR/ess/redirect.php?scriptname=ESNH000 HTTP/1.1" 200 9918 "http://192.168.1.83:8088/eHR/ess/redirect.php" "Mozilla/5.0 (Windows NT 6.2; Win64; x64) AppleWebKit/537.36 (KHTML, like Gecko) Chrome/105.0.0.0 Safari/537.36"
192.168.11.226 - - [21/Oct/2023:08:38:03 +0800] "GET /eHR/ess/redirect.php?scriptname=ESNE001&appdesc=%E6%89%B9%E9%87%8F%E5%8A%A0%E7%8F%AD%E7%94%B3%E8%AF%B7 HTTP/1.1" 200 15271 "http://192.168.1.83:8088/eHR/ess/redirect.php" "Mozilla/5.0 (Windows NT 6.2; Win64; x64) AppleWebKit/537.36 (KHTML, like Gecko) Chrome/105.0.0.0 Safari/537.36"
192.168.11.226 - - [21/Oct/2023:08:38:03 +0800] "GET /eHR/ess/redirect.php?scriptname=ESNE001&appdesc=%E6%89%B9%E9%87%8F%E5%8A%A0%E7%8F%AD%E7%94%B3%E8%AF%B7 HTTP/1.1" 200 15271
192.168.11.156 - - [21/Oct/2023:08:38:05 +0800] "POST /eHR/ess/redirect.php?scriptname=ajax_overtime&do=GetOverTime HTTP/1.1" 200 30 "http://192.168.1.83:8088/eHR/ess/redirect.php?scriptname=ESNA014&appdesc=%E5%8A%A0%E7%8F%AD%E7%94%B3%E8%AF%B7" "Mozilla/5.0 (Windows NT 10.0; Win64; x64) AppleWebKit/537.36 (KHTML, like Gecko) Chrome/118.0.0.0 Safari/537.36 Edg/118.0.2088.57"
192.168.11.156 - - [21/Oct/2023:08:38:05 +0800] "POST /eHR/ess/redirect.php?scriptname=ajax_overtime&do=GetOverTime HTTP/1.1" 200 30
192.168.11.156 - - [21/Oct/2023:08:38:13 +0800] "POST /eHR/ess/redirect.php?scriptname=ajax_overtime&do=GetOverTime HTTP/1.1" 200 28 "http://192.168.1.83:8088/eHR/ess/redirect.php?scriptname=ESNA014&appdesc=%E5%8A%A0%E7%8F%AD%E7%94%B3%E8%AF%B7" "Mozilla/5.0 (Windows NT 10.0; Win64; x64) AppleWebKit/537.36 (KHTML, like Gecko) Chrome/118.0.0.0 Safari/537.36 Edg/118.0.2088.57"
192.168.11.156 - - [21/Oct/2023:08:38:13 +0800] "POST /eHR/ess/redirect.php?scriptname=ajax_overtime&do=GetOverTime HTTP/1.1" 200 28
192.168.11.156 - - [21/Oct/2023:08:38:14 +0800] "POST /eHR/ess/redirect.php?scriptname=ESNA014&appdesc=%E5%8A%A0%E7%8F%AD%E7%94%B3%E8%AF%B7 HTTP/1.1" 302 - "http://192.168.1.83:8088/eHR/ess/redirect.php?scriptname=ESNA014&appdesc=%E5%8A%A0%E7%8F%AD%E7%94%B3%E8%AF%B7" "Mozilla/5.0 (Windows NT 10.0; Win64; x64) AppleWebKit/537.36 (KHTML, like Gecko) Chrome/118.0.0.0 Safari/537.36 Edg/118.0.2088.57"
192.168.11.156 - - [21/Oct/2023:08:38:14 +0800] "POST /eHR/ess/redirect.php?scriptname=ESNA014&appdesc=%E5%8A%A0%E7%8F%AD%E7%94%B3%E8%AF%B7 HTTP/1.1" 302 -
192.168.11.156 - - [21/Oct/2023:08:38:15 +0800] "GET /eHR/ess/redirect.php?scriptname=page_error&msgtxt=++%E4%B8%8E%E5%B7%B2%E6%9C%89%E5%8A%A0%E7%8F%AD%E8%B5%84%E6%96%99%E5%86%B2%E7%AA%81%2C+%E8%AF%B7%E9%87%8D%E6%96%B0%E8%BE%93%E5%85%A5%EF%BC%81&target=iframe HTTP/1.1" 200 3099
192.168.11.156 - - [21/Oct/2023:08:38:15 +0800] "GET /eHR/ess/redirect.php?scriptname=page_error&msgtxt=++%E4%B8%8E%E5%B7%B2%E6%9C%89%E5%8A%A0%E7%8F%AD%E8%B5%84%E6%96%99%E5%86%B2%E7%AA%81%2C+%E8%AF%B7%E9%87%8D%E6%96%B0%E8%BE%93%E5%85%A5%EF%BC%81&target=iframe HTTP/1.1" 200 3099 "http://192.168.1.83:8088/eHR/ess/redirect.php?scriptname=ESNA014&appdesc=%E5%8A%A0%E7%8F%AD%E7%94%B3%E8%AF%B7" "Mozilla/5.0 (Windows NT 10.0; Win64; x64) AppleWebKit/537.36 (KHTML, like Gecko) Chrome/118.0.0.0 Safari/537.36 Edg/118.0.2088.57"
192.168.40.100 - - [21/Oct/2023:08:38:15 +0800] "POST /ehr/mgr/redirect.php?scriptname=leave_approve&key=53A48BD976E12DBD487F3660E3324AFCA7690CA46F0CCF40380592A37CDF699054371A70236DED4AA45D5CFC1E19BB00 HTTP/1.1" 200 4218 "http://192.168.1.83:8088/ehr/mgr/redirect.php?scriptname=leave_approve&key=53A48BD976E12DBD487F3660E3324AFCA7690CA46F0CCF40380592A37CDF699054371A70236DED4AA45D5CFC1E19BB00" "Mozilla/5.0 (Windows NT 6.2; Win64; x64) AppleWebKit/537.36 (KHTML, like Gecko) Chrome/105.0.0.0 Safari/537.36"
192.168.40.100 - - [21/Oct/2023:08:38:15 +0800] "POST /ehr/mgr/redirect.php?scriptname=leave_approve&key=53A48BD976E12DBD487F3660E3324AFCA7690CA46F0CCF40380592A37CDF699054371A70236DED4AA45D5CFC1E19BB00 HTTP/1.1" 200 4218
192.168.11.226 - - [21/Oct/2023:08:38:16 +0800] "GET /eHR/ess/redirect.php?scriptname=emp_lov&openW=Y&rand=0.331421902884083 HTTP/1.1" 200 52252 "http://192.168.1.83:8088/eHR/ess/redirect.php?scriptname=ESNE001&appdesc=%E6%89%B9%E9%87%8F%E5%8A%A0%E7%8F%AD%E7%94%B3%E8%AF%B7" "Mozilla/5.0 (Windows NT 6.2; Win64; x64) AppleWebKit/537.36 (KHTML, like Gecko) Chrome/105.0.0.0 Safari/537.36"
192.168.11.226 - - [21/Oct/2023:08:38:16 +0800] "GET /eHR/ess/redirect.php?scriptname=emp_lov&openW=Y&rand=0.331421902884083 HTTP/1.1" 200 52252
192.168.11.156 - - [21/Oct/2023:08:38:18 +0800] "GET /eHR/ess/redirect.php?scriptname=ESNA014&appdesc=%E5%8A%A0%E7%8F%AD%E7%94%B3%E8%AF%B7 HTTP/1.1" 200 12800 "http://192.168.1.83:8088/eHR/ess/redirect.php" "Mozilla/5.0 (Windows NT 10.0; Win64; x64) AppleWebKit/537.36 (KHTML, like Gecko) Chrome/118.0.0.0 Safari/537.36 Edg/118.0.2088.57"
192.168.11.156 - - [21/Oct/2023:08:38:18 +0800] "GET /eHR/ess/redirect.php?scriptname=ESNA014&appdesc=%E5%8A%A0%E7%8F%AD%E7%94%B3%E8%AF%B7 HTTP/1.1" 200 12800
192.168.11.156 - - [21/Oct/2023:08:38:19 +0800] "POST /eHR/ess/redirect.php?scriptname=ajax_overtime&do=GetOverTime HTTP/1.1" 200 28 "http://192.168.1.83:8088/eHR/ess/redirect.php?scriptname=ESNA014&appdesc=%E5%8A%A0%E7%8F%AD%E7%94%B3%E8%AF%B7" "Mozilla/5.0 (Windows NT 10.0; Win64; x64) AppleWebKit/537.36 (KHTML, like Gecko) Chrome/118.0.0.0 Safari/537.36 Edg/118.0.2088.57"
192.168.11.156 - - [21/Oct/2023:08:38:19 +0800] "POST /eHR/ess/redirect.php?scriptname=ajax_overtime&do=GetOverTime HTTP/1.1" 200 28
192.168.11.226 - - [21/Oct/2023:08:38:20 +0800] "POST /eHR/ess/redirect.php?scriptname=emp_lov&openW=Y&rand=0.331421902884083 HTTP/1.1" 200 54432 "http://192.168.1.83:8088/eHR/ess/redirect.php?scriptname=emp_lov&openW=Y&rand=0.331421902884083" "Mozilla/5.0 (Windows NT 6.2; Win64; x64) AppleWebKit/537.36 (KHTML, like Gecko) Chrome/105.0.0.0 Safari/537.36"
192.168.11.226 - - [21/Oct/2023:08:38:20 +0800] "POST /eHR/ess/redirect.php?scriptname=emp_lov&openW=Y&rand=0.331421902884083 HTTP/1.1" 200 54432
192.168.11.226 - - [21/Oct/2023:08:38:27 +0800] "POST /eHR/ess/redirect.php?scriptname=ESNE001&appdesc=%E6%89%B9%E9%87%8F%E5%8A%A0%E7%8F%AD%E7%94%B3%E8%AF%B7 HTTP/1.1" 200 4072 "http://192.168.1.83:8088/eHR/ess/redirect.php?scriptname=ESNE001&appdesc=%E6%89%B9%E9%87%8F%E5%8A%A0%E7%8F%AD%E7%94%B3%E8%AF%B7" "Mozilla/5.0 (Windows NT 6.2; Win64; x64) AppleWebKit/537.36 (KHTML, like Gecko) Chrome/105.0.0.0 Safari/537.36"
192.168.11.226 - - [21/Oct/2023:08:38:27 +0800] "POST /eHR/ess/redirect.php?scriptname=ESNE001&appdesc=%E6%89%B9%E9%87%8F%E5%8A%A0%E7%8F%AD%E7%94%B3%E8%AF%B7 HTTP/1.1" 200 4072
183.56.197.174 - - [21/Oct/2023:08:38:28 +0800] "GET /Apache%20Software%20Foundation/php-5.2.14-Win32/pws-php5isapi.reg HTTP/1.1" 200 139 "https://www.baidu.com/link" "Mozilla/5.0 (X11; Linux x86_64) AppleWebKit/537.36 (KHTML, like Gecko) Chrome/83.0.4103.106 Safari/537.36"
183.56.197.174 - - [21/Oct/2023:08:38:28 +0800] "GET /Apache%20Software%20Foundation/php-5.2.14-Win32/pws-php5isapi.reg HTTP/1.1" 200 139
183.56.197.174 - - [21/Oct/2023:08:38:28 +0800] "GET /Apache%20Software%20Foundation/php-5.2.14-Win32/go-pear.bat HTTP/1.1" 200 90 "https://www.baidu.com/link" "Mozilla/5.0 (X11; Linux x86_64) AppleWebKit/537.36 (KHTML, like Gecko) Chrome/83.0.4103.106 Safari/537.36"
183.56.197.174 - - [21/Oct/2023:08:38:28 +0800] "GET /Apache%20Software%20Foundation/php-5.2.14-Win32/go-pear.bat HTTP/1.1" 200 90
183.56.197.174 - - [21/Oct/2023:08:38:28 +0800] "GET /Apache%20Software%20Foundation/php-5.2.14-Win32/pws-php5cgi.reg HTTP/1.1" 200 135 "https://www.baidu.com/link" "Mozilla/5.0 (X11; Linux x86_64) AppleWebKit/537.36 (KHTML, like Gecko) Chrome/83.0.4103.106 Safari/537.36"
183.56.197.174 - - [21/Oct/2023:08:38:28 +0800] "GET /Apache%20Software%20Foundation/php-5.2.14-Win32/pws-php5cgi.reg HTTP/1.1" 200 135
183.56.197.174 - - [21/Oct/2023:08:38:28 +0800] "GET /Apache%20Software%20Foundation/php-5.2.14-Win32/extras/ HTTP/1.1" 200 526
183.56.197.174 - - [21/Oct/2023:08:38:28 +0800] "GET /Apache%20Software%20Foundation/php-5.2.14-Win32/extras/ HTTP/1.1" 200 526 "https://www.baidu.com/link" "Mozilla/5.0 (X11; Linux x86_64) AppleWebKit/537.36 (KHTML, like Gecko) Chrome/83.0.4103.106 Safari/537.36"
183.56.197.174 - - [21/Oct/2023:08:38:29 +0800] "GET /Apache%20Software%20Foundation/php-5.2.14-Win32/license.txt HTTP/1.1" 200 3286
183.56.197.174 - - [21/Oct/2023:08:38:29 +0800] "GET /Apache%20Software%20Foundation/php-5.2.14-Win32/license.txt HTTP/1.1" 200 3286 "https://www.baidu.com/link" "Mozilla/5.0 (X11; Linux x86_64) AppleWebKit/537.36 (KHTML, like Gecko) Chrome/83.0.4103.106 Safari/537.36"
183.56.197.174 - - [21/Oct/2023:08:38:29 +0800] "GET /Apache%20Software%20Foundation/php-5.2.14-Win32/snapshot.txt HTTP/1.1" 200 1992 "https://www.baidu.com/link" "Mozilla/5.0 (X11; Linux x86_64) AppleWebKit/537.36 (KHTML, like Gecko) Chrome/83.0.4103.106 Safari/537.36"
183.56.197.174 - - [21/Oct/2023:08:38:29 +0800] "GET /Apache%20Software%20Foundation/php-5.2.14-Win32/snapshot.txt HTTP/1.1" 200 1992
183.56.197.174 - - [21/Oct/2023:08:38:28 +0800] "GET /Apache%20Software%20Foundation/php-5.2.14-Win32/php5nsapi.dll HTTP/1.1" 200 28752 "https://www.baidu.com/link" "Mozilla/5.0 (X11; Linux x86_64) AppleWebKit/537.36 (KHTML, like Gecko) Chrome/83.0.4103.106 Safari/537.36"
183.56.197.174 - - [21/Oct/2023:08:38:28 +0800] "GET /Apache%20Software%20Foundation/php-5.2.14-Win32/php5nsapi.dll HTTP/1.1" 200 28752
183.56.197.174 - - [21/Oct/2023:08:38:28 +0800] "GET /Apache%20Software%20Foundation/php-5.2.14-Win32/msql.dll HTTP/1.1" 200 57344
183.56.197.174 - - [21/Oct/2023:08:38:28 +0800] "GET /Apache%20Software%20Foundation/php-5.2.14-Win32/msql.dll HTTP/1.1" 200 57344 "https://www.baidu.com/link" "Mozilla/5.0 (X11; Linux x86_64) AppleWebKit/537.36 (KHTML, like Gecko) Chrome/83.0.4103.106 Safari/537.36"
183.56.197.174 - - [21/Oct/2023:08:38:28 +0800] "GET /Apache%20Software%20Foundation/php-5.2.14-Win32/gds32.dll HTTP/1.1" 200 346624
183.56.197.174 - - [21/Oct/2023:08:38:28 +0800] "GET /Apache%20Software%20Foundation/php-5.2.14-Win32/gds32.dll HTTP/1.1" 200 346624 "https://www.baidu.com/link" "Mozilla/5.0 (X11; Linux x86_64) AppleWebKit/537.36 (KHTML, like Gecko) Chrome/83.0.4103.106 Safari/537.36"
183.56.197.174 - - [21/Oct/2023:08:38:29 +0800] "GET /Apache%20Software%20Foundation/php-5.2.14-Win32/libmysql.dll HTTP/1.1" 200 2076672 "https://www.baidu.com/link" "Mozilla/5.0 (X11; Linux x86_64) AppleWebKit/537.36 (KHTML, like Gecko) Chrome/83.0.4103.106 Safari/537.36"
183.56.197.174 - - [21/Oct/2023:08:38:29 +0800] "GET /Apache%20Software%20Foundation/php-5.2.14-Win32/libmysql.dll HTTP/1.1" 200 2076672
192.168.11.156 - - [21/Oct/2023:08:38:32 +0800] "POST /eHR/ess/redirect.php?scriptname=ajax_overtime&do=GetOverTime HTTP/1.1" 200 28 "http://192.168.1.83:8088/eHR/ess/redirect.php?scriptname=ESNA014&appdesc=%E5%8A%A0%E7%8F%AD%E7%94%B3%E8%AF%B7" "Mozilla/5.0 (Windows NT 10.0; Win64; x64) AppleWebKit/537.36 (KHTML, like Gecko) Chrome/118.0.0.0 Safari/537.36 Edg/118.0.2088.57"
192.168.11.156 - - [21/Oct/2023:08:38:32 +0800] "POST /eHR/ess/redirect.php?scriptname=ajax_overtime&do=GetOverTime HTTP/1.1" 200 28
192.168.11.104 - - [21/Oct/2023:08:38:38 +0800] "GET /eHR/ess/redirect.php?scriptname=ESNA015&appdesc=%E5%8A%A0%E7%8F%AD%E7%94%B3%E8%AB%8B%E6%9F%A5%E8%A9%A2 HTTP/1.1" 200 6457 "http://192.168.1.83:8088/eHR/ess/redirect.php" "Mozilla/5.0 (Windows NT 10.0; Win64; x64) AppleWebKit/537.36 (KHTML, like Gecko) Chrome/118.0.0.0 Safari/537.36 Edg/118.0.2088.57"
192.168.11.104 - - [21/Oct/2023:08:38:38 +0800] "GET /eHR/ess/redirect.php?scriptname=ESNA015&appdesc=%E5%8A%A0%E7%8F%AD%E7%94%B3%E8%AB%8B%E6%9F%A5%E8%A9%A2 HTTP/1.1" 200 6457
192.168.11.104 - - [21/Oct/2023:08:38:39 +0800] "GET /eHR/ess/redirect.php?scriptname=ESNH000 HTTP/1.1" 200 9918 "http://192.168.1.83:8088/eHR/ess/redirect.php" "Mozilla/5.0 (Windows NT 10.0; Win64; x64) AppleWebKit/537.36 (KHTML, like Gecko) Chrome/118.0.0.0 Safari/537.36 Edg/118.0.2088.57"
192.168.11.104 - - [21/Oct/2023:08:38:39 +0800] "GET /eHR/ess/redirect.php?scriptname=ESNH000 HTTP/1.1" 200 9918
192.168.40.100 - - [21/Oct/2023:08:38:39 +0800] "GET /ehr/mgr/batchapprove.php?key=C053943D816DA167E8A6FD703EC9A834DE48E7813C451A8A24F3A4C7C0265D8D468A7AD8D1A0D0CE8FC1AF48EB323D5F HTTP/1.1" 302 -
192.168.40.100 - - [21/Oct/2023:08:38:39 +0800] "GET /ehr/mgr/batchapprove.php?key=C053943D816DA167E8A6FD703EC9A834DE48E7813C451A8A24F3A4C7C0265D8D468A7AD8D1A0D0CE8FC1AF48EB323D5F HTTP/1.1" 302 - "-" "Mozilla/5.0 (Windows NT 6.2; Win64; x64) AppleWebKit/537.36 (KHTML, like Gecko) Chrome/105.0.0.0 Safari/537.36"
192.168.40.100 - - [21/Oct/2023:08:38:39 +0800] "GET /ehr/mgr/redirect.php?scriptname=overtime_approve&key=C053943D816DA167E8A6FD703EC9A834DE48E7813C451A8A24F3A4C7C0265D8D468A7AD8D1A0D0CE8FC1AF48EB323D5F HTTP/1.1" 200 47189 "-" "Mozilla/5.0 (Windows NT 6.2; Win64; x64) AppleWebKit/537.36 (KHTML, like Gecko) Chrome/105.0.0.0 Safari/537.36"
192.168.40.100 - - [21/Oct/2023:08:38:39 +0800] "GET /ehr/mgr/redirect.php?scriptname=overtime_approve&key=C053943D816DA167E8A6FD703EC9A834DE48E7813C451A8A24F3A4C7C0265D8D468A7AD8D1A0D0CE8FC1AF48EB323D5F HTTP/1.1" 200 47189
192.168.11.104 - - [21/Oct/2023:08:38:40 +0800] "GET /eHR/ess/index.php?lang=ZHT HTTP/1.1" 200 8829
192.168.11.104 - - [21/Oct/2023:08:38:40 +0800] "GET /eHR/ess/index.php?lang=ZHT HTTP/1.1" 200 8829 "http://192.168.1.83:8088/eHR/ess/index.php?action=logout" "Mozilla/5.0 (Windows NT 10.0; Win64; x64) AppleWebKit/537.36 (KHTML, like Gecko) Chrome/118.0.0.0 Safari/537.36 Edg/118.0.2088.57"
192.168.11.226 - - [21/Oct/2023:08:38:43 +0800] "GET /eHR/ess/redirect.php?scriptname=ESNE003&appdesc=%E6%89%B9%E9%87%8F%E5%8A%A0%E7%8F%AD%E6%9F%A5%E8%AF%A2 HTTP/1.1" 200 51185 "http://192.168.1.83:8088/eHR/ess/redirect.php" "Mozilla/5.0 (Windows NT 6.2; Win64; x64) AppleWebKit/537.36 (KHTML, like Gecko) Chrome/105.0.0.0 Safari/537.36"
192.168.11.226 - - [21/Oct/2023:08:38:43 +0800] "GET /eHR/ess/redirect.php?scriptname=ESNE003&appdesc=%E6%89%B9%E9%87%8F%E5%8A%A0%E7%8F%AD%E6%9F%A5%E8%AF%A2 HTTP/1.1" 200 51185
192.168.40.100 - - [21/Oct/2023:08:38:57 +0800] "POST /ehr/mgr/redirect.php?scriptname=overtime_approve&key=C053943D816DA167E8A6FD703EC9A834DE48E7813C451A8A24F3A4C7C0265D8D468A7AD8D1A0D0CE8FC1AF48EB323D5F HTTP/1.1" 302 128
192.168.40.100 - - [21/Oct/2023:08:38:57 +0800] "POST /ehr/mgr/redirect.php?scriptname=overtime_approve&key=C053943D816DA167E8A6FD703EC9A834DE48E7813C451A8A24F3A4C7C0265D8D468A7AD8D1A0D0CE8FC1AF48EB323D5F HTTP/1.1" 302 128 "http://192.168.1.83:8088/ehr/mgr/redirect.php?scriptname=overtime_approve&key=C053943D816DA167E8A6FD703EC9A834DE48E7813C451A8A24F3A4C7C0265D8D468A7AD8D1A0D0CE8FC1AF48EB323D5F" "Mozilla/5.0 (Windows NT 6.2; Win64; x64) AppleWebKit/537.36 (KHTML, like Gecko) Chrome/105.0.0.0 Safari/537.36"
192.168.40.100 - - [21/Oct/2023:08:38:57 +0800] "GET /ehr/mgr/redirect.php?scriptname=page_success&msgtxt=%E6%82%A8%E7%9A%84%E7%B0%BD%E6%A0%B8%EF%BC%8C%E5%B7%B2%E6%88%90%E5%8A%9F%E6%8F%90%E4%BA%A4%E5%88%B0%E5%BE%8C%E5%8F%B0%E8%99%95%E7%90%86.%3Cbr%3E%E6%82%A8%E5%8F%AF%E4%BB%A5%E7%82%B9%3Ca+href%3D%22..%2Fess%2Fredirect.php%3Fscriptname%3DESNH100%26requestno%3D118541%22%3E%E9%80%99%E8%A3%A1%3C%2Fa%3E%E6%9F%A5%E7%9C%8B%E7%B0%BD%E6%A0%B8%E7%B5%90%E6%9E%9C%E3%80%82%3Cbr%3E%E6%89%B9%E6%AC%A1%E8%99%9F%3A118541&target=iframe HTTP/1.1" 302 108 "http://192.168.1.83:8088/ehr/mgr/redirect.php?scriptname=overtime_approve&key=C053943D816DA167E8A6FD703EC9A834DE48E7813C451A8A24F3A4C7C0265D8D468A7AD8D1A0D0CE8FC1AF48EB323D5F" "Mozilla/5.0 (Windows NT 6.2; Win64; x64) AppleWebKit/537.36 (KHTML, like Gecko) Chrome/105.0.0.0 Safari/537.36"
192.168.40.100 - - [21/Oct/2023:08:38:57 +0800] "GET /ehr/mgr/redirect.php?scriptname=page_success&msgtxt=%E6%82%A8%E7%9A%84%E7%B0%BD%E6%A0%B8%EF%BC%8C%E5%B7%B2%E6%88%90%E5%8A%9F%E6%8F%90%E4%BA%A4%E5%88%B0%E5%BE%8C%E5%8F%B0%E8%99%95%E7%90%86.%3Cbr%3E%E6%82%A8%E5%8F%AF%E4%BB%A5%E7%82%B9%3Ca+href%3D%22..%2Fess%2Fredirect.php%3Fscriptname%3DESNH100%26requestno%3D118541%22%3E%E9%80%99%E8%A3%A1%3C%2Fa%3E%E6%9F%A5%E7%9C%8B%E7%B0%BD%E6%A0%B8%E7%B5%90%E6%9E%9C%E3%80%82%3Cbr%3E%E6%89%B9%E6%AC%A1%E8%99%9F%3A118541&target=iframe HTTP/1.1" 302 108
192.168.40.100 - - [21/Oct/2023:08:38:57 +0800] "GET /ehr/ess/index.php HTTP/1.1" 200 8806 "http://192.168.1.83:8088/ehr/mgr/redirect.php?scriptname=overtime_approve&key=C053943D816DA167E8A6FD703EC9A834DE48E7813C451A8A24F3A4C7C0265D8D468A7AD8D1A0D0CE8FC1AF48EB323D5F" "Mozilla/5.0 (Windows NT 6.2; Win64; x64) AppleWebKit/537.36 (KHTML, like Gecko) Chrome/105.0.0.0 Safari/537.36"
192.168.40.100 - - [21/Oct/2023:08:38:57 +0800] "GET /ehr/ess/index.php HTTP/1.1" 200 8806
192.168.11.104 - - [21/Oct/2023:08:38:55 +0800] "POST /eHR/ess/includes/login.php HTTP/1.1" 302 - "http://192.168.1.83:8088/eHR/ess/index.php?lang=ZHT" "Mozilla/5.0 (Windows NT 10.0; Win64; x64) AppleWebKit/537.36 (KHTML, like Gecko) Chrome/118.0.0.0 Safari/537.36 Edg/118.0.2088.57"
192.168.11.104 - - [21/Oct/2023:08:38:55 +0800] "POST /eHR/ess/includes/login.php HTTP/1.1" 302 -
192.168.11.104 - - [21/Oct/2023:08:39:00 +0800] "GET /eHR/ess/redirect.php HTTP/1.1" 200 9209
192.168.11.104 - - [21/Oct/2023:08:39:00 +0800] "GET /eHR/ess/redirect.php HTTP/1.1" 200 9209 "http://192.168.1.83:8088/eHR/ess/index.php?lang=ZHT" "Mozilla/5.0 (Windows NT 10.0; Win64; x64) AppleWebKit/537.36 (KHTML, like Gecko) Chrome/118.0.0.0 Safari/537.36 Edg/118.0.2088.57"
183.56.233.173 - - [21/Oct/2023:08:39:01 +0800] "GET /Apache%20Software%20Foundation/php-5.2.14-Win32/ext/ HTTP/1.1" 200 2780
183.56.233.173 - - [21/Oct/2023:08:39:01 +0800] "GET /Apache%20Software%20Foundation/php-5.2.14-Win32/ext/ HTTP/1.1" 200 2780 "https://www.baidu.com/link" "Mozilla/5.0 (X11; Linux x86_64) AppleWebKit/537.36 (KHTML, like Gecko) Chrome/83.0.4103.106 Safari/537.36"
183.56.233.173 - - [21/Oct/2023:08:39:01 +0800] "GET /Apache%20Software%20Foundation/php-5.2.14-Win32/php5apache2_2_filter.dll HTTP/1.1" 200 36955 "https://www.baidu.com/link" "Mozilla/5.0 (X11; Linux x86_64) AppleWebKit/537.36 (KHTML, like Gecko) Chrome/83.0.4103.106 Safari/537.36"
183.56.233.173 - - [21/Oct/2023:08:39:01 +0800] "GET /Apache%20Software%20Foundation/php-5.2.14-Win32/php5apache2_2_filter.dll HTTP/1.1" 200 36955
183.56.233.173 - - [21/Oct/2023:08:39:01 +0800] "GET /Apache%20Software%20Foundation/php-5.2.14-Win32/php5apache2_2.dll HTTP/1.1" 200 36948 "https://www.baidu.com/link" "Mozilla/5.0 (X11; Linux x86_64) AppleWebKit/537.36 (KHTML, like Gecko) Chrome/83.0.4103.106 Safari/537.36"
183.56.233.173 - - [21/Oct/2023:08:39:01 +0800] "GET /Apache%20Software%20Foundation/php-5.2.14-Win32/php5apache2_2.dll HTTP/1.1" 200 36948
183.56.233.173 - - [21/Oct/2023:08:39:01 +0800] "GET /Apache%20Software%20Foundation/php-5.2.14-Win32/php5apache2_filter.dll HTTP/1.1" 200 36953 "https://www.baidu.com/link" "Mozilla/5.0 (X11; Linux x86_64) AppleWebKit/537.36 (KHTML, like Gecko) Chrome/83.0.4103.106 Safari/537.36"
183.56.233.173 - - [21/Oct/2023:08:39:01 +0800] "GET /Apache%20Software%20Foundation/php-5.2.14-Win32/php5apache2_filter.dll HTTP/1.1" 200 36953
183.56.233.173 - - [21/Oct/2023:08:39:01 +0800] "GET /Apache%20Software%20Foundation/php-5.2.14-Win32/install.txt HTTP/1.1" 200 96182 "https://www.baidu.com/link" "Mozilla/5.0 (X11; Linux x86_64) AppleWebKit/537.36 (KHTML, like Gecko) Chrome/83.0.4103.106 Safari/537.36"
183.56.233.173 - - [21/Oct/2023:08:39:01 +0800] "GET /Apache%20Software%20Foundation/php-5.2.14-Win32/install.txt HTTP/1.1" 200 96182
183.56.233.173 - - [21/Oct/2023:08:39:01 +0800] "GET /Apache%20Software%20Foundation/php-5.2.14-Win32/php5isapi.dll HTTP/1.1" 200 28752 "https://www.baidu.com/link" "Mozilla/5.0 (X11; Linux x86_64) AppleWebKit/537.36 (KHTML, like Gecko) Chrome/83.0.4103.106 Safari/537.36"
183.56.233.173 - - [21/Oct/2023:08:39:01 +0800] "GET /Apache%20Software%20Foundation/php-5.2.14-Win32/php5isapi.dll HTTP/1.1" 200 28752
183.56.233.173 - - [21/Oct/2023:08:39:01 +0800] "GET /Apache%20Software%20Foundation/php-5.2.14-Win32/libmhash.dll HTTP/1.1" 200 165643 "https://www.baidu.com/link" "Mozilla/5.0 (X11; Linux x86_64) AppleWebKit/537.36 (KHTML, like Gecko) Chrome/83.0.4103.106 Safari/537.36"
183.56.233.173 - - [21/Oct/2023:08:39:01 +0800] "GET /Apache%20Software%20Foundation/php-5.2.14-Win32/libmhash.dll HTTP/1.1" 200 165643
192.168.11.104 - - [21/Oct/2023:08:39:01 +0800] "GET /eHR/ess/redirect.php?scriptname=ESNH000 HTTP/1.1" 200 9443 "http://192.168.1.83:8088/eHR/ess/redirect.php" "Mozilla/5.0 (Windows NT 10.0; Win64; x64) AppleWebKit/537.36 (KHTML, like Gecko) Chrome/118.0.0.0 Safari/537.36 Edg/118.0.2088.57"
192.168.11.104 - - [21/Oct/2023:08:39:01 +0800] "GET /eHR/ess/redirect.php?scriptname=ESNH000 HTTP/1.1" 200 9443
183.56.233.173 - - [21/Oct/2023:08:39:01 +0800] "GET /Apache%20Software%20Foundation/php-5.2.14-Win32/ssleay32.dll HTTP/1.1" 200 221184 "https://www.baidu.com/link" "Mozilla/5.0 (X11; Linux x86_64) AppleWebKit/537.36 (KHTML, like Gecko) Chrome/83.0.4103.106 Safari/537.36"
183.56.233.173 - - [21/Oct/2023:08:39:01 +0800] "GET /Apache%20Software%20Foundation/php-5.2.14-Win32/ssleay32.dll HTTP/1.1" 200 221184
183.56.233.173 - - [21/Oct/2023:08:39:01 +0800] "GET /Apache%20Software%20Foundation/php-5.2.14-Win32/aspell-15.dll HTTP/1.1" 200 1110849 "https://www.baidu.com/link" "Mozilla/5.0 (X11; Linux x86_64) AppleWebKit/537.36 (KHTML, like Gecko) Chrome/83.0.4103.106 Safari/537.36"
183.56.233.173 - - [21/Oct/2023:08:39:01 +0800] "GET /Apache%20Software%20Foundation/php-5.2.14-Win32/aspell-15.dll HTTP/1.1" 200 1110849
183.56.233.173 - - [21/Oct/2023:08:39:01 +0800] "GET /Apache%20Software%20Foundation/php-5.2.14-Win32/libeay32.dll HTTP/1.1" 200 1073152 "https://www.baidu.com/link" "Mozilla/5.0 (X11; Linux x86_64) AppleWebKit/537.36 (KHTML, like Gecko) Chrome/83.0.4103.106 Safari/537.36"
183.56.233.173 - - [21/Oct/2023:08:39:01 +0800] "GET /Apache%20Software%20Foundation/php-5.2.14-Win32/libeay32.dll HTTP/1.1" 200 1073152
192.168.11.226 - - [21/Oct/2023:08:39:03 +0800] "POST /eHR/ess/redirect.php?scriptname=ESNE003&appdesc=%E6%89%B9%E9%87%8F%E5%8A%A0%E7%8F%AD%E6%9F%A5%E8%AF%A2 HTTP/1.1" 200 59186 "http://192.168.1.83:8088/eHR/ess/redirect.php?scriptname=ESNE003&appdesc=%E6%89%B9%E9%87%8F%E5%8A%A0%E7%8F%AD%E6%9F%A5%E8%AF%A2" "Mozilla/5.0 (Windows NT 6.2; Win64; x64) AppleWebKit/537.36 (KHTML, like Gecko) Chrome/105.0.0.0 Safari/537.36"
192.168.11.226 - - [21/Oct/2023:08:39:03 +0800] "POST /eHR/ess/redirect.php?scriptname=ESNE003&appdesc=%E6%89%B9%E9%87%8F%E5%8A%A0%E7%8F%AD%E6%9F%A5%E8%AF%A2 HTTP/1.1" 200 59186
192.168.11.156 - - [21/Oct/2023:08:39:03 +0800] "POST /eHR/ess/redirect.php?scriptname=ajax_overtime&do=GetOverTime HTTP/1.1" 200 28 "http://192.168.1.83:8088/eHR/ess/redirect.php?scriptname=ESNA014&appdesc=%E5%8A%A0%E7%8F%AD%E7%94%B3%E8%AF%B7" "Mozilla/5.0 (Windows NT 10.0; Win64; x64) AppleWebKit/537.36 (KHTML, like Gecko) Chrome/118.0.0.0 Safari/537.36 Edg/118.0.2088.57"
192.168.11.156 - - [21/Oct/2023:08:39:03 +0800] "POST /eHR/ess/redirect.php?scriptname=ajax_overtime&do=GetOverTime HTTP/1.1" 200 28
14.116.222.86 - - [21/Oct/2023:08:39:06 +0800] "GET /Apache%20Software%20Foundation/php-5.2.14-Win32/PEAR/ HTTP/1.1" 200 398 "https://www.baidu.com/link" "Mozilla/5.0 (X11; Linux x86_64) AppleWebKit/537.36 (KHTML, like Gecko) Chrome/83.0.4103.106 Safari/537.36"
14.116.222.86 - - [21/Oct/2023:08:39:06 +0800] "GET /Apache%20Software%20Foundation/php-5.2.14-Win32/PEAR/ HTTP/1.1" 200 398
14.116.222.86 - - [21/Oct/2023:08:39:06 +0800] "GET /Apache%20Software%20Foundation/php-5.2.14-Win32/php5apache2.dll HTTP/1.1" 200 36946 "https://www.baidu.com/link" "Mozilla/5.0 (X11; Linux x86_64) AppleWebKit/537.36 (KHTML, like Gecko) Chrome/83.0.4103.106 Safari/537.36"
14.116.222.86 - - [21/Oct/2023:08:39:06 +0800] "GET /Apache%20Software%20Foundation/php-5.2.14-Win32/php5apache2.dll HTTP/1.1" 200 36946
14.116.222.86 - - [21/Oct/2023:08:39:06 +0800] "GET /Apache%20Software%20Foundation/emphoto/190937.jpg HTTP/1.1" 200 35282 "https://www.baidu.com/link" "Mozilla/5.0 (X11; Linux x86_64) AppleWebKit/537.36 (KHTML, like Gecko) Chrome/83.0.4103.106 Safari/537.36"
14.116.222.86 - - [21/Oct/2023:08:39:06 +0800] "GET /Apache%20Software%20Foundation/emphoto/190937.jpg HTTP/1.1" 200 35282
14.116.222.86 - - [21/Oct/2023:08:39:07 +0800] "GET /Apache%20Software%20Foundation/emphoto/170465.JPG HTTP/1.1" 200 23898 "https://www.baidu.com/link" "Mozilla/5.0 (X11; Linux x86_64) AppleWebKit/537.36 (KHTML, like Gecko) Chrome/83.0.4103.106 Safari/537.36"
14.116.222.86 - - [21/Oct/2023:08:39:07 +0800] "GET /Apache%20Software%20Foundation/emphoto/170465.JPG HTTP/1.1" 200 23898
14.116.222.86 - - [21/Oct/2023:08:39:06 +0800] "GET /Apache%20Software%20Foundation/php-5.2.14-Win32/php.ini-dist HTTP/1.1" 200 46481
14.116.222.86 - - [21/Oct/2023:08:39:06 +0800] "GET /Apache%20Software%20Foundation/php-5.2.14-Win32/php.ini-dist HTTP/1.1" 200 46481 "https://www.baidu.com/link" "Mozilla/5.0 (X11; Linux x86_64) AppleWebKit/537.36 (KHTML, like Gecko) Chrome/83.0.4103.106 Safari/537.36"
14.116.222.86 - - [21/Oct/2023:08:39:06 +0800] "GET /Apache%20Software%20Foundation/emphoto/200434.jpg HTTP/1.1" 200 74488 "https://www.baidu.com/link" "Mozilla/5.0 (X11; Linux x86_64) AppleWebKit/537.36 (KHTML, like Gecko) Chrome/83.0.4103.106 Safari/537.36"
14.116.222.86 - - [21/Oct/2023:08:39:06 +0800] "GET /Apache%20Software%20Foundation/emphoto/200434.jpg HTTP/1.1" 200 74488
14.116.222.86 - - [21/Oct/2023:08:39:07 +0800] "GET /Apache%20Software%20Foundation/emphoto/9278.jpg HTTP/1.1" 200 48609 "https://www.baidu.com/link" "Mozilla/5.0 (X11; Linux x86_64) AppleWebKit/537.36 (KHTML, like Gecko) Chrome/83.0.4103.106 Safari/537.36"
14.116.222.86 - - [21/Oct/2023:08:39:07 +0800] "GET /Apache%20Software%20Foundation/emphoto/9278.jpg HTTP/1.1" 200 48609
192.168.11.104 - - [21/Oct/2023:08:39:06 +0800] "GET /eHR/mgr/redirect.php?scriptname=MDNH104&appdesc=%E8%AB%8B%E5%81%87%E5%BE%85%E7%B0%BD HTTP/1.1" 200 14334 "http://192.168.1.83:8088/eHR/ess/redirect.php?scriptname=ESNH000" "Mozilla/5.0 (Windows NT 10.0; Win64; x64) AppleWebKit/537.36 (KHTML, like Gecko) Chrome/118.0.0.0 Safari/537.36 Edg/118.0.2088.57"
192.168.11.104 - - [21/Oct/2023:08:39:06 +0800] "GET /eHR/mgr/redirect.php?scriptname=MDNH104&appdesc=%E8%AB%8B%E5%81%87%E5%BE%85%E7%B0%BD HTTP/1.1" 200 14334
14.116.222.86 - - [21/Oct/2023:08:39:07 +0800] "GET /Apache%20Software%20Foundation/php-5.2.14-Win32/news.txt HTTP/1.1" 200 242568
14.116.222.86 - - [21/Oct/2023:08:39:07 +0800] "GET /Apache%20Software%20Foundation/php-5.2.14-Win32/news.txt HTTP/1.1" 200 242568 "https://www.baidu.com/link" "Mozilla/5.0 (X11; Linux x86_64) AppleWebKit/537.36 (KHTML, like Gecko) Chrome/83.0.4103.106 Safari/537.36"
14.116.222.86 - - [21/Oct/2023:08:39:06 +0800] "GET /Apache%20Software%20Foundation/php-5.2.14-Win32/fdftk.dll HTTP/1.1" 200 417792 "https://www.baidu.com/link" "Mozilla/5.0 (X11; Linux x86_64) AppleWebKit/537.36 (KHTML, like Gecko) Chrome/83.0.4103.106 Safari/537.36"
14.116.222.86 - - [21/Oct/2023:08:39:06 +0800] "GET /Apache%20Software%20Foundation/php-5.2.14-Win32/fdftk.dll HTTP/1.1" 200 417792
14.116.222.86 - - [21/Oct/2023:08:39:06 +0800] "GET /Apache%20Software%20Foundation/php-5.2.14-Win32/ntwdblib.dll HTTP/1.1" 200 290816 "https://www.baidu.com/link" "Mozilla/5.0 (X11; Linux x86_64) AppleWebKit/537.36 (KHTML, like Gecko) Chrome/83.0.4103.106 Safari/537.36"
14.116.222.86 - - [21/Oct/2023:08:39:06 +0800] "GET /Apache%20Software%20Foundation/php-5.2.14-Win32/ntwdblib.dll HTTP/1.1" 200 290816
192.168.11.104 - - [21/Oct/2023:08:39:07 +0800] "GET /eHR/mgr/redirect.php?scriptname=MDNH104&appdesc=%E8%AB%8B%E5%81%87%E5%BE%85%E7%B0%BD HTTP/1.1" 200 14334 "http://192.168.1.83:8088/eHR/ess/redirect.php?scriptname=ESNH000" "Mozilla/5.0 (Windows NT 10.0; Win64; x64) AppleWebKit/537.36 (KHTML, like Gecko) Chrome/118.0.0.0 Safari/537.36 Edg/118.0.2088.57"
192.168.11.104 - - [21/Oct/2023:08:39:07 +0800] "GET /eHR/mgr/redirect.php?scriptname=MDNH104&appdesc=%E8%AB%8B%E5%81%87%E5%BE%85%E7%B0%BD HTTP/1.1" 200 14334
192.168.11.156 - - [21/Oct/2023:08:39:10 +0800] "POST /eHR/ess/redirect.php?scriptname=ajax_overtime&do=GetOverTime HTTP/1.1" 200 28 "http://192.168.1.83:8088/eHR/ess/redirect.php?scriptname=ESNA014&appdesc=%E5%8A%A0%E7%8F%AD%E7%94%B3%E8%AF%B7" "Mozilla/5.0 (Windows NT 10.0; Win64; x64) AppleWebKit/537.36 (KHTML, like Gecko) Chrome/118.0.0.0 Safari/537.36 Edg/118.0.2088.57"
192.168.11.156 - - [21/Oct/2023:08:39:10 +0800] "POST /eHR/ess/redirect.php?scriptname=ajax_overtime&do=GetOverTime HTTP/1.1" 200 28
192.168.11.156 - - [21/Oct/2023:08:39:11 +0800] "POST /eHR/ess/redirect.php?scriptname=ESNA014&appdesc=%E5%8A%A0%E7%8F%AD%E7%94%B3%E8%AF%B7 HTTP/1.1" 302 - "http://192.168.1.83:8088/eHR/ess/redirect.php?scriptname=ESNA014&appdesc=%E5%8A%A0%E7%8F%AD%E7%94%B3%E8%AF%B7" "Mozilla/5.0 (Windows NT 10.0; Win64; x64) AppleWebKit/537.36 (KHTML, like Gecko) Chrome/118.0.0.0 Safari/537.36 Edg/118.0.2088.57"
192.168.11.156 - - [21/Oct/2023:08:39:11 +0800] "POST /eHR/ess/redirect.php?scriptname=ESNA014&appdesc=%E5%8A%A0%E7%8F%AD%E7%94%B3%E8%AF%B7 HTTP/1.1" 302 -
192.168.11.156 - - [21/Oct/2023:08:39:11 +0800] "GET /eHR/ess/redirect.php?scriptname=page_success&msgtxt=%E5%8A%A0%E7%8F%AD%E7%94%B3%E8%AF%B7%E6%8F%90%E4%BA%A4%E6%88%90%E5%8A%9F%2C%E8%AF%B7%E7%AD%89%E5%BE%85%E4%B8%BB%E7%AE%A1%E7%AD%BE%E6%A0%B8.&target=iframe HTTP/1.1" 200 3112 "http://192.168.1.83:8088/eHR/ess/redirect.php?scriptname=ESNA014&appdesc=%E5%8A%A0%E7%8F%AD%E7%94%B3%E8%AF%B7" "Mozilla/5.0 (Windows NT 10.0; Win64; x64) AppleWebKit/537.36 (KHTML, like Gecko) Chrome/118.0.0.0 Safari/537.36 Edg/118.0.2088.57"
192.168.11.156 - - [21/Oct/2023:08:39:11 +0800] "GET /eHR/ess/redirect.php?scriptname=page_success&msgtxt=%E5%8A%A0%E7%8F%AD%E7%94%B3%E8%AF%B7%E6%8F%90%E4%BA%A4%E6%88%90%E5%8A%9F%2C%E8%AF%B7%E7%AD%89%E5%BE%85%E4%B8%BB%E7%AE%A1%E7%AD%BE%E6%A0%B8.&target=iframe HTTP/1.1" 200 3112
192.168.11.156 - - [21/Oct/2023:08:39:13 +0800] "GET /eHR/ess/redirect.php?scriptname=ESNA014&appdesc=%E5%8A%A0%E7%8F%AD%E7%94%B3%E8%AF%B7 HTTP/1.1" 200 12800 "http://192.168.1.83:8088/eHR/ess/redirect.php" "Mozilla/5.0 (Windows NT 10.0; Win64; x64) AppleWebKit/537.36 (KHTML, like Gecko) Chrome/118.0.0.0 Safari/537.36 Edg/118.0.2088.57"
192.168.11.156 - - [21/Oct/2023:08:39:13 +0800] "GET /eHR/ess/redirect.php?scriptname=ESNA014&appdesc=%E5%8A%A0%E7%8F%AD%E7%94%B3%E8%AF%B7 HTTP/1.1" 200 12800
192.168.11.156 - - [21/Oct/2023:08:39:13 +0800] "POST /eHR/ess/redirect.php?scriptname=ajax_overtime&do=GetOverTime HTTP/1.1" 200 28 "http://192.168.1.83:8088/eHR/ess/redirect.php?scriptname=ESNA014&appdesc=%E5%8A%A0%E7%8F%AD%E7%94%B3%E8%AF%B7" "Mozilla/5.0 (Windows NT 10.0; Win64; x64) AppleWebKit/537.36 (KHTML, like Gecko) Chrome/118.0.0.0 Safari/537.36 Edg/118.0.2088.57"
192.168.11.156 - - [21/Oct/2023:08:39:13 +0800] "POST /eHR/ess/redirect.php?scriptname=ajax_overtime&do=GetOverTime HTTP/1.1" 200 28
14.116.221.189 - - [21/Oct/2023:08:39:16 +0800] "GET /Apache%20Software%20Foundation/emphoto/191760.jpg HTTP/1.1" 200 8235 "https://www.baidu.com/link" "Mozilla/5.0 (X11; Linux x86_64) AppleWebKit/537.36 (KHTML, like Gecko) Chrome/83.0.4103.106 Safari/537.36"
14.116.221.189 - - [21/Oct/2023:08:39:16 +0800] "GET /Apache%20Software%20Foundation/emphoto/191760.jpg HTTP/1.1" 200 8235
14.116.221.189 - - [21/Oct/2023:08:39:16 +0800] "GET /Apache%20Software%20Foundation/emphoto/X230332.jpg HTTP/1.1" 200 22895
14.116.221.189 - - [21/Oct/2023:08:39:16 +0800] "GET /Apache%20Software%20Foundation/emphoto/X230332.jpg HTTP/1.1" 200 22895 "https://www.baidu.com/link" "Mozilla/5.0 (X11; Linux x86_64) AppleWebKit/537.36 (KHTML, like Gecko) Chrome/83.0.4103.106 Safari/537.36"
14.116.221.189 - - [21/Oct/2023:08:39:16 +0800] "GET /Apache%20Software%20Foundation/emphoto/X220042.jpg HTTP/1.1" 200 39015 "https://www.baidu.com/link" "Mozilla/5.0 (X11; Linux x86_64) AppleWebKit/537.36 (KHTML, like Gecko) Chrome/83.0.4103.106 Safari/537.36"
14.116.221.189 - - [21/Oct/2023:08:39:16 +0800] "GET /Apache%20Software%20Foundation/emphoto/X220042.jpg HTTP/1.1" 200 39015
14.116.221.189 - - [21/Oct/2023:08:39:16 +0800] "GET /Apache%20Software%20Foundation/emphoto/9846.jpg HTTP/1.1" 200 63821 "https://www.baidu.com/link" "Mozilla/5.0 (X11; Linux x86_64) AppleWebKit/537.36 (KHTML, like Gecko) Chrome/83.0.4103.106 Safari/537.36"
14.116.221.189 - - [21/Oct/2023:08:39:16 +0800] "GET /Apache%20Software%20Foundation/emphoto/9846.jpg HTTP/1.1" 200 63821
14.116.221.189 - - [21/Oct/2023:08:39:16 +0800] "GET /Apache%20Software%20Foundation/emphoto/111001.jpg HTTP/1.1" 200 22590 "https://www.baidu.com/link" "Mozilla/5.0 (X11; Linux x86_64) AppleWebKit/537.36 (KHTML, like Gecko) Chrome/83.0.4103.106 Safari/537.36"
14.116.221.189 - - [21/Oct/2023:08:39:16 +0800] "GET /Apache%20Software%20Foundation/emphoto/111001.jpg HTTP/1.1" 200 22590
