192.168.11.104 - - [26/Sep/2023:10:10:14 +0800] "GET /eHR/ess/redirect.php?scriptname=ESNH000 HTTP/1.1" 200 9926
192.168.11.172 - - [26/Sep/2023:10:10:25 +0800] "GET /eHR/ess/redirect.php?scriptname=ESNE001&appdesc=%E6%89%B9%E9%87%8F%E5%8A%A0%E7%8F%AD%E7%94%B3%E8%AF%B7 HTTP/1.1" 200 15271 "http://192.168.1.83:8088/eHR/ess/redirect.php" "Mozilla/5.0 (Windows NT 6.1; Win64; x64) AppleWebKit/537.36 (KHTML, like Gecko) Chrome/105.0.0.0 Safari/537.36"
192.168.11.172 - - [26/Sep/2023:10:10:25 +0800] "GET /eHR/ess/redirect.php?scriptname=ESNE001&appdesc=%E6%89%B9%E9%87%8F%E5%8A%A0%E7%8F%AD%E7%94%B3%E8%AF%B7 HTTP/1.1" 200 15271
192.168.11.104 - - [26/Sep/2023:10:10:31 +0800] "GET /eHR/ess/redirect.php?scriptname=ESNF000&appdesc=%E6%B5%81%E7%A8%8B%E7%AE%A1%E7%90%86 HTTP/1.1" 200 14356 "http://192.168.1.83:8088/eHR/ess/redirect.php" "Mozilla/5.0 (Windows NT 10.0; WOW64; Trident/7.0; rv:11.0) like Gecko"
192.168.11.104 - - [26/Sep/2023:10:10:31 +0800] "GET /eHR/ess/redirect.php?scriptname=ESNF000&appdesc=%E6%B5%81%E7%A8%8B%E7%AE%A1%E7%90%86 HTTP/1.1" 200 14356
192.168.11.104 - - [26/Sep/2023:10:10:37 +0800] "GET /eHR/ess/redirect.php?scriptname=assistant_leave_apply_search&dept_seqno=4294&flowstatus=02&whoami=admin HTTP/1.1" 200 57545 "http://192.168.1.83:8088/eHR/ess/redirect.php?scriptname=ESNF000&appdesc=%E6%B5%81%E7%A8%8B%E7%AE%A1%E7%90%86" "Mozilla/5.0 (Windows NT 10.0; WOW64; Trident/7.0; rv:11.0) like Gecko"
192.168.11.104 - - [26/Sep/2023:10:10:37 +0800] "GET /eHR/ess/redirect.php?scriptname=assistant_leave_apply_search&dept_seqno=4294&flowstatus=02&whoami=admin HTTP/1.1" 200 57545
192.168.11.104 - - [26/Sep/2023:10:10:37 +0800] "GET /eHR/img/cancel.png HTTP/1.1" 200 1230 "http://192.168.1.83:8088/eHR/ess/redirect.php?scriptname=assistant_leave_apply_search&dept_seqno=4294&flowstatus=02&whoami=admin" "Mozilla/5.0 (Windows NT 10.0; WOW64; Trident/7.0; rv:11.0) like Gecko"
192.168.11.104 - - [26/Sep/2023:10:10:37 +0800] "GET /eHR/img/cancel.png HTTP/1.1" 200 1230
192.168.11.172 - - [26/Sep/2023:10:10:39 +0800] "GET /eHR/ess/redirect.php?scriptname=emp_lov&openW=Y&rand=0.5537935248212327 HTTP/1.1" 200 8640 "http://192.168.1.83:8088/eHR/ess/redirect.php?scriptname=ESNE001&appdesc=%E6%89%B9%E9%87%8F%E5%8A%A0%E7%8F%AD%E7%94%B3%E8%AF%B7" "Mozilla/5.0 (Windows NT 6.1; Win64; x64) AppleWebKit/537.36 (KHTML, like Gecko) Chrome/105.0.0.0 Safari/537.36"
192.168.11.172 - - [26/Sep/2023:10:10:39 +0800] "GET /eHR/ess/redirect.php?scriptname=emp_lov&openW=Y&rand=0.5537935248212327 HTTP/1.1" 200 8640
192.168.11.104 - - [26/Sep/2023:10:10:41 +0800] "GET /eHR/ess/redirect.php?scriptname=ESNF000&appdesc=%E6%B5%81%E7%A8%8B%E7%AE%A1%E7%90%86 HTTP/1.1" 200 14356 "http://192.168.1.83:8088/eHR/ess/redirect.php" "Mozilla/5.0 (Windows NT 10.0; WOW64; Trident/7.0; rv:11.0) like Gecko"
192.168.11.104 - - [26/Sep/2023:10:10:41 +0800] "GET /eHR/ess/redirect.php?scriptname=ESNF000&appdesc=%E6%B5%81%E7%A8%8B%E7%AE%A1%E7%90%86 HTTP/1.1" 200 14356
192.168.11.104 - - [26/Sep/2023:10:10:43 +0800] "GET /eHR/ess/redirect.php?scriptname=assistant_leave_apply_search&dept_seqno=4297&flowstatus=02&whoami=admin HTTP/1.1" 200 58541 "http://192.168.1.83:8088/eHR/ess/redirect.php?scriptname=ESNF000&appdesc=%E6%B5%81%E7%A8%8B%E7%AE%A1%E7%90%86" "Mozilla/5.0 (Windows NT 10.0; WOW64; Trident/7.0; rv:11.0) like Gecko"
192.168.11.104 - - [26/Sep/2023:10:10:43 +0800] "GET /eHR/ess/redirect.php?scriptname=assistant_leave_apply_search&dept_seqno=4297&flowstatus=02&whoami=admin HTTP/1.1" 200 58541
192.168.11.172 - - [26/Sep/2023:10:10:41 +0800] "POST /eHR/ess/redirect.php?scriptname=emp_lov&openW=Y&rand=0.5537935248212327 HTTP/1.1" 200 14062 "http://192.168.1.83:8088/eHR/ess/redirect.php?scriptname=emp_lov&openW=Y&rand=0.5537935248212327" "Mozilla/5.0 (Windows NT 6.1; Win64; x64) AppleWebKit/537.36 (KHTML, like Gecko) Chrome/105.0.0.0 Safari/537.36"
192.168.11.172 - - [26/Sep/2023:10:10:41 +0800] "POST /eHR/ess/redirect.php?scriptname=emp_lov&openW=Y&rand=0.5537935248212327 HTTP/1.1" 200 14062
192.168.11.104 - - [26/Sep/2023:10:10:46 +0800] "GET /eHR/ess/redirect.php?scriptname=ESNF000&appdesc=%E6%B5%81%E7%A8%8B%E7%AE%A1%E7%90%86 HTTP/1.1" 200 14356 "http://192.168.1.83:8088/eHR/ess/redirect.php" "Mozilla/5.0 (Windows NT 10.0; WOW64; Trident/7.0; rv:11.0) like Gecko"
192.168.11.104 - - [26/Sep/2023:10:10:46 +0800] "GET /eHR/ess/redirect.php?scriptname=ESNF000&appdesc=%E6%B5%81%E7%A8%8B%E7%AE%A1%E7%90%86 HTTP/1.1" 200 14356
192.168.11.104 - - [26/Sep/2023:10:10:49 +0800] "GET /eHR/ess/redirect.php?scriptname=assistant_leave_apply_search&dept_seqno=4475&flowstatus=02&whoami=admin HTTP/1.1" 200 58783 "http://192.168.1.83:8088/eHR/ess/redirect.php?scriptname=ESNF000&appdesc=%E6%B5%81%E7%A8%8B%E7%AE%A1%E7%90%86" "Mozilla/5.0 (Windows NT 10.0; WOW64; Trident/7.0; rv:11.0) like Gecko"
192.168.11.104 - - [26/Sep/2023:10:10:49 +0800] "GET /eHR/ess/redirect.php?scriptname=assistant_leave_apply_search&dept_seqno=4475&flowstatus=02&whoami=admin HTTP/1.1" 200 58783
192.168.11.172 - - [26/Sep/2023:10:10:50 +0800] "POST /eHR/ess/redirect.php?scriptname=ESNE001&appdesc=%E6%89%B9%E9%87%8F%E5%8A%A0%E7%8F%AD%E7%94%B3%E8%AF%B7 HTTP/1.1" 200 4287 "http://192.168.1.83:8088/eHR/ess/redirect.php?scriptname=ESNE001&appdesc=%E6%89%B9%E9%87%8F%E5%8A%A0%E7%8F%AD%E7%94%B3%E8%AF%B7" "Mozilla/5.0 (Windows NT 6.1; Win64; x64) AppleWebKit/537.36 (KHTML, like Gecko) Chrome/105.0.0.0 Safari/537.36"
192.168.11.172 - - [26/Sep/2023:10:10:50 +0800] "POST /eHR/ess/redirect.php?scriptname=ESNE001&appdesc=%E6%89%B9%E9%87%8F%E5%8A%A0%E7%8F%AD%E7%94%B3%E8%AF%B7 HTTP/1.1" 200 4287
192.168.11.104 - - [26/Sep/2023:10:10:52 +0800] "POST /eHR/ess/redirect.php?scriptname=view_flowchart&action=viewflowchart&apply_type=absence&flow_seqno=96774 HTTP/1.1" 200 5955 "http://192.168.1.83:8088/eHR/ess/redirect.php" "Mozilla/5.0 (Windows NT 10.0; WOW64; Trident/7.0; rv:11.0) like Gecko"
192.168.11.104 - - [26/Sep/2023:10:10:52 +0800] "POST /eHR/ess/redirect.php?scriptname=view_flowchart&action=viewflowchart&apply_type=absence&flow_seqno=96774 HTTP/1.1" 200 5955
192.168.11.104 - - [26/Sep/2023:10:10:52 +0800] "GET /eHR/img/workflow/user_sign_approve_key.png HTTP/1.1" 200 3099 "http://192.168.1.83:8088/eHR/ess/redirect.php" "Mozilla/5.0 (Windows NT 10.0; WOW64; Trident/7.0; rv:11.0) like Gecko"
192.168.11.104 - - [26/Sep/2023:10:10:52 +0800] "GET /eHR/img/workflow/user_sign_approve_key.png HTTP/1.1" 200 3099
192.168.11.104 - - [26/Sep/2023:10:10:52 +0800] "GET /eHR/img/workflow/user_sign_unknown_key.png HTTP/1.1" 200 3101 "http://192.168.1.83:8088/eHR/ess/redirect.php" "Mozilla/5.0 (Windows NT 10.0; WOW64; Trident/7.0; rv:11.0) like Gecko"
192.168.11.104 - - [26/Sep/2023:10:10:52 +0800] "GET /eHR/img/workflow/user_sign_unknown_key.png HTTP/1.1" 200 3101
192.168.11.172 - - [26/Sep/2023:10:10:55 +0800] "GET /eHR/ess/redirect.php?scriptname=ESNE001&appdesc=%E6%89%B9%E9%87%8F%E5%8A%A0%E7%8F%AD%E7%94%B3%E8%AF%B7 HTTP/1.1" 200 15271 "http://192.168.1.83:8088/eHR/ess/redirect.php" "Mozilla/5.0 (Windows NT 6.1; Win64; x64) AppleWebKit/537.36 (KHTML, like Gecko) Chrome/105.0.0.0 Safari/537.36"
192.168.11.172 - - [26/Sep/2023:10:10:55 +0800] "GET /eHR/ess/redirect.php?scriptname=ESNE001&appdesc=%E6%89%B9%E9%87%8F%E5%8A%A0%E7%8F%AD%E7%94%B3%E8%AF%B7 HTTP/1.1" 200 15271
192.168.11.104 - - [26/Sep/2023:10:10:58 +0800] "GET /eHR/ess/redirect.php?scriptname=ESNF000&appdesc=%E6%B5%81%E7%A8%8B%E7%AE%A1%E7%90%86 HTTP/1.1" 200 14356 "http://192.168.1.83:8088/eHR/ess/redirect.php" "Mozilla/5.0 (Windows NT 10.0; WOW64; Trident/7.0; rv:11.0) like Gecko"
192.168.11.104 - - [26/Sep/2023:10:10:58 +0800] "GET /eHR/ess/redirect.php?scriptname=ESNF000&appdesc=%E6%B5%81%E7%A8%8B%E7%AE%A1%E7%90%86 HTTP/1.1" 200 14356
192.168.11.104 - - [26/Sep/2023:10:10:59 +0800] "GET /eHR/ess/redirect.php?scriptname=ESNH000 HTTP/1.1" 200 9926 "http://192.168.1.83:8088/eHR/ess/redirect.php" "Mozilla/5.0 (Windows NT 10.0; WOW64; Trident/7.0; rv:11.0) like Gecko"
192.168.11.104 - - [26/Sep/2023:10:10:59 +0800] "GET /eHR/ess/redirect.php?scriptname=ESNH000 HTTP/1.1" 200 9926
192.168.11.104 - - [26/Sep/2023:10:11:01 +0800] "GET /eHR/ess/index.php?lang=ZHT HTTP/1.1" 200 8829 "http://192.168.1.83:8088/eHR/ess/index.php?action=logout" "Mozilla/5.0 (Windows NT 10.0; WOW64; Trident/7.0; rv:11.0) like Gecko"
192.168.11.104 - - [26/Sep/2023:10:11:01 +0800] "GET /eHR/ess/index.php?lang=ZHT HTTP/1.1" 200 8829
192.168.11.104 - - [26/Sep/2023:10:11:05 +0800] "POST /eHR/ess/includes/login.php HTTP/1.1" 302 - "http://192.168.1.83:8088/eHR/ess/index.php?lang=ZHT" "Mozilla/5.0 (Windows NT 10.0; WOW64; Trident/7.0; rv:11.0) like Gecko"
192.168.11.104 - - [26/Sep/2023:10:11:05 +0800] "POST /eHR/ess/includes/login.php HTTP/1.1" 302 -
192.168.11.104 - - [26/Sep/2023:10:11:11 +0800] "GET /eHR/ess/redirect.php HTTP/1.1" 200 20116 "http://192.168.1.83:8088/eHR/ess/index.php?lang=ZHT" "Mozilla/5.0 (Windows NT 10.0; WOW64; Trident/7.0; rv:11.0) like Gecko"
192.168.11.104 - - [26/Sep/2023:10:11:11 +0800] "GET /eHR/ess/redirect.php HTTP/1.1" 200 20116
192.168.11.104 - - [26/Sep/2023:10:11:12 +0800] "GET /eHR/ess/redirect.php?scriptname=ESNH000 HTTP/1.1" 200 10440 "http://192.168.1.83:8088/eHR/ess/redirect.php" "Mozilla/5.0 (Windows NT 10.0; WOW64; Trident/7.0; rv:11.0) like Gecko"
192.168.11.104 - - [26/Sep/2023:10:11:12 +0800] "GET /eHR/ess/redirect.php?scriptname=ESNH000 HTTP/1.1" 200 10440
192.168.11.172 - - [26/Sep/2023:10:11:13 +0800] "GET /eHR/ess/redirect.php?scriptname=emp_lov&openW=Y&rand=0.792085187049764 HTTP/1.1" 200 8640 "http://192.168.1.83:8088/eHR/ess/redirect.php?scriptname=ESNE001&appdesc=%E6%89%B9%E9%87%8F%E5%8A%A0%E7%8F%AD%E7%94%B3%E8%AF%B7" "Mozilla/5.0 (Windows NT 6.1; Win64; x64) AppleWebKit/537.36 (KHTML, like Gecko) Chrome/105.0.0.0 Safari/537.36"
192.168.11.172 - - [26/Sep/2023:10:11:13 +0800] "GET /eHR/ess/redirect.php?scriptname=emp_lov&openW=Y&rand=0.792085187049764 HTTP/1.1" 200 8640
192.168.11.104 - - [26/Sep/2023:10:11:17 +0800] "GET /eHR/mgr/redirect.php?scriptname=MDNH104&appdesc=%E8%AB%8B%E5%81%87%E5%BE%85%E7%B0%BD HTTP/1.1" 200 30443 "http://192.168.1.83:8088/eHR/ess/redirect.php?scriptname=ESNH000" "Mozilla/5.0 (Windows NT 10.0; WOW64; Trident/7.0; rv:11.0) like Gecko"
192.168.11.104 - - [26/Sep/2023:10:11:17 +0800] "GET /eHR/mgr/redirect.php?scriptname=MDNH104&appdesc=%E8%AB%8B%E5%81%87%E5%BE%85%E7%B0%BD HTTP/1.1" 200 30443
192.168.11.172 - - [26/Sep/2023:10:11:15 +0800] "POST /eHR/ess/redirect.php?scriptname=emp_lov&openW=Y&rand=0.792085187049764 HTTP/1.1" 200 14062 "http://192.168.1.83:8088/eHR/ess/redirect.php?scriptname=emp_lov&openW=Y&rand=0.792085187049764" "Mozilla/5.0 (Windows NT 6.1; Win64; x64) AppleWebKit/537.36 (KHTML, like Gecko) Chrome/105.0.0.0 Safari/537.36"
192.168.11.172 - - [26/Sep/2023:10:11:15 +0800] "POST /eHR/ess/redirect.php?scriptname=emp_lov&openW=Y&rand=0.792085187049764 HTTP/1.1" 200 14062
192.168.11.172 - - [26/Sep/2023:10:11:26 +0800] "POST /eHR/ess/redirect.php?scriptname=ESNE001&appdesc=%E6%89%B9%E9%87%8F%E5%8A%A0%E7%8F%AD%E7%94%B3%E8%AF%B7 HTTP/1.1" 200 4285 "http://192.168.1.83:8088/eHR/ess/redirect.php?scriptname=ESNE001&appdesc=%E6%89%B9%E9%87%8F%E5%8A%A0%E7%8F%AD%E7%94%B3%E8%AF%B7" "Mozilla/5.0 (Windows NT 6.1; Win64; x64) AppleWebKit/537.36 (KHTML, like Gecko) Chrome/105.0.0.0 Safari/537.36"
192.168.11.172 - - [26/Sep/2023:10:11:26 +0800] "POST /eHR/ess/redirect.php?scriptname=ESNE001&appdesc=%E6%89%B9%E9%87%8F%E5%8A%A0%E7%8F%AD%E7%94%B3%E8%AF%B7 HTTP/1.1" 200 4285
192.168.11.104 - - [26/Sep/2023:10:11:28 +0800] "POST /eHR/mgr/redirect.php?scriptname=MDNH104&appdesc=%E8%AB%8B%E5%81%87%E5%BE%85%E7%B0%BD HTTP/1.1" 200 16971 "http://192.168.1.83:8088/eHR/mgr/redirect.php?scriptname=MDNH104&appdesc=%E8%AB%8B%E5%81%87%E5%BE%85%E7%B0%BD" "Mozilla/5.0 (Windows NT 10.0; WOW64; Trident/7.0; rv:11.0) like Gecko"
192.168.11.104 - - [26/Sep/2023:10:11:28 +0800] "POST /eHR/mgr/redirect.php?scriptname=MDNH104&appdesc=%E8%AB%8B%E5%81%87%E5%BE%85%E7%B0%BD HTTP/1.1" 200 16971
192.168.11.104 - - [26/Sep/2023:10:11:31 +0800] "POST /eHR/mgr/redirect.php?scriptname=MDNH104&appdesc=%E8%AB%8B%E5%81%87%E5%BE%85%E7%B0%BD HTTP/1.1" 200 5421 "http://192.168.1.83:8088/eHR/mgr/redirect.php?scriptname=MDNH104&appdesc=%E8%AB%8B%E5%81%87%E5%BE%85%E7%B0%BD" "Mozilla/5.0 (Windows NT 10.0; WOW64; Trident/7.0; rv:11.0) like Gecko"
192.168.11.104 - - [26/Sep/2023:10:11:31 +0800] "POST /eHR/mgr/redirect.php?scriptname=MDNH104&appdesc=%E8%AB%8B%E5%81%87%E5%BE%85%E7%B0%BD HTTP/1.1" 200 5421
192.168.11.104 - - [26/Sep/2023:10:11:32 +0800] "GET /eHR/ess/redirect.php HTTP/1.1" 200 20116 "http://192.168.1.83:8088/eHR/ess/index.php?lang=ZHT" "Mozilla/5.0 (Windows NT 10.0; WOW64; Trident/7.0; rv:11.0) like Gecko"
192.168.11.104 - - [26/Sep/2023:10:11:32 +0800] "GET /eHR/ess/redirect.php HTTP/1.1" 200 20116
192.168.11.104 - - [26/Sep/2023:10:11:33 +0800] "GET /eHR/css/jqueryui/themes/redmond/jquery.ui.all.css HTTP/1.1" 304 - "http://192.168.1.83:8088/eHR/ess/redirect.php" "Mozilla/5.0 (Windows NT 10.0; WOW64; Trident/7.0; rv:11.0) like Gecko"
192.168.11.104 - - [26/Sep/2023:10:11:33 +0800] "GET /eHR/css/jqueryui/themes/redmond/jquery.ui.all.css HTTP/1.1" 304 -
192.168.11.104 - - [26/Sep/2023:10:11:33 +0800] "GET /eHR/css/jqueryui/themes/redmond/jquery.ui.base.css HTTP/1.1" 304 - "http://192.168.1.83:8088/eHR/ess/redirect.php" "Mozilla/5.0 (Windows NT 10.0; WOW64; Trident/7.0; rv:11.0) like Gecko"
192.168.11.104 - - [26/Sep/2023:10:11:33 +0800] "GET /eHR/css/jqueryui/themes/redmond/jquery.ui.base.css HTTP/1.1" 304 -
192.168.11.104 - - [26/Sep/2023:10:11:33 +0800] "GET /eHR/css/jqueryui/themes/redmond/jquery.ui.theme.css HTTP/1.1" 304 - "http://192.168.1.83:8088/eHR/ess/redirect.php" "Mozilla/5.0 (Windows NT 10.0; WOW64; Trident/7.0; rv:11.0) like Gecko"
192.168.11.104 - - [26/Sep/2023:10:11:33 +0800] "GET /eHR/css/jqueryui/themes/redmond/jquery.ui.theme.css HTTP/1.1" 304 -
192.168.11.104 - - [26/Sep/2023:10:11:33 +0800] "GET /eHR/css/jqueryui/themes/redmond/jquery.ui.core.css HTTP/1.1" 304 - "http://192.168.1.83:8088/eHR/ess/redirect.php" "Mozilla/5.0 (Windows NT 10.0; WOW64; Trident/7.0; rv:11.0) like Gecko"
192.168.11.104 - - [26/Sep/2023:10:11:33 +0800] "GET /eHR/css/jqueryui/themes/redmond/jquery.ui.core.css HTTP/1.1" 304 -
192.168.11.104 - - [26/Sep/2023:10:11:33 +0800] "GET /eHR/css/jqueryui/themes/redmond/jquery.ui.resizable.css HTTP/1.1" 304 - "http://192.168.1.83:8088/eHR/ess/redirect.php" "Mozilla/5.0 (Windows NT 10.0; WOW64; Trident/7.0; rv:11.0) like Gecko"
192.168.11.104 - - [26/Sep/2023:10:11:33 +0800] "GET /eHR/css/jqueryui/themes/redmond/jquery.ui.resizable.css HTTP/1.1" 304 -
192.168.11.104 - - [26/Sep/2023:10:11:33 +0800] "GET /eHR/css/jqueryui/themes/redmond/jquery.ui.selectable.css HTTP/1.1" 304 - "http://192.168.1.83:8088/eHR/ess/redirect.php" "Mozilla/5.0 (Windows NT 10.0; WOW64; Trident/7.0; rv:11.0) like Gecko"
192.168.11.104 - - [26/Sep/2023:10:11:33 +0800] "GET /eHR/css/jqueryui/themes/redmond/jquery.ui.selectable.css HTTP/1.1" 304 -
192.168.11.104 - - [26/Sep/2023:10:11:33 +0800] "GET /eHR/css/jqueryui/themes/redmond/jquery.ui.autocomplete.css HTTP/1.1" 304 - "http://192.168.1.83:8088/eHR/ess/redirect.php" "Mozilla/5.0 (Windows NT 10.0; WOW64; Trident/7.0; rv:11.0) like Gecko"
192.168.11.104 - - [26/Sep/2023:10:11:33 +0800] "GET /eHR/css/jqueryui/themes/redmond/jquery.ui.autocomplete.css HTTP/1.1" 304 -
192.168.11.104 - - [26/Sep/2023:10:11:33 +0800] "GET /eHR/css/jqueryui/themes/redmond/jquery.ui.accordion.css HTTP/1.1" 304 - "http://192.168.1.83:8088/eHR/ess/redirect.php" "Mozilla/5.0 (Windows NT 10.0; WOW64; Trident/7.0; rv:11.0) like Gecko"
192.168.11.104 - - [26/Sep/2023:10:11:33 +0800] "GET /eHR/css/jqueryui/themes/redmond/jquery.ui.accordion.css HTTP/1.1" 304 -
192.168.11.104 - - [26/Sep/2023:10:11:33 +0800] "GET /eHR/css/jqueryui/themes/redmond/jquery.ui.button.css HTTP/1.1" 304 - "http://192.168.1.83:8088/eHR/ess/redirect.php" "Mozilla/5.0 (Windows NT 10.0; WOW64; Trident/7.0; rv:11.0) like Gecko"
192.168.11.104 - - [26/Sep/2023:10:11:33 +0800] "GET /eHR/css/jqueryui/themes/redmond/jquery.ui.button.css HTTP/1.1" 304 -
192.168.11.104 - - [26/Sep/2023:10:11:33 +0800] "GET /eHR/css/jqueryui/themes/redmond/jquery.ui.dialog.css HTTP/1.1" 304 - "http://192.168.1.83:8088/eHR/ess/redirect.php" "Mozilla/5.0 (Windows NT 10.0; WOW64; Trident/7.0; rv:11.0) like Gecko"
192.168.11.104 - - [26/Sep/2023:10:11:33 +0800] "GET /eHR/css/jqueryui/themes/redmond/jquery.ui.dialog.css HTTP/1.1" 304 -
192.168.11.104 - - [26/Sep/2023:10:11:33 +0800] "GET /eHR/css/jqueryui/themes/redmond/jquery.ui.slider.css HTTP/1.1" 304 - "http://192.168.1.83:8088/eHR/ess/redirect.php" "Mozilla/5.0 (Windows NT 10.0; WOW64; Trident/7.0; rv:11.0) like Gecko"
192.168.11.104 - - [26/Sep/2023:10:11:33 +0800] "GET /eHR/css/jqueryui/themes/redmond/jquery.ui.slider.css HTTP/1.1" 304 -
192.168.11.104 - - [26/Sep/2023:10:11:33 +0800] "GET /eHR/css/jqueryui/themes/redmond/jquery.ui.tabs.css HTTP/1.1" 304 - "http://192.168.1.83:8088/eHR/ess/redirect.php" "Mozilla/5.0 (Windows NT 10.0; WOW64; Trident/7.0; rv:11.0) like Gecko"
192.168.11.104 - - [26/Sep/2023:10:11:33 +0800] "GET /eHR/css/jqueryui/themes/redmond/jquery.ui.tabs.css HTTP/1.1" 304 -
192.168.11.104 - - [26/Sep/2023:10:11:33 +0800] "GET /eHR/css/jqueryui/themes/redmond/jquery.ui.datepicker.css HTTP/1.1" 304 - "http://192.168.1.83:8088/eHR/ess/redirect.php" "Mozilla/5.0 (Windows NT 10.0; WOW64; Trident/7.0; rv:11.0) like Gecko"
192.168.11.104 - - [26/Sep/2023:10:11:33 +0800] "GET /eHR/css/jqueryui/themes/redmond/jquery.ui.datepicker.css HTTP/1.1" 304 -
192.168.11.104 - - [26/Sep/2023:10:11:33 +0800] "GET /eHR/css/jqueryui/themes/redmond/jquery.ui.progressbar.css HTTP/1.1" 304 - "http://192.168.1.83:8088/eHR/ess/redirect.php" "Mozilla/5.0 (Windows NT 10.0; WOW64; Trident/7.0; rv:11.0) like Gecko"
192.168.11.104 - - [26/Sep/2023:10:11:33 +0800] "GET /eHR/css/jqueryui/themes/redmond/jquery.ui.progressbar.css HTTP/1.1" 304 -
192.168.11.104 - - [26/Sep/2023:10:11:33 +0800] "GET /eHR/css/layout/layout.min.css HTTP/1.1" 304 - "http://192.168.1.83:8088/eHR/ess/redirect.php" "Mozilla/5.0 (Windows NT 10.0; WOW64; Trident/7.0; rv:11.0) like Gecko"
192.168.11.104 - - [26/Sep/2023:10:11:33 +0800] "GET /eHR/css/layout/layout.min.css HTTP/1.1" 304 -
192.168.11.104 - - [26/Sep/2023:10:11:33 +0800] "GET /eHR/img/logo.gif HTTP/1.1" 304 - "http://192.168.1.83:8088/eHR/ess/redirect.php" "Mozilla/5.0 (Windows NT 10.0; WOW64; Trident/7.0; rv:11.0) like Gecko"
192.168.11.104 - - [26/Sep/2023:10:11:33 +0800] "GET /eHR/img/logo.gif HTTP/1.1" 304 -
192.168.11.104 - - [26/Sep/2023:10:11:33 +0800] "GET /eHR/img/icon_obj.png HTTP/1.1" 304 -
192.168.11.104 - - [26/Sep/2023:10:11:33 +0800] "GET /eHR/img/icon_obj.png HTTP/1.1" 304 - "http://192.168.1.83:8088/eHR/ess/redirect.php" "Mozilla/5.0 (Windows NT 10.0; WOW64; Trident/7.0; rv:11.0) like Gecko"
192.168.11.104 - - [26/Sep/2023:10:11:33 +0800] "GET /eHR/img/icon_jd.png HTTP/1.1" 304 - "http://192.168.1.83:8088/eHR/ess/redirect.php" "Mozilla/5.0 (Windows NT 10.0; WOW64; Trident/7.0; rv:11.0) like Gecko"
192.168.11.104 - - [26/Sep/2023:10:11:33 +0800] "GET /eHR/img/icon_jd.png HTTP/1.1" 304 -
192.168.11.104 - - [26/Sep/2023:10:11:33 +0800] "GET /eHR/img/icon_about.png HTTP/1.1" 304 -
192.168.11.104 - - [26/Sep/2023:10:11:33 +0800] "GET /eHR/img/icon_about.png HTTP/1.1" 304 - "http://192.168.1.83:8088/eHR/ess/redirect.php" "Mozilla/5.0 (Windows NT 10.0; WOW64; Trident/7.0; rv:11.0) like Gecko"
192.168.11.104 - - [26/Sep/2023:10:11:33 +0800] "GET /eHR/img/icon_help.png HTTP/1.1" 304 - "http://192.168.1.83:8088/eHR/ess/redirect.php" "Mozilla/5.0 (Windows NT 10.0; WOW64; Trident/7.0; rv:11.0) like Gecko"
192.168.11.104 - - [26/Sep/2023:10:11:33 +0800] "GET /eHR/img/icon_help.png HTTP/1.1" 304 -
192.168.11.104 - - [26/Sep/2023:10:11:33 +0800] "GET /eHR/img/icon_exit.png HTTP/1.1" 304 - "http://192.168.1.83:8088/eHR/ess/redirect.php" "Mozilla/5.0 (Windows NT 10.0; WOW64; Trident/7.0; rv:11.0) like Gecko"
192.168.11.104 - - [26/Sep/2023:10:11:33 +0800] "GET /eHR/img/icon_exit.png HTTP/1.1" 304 -
192.168.11.104 - - [26/Sep/2023:10:11:33 +0800] "GET /eHR/js/jqueryui/jquery-1.4.4.min.js HTTP/1.1" 304 - "http://192.168.1.83:8088/eHR/ess/redirect.php" "Mozilla/5.0 (Windows NT 10.0; WOW64; Trident/7.0; rv:11.0) like Gecko"
192.168.11.104 - - [26/Sep/2023:10:11:33 +0800] "GET /eHR/js/jqueryui/jquery-1.4.4.min.js HTTP/1.1" 304 -
192.168.11.104 - - [26/Sep/2023:10:11:33 +0800] "GET /eHR/img/ess-logo.png HTTP/1.1" 304 - "http://192.168.1.83:8088/eHR/ess/redirect.php" "Mozilla/5.0 (Windows NT 10.0; WOW64; Trident/7.0; rv:11.0) like Gecko"
192.168.11.104 - - [26/Sep/2023:10:11:33 +0800] "GET /eHR/img/ess-logo.png HTTP/1.1" 304 -
192.168.11.104 - - [26/Sep/2023:10:11:33 +0800] "GET /eHR/img/human.png HTTP/1.1" 304 - "http://192.168.1.83:8088/eHR/ess/redirect.php" "Mozilla/5.0 (Windows NT 10.0; WOW64; Trident/7.0; rv:11.0) like Gecko"
192.168.11.104 - - [26/Sep/2023:10:11:33 +0800] "GET /eHR/img/human.png HTTP/1.1" 304 -
192.168.11.104 - - [26/Sep/2023:10:11:33 +0800] "GET /eHR/js/jqueryui/jquery-ui-1.8.11.custom.min.js HTTP/1.1" 304 - "http://192.168.1.83:8088/eHR/ess/redirect.php" "Mozilla/5.0 (Windows NT 10.0; WOW64; Trident/7.0; rv:11.0) like Gecko"
192.168.11.104 - - [26/Sep/2023:10:11:33 +0800] "GET /eHR/js/jqueryui/jquery-ui-1.8.11.custom.min.js HTTP/1.1" 304 -
192.168.11.104 - - [26/Sep/2023:10:11:33 +0800] "GET /eHR/js/jquery.layout.min-1.2.0.js HTTP/1.1" 304 - "http://192.168.1.83:8088/eHR/ess/redirect.php" "Mozilla/5.0 (Windows NT 10.0; WOW64; Trident/7.0; rv:11.0) like Gecko"
192.168.11.104 - - [26/Sep/2023:10:11:33 +0800] "GET /eHR/js/jquery.layout.min-1.2.0.js HTTP/1.1" 304 -
192.168.11.104 - - [26/Sep/2023:10:11:33 +0800] "GET /eHR/js/jquery.cookie.min.js HTTP/1.1" 304 - "http://192.168.1.83:8088/eHR/ess/redirect.php" "Mozilla/5.0 (Windows NT 10.0; WOW64; Trident/7.0; rv:11.0) like Gecko"
192.168.11.104 - - [26/Sep/2023:10:11:33 +0800] "GET /eHR/js/jquery.cookie.min.js HTTP/1.1" 304 -
192.168.11.104 - - [26/Sep/2023:10:11:33 +0800] "GET /eHR/img/Person.png HTTP/1.1" 304 - "http://192.168.1.83:8088/eHR/ess/redirect.php" "Mozilla/5.0 (Windows NT 10.0; WOW64; Trident/7.0; rv:11.0) like Gecko"
192.168.11.104 - - [26/Sep/2023:10:11:33 +0800] "GET /eHR/img/Person.png HTTP/1.1" 304 -
192.168.11.104 - - [26/Sep/2023:10:11:33 +0800] "GET /eHR/css/jqueryui/themes/redmond/images/ui-bg_glass_85_dfeffc_1x400.png HTTP/1.1" 304 - "http://192.168.1.83:8088/eHR/ess/redirect.php" "Mozilla/5.0 (Windows NT 10.0; WOW64; Trident/7.0; rv:11.0) like Gecko"
192.168.11.104 - - [26/Sep/2023:10:11:33 +0800] "GET /eHR/css/jqueryui/themes/redmond/images/ui-bg_glass_85_dfeffc_1x400.png HTTP/1.1" 304 -
192.168.11.104 - - [26/Sep/2023:10:11:33 +0800] "GET /eHR/css/jqueryui/themes/redmond/images/ui-icons_6da8d5_256x240.png HTTP/1.1" 304 - "http://192.168.1.83:8088/eHR/ess/redirect.php" "Mozilla/5.0 (Windows NT 10.0; WOW64; Trident/7.0; rv:11.0) like Gecko"
192.168.11.104 - - [26/Sep/2023:10:11:33 +0800] "GET /eHR/css/jqueryui/themes/redmond/images/ui-icons_6da8d5_256x240.png HTTP/1.1" 304 -
192.168.11.104 - - [26/Sep/2023:10:11:33 +0800] "GET /eHR/img/layout/toggle-lt.gif HTTP/1.1" 304 - "http://192.168.1.83:8088/eHR/ess/redirect.php" "Mozilla/5.0 (Windows NT 10.0; WOW64; Trident/7.0; rv:11.0) like Gecko"
192.168.11.104 - - [26/Sep/2023:10:11:33 +0800] "GET /eHR/img/layout/toggle-lt.gif HTTP/1.1" 304 -
192.168.11.104 - - [26/Sep/2023:10:11:33 +0800] "GET /eHR/css/jqueryui/themes/redmond/images/ui-bg_inset-hard_100_fcfdfd_1x100.png HTTP/1.1" 304 - "http://192.168.1.83:8088/eHR/ess/redirect.php" "Mozilla/5.0 (Windows NT 10.0; WOW64; Trident/7.0; rv:11.0) like Gecko"
192.168.11.104 - - [26/Sep/2023:10:11:33 +0800] "GET /eHR/css/jqueryui/themes/redmond/images/ui-bg_inset-hard_100_fcfdfd_1x100.png HTTP/1.1" 304 -
192.168.11.104 - - [26/Sep/2023:10:11:34 +0800] "GET /eHR/img/layout/resizable-w.gif HTTP/1.1" 304 - "http://192.168.1.83:8088/eHR/ess/redirect.php" "Mozilla/5.0 (Windows NT 10.0; WOW64; Trident/7.0; rv:11.0) like Gecko"
192.168.11.104 - - [26/Sep/2023:10:11:34 +0800] "GET /eHR/img/layout/resizable-w.gif HTTP/1.1" 304 -
192.168.11.104 - - [26/Sep/2023:10:11:33 +0800] "GET /eHR/ess/redirect.php?scriptname=ESNH000 HTTP/1.1" 200 10440 "http://192.168.1.83:8088/eHR/ess/redirect.php" "Mozilla/5.0 (Windows NT 10.0; WOW64; Trident/7.0; rv:11.0) like Gecko"
192.168.11.104 - - [26/Sep/2023:10:11:33 +0800] "GET /eHR/ess/redirect.php?scriptname=ESNH000 HTTP/1.1" 200 10440
192.168.11.104 - - [26/Sep/2023:10:11:34 +0800] "GET /eHR/css/blueprint/screen.css HTTP/1.1" 304 - "http://192.168.1.83:8088/eHR/ess/redirect.php?scriptname=ESNH000" "Mozilla/5.0 (Windows NT 10.0; WOW64; Trident/7.0; rv:11.0) like Gecko"
192.168.11.104 - - [26/Sep/2023:10:11:34 +0800] "GET /eHR/css/blueprint/screen.css HTTP/1.1" 304 -
192.168.11.104 - - [26/Sep/2023:10:11:34 +0800] "GET /eHR/css/jqueryui/themes/redmond/jquery.ui.all.css HTTP/1.1" 304 - "http://192.168.1.83:8088/eHR/ess/redirect.php?scriptname=ESNH000" "Mozilla/5.0 (Windows NT 10.0; WOW64; Trident/7.0; rv:11.0) like Gecko"
192.168.11.104 - - [26/Sep/2023:10:11:34 +0800] "GET /eHR/css/jqueryui/themes/redmond/jquery.ui.all.css HTTP/1.1" 304 -
192.168.11.104 - - [26/Sep/2023:10:11:34 +0800] "GET /eHR/css/default.css?m=20130917 HTTP/1.1" 304 - "http://192.168.1.83:8088/eHR/ess/redirect.php?scriptname=ESNH000" "Mozilla/5.0 (Windows NT 10.0; WOW64; Trident/7.0; rv:11.0) like Gecko"
192.168.11.104 - - [26/Sep/2023:10:11:34 +0800] "GET /eHR/css/default.css?m=20130917 HTTP/1.1" 304 -
192.168.11.104 - - [26/Sep/2023:10:11:34 +0800] "GET /eHR/js/jqueryui/jquery-1.4.4.min.js HTTP/1.1" 304 - "http://192.168.1.83:8088/eHR/ess/redirect.php?scriptname=ESNH000" "Mozilla/5.0 (Windows NT 10.0; WOW64; Trident/7.0; rv:11.0) like Gecko"
192.168.11.104 - - [26/Sep/2023:10:11:34 +0800] "GET /eHR/js/jqueryui/jquery-1.4.4.min.js HTTP/1.1" 304 -
192.168.11.104 - - [26/Sep/2023:10:11:34 +0800] "GET /eHR/js/jqueryui/jquery-ui-1.8.11.custom.min.js HTTP/1.1" 304 - "http://192.168.1.83:8088/eHR/ess/redirect.php?scriptname=ESNH000" "Mozilla/5.0 (Windows NT 10.0; WOW64; Trident/7.0; rv:11.0) like Gecko"
192.168.11.104 - - [26/Sep/2023:10:11:34 +0800] "GET /eHR/js/jqueryui/jquery-ui-1.8.11.custom.min.js HTTP/1.1" 304 -
192.168.11.104 - - [26/Sep/2023:10:11:34 +0800] "GET /eHR/js/i18n/ui.datepicker-zh-TW.min.js HTTP/1.1" 304 - "http://192.168.1.83:8088/eHR/ess/redirect.php?scriptname=ESNH000" "Mozilla/5.0 (Windows NT 10.0; WOW64; Trident/7.0; rv:11.0) like Gecko"
192.168.11.104 - - [26/Sep/2023:10:11:34 +0800] "GET /eHR/js/i18n/ui.datepicker-zh-TW.min.js HTTP/1.1" 304 -
192.168.11.104 - - [26/Sep/2023:10:11:34 +0800] "GET /eHR/js/functions.js HTTP/1.1" 304 - "http://192.168.1.83:8088/eHR/ess/redirect.php?scriptname=ESNH000" "Mozilla/5.0 (Windows NT 10.0; WOW64; Trident/7.0; rv:11.0) like Gecko"
192.168.11.104 - - [26/Sep/2023:10:11:34 +0800] "GET /eHR/js/functions.js HTTP/1.1" 304 -
192.168.11.172 - - [26/Sep/2023:10:11:34 +0800] "GET /eHR/ess/redirect.php HTTP/1.1" 302 121 "-" "Mozilla/5.0 (Windows NT 6.1; Win64; x64) AppleWebKit/537.36 (KHTML, like Gecko) Chrome/105.0.0.0 Safari/537.36"
192.168.11.172 - - [26/Sep/2023:10:11:34 +0800] "GET /eHR/ess/redirect.php HTTP/1.1" 302 121
192.168.11.172 - - [26/Sep/2023:10:11:34 +0800] "GET /eHR/ess/index.php?action=logout HTTP/1.1" 200 8826 "-" "Mozilla/5.0 (Windows NT 6.1; Win64; x64) AppleWebKit/537.36 (KHTML, like Gecko) Chrome/105.0.0.0 Safari/537.36"
192.168.11.172 - - [26/Sep/2023:10:11:34 +0800] "GET /eHR/ess/index.php?action=logout HTTP/1.1" 200 8826
192.168.11.104 - - [26/Sep/2023:10:11:35 +0800] "GET /eHR/ess/index.php?lang=ZHT HTTP/1.1" 200 8829 "http://192.168.1.83:8088/eHR/ess/index.php?action=logout" "Mozilla/5.0 (Windows NT 10.0; WOW64; Trident/7.0; rv:11.0) like Gecko"
192.168.11.104 - - [26/Sep/2023:10:11:35 +0800] "GET /eHR/ess/index.php?lang=ZHT HTTP/1.1" 200 8829
192.168.11.172 - - [26/Sep/2023:10:11:39 +0800] "POST /eHR/ess/includes/login.php HTTP/1.1" 302 - "http://192.168.1.83:8088/eHR/ess/index.php?action=logout" "Mozilla/5.0 (Windows NT 6.1; Win64; x64) AppleWebKit/537.36 (KHTML, like Gecko) Chrome/105.0.0.0 Safari/537.36"
192.168.11.172 - - [26/Sep/2023:10:11:39 +0800] "POST /eHR/ess/includes/login.php HTTP/1.1" 302 -
192.168.11.172 - - [26/Sep/2023:10:11:44 +0800] "GET /eHR/ess/redirect.php HTTP/1.1" 200 7220 "http://192.168.1.83:8088/eHR/ess/index.php?action=logout" "Mozilla/5.0 (Windows NT 6.1; Win64; x64) AppleWebKit/537.36 (KHTML, like Gecko) Chrome/105.0.0.0 Safari/537.36"
192.168.11.172 - - [26/Sep/2023:10:11:44 +0800] "GET /eHR/ess/redirect.php HTTP/1.1" 200 7220
192.168.11.172 - - [26/Sep/2023:10:11:44 +0800] "GET /eHR/ess/redirect.php?scriptname=ESNH000 HTTP/1.1" 200 10228 "http://192.168.1.83:8088/eHR/ess/redirect.php" "Mozilla/5.0 (Windows NT 6.1; Win64; x64) AppleWebKit/537.36 (KHTML, like Gecko) Chrome/105.0.0.0 Safari/537.36"
192.168.11.172 - - [26/Sep/2023:10:11:44 +0800] "GET /eHR/ess/redirect.php?scriptname=ESNH000 HTTP/1.1" 200 10228
192.168.11.104 - - [26/Sep/2023:10:11:43 +0800] "POST /eHR/ess/includes/login.php HTTP/1.1" 302 - "http://192.168.1.83:8088/eHR/ess/index.php?lang=ZHT" "Mozilla/5.0 (Windows NT 10.0; WOW64; Trident/7.0; rv:11.0) like Gecko"
192.168.11.104 - - [26/Sep/2023:10:11:43 +0800] "POST /eHR/ess/includes/login.php HTTP/1.1" 302 -
192.168.11.104 - - [26/Sep/2023:10:11:48 +0800] "GET /eHR/ess/redirect.php HTTP/1.1" 200 9507 "http://192.168.1.83:8088/eHR/ess/index.php?lang=ZHT" "Mozilla/5.0 (Windows NT 10.0; WOW64; Trident/7.0; rv:11.0) like Gecko"
192.168.11.104 - - [26/Sep/2023:10:11:48 +0800] "GET /eHR/ess/redirect.php HTTP/1.1" 200 9507
192.168.11.172 - - [26/Sep/2023:10:11:48 +0800] "GET /eHR/mgr/redirect.php?scriptname=MDNH105&appdesc=%E5%8A%A0%E7%8F%AD%E5%BE%85%E7%AD%BE HTTP/1.1" 200 27344 "http://192.168.1.83:8088/eHR/ess/redirect.php?scriptname=ESNH000" "Mozilla/5.0 (Windows NT 6.1; Win64; x64) AppleWebKit/537.36 (KHTML, like Gecko) Chrome/105.0.0.0 Safari/537.36"
192.168.11.172 - - [26/Sep/2023:10:11:48 +0800] "GET /eHR/mgr/redirect.php?scriptname=MDNH105&appdesc=%E5%8A%A0%E7%8F%AD%E5%BE%85%E7%AD%BE HTTP/1.1" 200 27344
192.168.11.104 - - [26/Sep/2023:10:11:48 +0800] "GET /eHR/ess/redirect.php?scriptname=ESNH000 HTTP/1.1" 200 9926 "http://192.168.1.83:8088/eHR/ess/redirect.php" "Mozilla/5.0 (Windows NT 10.0; WOW64; Trident/7.0; rv:11.0) like Gecko"
192.168.11.104 - - [26/Sep/2023:10:11:48 +0800] "GET /eHR/ess/redirect.php?scriptname=ESNH000 HTTP/1.1" 200 9926
192.168.11.104 - - [26/Sep/2023:10:11:50 +0800] "GET /eHR/ess/redirect.php?scriptname=ESNF000&appdesc=%E6%B5%81%E7%A8%8B%E7%AE%A1%E7%90%86 HTTP/1.1" 200 14356 "http://192.168.1.83:8088/eHR/ess/redirect.php" "Mozilla/5.0 (Windows NT 10.0; WOW64; Trident/7.0; rv:11.0) like Gecko"
192.168.11.104 - - [26/Sep/2023:10:11:50 +0800] "GET /eHR/ess/redirect.php?scriptname=ESNF000&appdesc=%E6%B5%81%E7%A8%8B%E7%AE%A1%E7%90%86 HTTP/1.1" 200 14356
192.168.11.172 - - [26/Sep/2023:10:11:51 +0800] "POST /eHR/mgr/redirect.php?scriptname=MDNH105&appdesc=%E5%8A%A0%E7%8F%AD%E5%BE%85%E7%AD%BE HTTP/1.1" 302 - "http://192.168.1.83:8088/eHR/mgr/redirect.php?scriptname=MDNH105&appdesc=%E5%8A%A0%E7%8F%AD%E5%BE%85%E7%AD%BE" "Mozilla/5.0 (Windows NT 6.1; Win64; x64) AppleWebKit/537.36 (KHTML, like Gecko) Chrome/105.0.0.0 Safari/537.36"
192.168.11.172 - - [26/Sep/2023:10:11:51 +0800] "POST /eHR/mgr/redirect.php?scriptname=MDNH105&appdesc=%E5%8A%A0%E7%8F%AD%E5%BE%85%E7%AD%BE HTTP/1.1" 302 -
192.168.11.172 - - [26/Sep/2023:10:11:52 +0800] "GET /eHR/mgr/redirect.php?scriptname=page_success&msgtxt=%E6%82%A8%E7%9A%84%E7%B0%BD%E6%A0%B8%EF%BC%8C%E5%B7%B2%E6%88%90%E5%8A%9F%E6%8F%90%E4%BA%A4%E5%88%B0%E5%BE%8C%E5%8F%B0%E8%99%95%E7%90%86.%3Cbr%3E%E6%82%A8%E5%8F%AF%E4%BB%A5%E7%82%B9%3Ca+href%3D%22..%2Fess%2Fredirect.php%3Fscriptname%3DESNH100%26requestno%3D118192%22%3E%E9%80%99%E8%A3%A1%3C%2Fa%3E%E6%9F%A5%E7%9C%8B%E7%B0%BD%E6%A0%B8%E7%B5%90%E6%9E%9C%E3%80%82%3Cbr%3E%E6%89%B9%E6%AC%A1%E8%99%9F%3A118192&target=iframe HTTP/1.1" 302 - "http://192.168.1.83:8088/eHR/mgr/redirect.php?scriptname=MDNH105&appdesc=%E5%8A%A0%E7%8F%AD%E5%BE%85%E7%AD%BE" "Mozilla/5.0 (Windows NT 6.1; Win64; x64) AppleWebKit/537.36 (KHTML, like Gecko) Chrome/105.0.0.0 Safari/537.36"
192.168.11.172 - - [26/Sep/2023:10:11:52 +0800] "GET /eHR/mgr/redirect.php?scriptname=page_success&msgtxt=%E6%82%A8%E7%9A%84%E7%B0%BD%E6%A0%B8%EF%BC%8C%E5%B7%B2%E6%88%90%E5%8A%9F%E6%8F%90%E4%BA%A4%E5%88%B0%E5%BE%8C%E5%8F%B0%E8%99%95%E7%90%86.%3Cbr%3E%E6%82%A8%E5%8F%AF%E4%BB%A5%E7%82%B9%3Ca+href%3D%22..%2Fess%2Fredirect.php%3Fscriptname%3DESNH100%26requestno%3D118192%22%3E%E9%80%99%E8%A3%A1%3C%2Fa%3E%E6%9F%A5%E7%9C%8B%E7%B0%BD%E6%A0%B8%E7%B5%90%E6%9E%9C%E3%80%82%3Cbr%3E%E6%89%B9%E6%AC%A1%E8%99%9F%3A118192&target=iframe HTTP/1.1" 302 -
192.168.11.172 - - [26/Sep/2023:10:11:52 +0800] "GET /eHR/mgr/redirect.php?scriptname=page_error&msgtxt=%3Ch3%3EHTTP+404+-+Page+not+found%3C%2Fh3%3E%3Cbr%3E%3Cstrong%3EFile+Name%3A%3C%2Fstrong%3Epage_success%3Cbr%2F%3E%3Cstrong%3EApplication+Name%3C%2Fstrong%3E%3A&target=iframe HTTP/1.1" 302 - "http://192.168.1.83:8088/eHR/mgr/redirect.php?scriptname=MDNH105&appdesc=%E5%8A%A0%E7%8F%AD%E5%BE%85%E7%AD%BE" "Mozilla/5.0 (Windows NT 6.1; Win64; x64) AppleWebKit/537.36 (KHTML, like Gecko) Chrome/105.0.0.0 Safari/537.36"
192.168.11.172 - - [26/Sep/2023:10:11:52 +0800] "GET /eHR/mgr/redirect.php?scriptname=page_error&msgtxt=%3Ch3%3EHTTP+404+-+Page+not+found%3C%2Fh3%3E%3Cbr%3E%3Cstrong%3EFile+Name%3A%3C%2Fstrong%3Epage_success%3Cbr%2F%3E%3Cstrong%3EApplication+Name%3C%2Fstrong%3E%3A&target=iframe HTTP/1.1" 302 -
192.168.11.172 - - [26/Sep/2023:10:11:52 +0800] "GET /eHR/mgr/redirect.php?scriptname=page_error&msgtxt=%3Ch3%3EHTTP+404+-+Page+not+found%3C%2Fh3%3E%3Cbr%3E%3Cstrong%3EFile+Name%3A%3C%2Fstrong%3Epage_error%3Cbr%2F%3E%3Cstrong%3EApplication+Name%3C%2Fstrong%3E%3A&target=iframe HTTP/1.1" 302 -
192.168.11.172 - - [26/Sep/2023:10:11:52 +0800] "GET /eHR/mgr/redirect.php?scriptname=page_error&msgtxt=%3Ch3%3EHTTP+404+-+Page+not+found%3C%2Fh3%3E%3Cbr%3E%3Cstrong%3EFile+Name%3A%3C%2Fstrong%3Epage_error%3Cbr%2F%3E%3Cstrong%3EApplication+Name%3C%2Fstrong%3E%3A&target=iframe HTTP/1.1" 302 - "http://192.168.1.83:8088/eHR/mgr/redirect.php?scriptname=MDNH105&appdesc=%E5%8A%A0%E7%8F%AD%E5%BE%85%E7%AD%BE" "Mozilla/5.0 (Windows NT 6.1; Win64; x64) AppleWebKit/537.36 (KHTML, like Gecko) Chrome/105.0.0.0 Safari/537.36"
192.168.11.172 - - [26/Sep/2023:10:11:52 +0800] "GET /eHR/mgr/redirect.php?scriptname=page_error&msgtxt=%3Ch3%3EHTTP+404+-+Page+not+found%3C%2Fh3%3E%3Cbr%3E%3Cstrong%3EFile+Name%3A%3C%2Fstrong%3Epage_error%3Cbr%2F%3E%3Cstrong%3EApplication+Name%3C%2Fstrong%3E%3A&target=iframe HTTP/1.1" 302 - "http://192.168.1.83:8088/eHR/mgr/redirect.php?scriptname=MDNH105&appdesc=%E5%8A%A0%E7%8F%AD%E5%BE%85%E7%AD%BE" "Mozilla/5.0 (Windows NT 6.1; Win64; x64) AppleWebKit/537.36 (KHTML, like Gecko) Chrome/105.0.0.0 Safari/537.36"
192.168.11.172 - - [26/Sep/2023:10:11:52 +0800] "GET /eHR/mgr/redirect.php?scriptname=page_error&msgtxt=%3Ch3%3EHTTP+404+-+Page+not+found%3C%2Fh3%3E%3Cbr%3E%3Cstrong%3EFile+Name%3A%3C%2Fstrong%3Epage_error%3Cbr%2F%3E%3Cstrong%3EApplication+Name%3C%2Fstrong%3E%3A&target=iframe HTTP/1.1" 302 -
192.168.11.172 - - [26/Sep/2023:10:11:52 +0800] "GET /eHR/mgr/redirect.php?scriptname=page_error&msgtxt=%3Ch3%3EHTTP+404+-+Page+not+found%3C%2Fh3%3E%3Cbr%3E%3Cstrong%3EFile+Name%3A%3C%2Fstrong%3Epage_error%3Cbr%2F%3E%3Cstrong%3EApplication+Name%3C%2Fstrong%3E%3A&target=iframe HTTP/1.1" 302 -
192.168.11.172 - - [26/Sep/2023:10:11:52 +0800] "GET /eHR/mgr/redirect.php?scriptname=page_error&msgtxt=%3Ch3%3EHTTP+404+-+Page+not+found%3C%2Fh3%3E%3Cbr%3E%3Cstrong%3EFile+Name%3A%3C%2Fstrong%3Epage_error%3Cbr%2F%3E%3Cstrong%3EApplication+Name%3C%2Fstrong%3E%3A&target=iframe HTTP/1.1" 302 - "http://192.168.1.83:8088/eHR/mgr/redirect.php?scriptname=MDNH105&appdesc=%E5%8A%A0%E7%8F%AD%E5%BE%85%E7%AD%BE" "Mozilla/5.0 (Windows NT 6.1; Win64; x64) AppleWebKit/537.36 (KHTML, like Gecko) Chrome/105.0.0.0 Safari/537.36"
192.168.11.172 - - [26/Sep/2023:10:11:52 +0800] "GET /eHR/mgr/redirect.php?scriptname=page_error&msgtxt=%3Ch3%3EHTTP+404+-+Page+not+found%3C%2Fh3%3E%3Cbr%3E%3Cstrong%3EFile+Name%3A%3C%2Fstrong%3Epage_error%3Cbr%2F%3E%3Cstrong%3EApplication+Name%3C%2Fstrong%3E%3A&target=iframe HTTP/1.1" 302 - "http://192.168.1.83:8088/eHR/mgr/redirect.php?scriptname=MDNH105&appdesc=%E5%8A%A0%E7%8F%AD%E5%BE%85%E7%AD%BE" "Mozilla/5.0 (Windows NT 6.1; Win64; x64) AppleWebKit/537.36 (KHTML, like Gecko) Chrome/105.0.0.0 Safari/537.36"
192.168.11.172 - - [26/Sep/2023:10:11:52 +0800] "GET /eHR/mgr/redirect.php?scriptname=page_error&msgtxt=%3Ch3%3EHTTP+404+-+Page+not+found%3C%2Fh3%3E%3Cbr%3E%3Cstrong%3EFile+Name%3A%3C%2Fstrong%3Epage_error%3Cbr%2F%3E%3Cstrong%3EApplication+Name%3C%2Fstrong%3E%3A&target=iframe HTTP/1.1" 302 -
192.168.11.172 - - [26/Sep/2023:10:11:52 +0800] "GET /eHR/mgr/redirect.php?scriptname=page_error&msgtxt=%3Ch3%3EHTTP+404+-+Page+not+found%3C%2Fh3%3E%3Cbr%3E%3Cstrong%3EFile+Name%3A%3C%2Fstrong%3Epage_error%3Cbr%2F%3E%3Cstrong%3EApplication+Name%3C%2Fstrong%3E%3A&target=iframe HTTP/1.1" 302 - "http://192.168.1.83:8088/eHR/mgr/redirect.php?scriptname=MDNH105&appdesc=%E5%8A%A0%E7%8F%AD%E5%BE%85%E7%AD%BE" "Mozilla/5.0 (Windows NT 6.1; Win64; x64) AppleWebKit/537.36 (KHTML, like Gecko) Chrome/105.0.0.0 Safari/537.36"
192.168.11.172 - - [26/Sep/2023:10:11:52 +0800] "GET /eHR/mgr/redirect.php?scriptname=page_error&msgtxt=%3Ch3%3EHTTP+404+-+Page+not+found%3C%2Fh3%3E%3Cbr%3E%3Cstrong%3EFile+Name%3A%3C%2Fstrong%3Epage_error%3Cbr%2F%3E%3Cstrong%3EApplication+Name%3C%2Fstrong%3E%3A&target=iframe HTTP/1.1" 302 -
192.168.11.172 - - [26/Sep/2023:10:11:52 +0800] "GET /eHR/mgr/redirect.php?scriptname=page_error&msgtxt=%3Ch3%3EHTTP+404+-+Page+not+found%3C%2Fh3%3E%3Cbr%3E%3Cstrong%3EFile+Name%3A%3C%2Fstrong%3Epage_error%3Cbr%2F%3E%3Cstrong%3EApplication+Name%3C%2Fstrong%3E%3A&target=iframe HTTP/1.1" 302 - "http://192.168.1.83:8088/eHR/mgr/redirect.php?scriptname=MDNH105&appdesc=%E5%8A%A0%E7%8F%AD%E5%BE%85%E7%AD%BE" "Mozilla/5.0 (Windows NT 6.1; Win64; x64) AppleWebKit/537.36 (KHTML, like Gecko) Chrome/105.0.0.0 Safari/537.36"
192.168.11.172 - - [26/Sep/2023:10:11:52 +0800] "GET /eHR/mgr/redirect.php?scriptname=page_error&msgtxt=%3Ch3%3EHTTP+404+-+Page+not+found%3C%2Fh3%3E%3Cbr%3E%3Cstrong%3EFile+Name%3A%3C%2Fstrong%3Epage_error%3Cbr%2F%3E%3Cstrong%3EApplication+Name%3C%2Fstrong%3E%3A&target=iframe HTTP/1.1" 302 -
192.168.11.172 - - [26/Sep/2023:10:11:52 +0800] "GET /eHR/mgr/redirect.php?scriptname=page_error&msgtxt=%3Ch3%3EHTTP+404+-+Page+not+found%3C%2Fh3%3E%3Cbr%3E%3Cstrong%3EFile+Name%3A%3C%2Fstrong%3Epage_error%3Cbr%2F%3E%3Cstrong%3EApplication+Name%3C%2Fstrong%3E%3A&target=iframe HTTP/1.1" 302 - "http://192.168.1.83:8088/eHR/mgr/redirect.php?scriptname=MDNH105&appdesc=%E5%8A%A0%E7%8F%AD%E5%BE%85%E7%AD%BE" "Mozilla/5.0 (Windows NT 6.1; Win64; x64) AppleWebKit/537.36 (KHTML, like Gecko) Chrome/105.0.0.0 Safari/537.36"
192.168.11.172 - - [26/Sep/2023:10:11:52 +0800] "GET /eHR/mgr/redirect.php?scriptname=page_error&msgtxt=%3Ch3%3EHTTP+404+-+Page+not+found%3C%2Fh3%3E%3Cbr%3E%3Cstrong%3EFile+Name%3A%3C%2Fstrong%3Epage_error%3Cbr%2F%3E%3Cstrong%3EApplication+Name%3C%2Fstrong%3E%3A&target=iframe HTTP/1.1" 302 -
192.168.11.172 - - [26/Sep/2023:10:11:52 +0800] "GET /eHR/mgr/redirect.php?scriptname=page_error&msgtxt=%3Ch3%3EHTTP+404+-+Page+not+found%3C%2Fh3%3E%3Cbr%3E%3Cstrong%3EFile+Name%3A%3C%2Fstrong%3Epage_error%3Cbr%2F%3E%3Cstrong%3EApplication+Name%3C%2Fstrong%3E%3A&target=iframe HTTP/1.1" 302 - "http://192.168.1.83:8088/eHR/mgr/redirect.php?scriptname=MDNH105&appdesc=%E5%8A%A0%E7%8F%AD%E5%BE%85%E7%AD%BE" "Mozilla/5.0 (Windows NT 6.1; Win64; x64) AppleWebKit/537.36 (KHTML, like Gecko) Chrome/105.0.0.0 Safari/537.36"
192.168.11.172 - - [26/Sep/2023:10:11:52 +0800] "GET /eHR/mgr/redirect.php?scriptname=page_error&msgtxt=%3Ch3%3EHTTP+404+-+Page+not+found%3C%2Fh3%3E%3Cbr%3E%3Cstrong%3EFile+Name%3A%3C%2Fstrong%3Epage_error%3Cbr%2F%3E%3Cstrong%3EApplication+Name%3C%2Fstrong%3E%3A&target=iframe HTTP/1.1" 302 -
192.168.11.172 - - [26/Sep/2023:10:11:52 +0800] "GET /eHR/mgr/redirect.php?scriptname=page_error&msgtxt=%3Ch3%3EHTTP+404+-+Page+not+found%3C%2Fh3%3E%3Cbr%3E%3Cstrong%3EFile+Name%3A%3C%2Fstrong%3Epage_error%3Cbr%2F%3E%3Cstrong%3EApplication+Name%3C%2Fstrong%3E%3A&target=iframe HTTP/1.1" 302 - "http://192.168.1.83:8088/eHR/mgr/redirect.php?scriptname=MDNH105&appdesc=%E5%8A%A0%E7%8F%AD%E5%BE%85%E7%AD%BE" "Mozilla/5.0 (Windows NT 6.1; Win64; x64) AppleWebKit/537.36 (KHTML, like Gecko) Chrome/105.0.0.0 Safari/537.36"
192.168.11.172 - - [26/Sep/2023:10:11:52 +0800] "GET /eHR/mgr/redirect.php?scriptname=page_error&msgtxt=%3Ch3%3EHTTP+404+-+Page+not+found%3C%2Fh3%3E%3Cbr%3E%3Cstrong%3EFile+Name%3A%3C%2Fstrong%3Epage_error%3Cbr%2F%3E%3Cstrong%3EApplication+Name%3C%2Fstrong%3E%3A&target=iframe HTTP/1.1" 302 -
192.168.11.172 - - [26/Sep/2023:10:11:52 +0800] "GET /eHR/mgr/redirect.php?scriptname=page_error&msgtxt=%3Ch3%3EHTTP+404+-+Page+not+found%3C%2Fh3%3E%3Cbr%3E%3Cstrong%3EFile+Name%3A%3C%2Fstrong%3Epage_error%3Cbr%2F%3E%3Cstrong%3EApplication+Name%3C%2Fstrong%3E%3A&target=iframe HTTP/1.1" 302 - "http://192.168.1.83:8088/eHR/mgr/redirect.php?scriptname=MDNH105&appdesc=%E5%8A%A0%E7%8F%AD%E5%BE%85%E7%AD%BE" "Mozilla/5.0 (Windows NT 6.1; Win64; x64) AppleWebKit/537.36 (KHTML, like Gecko) Chrome/105.0.0.0 Safari/537.36"
192.168.11.172 - - [26/Sep/2023:10:11:52 +0800] "GET /eHR/mgr/redirect.php?scriptname=page_error&msgtxt=%3Ch3%3EHTTP+404+-+Page+not+found%3C%2Fh3%3E%3Cbr%3E%3Cstrong%3EFile+Name%3A%3C%2Fstrong%3Epage_error%3Cbr%2F%3E%3Cstrong%3EApplication+Name%3C%2Fstrong%3E%3A&target=iframe HTTP/1.1" 302 -
192.168.11.172 - - [26/Sep/2023:10:11:52 +0800] "GET /eHR/mgr/redirect.php?scriptname=page_error&msgtxt=%3Ch3%3EHTTP+404+-+Page+not+found%3C%2Fh3%3E%3Cbr%3E%3Cstrong%3EFile+Name%3A%3C%2Fstrong%3Epage_error%3Cbr%2F%3E%3Cstrong%3EApplication+Name%3C%2Fstrong%3E%3A&target=iframe HTTP/1.1" 302 - "http://192.168.1.83:8088/eHR/mgr/redirect.php?scriptname=MDNH105&appdesc=%E5%8A%A0%E7%8F%AD%E5%BE%85%E7%AD%BE" "Mozilla/5.0 (Windows NT 6.1; Win64; x64) AppleWebKit/537.36 (KHTML, like Gecko) Chrome/105.0.0.0 Safari/537.36"
192.168.11.172 - - [26/Sep/2023:10:11:52 +0800] "GET /eHR/mgr/redirect.php?scriptname=page_error&msgtxt=%3Ch3%3EHTTP+404+-+Page+not+found%3C%2Fh3%3E%3Cbr%3E%3Cstrong%3EFile+Name%3A%3C%2Fstrong%3Epage_error%3Cbr%2F%3E%3Cstrong%3EApplication+Name%3C%2Fstrong%3E%3A&target=iframe HTTP/1.1" 302 -
192.168.11.172 - - [26/Sep/2023:10:11:52 +0800] "GET /eHR/mgr/redirect.php?scriptname=page_error&msgtxt=%3Ch3%3EHTTP+404+-+Page+not+found%3C%2Fh3%3E%3Cbr%3E%3Cstrong%3EFile+Name%3A%3C%2Fstrong%3Epage_error%3Cbr%2F%3E%3Cstrong%3EApplication+Name%3C%2Fstrong%3E%3A&target=iframe HTTP/1.1" 302 -
192.168.11.172 - - [26/Sep/2023:10:11:52 +0800] "GET /eHR/mgr/redirect.php?scriptname=page_error&msgtxt=%3Ch3%3EHTTP+404+-+Page+not+found%3C%2Fh3%3E%3Cbr%3E%3Cstrong%3EFile+Name%3A%3C%2Fstrong%3Epage_error%3Cbr%2F%3E%3Cstrong%3EApplication+Name%3C%2Fstrong%3E%3A&target=iframe HTTP/1.1" 302 - "http://192.168.1.83:8088/eHR/mgr/redirect.php?scriptname=MDNH105&appdesc=%E5%8A%A0%E7%8F%AD%E5%BE%85%E7%AD%BE" "Mozilla/5.0 (Windows NT 6.1; Win64; x64) AppleWebKit/537.36 (KHTML, like Gecko) Chrome/105.0.0.0 Safari/537.36"
192.168.11.172 - - [26/Sep/2023:10:11:53 +0800] "GET /eHR/mgr/redirect.php?scriptname=page_error&msgtxt=%3Ch3%3EHTTP+404+-+Page+not+found%3C%2Fh3%3E%3Cbr%3E%3Cstrong%3EFile+Name%3A%3C%2Fstrong%3Epage_error%3Cbr%2F%3E%3Cstrong%3EApplication+Name%3C%2Fstrong%3E%3A&target=iframe HTTP/1.1" 302 - "http://192.168.1.83:8088/eHR/mgr/redirect.php?scriptname=MDNH105&appdesc=%E5%8A%A0%E7%8F%AD%E5%BE%85%E7%AD%BE" "Mozilla/5.0 (Windows NT 6.1; Win64; x64) AppleWebKit/537.36 (KHTML, like Gecko) Chrome/105.0.0.0 Safari/537.36"
192.168.11.172 - - [26/Sep/2023:10:11:53 +0800] "GET /eHR/mgr/redirect.php?scriptname=page_error&msgtxt=%3Ch3%3EHTTP+404+-+Page+not+found%3C%2Fh3%3E%3Cbr%3E%3Cstrong%3EFile+Name%3A%3C%2Fstrong%3Epage_error%3Cbr%2F%3E%3Cstrong%3EApplication+Name%3C%2Fstrong%3E%3A&target=iframe HTTP/1.1" 302 -
192.168.11.104 - - [26/Sep/2023:10:11:52 +0800] "GET /eHR/ess/redirect.php?scriptname=assistant_leave_apply_search&dept_seqno=4294&flowstatus=02&whoami=admin HTTP/1.1" 200 57545 "http://192.168.1.83:8088/eHR/ess/redirect.php?scriptname=ESNF000&appdesc=%E6%B5%81%E7%A8%8B%E7%AE%A1%E7%90%86" "Mozilla/5.0 (Windows NT 10.0; WOW64; Trident/7.0; rv:11.0) like Gecko"
192.168.11.104 - - [26/Sep/2023:10:11:52 +0800] "GET /eHR/ess/redirect.php?scriptname=assistant_leave_apply_search&dept_seqno=4294&flowstatus=02&whoami=admin HTTP/1.1" 200 57545
192.168.11.172 - - [26/Sep/2023:10:11:53 +0800] "GET /eHR/mgr/redirect.php?scriptname=page_error&msgtxt=%3Ch3%3EHTTP+404+-+Page+not+found%3C%2Fh3%3E%3Cbr%3E%3Cstrong%3EFile+Name%3A%3C%2Fstrong%3Epage_error%3Cbr%2F%3E%3Cstrong%3EApplication+Name%3C%2Fstrong%3E%3A&target=iframe HTTP/1.1" 302 - "http://192.168.1.83:8088/eHR/mgr/redirect.php?scriptname=MDNH105&appdesc=%E5%8A%A0%E7%8F%AD%E5%BE%85%E7%AD%BE" "Mozilla/5.0 (Windows NT 6.1; Win64; x64) AppleWebKit/537.36 (KHTML, like Gecko) Chrome/105.0.0.0 Safari/537.36"
192.168.11.172 - - [26/Sep/2023:10:11:53 +0800] "GET /eHR/mgr/redirect.php?scriptname=page_error&msgtxt=%3Ch3%3EHTTP+404+-+Page+not+found%3C%2Fh3%3E%3Cbr%3E%3Cstrong%3EFile+Name%3A%3C%2Fstrong%3Epage_error%3Cbr%2F%3E%3Cstrong%3EApplication+Name%3C%2Fstrong%3E%3A&target=iframe HTTP/1.1" 302 -
192.168.11.172 - - [26/Sep/2023:10:11:53 +0800] "GET /eHR/mgr/redirect.php?scriptname=page_error&msgtxt=%3Ch3%3EHTTP+404+-+Page+not+found%3C%2Fh3%3E%3Cbr%3E%3Cstrong%3EFile+Name%3A%3C%2Fstrong%3Epage_error%3Cbr%2F%3E%3Cstrong%3EApplication+Name%3C%2Fstrong%3E%3A&target=iframe HTTP/1.1" 302 - "http://192.168.1.83:8088/eHR/mgr/redirect.php?scriptname=MDNH105&appdesc=%E5%8A%A0%E7%8F%AD%E5%BE%85%E7%AD%BE" "Mozilla/5.0 (Windows NT 6.1; Win64; x64) AppleWebKit/537.36 (KHTML, like Gecko) Chrome/105.0.0.0 Safari/537.36"
192.168.11.172 - - [26/Sep/2023:10:11:53 +0800] "GET /eHR/mgr/redirect.php?scriptname=page_error&msgtxt=%3Ch3%3EHTTP+404+-+Page+not+found%3C%2Fh3%3E%3Cbr%3E%3Cstrong%3EFile+Name%3A%3C%2Fstrong%3Epage_error%3Cbr%2F%3E%3Cstrong%3EApplication+Name%3C%2Fstrong%3E%3A&target=iframe HTTP/1.1" 302 -
192.168.11.172 - - [26/Sep/2023:10:11:53 +0800] "GET /eHR/mgr/redirect.php?scriptname=page_error&msgtxt=%3Ch3%3EHTTP+404+-+Page+not+found%3C%2Fh3%3E%3Cbr%3E%3Cstrong%3EFile+Name%3A%3C%2Fstrong%3Epage_error%3Cbr%2F%3E%3Cstrong%3EApplication+Name%3C%2Fstrong%3E%3A&target=iframe HTTP/1.1" 302 - "http://192.168.1.83:8088/eHR/mgr/redirect.php?scriptname=MDNH105&appdesc=%E5%8A%A0%E7%8F%AD%E5%BE%85%E7%AD%BE" "Mozilla/5.0 (Windows NT 6.1; Win64; x64) AppleWebKit/537.36 (KHTML, like Gecko) Chrome/105.0.0.0 Safari/537.36"
192.168.11.172 - - [26/Sep/2023:10:11:53 +0800] "GET /eHR/mgr/redirect.php?scriptname=page_error&msgtxt=%3Ch3%3EHTTP+404+-+Page+not+found%3C%2Fh3%3E%3Cbr%3E%3Cstrong%3EFile+Name%3A%3C%2Fstrong%3Epage_error%3Cbr%2F%3E%3Cstrong%3EApplication+Name%3C%2Fstrong%3E%3A&target=iframe HTTP/1.1" 302 -
192.168.11.172 - - [26/Sep/2023:10:11:53 +0800] "GET /eHR/mgr/redirect.php?scriptname=page_error&msgtxt=%3Ch3%3EHTTP+404+-+Page+not+found%3C%2Fh3%3E%3Cbr%3E%3Cstrong%3EFile+Name%3A%3C%2Fstrong%3Epage_error%3Cbr%2F%3E%3Cstrong%3EApplication+Name%3C%2Fstrong%3E%3A&target=iframe HTTP/1.1" 302 -
192.168.11.172 - - [26/Sep/2023:10:11:53 +0800] "GET /eHR/mgr/redirect.php?scriptname=page_error&msgtxt=%3Ch3%3EHTTP+404+-+Page+not+found%3C%2Fh3%3E%3Cbr%3E%3Cstrong%3EFile+Name%3A%3C%2Fstrong%3Epage_error%3Cbr%2F%3E%3Cstrong%3EApplication+Name%3C%2Fstrong%3E%3A&target=iframe HTTP/1.1" 302 - "http://192.168.1.83:8088/eHR/mgr/redirect.php?scriptname=MDNH105&appdesc=%E5%8A%A0%E7%8F%AD%E5%BE%85%E7%AD%BE" "Mozilla/5.0 (Windows NT 6.1; Win64; x64) AppleWebKit/537.36 (KHTML, like Gecko) Chrome/105.0.0.0 Safari/537.36"
192.168.11.104 - - [26/Sep/2023:10:11:56 +0800] "GET /eHR/ess/redirect.php?scriptname=ESNF000&appdesc=%E6%B5%81%E7%A8%8B%E7%AE%A1%E7%90%86 HTTP/1.1" 200 14356 "http://192.168.1.83:8088/eHR/ess/redirect.php" "Mozilla/5.0 (Windows NT 10.0; WOW64; Trident/7.0; rv:11.0) like Gecko"
192.168.11.104 - - [26/Sep/2023:10:11:56 +0800] "GET /eHR/ess/redirect.php?scriptname=ESNF000&appdesc=%E6%B5%81%E7%A8%8B%E7%AE%A1%E7%90%86 HTTP/1.1" 200 14356
192.168.11.104 - - [26/Sep/2023:10:11:58 +0800] "GET /eHR/ess/redirect.php?scriptname=assistant_leave_apply_search&dept_seqno=4297&flowstatus=02&whoami=admin HTTP/1.1" 200 58541 "http://192.168.1.83:8088/eHR/ess/redirect.php?scriptname=ESNF000&appdesc=%E6%B5%81%E7%A8%8B%E7%AE%A1%E7%90%86" "Mozilla/5.0 (Windows NT 10.0; WOW64; Trident/7.0; rv:11.0) like Gecko"
192.168.11.104 - - [26/Sep/2023:10:11:58 +0800] "GET /eHR/ess/redirect.php?scriptname=assistant_leave_apply_search&dept_seqno=4297&flowstatus=02&whoami=admin HTTP/1.1" 200 58541
192.168.11.172 - - [26/Sep/2023:10:12:00 +0800] "GET /eHR/ess/redirect.php HTTP/1.1" 302 121 "-" "Mozilla/5.0 (Windows NT 6.1; Win64; x64) AppleWebKit/537.36 (KHTML, like Gecko) Chrome/105.0.0.0 Safari/537.36"
192.168.11.172 - - [26/Sep/2023:10:12:00 +0800] "GET /eHR/ess/redirect.php HTTP/1.1" 302 121
192.168.11.172 - - [26/Sep/2023:10:12:00 +0800] "GET /eHR/ess/index.php?action=logout HTTP/1.1" 200 8826 "-" "Mozilla/5.0 (Windows NT 6.1; Win64; x64) AppleWebKit/537.36 (KHTML, like Gecko) Chrome/105.0.0.0 Safari/537.36"
192.168.11.172 - - [26/Sep/2023:10:12:00 +0800] "GET /eHR/ess/index.php?action=logout HTTP/1.1" 200 8826
192.168.11.104 - - [26/Sep/2023:10:12:01 +0800] "GET /eHR/ess/redirect.php?scriptname=ESNF000&appdesc=%E6%B5%81%E7%A8%8B%E7%AE%A1%E7%90%86 HTTP/1.1" 200 14356 "http://192.168.1.83:8088/eHR/ess/redirect.php" "Mozilla/5.0 (Windows NT 10.0; WOW64; Trident/7.0; rv:11.0) like Gecko"
192.168.11.104 - - [26/Sep/2023:10:12:01 +0800] "GET /eHR/ess/redirect.php?scriptname=ESNF000&appdesc=%E6%B5%81%E7%A8%8B%E7%AE%A1%E7%90%86 HTTP/1.1" 200 14356
