111.42.95.152 - - [28/Aug/2023:00:37:13 +0800] "GET /ws/v1/cluster/apps/new-application HTTP/1.1" 404 232
111.42.95.152 - - [28/Aug/2023:00:37:13 +0800] "GET /ws/v1/cluster/apps/new-application HTTP/1.1" 404 232 "-" "Custom-AsyncHttpClient"
111.7.96.148 - - [28/Aug/2023:06:55:57 +0800] "\x16\x03\x01" 501 205 "-" "-"
111.7.96.148 - - [28/Aug/2023:06:55:57 +0800] "\x16\x03\x01" 501 205
111.7.96.148 - - [28/Aug/2023:06:56:07 +0800] "GET / HTTP/1.1" 200 397 "-" "curl/7.64.1"
111.7.96.148 - - [28/Aug/2023:06:56:07 +0800] "GET / HTTP/1.1" 200 397
111.7.96.154 - - [28/Aug/2023:06:56:11 +0800] "GET / HTTP/1.1" 200 397 "-" "Mozilla/5.0 (Macintosh; Intel Mac OS X 10_15_7) AppleWebKit/537.36 (KHTML, like Gecko) Chrome/96.0.4664.110 Safari/537.36"
111.7.96.154 - - [28/Aug/2023:06:56:11 +0800] "GET / HTTP/1.1" 200 397
111.7.96.154 - - [28/Aug/2023:06:56:11 +0800] "GET /favicon.ico HTTP/1.1" 404 209 "-" "Mozilla/5.0 (Macintosh; Intel Mac OS X 10_15_7) AppleWebKit/537.36 (KHTML, like Gecko) Chrome/96.0.4664.110 Safari/537.36"
111.7.96.154 - - [28/Aug/2023:06:56:11 +0800] "GET /favicon.ico HTTP/1.1" 404 209
117.33.172.106 - - [28/Aug/2023:06:56:12 +0800] "GET / HTTP/1.1" 200 397 "-" "Mozilla/5.0 (Macintosh; Intel Mac OS X 10_15_7) AppleWebKit/537.36 (KHTML, like Gecko) Chrome/96.0.4664.110 Safari/537.36"
117.33.172.106 - - [28/Aug/2023:06:56:12 +0800] "GET / HTTP/1.1" 200 397
117.33.172.106 - - [28/Aug/2023:06:56:12 +0800] "GET /favicon.ico HTTP/1.1" 404 209 "-" "Mozilla/5.0 (Macintosh; Intel Mac OS X 10_15_7) AppleWebKit/537.36 (KHTML, like Gecko) Chrome/96.0.4664.110 Safari/537.36"
117.33.172.106 - - [28/Aug/2023:06:56:12 +0800] "GET /favicon.ico HTTP/1.1" 404 209
113.133.169.65 - - [28/Aug/2023:06:56:20 +0800] "GET / HTTP/1.1" 200 397 "-" "Mozilla/5.0 (Macintosh; Intel Mac OS X 10_15_7) AppleWebKit/537.36 (KHTML, like Gecko) Chrome/96.0.4664.110 Safari/537.36"
113.133.169.65 - - [28/Aug/2023:06:56:20 +0800] "GET / HTTP/1.1" 200 397
113.133.169.65 - - [28/Aug/2023:06:56:20 +0800] "GET /favicon.ico HTTP/1.1" 404 209 "-" "Mozilla/5.0 (Macintosh; Intel Mac OS X 10_15_7) AppleWebKit/537.36 (KHTML, like Gecko) Chrome/96.0.4664.110 Safari/537.36"
113.133.169.65 - - [28/Aug/2023:06:56:20 +0800] "GET /favicon.ico HTTP/1.1" 404 209
117.33.173.145 - - [28/Aug/2023:06:56:24 +0800] "GET / HTTP/1.1" 200 397 "-" "Mozilla/5.0 (Macintosh; Intel Mac OS X 10_15_7) AppleWebKit/537.36 (KHTML, like Gecko) Chrome/96.0.4664.110 Safari/537.36"
117.33.173.145 - - [28/Aug/2023:06:56:24 +0800] "GET / HTTP/1.1" 200 397
117.33.173.145 - - [28/Aug/2023:06:56:24 +0800] "GET /favicon.ico HTTP/1.1" 404 209 "-" "Mozilla/5.0 (Macintosh; Intel Mac OS X 10_15_7) AppleWebKit/537.36 (KHTML, like Gecko) Chrome/96.0.4664.110 Safari/537.36"
117.33.173.145 - - [28/Aug/2023:06:56:24 +0800] "GET /favicon.ico HTTP/1.1" 404 209
36.41.174.109 - - [28/Aug/2023:06:56:47 +0800] "GET / HTTP/1.1" 200 397 "-" "Mozilla/5.0 (Macintosh; Intel Mac OS X 10_15_7) AppleWebKit/537.36 (KHTML, like Gecko) Chrome/96.0.4664.110 Safari/537.36"
36.41.174.109 - - [28/Aug/2023:06:56:47 +0800] "GET / HTTP/1.1" 200 397
36.41.174.109 - - [28/Aug/2023:06:56:47 +0800] "GET /favicon.ico HTTP/1.1" 404 209 "-" "Mozilla/5.0 (Macintosh; Intel Mac OS X 10_15_7) AppleWebKit/537.36 (KHTML, like Gecko) Chrome/96.0.4664.110 Safari/537.36"
36.41.174.109 - - [28/Aug/2023:06:56:47 +0800] "GET /favicon.ico HTTP/1.1" 404 209
192.168.40.58 - - [28/Aug/2023:07:14:57 +0800] "GET /eHR/ess/index.php?action=logout HTTP/1.1" 200 315 "-" "Mozilla/5.0 (Windows NT 6.2; Win64; x64) AppleWebKit/537.36 (KHTML, like Gecko) Chrome/105.0.0.0 Safari/537.36"
192.168.40.58 - - [28/Aug/2023:07:14:57 +0800] "GET /eHR/ess/index.php?action=logout HTTP/1.1" 200 315
192.168.40.58 - - [28/Aug/2023:07:15:00 +0800] "GET /favicon.ico HTTP/1.1" 404 209 "http://192.168.1.83:8088/eHR/ess/index.php?action=logout" "Mozilla/5.0 (Windows NT 6.2; Win64; x64) AppleWebKit/537.36 (KHTML, like Gecko) Chrome/105.0.0.0 Safari/537.36"
192.168.40.58 - - [28/Aug/2023:07:15:00 +0800] "GET /favicon.ico HTTP/1.1" 404 209
192.168.40.58 - - [28/Aug/2023:07:15:02 +0800] "GET /eHR/ess/index.php?action=logout HTTP/1.1" 200 315 "-" "Mozilla/5.0 (Windows NT 6.2; Win64; x64) AppleWebKit/537.36 (KHTML, like Gecko) Chrome/105.0.0.0 Safari/537.36"
192.168.40.58 - - [28/Aug/2023:07:15:02 +0800] "GET /eHR/ess/index.php?action=logout HTTP/1.1" 200 315
192.168.11.236 - - [28/Aug/2023:08:03:47 +0800] "GET /eHR/ess/index.php?action=logout HTTP/1.1" 200 315 "-" "Mozilla/5.0 (Windows NT 6.1; Win64; x64) AppleWebKit/537.36 (KHTML, like Gecko) Chrome/105.0.0.0 Safari/537.36"
192.168.11.236 - - [28/Aug/2023:08:03:47 +0800] "GET /eHR/ess/index.php?action=logout HTTP/1.1" 200 315
192.168.11.236 - - [28/Aug/2023:08:15:21 +0800] "GET /eHR/ess/index.php?action=logout HTTP/1.1" 200 315 "-" "Mozilla/5.0 (Windows NT 6.1; Win64; x64) AppleWebKit/537.36 (KHTML, like Gecko) Chrome/105.0.0.0 Safari/537.36"
192.168.11.236 - - [28/Aug/2023:08:15:21 +0800] "GET /eHR/ess/index.php?action=logout HTTP/1.1" 200 315
192.168.11.236 - - [28/Aug/2023:08:15:23 +0800] "GET /favicon.ico HTTP/1.1" 404 209 "http://192.168.1.83:8088/eHR/ess/index.php?action=logout" "Mozilla/5.0 (Windows NT 6.1; Win64; x64) AppleWebKit/537.36 (KHTML, like Gecko) Chrome/105.0.0.0 Safari/537.36"
192.168.11.236 - - [28/Aug/2023:08:15:23 +0800] "GET /favicon.ico HTTP/1.1" 404 209
192.168.11.240 - - [28/Aug/2023:08:33:36 +0800] "GET /eHR/ess/redirect.php HTTP/1.1" 200 315 "-" "Mozilla/5.0 (Windows NT 6.1; Win64; x64) AppleWebKit/537.36 (KHTML, like Gecko) Chrome/105.0.0.0 Safari/537.36"
192.168.11.240 - - [28/Aug/2023:08:33:36 +0800] "GET /eHR/ess/redirect.php HTTP/1.1" 200 315
192.168.11.240 - - [28/Aug/2023:08:33:38 +0800] "GET /favicon.ico HTTP/1.1" 404 209 "http://192.168.1.83:8088/eHR/ess/redirect.php" "Mozilla/5.0 (Windows NT 6.1; Win64; x64) AppleWebKit/537.36 (KHTML, like Gecko) Chrome/105.0.0.0 Safari/537.36"
192.168.11.240 - - [28/Aug/2023:08:33:38 +0800] "GET /favicon.ico HTTP/1.1" 404 209
192.168.11.240 - - [28/Aug/2023:08:33:43 +0800] "GET /eHR/ess/redirect.php HTTP/1.1" 200 315 "-" "Mozilla/5.0 (Windows NT 6.1; Win64; x64) AppleWebKit/537.36 (KHTML, like Gecko) Chrome/105.0.0.0 Safari/537.36"
192.168.11.240 - - [28/Aug/2023:08:33:43 +0800] "GET /eHR/ess/redirect.php HTTP/1.1" 200 315
192.168.11.104 - - [28/Aug/2023:08:37:22 +0800] "GET /eHR/ess/redirect.php HTTP/1.1" 200 315 "-" "Mozilla/5.0 (Windows NT 10.0; WOW64; Trident/7.0; rv:11.0) like Gecko"
192.168.11.104 - - [28/Aug/2023:08:37:22 +0800] "GET /eHR/ess/redirect.php HTTP/1.1" 200 315
192.168.11.104 - - [28/Aug/2023:08:37:24 +0800] "GET /favicon.ico HTTP/1.1" 404 209 "-" "Mozilla/5.0 (Windows NT 10.0; WOW64; Trident/7.0; rv:11.0) like Gecko"
192.168.11.104 - - [28/Aug/2023:08:37:24 +0800] "GET /favicon.ico HTTP/1.1" 404 209
192.168.11.104 - - [28/Aug/2023:08:38:30 +0800] "GET /eHR/ess/redirect.php HTTP/1.1" 200 315 "-" "Mozilla/5.0 (Windows NT 10.0; WOW64; Trident/7.0; rv:11.0) like Gecko"
192.168.11.104 - - [28/Aug/2023:08:38:30 +0800] "GET /eHR/ess/redirect.php HTTP/1.1" 200 315
192.168.11.104 - - [28/Aug/2023:08:38:33 +0800] "GET /favicon.ico HTTP/1.1" 404 209 "-" "Mozilla/5.0 (Windows NT 10.0; WOW64; Trident/7.0; rv:11.0) like Gecko"
192.168.11.104 - - [28/Aug/2023:08:38:33 +0800] "GET /favicon.ico HTTP/1.1" 404 209
192.168.11.136 - - [28/Aug/2023:08:38:35 +0800] "GET /eHR/ess/index.php?action=logout HTTP/1.1" 200 315 "-" "Mozilla/5.0 (Windows NT 10.0; WOW64) AppleWebKit/537.36 (KHTML, like Gecko) Chrome/80.0.3987.87 Safari/537.36 SE 2.X MetaSr 1.0"
192.168.11.136 - - [28/Aug/2023:08:38:35 +0800] "GET /eHR/ess/index.php?action=logout HTTP/1.1" 200 315
192.168.11.240 - - [28/Aug/2023:08:38:43 +0800] "GET /eHR/ess/redirect.php HTTP/1.1" 200 315 "-" "Mozilla/5.0 (Windows NT 6.1; Win64; x64) AppleWebKit/537.36 (KHTML, like Gecko) Chrome/105.0.0.0 Safari/537.36"
192.168.11.240 - - [28/Aug/2023:08:38:43 +0800] "GET /eHR/ess/redirect.php HTTP/1.1" 200 315
192.168.11.104 - - [28/Aug/2023:08:42:24 +0800] "GET /eHR/ess/redirect.php HTTP/1.1" 200 315 "-" "Mozilla/5.0 (Windows NT 10.0; WOW64; Trident/7.0; rv:11.0) like Gecko"
192.168.11.104 - - [28/Aug/2023:08:42:24 +0800] "GET /eHR/ess/redirect.php HTTP/1.1" 200 315
192.168.11.240 - - [28/Aug/2023:08:46:07 +0800] "GET /eHR/ess/redirect.php HTTP/1.1" 200 315 "-" "Mozilla/5.0 (Windows NT 6.1; Win64; x64) AppleWebKit/537.36 (KHTML, like Gecko) Chrome/105.0.0.0 Safari/537.36"
192.168.11.240 - - [28/Aug/2023:08:46:07 +0800] "GET /eHR/ess/redirect.php HTTP/1.1" 200 315
192.168.11.90 - - [28/Aug/2023:08:46:39 +0800] "GET /eHR/ess/index.php?action=logout HTTP/1.1" 200 315 "-" "Mozilla/5.0 (Windows NT 10.0; Win64; x64) AppleWebKit/537.36 (KHTML, like Gecko) Chrome/99.0.4844.84 Safari/537.36 HBPC/12.1.3.303"
192.168.11.90 - - [28/Aug/2023:08:46:39 +0800] "GET /eHR/ess/index.php?action=logout HTTP/1.1" 200 315
192.168.11.90 - - [28/Aug/2023:08:46:41 +0800] "GET /favicon.ico HTTP/1.1" 404 209 "http://192.168.1.83:8088/eHR/ess/index.php?action=logout" "Mozilla/5.0 (Windows NT 10.0; Win64; x64) AppleWebKit/537.36 (KHTML, like Gecko) Chrome/99.0.4844.84 Safari/537.36 HBPC/12.1.3.303"
192.168.11.90 - - [28/Aug/2023:08:46:41 +0800] "GET /favicon.ico HTTP/1.1" 404 209
192.168.11.133 - - [28/Aug/2023:08:49:32 +0800] "GET /eHR/ess/index.php?action=logout HTTP/1.1" 200 315 "-" "Mozilla/5.0 (Windows NT 10.0; Win64; x64) AppleWebKit/537.36 (KHTML, like Gecko) Chrome/105.0.0.0 Safari/537.36"
192.168.11.133 - - [28/Aug/2023:08:49:32 +0800] "GET /eHR/ess/index.php?action=logout HTTP/1.1" 200 315
192.168.11.133 - - [28/Aug/2023:08:49:35 +0800] "GET /favicon.ico HTTP/1.1" 404 209 "http://hcp.maglayers.com.cn:8088/eHR/ess/index.php?action=logout" "Mozilla/5.0 (Windows NT 10.0; Win64; x64) AppleWebKit/537.36 (KHTML, like Gecko) Chrome/105.0.0.0 Safari/537.36"
192.168.11.133 - - [28/Aug/2023:08:49:35 +0800] "GET /favicon.ico HTTP/1.1" 404 209
192.168.11.133 - - [28/Aug/2023:08:49:38 +0800] "GET /eHR/ess/index.php?action=logout HTTP/1.1" 200 315 "-" "Mozilla/5.0 (Windows NT 10.0; Win64; x64) AppleWebKit/537.36 (KHTML, like Gecko) Chrome/105.0.0.0 Safari/537.36"
192.168.11.133 - - [28/Aug/2023:08:49:38 +0800] "GET /eHR/ess/index.php?action=logout HTTP/1.1" 200 315
192.168.11.161 - - [28/Aug/2023:09:00:01 +0800] "GET /eHR/ess/redirect.php HTTP/1.1" 200 315 "-" "Mozilla/5.0 (Windows NT 10.0; Win64; x64) AppleWebKit/537.36 (KHTML, like Gecko) Chrome/116.0.0.0 Safari/537.36"
192.168.11.161 - - [28/Aug/2023:09:00:01 +0800] "GET /eHR/ess/redirect.php HTTP/1.1" 200 315
192.168.11.161 - - [28/Aug/2023:09:00:03 +0800] "GET /favicon.ico HTTP/1.1" 404 209 "http://192.168.1.83:8088/eHR/ess/redirect.php" "Mozilla/5.0 (Windows NT 10.0; Win64; x64) AppleWebKit/537.36 (KHTML, like Gecko) Chrome/116.0.0.0 Safari/537.36"
192.168.11.161 - - [28/Aug/2023:09:00:03 +0800] "GET /favicon.ico HTTP/1.1" 404 209
192.168.40.64 - - [28/Aug/2023:09:00:09 +0800] "GET /eHR/ess/index.php?action=logout HTTP/1.1" 200 315 "-" "Mozilla/5.0 (Windows NT 10.0; Win64; x64) AppleWebKit/537.36 (KHTML, like Gecko) Chrome/116.0.0.0 Safari/537.36 Edg/116.0.1938.54"
192.168.40.64 - - [28/Aug/2023:09:00:09 +0800] "GET /eHR/ess/index.php?action=logout HTTP/1.1" 200 315
192.168.40.64 - - [28/Aug/2023:09:00:12 +0800] "GET /favicon.ico HTTP/1.1" 404 209 "http://192.168.1.83:8088/eHR/ess/index.php?action=logout" "Mozilla/5.0 (Windows NT 10.0; Win64; x64) AppleWebKit/537.36 (KHTML, like Gecko) Chrome/116.0.0.0 Safari/537.36 Edg/116.0.1938.54"
192.168.40.64 - - [28/Aug/2023:09:00:12 +0800] "GET /favicon.ico HTTP/1.1" 404 209
192.168.11.161 - - [28/Aug/2023:09:00:12 +0800] "GET /eHR/ess/redirect.php HTTP/1.1" 200 315 "-" "Mozilla/5.0 (Windows NT 10.0; Win64; x64) AppleWebKit/537.36 (KHTML, like Gecko) Chrome/116.0.0.0 Safari/537.36"
192.168.11.161 - - [28/Aug/2023:09:00:12 +0800] "GET /eHR/ess/redirect.php HTTP/1.1" 200 315
192.168.40.64 - - [28/Aug/2023:09:00:16 +0800] "GET /eHR/ess/index.php?action=logout HTTP/1.1" 200 315 "-" "Mozilla/5.0 (Windows NT 10.0; Win64; x64) AppleWebKit/537.36 (KHTML, like Gecko) Chrome/116.0.0.0 Safari/537.36 Edg/116.0.1938.54"
192.168.40.64 - - [28/Aug/2023:09:00:16 +0800] "GET /eHR/ess/index.php?action=logout HTTP/1.1" 200 315
192.168.11.161 - - [28/Aug/2023:09:00:17 +0800] "GET /eHR1/ess/index.php HTTP/1.1" 200 316 "-" "Mozilla/5.0 (Windows NT 10.0; Win64; x64) AppleWebKit/537.36 (KHTML, like Gecko) Chrome/116.0.0.0 Safari/537.36"
192.168.11.161 - - [28/Aug/2023:09:00:17 +0800] "GET /eHR1/ess/index.php HTTP/1.1" 200 316
192.168.11.161 - - [28/Aug/2023:09:00:20 +0800] "GET /favicon.ico HTTP/1.1" 404 209 "http://hcp.maglayers.com.cn:8088/eHR1/ess/index.php" "Mozilla/5.0 (Windows NT 10.0; Win64; x64) AppleWebKit/537.36 (KHTML, like Gecko) Chrome/116.0.0.0 Safari/537.36"
192.168.11.161 - - [28/Aug/2023:09:00:20 +0800] "GET /favicon.ico HTTP/1.1" 404 209
192.168.11.161 - - [28/Aug/2023:09:00:26 +0800] "GET /eHR/ess/redirect.php HTTP/1.1" 200 315 "-" "Mozilla/5.0 (Windows NT 10.0; Win64; x64) AppleWebKit/537.36 (KHTML, like Gecko) Chrome/116.0.0.0 Safari/537.36"
192.168.11.161 - - [28/Aug/2023:09:00:26 +0800] "GET /eHR/ess/redirect.php HTTP/1.1" 200 315
192.168.40.64 - - [28/Aug/2023:09:00:27 +0800] "GET /eHR/ess/index.php?action=logout HTTP/1.1" 200 315 "-" "Mozilla/5.0 (Windows NT 10.0; Win64; x64) AppleWebKit/537.36 (KHTML, like Gecko) Chrome/116.0.0.0 Safari/537.36 Edg/116.0.1938.54"
192.168.40.64 - - [28/Aug/2023:09:00:27 +0800] "GET /eHR/ess/index.php?action=logout HTTP/1.1" 200 315
192.168.11.161 - - [28/Aug/2023:09:00:27 +0800] "GET /eHR/ess/redirect.php HTTP/1.1" 200 315 "-" "Mozilla/5.0 (Windows NT 10.0; Win64; x64) AppleWebKit/537.36 (KHTML, like Gecko) Chrome/116.0.0.0 Safari/537.36"
192.168.11.161 - - [28/Aug/2023:09:00:27 +0800] "GET /eHR/ess/redirect.php HTTP/1.1" 200 315
192.168.11.161 - - [28/Aug/2023:09:00:29 +0800] "GET /eHR/ess/redirect.php HTTP/1.1" 200 315 "-" "Mozilla/5.0 (Windows NT 10.0; Win64; x64) AppleWebKit/537.36 (KHTML, like Gecko) Chrome/116.0.0.0 Safari/537.36"
192.168.11.161 - - [28/Aug/2023:09:00:29 +0800] "GET /eHR/ess/redirect.php HTTP/1.1" 200 315
192.168.40.64 - - [28/Aug/2023:09:00:44 +0800] "GET /eHR/ess/index.php?action=logout HTTP/1.1" 200 315 "-" "Mozilla/5.0 (Windows NT 10.0; Win64; x64) AppleWebKit/537.36 (KHTML, like Gecko) Chrome/116.0.0.0 Safari/537.36 Edg/116.0.1938.54"
192.168.40.64 - - [28/Aug/2023:09:00:44 +0800] "GET /eHR/ess/index.php?action=logout HTTP/1.1" 200 315
192.168.40.64 - - [28/Aug/2023:09:00:46 +0800] "GET /favicon.ico HTTP/1.1" 404 209 "http://192.168.1.83:8088/eHR/ess/index.php?action=logout" "Mozilla/5.0 (Windows NT 10.0; Win64; x64) AppleWebKit/537.36 (KHTML, like Gecko) Chrome/116.0.0.0 Safari/537.36 Edg/116.0.1938.54"
192.168.40.64 - - [28/Aug/2023:09:00:46 +0800] "GET /favicon.ico HTTP/1.1" 404 209
192.168.11.240 - - [28/Aug/2023:09:01:20 +0800] "GET /eHR/ess/redirect.php HTTP/1.1" 200 315 "-" "Mozilla/5.0 (Windows NT 6.1; Win64; x64) AppleWebKit/537.36 (KHTML, like Gecko) Chrome/105.0.0.0 Safari/537.36"
192.168.11.240 - - [28/Aug/2023:09:01:20 +0800] "GET /eHR/ess/redirect.php HTTP/1.1" 200 315
192.168.40.64 - - [28/Aug/2023:09:01:56 +0800] "GET /eHR/ess/index.php?action=logout HTTP/1.1" 200 315 "-" "Mozilla/5.0 (Windows NT 10.0; Win64; x64) AppleWebKit/537.36 (KHTML, like Gecko) Chrome/116.0.0.0 Safari/537.36 Edg/116.0.1938.54"
192.168.40.64 - - [28/Aug/2023:09:01:56 +0800] "GET /eHR/ess/index.php?action=logout HTTP/1.1" 200 315
192.168.40.64 - - [28/Aug/2023:09:01:58 +0800] "GET /favicon.ico HTTP/1.1" 404 209 "http://192.168.1.83:8088/eHR/ess/index.php?action=logout" "Mozilla/5.0 (Windows NT 10.0; Win64; x64) AppleWebKit/537.36 (KHTML, like Gecko) Chrome/116.0.0.0 Safari/537.36 Edg/116.0.1938.54"
192.168.40.64 - - [28/Aug/2023:09:01:58 +0800] "GET /favicon.ico HTTP/1.1" 404 209
192.168.40.64 - - [28/Aug/2023:09:02:30 +0800] "GET /eHR/ess/index.php?action=logout HTTP/1.1" 200 315 "-" "Mozilla/5.0 (Windows NT 10.0; Win64; x64) AppleWebKit/537.36 (KHTML, like Gecko) Chrome/116.0.0.0 Safari/537.36 Edg/116.0.1938.54"
192.168.40.64 - - [28/Aug/2023:09:02:30 +0800] "GET /eHR/ess/index.php?action=logout HTTP/1.1" 200 315
192.168.11.240 - - [28/Aug/2023:09:07:23 +0800] "GET /eHR/ess/redirect.php HTTP/1.1" 200 315 "-" "Mozilla/5.0 (Windows NT 6.1; Win64; x64) AppleWebKit/537.36 (KHTML, like Gecko) Chrome/105.0.0.0 Safari/537.36"
192.168.11.240 - - [28/Aug/2023:09:07:23 +0800] "GET /eHR/ess/redirect.php HTTP/1.1" 200 315
192.168.11.104 - - [28/Aug/2023:09:09:32 +0800] "GET /eHR/ess/redirect.php HTTP/1.1" 200 315 "-" "Mozilla/5.0 (Windows NT 10.0; WOW64; Trident/7.0; rv:11.0) like Gecko"
192.168.11.104 - - [28/Aug/2023:09:09:32 +0800] "GET /eHR/ess/redirect.php HTTP/1.1" 200 315
192.168.11.104 - - [28/Aug/2023:09:09:34 +0800] "GET /favicon.ico HTTP/1.1" 404 209 "-" "Mozilla/5.0 (Windows NT 10.0; WOW64; Trident/7.0; rv:11.0) like Gecko"
192.168.11.104 - - [28/Aug/2023:09:09:34 +0800] "GET /favicon.ico HTTP/1.1" 404 209
192.168.11.240 - - [28/Aug/2023:09:10:16 +0800] "GET /eHR/ess/redirect.php HTTP/1.1" 200 315 "-" "Mozilla/5.0 (Windows NT 6.1; Win64; x64) AppleWebKit/537.36 (KHTML, like Gecko) Chrome/105.0.0.0 Safari/537.36"
192.168.11.240 - - [28/Aug/2023:09:10:16 +0800] "GET /eHR/ess/redirect.php HTTP/1.1" 200 315
192.168.12.97 - - [28/Aug/2023:09:18:17 +0800] "GET /eHR/ess/redirect.php HTTP/1.1" 200 315 "-" "Mozilla/5.0 (Windows NT 6.2; Win64; x64) AppleWebKit/537.36 (KHTML, like Gecko) Chrome/105.0.0.0 Safari/537.36"
192.168.12.97 - - [28/Aug/2023:09:18:17 +0800] "GET /eHR/ess/redirect.php HTTP/1.1" 200 315
192.168.12.97 - - [28/Aug/2023:09:18:19 +0800] "GET /favicon.ico HTTP/1.1" 404 209 "http://192.168.1.83:8088/eHR/ess/redirect.php" "Mozilla/5.0 (Windows NT 6.2; Win64; x64) AppleWebKit/537.36 (KHTML, like Gecko) Chrome/105.0.0.0 Safari/537.36"
192.168.12.97 - - [28/Aug/2023:09:18:19 +0800] "GET /favicon.ico HTTP/1.1" 404 209
192.168.12.97 - - [28/Aug/2023:09:18:22 +0800] "GET /eHR/ess/function.ocilogon HTTP/1.1" 404 223 "http://192.168.1.83:8088/eHR/ess/redirect.php" "Mozilla/5.0 (Windows NT 6.2; Win64; x64) AppleWebKit/537.36 (KHTML, like Gecko) Chrome/105.0.0.0 Safari/537.36"
192.168.12.97 - - [28/Aug/2023:09:18:22 +0800] "GET /eHR/ess/function.ocilogon HTTP/1.1" 404 223
192.168.12.97 - - [28/Aug/2023:09:18:25 +0800] "GET /eHR/ess/redirect.php HTTP/1.1" 200 315 "-" "Mozilla/5.0 (Windows NT 6.2; Win64; x64) AppleWebKit/537.36 (KHTML, like Gecko) Chrome/105.0.0.0 Safari/537.36"
192.168.12.97 - - [28/Aug/2023:09:18:25 +0800] "GET /eHR/ess/redirect.php HTTP/1.1" 200 315
192.168.12.97 - - [28/Aug/2023:09:18:27 +0800] "GET /eHR/ess/redirect.php HTTP/1.1" 200 315 "-" "Mozilla/5.0 (Windows NT 6.2; Win64; x64) AppleWebKit/537.36 (KHTML, like Gecko) Chrome/105.0.0.0 Safari/537.36"
192.168.12.97 - - [28/Aug/2023:09:18:27 +0800] "GET /eHR/ess/redirect.php HTTP/1.1" 200 315
192.168.12.97 - - [28/Aug/2023:09:18:36 +0800] "GET /eHR/ess/function.ocilogon HTTP/1.1" 404 223 "http://192.168.1.83:8088/eHR/ess/redirect.php" "Mozilla/5.0 (Windows NT 6.2; Win64; x64) AppleWebKit/537.36 (KHTML, like Gecko) Chrome/105.0.0.0 Safari/537.36"
192.168.12.97 - - [28/Aug/2023:09:18:36 +0800] "GET /eHR/ess/function.ocilogon HTTP/1.1" 404 223
192.168.11.240 - - [28/Aug/2023:09:21:22 +0800] "GET /eHR/ess/redirect.php HTTP/1.1" 200 315 "-" "Mozilla/5.0 (Windows NT 6.1; Win64; x64) AppleWebKit/537.36 (KHTML, like Gecko) Chrome/105.0.0.0 Safari/537.36"
192.168.11.240 - - [28/Aug/2023:09:21:22 +0800] "GET /eHR/ess/redirect.php HTTP/1.1" 200 315
192.168.11.240 - - [28/Aug/2023:09:21:24 +0800] "GET /favicon.ico HTTP/1.1" 404 209 "http://192.168.1.83:8088/eHR/ess/redirect.php" "Mozilla/5.0 (Windows NT 6.1; Win64; x64) AppleWebKit/537.36 (KHTML, like Gecko) Chrome/105.0.0.0 Safari/537.36"
192.168.11.240 - - [28/Aug/2023:09:21:24 +0800] "GET /favicon.ico HTTP/1.1" 404 209
192.168.11.236 - - [28/Aug/2023:09:22:26 +0800] "GET /eHR/ess/index.php?action=logout HTTP/1.1" 200 315 "-" "Mozilla/5.0 (Windows NT 6.1; Win64; x64) AppleWebKit/537.36 (KHTML, like Gecko) Chrome/105.0.0.0 Safari/537.36"
192.168.11.236 - - [28/Aug/2023:09:22:26 +0800] "GET /eHR/ess/index.php?action=logout HTTP/1.1" 200 315
192.168.11.240 - - [28/Aug/2023:09:25:07 +0800] "GET /eHR/ess/redirect.php HTTP/1.1" 302 121 "-" "Mozilla/5.0 (Windows NT 6.1; Win64; x64) AppleWebKit/537.36 (KHTML, like Gecko) Chrome/105.0.0.0 Safari/537.36"
192.168.11.240 - - [28/Aug/2023:09:25:07 +0800] "GET /eHR/ess/redirect.php HTTP/1.1" 302 121
192.168.11.240 - - [28/Aug/2023:09:25:07 +0800] "GET /eHR/ess/index.php?action=logout HTTP/1.1" 200 8826 "-" "Mozilla/5.0 (Windows NT 6.1; Win64; x64) AppleWebKit/537.36 (KHTML, like Gecko) Chrome/105.0.0.0 Safari/537.36"
192.168.11.240 - - [28/Aug/2023:09:25:07 +0800] "GET /eHR/ess/index.php?action=logout HTTP/1.1" 200 8826
192.168.11.240 - - [28/Aug/2023:09:25:12 +0800] "POST /eHR/ess/includes/login.php HTTP/1.1" 302 - "http://192.168.1.83:8088/eHR/ess/index.php?action=logout" "Mozilla/5.0 (Windows NT 6.1; Win64; x64) AppleWebKit/537.36 (KHTML, like Gecko) Chrome/105.0.0.0 Safari/537.36"
192.168.11.240 - - [28/Aug/2023:09:25:12 +0800] "POST /eHR/ess/includes/login.php HTTP/1.1" 302 -
192.168.11.240 - - [28/Aug/2023:09:25:18 +0800] "GET /eHR/ess/redirect.php HTTP/1.1" 200 8926 "http://192.168.1.83:8088/eHR/ess/index.php?action=logout" "Mozilla/5.0 (Windows NT 6.1; Win64; x64) AppleWebKit/537.36 (KHTML, like Gecko) Chrome/105.0.0.0 Safari/537.36"
192.168.11.240 - - [28/Aug/2023:09:25:18 +0800] "GET /eHR/ess/redirect.php HTTP/1.1" 200 8926
192.168.11.240 - - [28/Aug/2023:09:25:18 +0800] "GET /eHR/ess/redirect.php?scriptname=ESNH000 HTTP/1.1" 200 10133 "http://192.168.1.83:8088/eHR/ess/redirect.php" "Mozilla/5.0 (Windows NT 6.1; Win64; x64) AppleWebKit/537.36 (KHTML, like Gecko) Chrome/105.0.0.0 Safari/537.36"
192.168.11.240 - - [28/Aug/2023:09:25:18 +0800] "GET /eHR/ess/redirect.php?scriptname=ESNH000 HTTP/1.1" 200 10133
192.168.11.240 - - [28/Aug/2023:09:25:23 +0800] "GET /eHR/ess/redirect.php?scriptname=ESNE007&appdesc=%E5%8A%A0%E7%8F%AD%E7%94%B3%E8%AF%B7%E6%B1%87%E5%85%A5 HTTP/1.1" 200 4051 "http://192.168.1.83:8088/eHR/ess/redirect.php" "Mozilla/5.0 (Windows NT 6.1; Win64; x64) AppleWebKit/537.36 (KHTML, like Gecko) Chrome/105.0.0.0 Safari/537.36"
192.168.11.240 - - [28/Aug/2023:09:25:23 +0800] "GET /eHR/ess/redirect.php?scriptname=ESNE007&appdesc=%E5%8A%A0%E7%8F%AD%E7%94%B3%E8%AF%B7%E6%B1%87%E5%85%A5 HTTP/1.1" 200 4051
192.168.11.90 - - [28/Aug/2023:09:25:32 +0800] "GET /eHR/ess/index.php?action=logout HTTP/1.1" 200 8826 "-" "Mozilla/5.0 (Windows NT 10.0; Win64; x64) AppleWebKit/537.36 (KHTML, like Gecko) Chrome/99.0.4844.84 Safari/537.36 HBPC/12.1.3.303"
192.168.11.90 - - [28/Aug/2023:09:25:32 +0800] "GET /eHR/ess/index.php?action=logout HTTP/1.1" 200 8826
192.168.11.90 - - [28/Aug/2023:09:25:35 +0800] "POST /eHR/ess/includes/login.php HTTP/1.1" 302 - "http://192.168.1.83:8088/eHR/ess/index.php?action=logout" "Mozilla/5.0 (Windows NT 10.0; Win64; x64) AppleWebKit/537.36 (KHTML, like Gecko) Chrome/99.0.4844.84 Safari/537.36 HBPC/12.1.3.303"
192.168.11.90 - - [28/Aug/2023:09:25:35 +0800] "POST /eHR/ess/includes/login.php HTTP/1.1" 302 -
192.168.11.90 - - [28/Aug/2023:09:25:40 +0800] "GET /eHR/ess/redirect.php HTTP/1.1" 200 7220 "http://192.168.1.83:8088/eHR/ess/index.php?action=logout" "Mozilla/5.0 (Windows NT 10.0; Win64; x64) AppleWebKit/537.36 (KHTML, like Gecko) Chrome/99.0.4844.84 Safari/537.36 HBPC/12.1.3.303"
192.168.11.90 - - [28/Aug/2023:09:25:40 +0800] "GET /eHR/ess/redirect.php HTTP/1.1" 200 7220
192.168.11.90 - - [28/Aug/2023:09:25:41 +0800] "GET /eHR/ess/redirect.php?scriptname=ESNH000 HTTP/1.1" 200 10133 "http://192.168.1.83:8088/eHR/ess/redirect.php" "Mozilla/5.0 (Windows NT 10.0; Win64; x64) AppleWebKit/537.36 (KHTML, like Gecko) Chrome/99.0.4844.84 Safari/537.36 HBPC/12.1.3.303"
192.168.11.90 - - [28/Aug/2023:09:25:41 +0800] "GET /eHR/ess/redirect.php?scriptname=ESNH000 HTTP/1.1" 200 10133
192.168.11.240 - - [28/Aug/2023:09:25:44 +0800] "POST /eHR/ess/redirect.php?scriptname=ESNE007&appdesc=%E5%8A%A0%E7%8F%AD%E7%94%B3%E8%AF%B7%E6%B1%87%E5%85%A5 HTTP/1.1" 200 16528 "http://192.168.1.83:8088/eHR/ess/redirect.php?scriptname=ESNE007&appdesc=%E5%8A%A0%E7%8F%AD%E7%94%B3%E8%AF%B7%E6%B1%87%E5%85%A5" "Mozilla/5.0 (Windows NT 6.1; Win64; x64) AppleWebKit/537.36 (KHTML, like Gecko) Chrome/105.0.0.0 Safari/537.36"
192.168.11.240 - - [28/Aug/2023:09:25:44 +0800] "POST /eHR/ess/redirect.php?scriptname=ESNE007&appdesc=%E5%8A%A0%E7%8F%AD%E7%94%B3%E8%AF%B7%E6%B1%87%E5%85%A5 HTTP/1.1" 200 16528
192.168.11.90 - - [28/Aug/2023:09:25:48 +0800] "GET /eHR/ess/redirect.php?scriptname=ESNH000&appdesc=%E9%A6%96%E9%A1%B5 HTTP/1.1" 200 10133 "http://192.168.1.83:8088/eHR/ess/redirect.php" "Mozilla/5.0 (Windows NT 10.0; Win64; x64) AppleWebKit/537.36 (KHTML, like Gecko) Chrome/99.0.4844.84 Safari/537.36 HBPC/12.1.3.303"
192.168.11.90 - - [28/Aug/2023:09:25:48 +0800] "GET /eHR/ess/redirect.php?scriptname=ESNH000&appdesc=%E9%A6%96%E9%A1%B5 HTTP/1.1" 200 10133
192.168.11.240 - - [28/Aug/2023:09:25:52 +0800] "GET /eHR/ess/redirect.php?scriptname=ESNE023&appdesc=%E5%8A%A0%E7%8F%AD%E6%B1%87%E5%85%A5%E7%BB%93%E6%9E%9C%E6%9F%A5%E8%AF%A2 HTTP/1.1" 200 44628 "http://192.168.1.83:8088/eHR/ess/redirect.php" "Mozilla/5.0 (Windows NT 6.1; Win64; x64) AppleWebKit/537.36 (KHTML, like Gecko) Chrome/105.0.0.0 Safari/537.36"
192.168.11.240 - - [28/Aug/2023:09:25:52 +0800] "GET /eHR/ess/redirect.php?scriptname=ESNE023&appdesc=%E5%8A%A0%E7%8F%AD%E6%B1%87%E5%85%A5%E7%BB%93%E6%9E%9C%E6%9F%A5%E8%AF%A2 HTTP/1.1" 200 44628
192.168.11.240 - - [28/Aug/2023:09:26:01 +0800] "GET /eHR/ess/redirect.php?scriptname=ESNE023&appdesc=%E5%8A%A0%E7%8F%AD%E6%B1%87%E5%85%A5%E7%BB%93%E6%9E%9C%E6%9F%A5%E8%AF%A2 HTTP/1.1" 200 44628 "http://192.168.1.83:8088/eHR/ess/redirect.php" "Mozilla/5.0 (Windows NT 6.1; Win64; x64) AppleWebKit/537.36 (KHTML, like Gecko) Chrome/105.0.0.0 Safari/537.36"
192.168.11.240 - - [28/Aug/2023:09:26:01 +0800] "GET /eHR/ess/redirect.php?scriptname=ESNE023&appdesc=%E5%8A%A0%E7%8F%AD%E6%B1%87%E5%85%A5%E7%BB%93%E6%9E%9C%E6%9F%A5%E8%AF%A2 HTTP/1.1" 200 44628
192.168.11.240 - - [28/Aug/2023:09:26:02 +0800] "GET /eHR/ess/redirect.php?scriptname=ESNE023&appdesc=%E5%8A%A0%E7%8F%AD%E6%B1%87%E5%85%A5%E7%BB%93%E6%9E%9C%E6%9F%A5%E8%AF%A2 HTTP/1.1" 200 44628 "http://192.168.1.83:8088/eHR/ess/redirect.php" "Mozilla/5.0 (Windows NT 6.1; Win64; x64) AppleWebKit/537.36 (KHTML, like Gecko) Chrome/105.0.0.0 Safari/537.36"
192.168.11.240 - - [28/Aug/2023:09:26:02 +0800] "GET /eHR/ess/redirect.php?scriptname=ESNE023&appdesc=%E5%8A%A0%E7%8F%AD%E6%B1%87%E5%85%A5%E7%BB%93%E6%9E%9C%E6%9F%A5%E8%AF%A2 HTTP/1.1" 200 44628
192.168.11.240 - - [28/Aug/2023:09:26:13 +0800] "GET /eHR/ess/redirect.php?scriptname=ESNE023&appdesc=%E5%8A%A0%E7%8F%AD%E6%B1%87%E5%85%A5%E7%BB%93%E6%9E%9C%E6%9F%A5%E8%AF%A2 HTTP/1.1" 200 44628 "http://192.168.1.83:8088/eHR/ess/redirect.php" "Mozilla/5.0 (Windows NT 6.1; Win64; x64) AppleWebKit/537.36 (KHTML, like Gecko) Chrome/105.0.0.0 Safari/537.36"
192.168.11.240 - - [28/Aug/2023:09:26:13 +0800] "GET /eHR/ess/redirect.php?scriptname=ESNE023&appdesc=%E5%8A%A0%E7%8F%AD%E6%B1%87%E5%85%A5%E7%BB%93%E6%9E%9C%E6%9F%A5%E8%AF%A2 HTTP/1.1" 200 44628
192.168.11.236 - - [28/Aug/2023:09:27:41 +0800] "GET /eHR/ess/index.php?action=logout HTTP/1.1" 200 8826 "-" "Mozilla/5.0 (Windows NT 6.1; Win64; x64) AppleWebKit/537.36 (KHTML, like Gecko) Chrome/105.0.0.0 Safari/537.36"
192.168.11.236 - - [28/Aug/2023:09:27:41 +0800] "GET /eHR/ess/index.php?action=logout HTTP/1.1" 200 8826
192.168.11.236 - - [28/Aug/2023:09:27:44 +0800] "POST /eHR/ess/includes/login.php HTTP/1.1" 302 - "http://192.168.1.83:8088/eHR/ess/index.php?action=logout" "Mozilla/5.0 (Windows NT 6.1; Win64; x64) AppleWebKit/537.36 (KHTML, like Gecko) Chrome/105.0.0.0 Safari/537.36"
192.168.11.236 - - [28/Aug/2023:09:27:44 +0800] "POST /eHR/ess/includes/login.php HTTP/1.1" 302 -
192.168.11.236 - - [28/Aug/2023:09:27:49 +0800] "GET /eHR/ess/redirect.php HTTP/1.1" 200 8929 "http://192.168.1.83:8088/eHR/ess/index.php?action=logout" "Mozilla/5.0 (Windows NT 6.1; Win64; x64) AppleWebKit/537.36 (KHTML, like Gecko) Chrome/105.0.0.0 Safari/537.36"
192.168.11.236 - - [28/Aug/2023:09:27:49 +0800] "GET /eHR/ess/redirect.php HTTP/1.1" 200 8929
192.168.11.236 - - [28/Aug/2023:09:27:49 +0800] "GET /eHR/ess/redirect.php?scriptname=ESNH000 HTTP/1.1" 200 10133 "http://192.168.1.83:8088/eHR/ess/redirect.php" "Mozilla/5.0 (Windows NT 6.1; Win64; x64) AppleWebKit/537.36 (KHTML, like Gecko) Chrome/105.0.0.0 Safari/537.36"
192.168.11.236 - - [28/Aug/2023:09:27:49 +0800] "GET /eHR/ess/redirect.php?scriptname=ESNH000 HTTP/1.1" 200 10133
192.168.11.236 - - [28/Aug/2023:09:27:54 +0800] "GET /eHR/ess/redirect.php?scriptname=ESNE003&appdesc=%E6%89%B9%E9%87%8F%E5%8A%A0%E7%8F%AD%E6%9F%A5%E8%AF%A2 HTTP/1.1" 200 12325 "http://192.168.1.83:8088/eHR/ess/redirect.php" "Mozilla/5.0 (Windows NT 6.1; Win64; x64) AppleWebKit/537.36 (KHTML, like Gecko) Chrome/105.0.0.0 Safari/537.36"
192.168.11.236 - - [28/Aug/2023:09:27:54 +0800] "GET /eHR/ess/redirect.php?scriptname=ESNE003&appdesc=%E6%89%B9%E9%87%8F%E5%8A%A0%E7%8F%AD%E6%9F%A5%E8%AF%A2 HTTP/1.1" 200 12325
192.168.11.236 - - [28/Aug/2023:09:27:58 +0800] "POST /eHR/ess/redirect.php?scriptname=ESNE003&appdesc=%E6%89%B9%E9%87%8F%E5%8A%A0%E7%8F%AD%E6%9F%A5%E8%AF%A2 HTTP/1.1" 200 48442 "http://192.168.1.83:8088/eHR/ess/redirect.php?scriptname=ESNE003&appdesc=%E6%89%B9%E9%87%8F%E5%8A%A0%E7%8F%AD%E6%9F%A5%E8%AF%A2" "Mozilla/5.0 (Windows NT 6.1; Win64; x64) AppleWebKit/537.36 (KHTML, like Gecko) Chrome/105.0.0.0 Safari/537.36"
192.168.11.236 - - [28/Aug/2023:09:27:58 +0800] "POST /eHR/ess/redirect.php?scriptname=ESNE003&appdesc=%E6%89%B9%E9%87%8F%E5%8A%A0%E7%8F%AD%E6%9F%A5%E8%AF%A2 HTTP/1.1" 200 48442
192.168.11.236 - - [28/Aug/2023:09:28:01 +0800] "POST /eHR/ess/redirect.php?scriptname=view_flowchart&action=view_flowchart&apply_type=overtime&flow_seqno=973849 HTTP/1.1" 200 5604 "http://192.168.1.83:8088/eHR/ess/redirect.php" "Mozilla/5.0 (Windows NT 6.1; Win64; x64) AppleWebKit/537.36 (KHTML, like Gecko) Chrome/105.0.0.0 Safari/537.36"
192.168.11.236 - - [28/Aug/2023:09:28:01 +0800] "POST /eHR/ess/redirect.php?scriptname=view_flowchart&action=view_flowchart&apply_type=overtime&flow_seqno=973849 HTTP/1.1" 200 5604
192.168.11.136 - - [28/Aug/2023:09:28:07 +0800] "GET /eHR/ess/index.php?action=logout HTTP/1.1" 200 8826 "-" "Mozilla/5.0 (Windows NT 10.0; WOW64) AppleWebKit/537.36 (KHTML, like Gecko) Chrome/80.0.3987.87 Safari/537.36 SE 2.X MetaSr 1.0"
192.168.11.136 - - [28/Aug/2023:09:28:07 +0800] "GET /eHR/ess/index.php?action=logout HTTP/1.1" 200 8826
192.168.11.136 - - [28/Aug/2023:09:28:07 +0800] "GET /eHR/ess/index.php?action=logout HTTP/1.1" 200 8826 "-" "Mozilla/5.0 (Windows NT 10.0; WOW64) AppleWebKit/537.36 (KHTML, like Gecko) Chrome/80.0.3987.87 Safari/537.36 SE 2.X MetaSr 1.0"
192.168.11.136 - - [28/Aug/2023:09:28:07 +0800] "GET /eHR/ess/index.php?action=logout HTTP/1.1" 200 8826
192.168.11.236 - - [28/Aug/2023:09:28:10 +0800] "POST /eHR/ess/redirect.php?scriptname=ESNE003&appdesc=%E6%89%B9%E9%87%8F%E5%8A%A0%E7%8F%AD%E6%9F%A5%E8%AF%A2 HTTP/1.1" 200 13577 "http://192.168.1.83:8088/eHR/ess/redirect.php?scriptname=ESNE003&appdesc=%E6%89%B9%E9%87%8F%E5%8A%A0%E7%8F%AD%E6%9F%A5%E8%AF%A2" "Mozilla/5.0 (Windows NT 6.1; Win64; x64) AppleWebKit/537.36 (KHTML, like Gecko) Chrome/105.0.0.0 Safari/537.36"
192.168.11.236 - - [28/Aug/2023:09:28:10 +0800] "POST /eHR/ess/redirect.php?scriptname=ESNE003&appdesc=%E6%89%B9%E9%87%8F%E5%8A%A0%E7%8F%AD%E6%9F%A5%E8%AF%A2 HTTP/1.1" 200 13577
192.168.11.136 - - [28/Aug/2023:09:28:13 +0800] "GET /eHR/img/ares.ico HTTP/1.1" 200 1406 "-" "Mozilla/5.0 (Windows NT 10.0; WOW64) AppleWebKit/537.36 (KHTML, like Gecko) Chrome/80.0.3987.87 Safari/537.36 SE 2.X MetaSr 1.0"
192.168.11.136 - - [28/Aug/2023:09:28:13 +0800] "GET /eHR/img/ares.ico HTTP/1.1" 200 1406
192.168.11.136 - - [28/Aug/2023:09:28:13 +0800] "GET /eHR/img/ares.ico HTTP/1.1" 200 1406 "-" "Mozilla/5.0 (Windows NT 10.0; WOW64) AppleWebKit/537.36 (KHTML, like Gecko) Chrome/80.0.3987.87 Safari/537.36 SE 2.X MetaSr 1.0"
192.168.11.136 - - [28/Aug/2023:09:28:13 +0800] "GET /eHR/img/ares.ico HTTP/1.1" 200 1406
192.168.11.136 - - [28/Aug/2023:09:28:13 +0800] "GET /eHR/img/ares.ico HTTP/1.1" 200 1406 "-" "Mozilla/5.0 (Windows NT 10.0; WOW64) AppleWebKit/537.36 (KHTML, like Gecko) Chrome/80.0.3987.87 Safari/537.36 SE 2.X MetaSr 1.0"
192.168.11.136 - - [28/Aug/2023:09:28:13 +0800] "GET /eHR/img/ares.ico HTTP/1.1" 200 1406
192.168.11.136 - - [28/Aug/2023:09:28:13 +0800] "GET /eHR/img/ares.ico HTTP/1.1" 200 1406
192.168.11.136 - - [28/Aug/2023:09:28:13 +0800] "GET /eHR/img/ares.ico HTTP/1.1" 200 1406 "-" "Mozilla/5.0 (Windows NT 10.0; WOW64) AppleWebKit/537.36 (KHTML, like Gecko) Chrome/80.0.3987.87 Safari/537.36 SE 2.X MetaSr 1.0"
192.168.11.136 - - [28/Aug/2023:09:28:13 +0800] "GET /eHR/img/ares.ico HTTP/1.1" 200 1406 "-" "Mozilla/5.0 (Windows NT 10.0; WOW64) AppleWebKit/537.36 (KHTML, like Gecko) Chrome/80.0.3987.87 Safari/537.36 SE 2.X MetaSr 1.0"
192.168.11.136 - - [28/Aug/2023:09:28:13 +0800] "GET /eHR/img/ares.ico HTTP/1.1" 200 1406
192.168.11.136 - - [28/Aug/2023:09:28:13 +0800] "GET /eHR/img/ares.ico HTTP/1.1" 200 1406 "-" "Mozilla/5.0 (Windows NT 10.0; WOW64) AppleWebKit/537.36 (KHTML, like Gecko) Chrome/80.0.3987.87 Safari/537.36 SE 2.X MetaSr 1.0"
192.168.11.136 - - [28/Aug/2023:09:28:13 +0800] "GET /eHR/img/ares.ico HTTP/1.1" 200 1406
192.168.11.236 - - [28/Aug/2023:09:28:15 +0800] "POST /eHR/ess/redirect.php?scriptname=ESNE003&appdesc=%E6%89%B9%E9%87%8F%E5%8A%A0%E7%8F%AD%E6%9F%A5%E8%AF%A2 HTTP/1.1" 200 48442 "http://192.168.1.83:8088/eHR/ess/redirect.php?scriptname=ESNE003&appdesc=%E6%89%B9%E9%87%8F%E5%8A%A0%E7%8F%AD%E6%9F%A5%E8%AF%A2" "Mozilla/5.0 (Windows NT 6.1; Win64; x64) AppleWebKit/537.36 (KHTML, like Gecko) Chrome/105.0.0.0 Safari/537.36"
192.168.11.236 - - [28/Aug/2023:09:28:15 +0800] "POST /eHR/ess/redirect.php?scriptname=ESNE003&appdesc=%E6%89%B9%E9%87%8F%E5%8A%A0%E7%8F%AD%E6%9F%A5%E8%AF%A2 HTTP/1.1" 200 48442
192.168.11.104 - - [28/Aug/2023:09:28:16 +0800] "GET /eHR/ess/redirect.php HTTP/1.1" 302 121 "-" "Mozilla/5.0 (Windows NT 10.0; WOW64; Trident/7.0; rv:11.0) like Gecko"
192.168.11.104 - - [28/Aug/2023:09:28:16 +0800] "GET /eHR/ess/redirect.php HTTP/1.1" 302 121
192.168.11.104 - - [28/Aug/2023:09:28:16 +0800] "GET /eHR/ess/index.php?action=logout HTTP/1.1" 200 8826
192.168.11.104 - - [28/Aug/2023:09:28:16 +0800] "GET /eHR/ess/index.php?action=logout HTTP/1.1" 200 8826 "-" "Mozilla/5.0 (Windows NT 10.0; WOW64; Trident/7.0; rv:11.0) like Gecko"
192.168.11.104 - - [28/Aug/2023:09:28:19 +0800] "GET /eHR/ess/index.php?lang=ZHT HTTP/1.1" 200 8829 "http://192.168.1.83:8088/eHR/ess/index.php?action=logout" "Mozilla/5.0 (Windows NT 10.0; WOW64; Trident/7.0; rv:11.0) like Gecko"
192.168.11.104 - - [28/Aug/2023:09:28:19 +0800] "GET /eHR/ess/index.php?lang=ZHT HTTP/1.1" 200 8829
192.168.11.136 - - [28/Aug/2023:09:28:15 +0800] "POST /eHR/ess/includes/login.php HTTP/1.1" 302 - "http://192.168.1.83:8088/eHR/ess/index.php?action=logout" "Mozilla/5.0 (Windows NT 10.0; WOW64) AppleWebKit/537.36 (KHTML, like Gecko) Chrome/80.0.3987.87 Safari/537.36 SE 2.X MetaSr 1.0"
192.168.11.136 - - [28/Aug/2023:09:28:15 +0800] "POST /eHR/ess/includes/login.php HTTP/1.1" 302 -
192.168.11.136 - - [28/Aug/2023:09:28:20 +0800] "GET /eHR/ess/redirect.php HTTP/1.1" 200 8926 "http://192.168.1.83:8088/eHR/ess/index.php?action=logout" "Mozilla/5.0 (Windows NT 10.0; WOW64) AppleWebKit/537.36 (KHTML, like Gecko) Chrome/80.0.3987.87 Safari/537.36 SE 2.X MetaSr 1.0"
192.168.11.136 - - [28/Aug/2023:09:28:20 +0800] "GET /eHR/ess/redirect.php HTTP/1.1" 200 8926
192.168.11.136 - - [28/Aug/2023:09:28:20 +0800] "GET /eHR/img/ares.ico HTTP/1.1" 200 1406
192.168.11.136 - - [28/Aug/2023:09:28:20 +0800] "GET /eHR/img/ares.ico HTTP/1.1" 200 1406 "-" "Mozilla/5.0 (Windows NT 10.0; WOW64) AppleWebKit/537.36 (KHTML, like Gecko) Chrome/80.0.3987.87 Safari/537.36 SE 2.X MetaSr 1.0"
192.168.11.136 - - [28/Aug/2023:09:28:20 +0800] "GET /eHR/img/ares.ico HTTP/1.1" 200 1406 "-" "Mozilla/5.0 (Windows NT 10.0; WOW64) AppleWebKit/537.36 (KHTML, like Gecko) Chrome/80.0.3987.87 Safari/537.36 SE 2.X MetaSr 1.0"
192.168.11.136 - - [28/Aug/2023:09:28:20 +0800] "GET /eHR/img/ares.ico HTTP/1.1" 200 1406
192.168.11.136 - - [28/Aug/2023:09:28:20 +0800] "GET /eHR/ess/redirect.php?scriptname=ESNH000 HTTP/1.1" 200 10133 "http://192.168.1.83:8088/eHR/ess/redirect.php" "Mozilla/5.0 (Windows NT 10.0; WOW64) AppleWebKit/537.36 (KHTML, like Gecko) Chrome/80.0.3987.87 Safari/537.36 SE 2.X MetaSr 1.0"
192.168.11.136 - - [28/Aug/2023:09:28:20 +0800] "GET /eHR/ess/redirect.php?scriptname=ESNH000 HTTP/1.1" 200 10133
192.168.11.136 - - [28/Aug/2023:09:28:21 +0800] "GET /eHR/img/ares.ico HTTP/1.1" 200 1406 "-" "Mozilla/5.0 (Windows NT 10.0; WOW64) AppleWebKit/537.36 (KHTML, like Gecko) Chrome/80.0.3987.87 Safari/537.36 SE 2.X MetaSr 1.0"
192.168.11.136 - - [28/Aug/2023:09:28:21 +0800] "GET /eHR/img/ares.ico HTTP/1.1" 200 1406
192.168.11.236 - - [28/Aug/2023:09:28:21 +0800] "POST /eHR/ess/redirect.php?scriptname=view_flowchart&action=view_flowchart&apply_type=overtime&flow_seqno=973845 HTTP/1.1" 200 5604
192.168.11.236 - - [28/Aug/2023:09:28:21 +0800] "POST /eHR/ess/redirect.php?scriptname=view_flowchart&action=view_flowchart&apply_type=overtime&flow_seqno=973845 HTTP/1.1" 200 5604 "http://192.168.1.83:8088/eHR/ess/redirect.php" "Mozilla/5.0 (Windows NT 6.1; Win64; x64) AppleWebKit/537.36 (KHTML, like Gecko) Chrome/105.0.0.0 Safari/537.36"
192.168.11.136 - - [28/Aug/2023:09:28:23 +0800] "GET /eHR/ess/redirect.php?scriptname=ESNE001&appdesc=%E6%89%B9%E9%87%8F%E5%8A%A0%E7%8F%AD%E7%94%B3%E8%AF%B7 HTTP/1.1" 200 15271 "http://192.168.1.83:8088/eHR/ess/redirect.php" "Mozilla/5.0 (Windows NT 10.0; WOW64) AppleWebKit/537.36 (KHTML, like Gecko) Chrome/80.0.3987.87 Safari/537.36 SE 2.X MetaSr 1.0"
192.168.11.136 - - [28/Aug/2023:09:28:23 +0800] "GET /eHR/ess/redirect.php?scriptname=ESNE001&appdesc=%E6%89%B9%E9%87%8F%E5%8A%A0%E7%8F%AD%E7%94%B3%E8%AF%B7 HTTP/1.1" 200 15271
192.168.11.236 - - [28/Aug/2023:09:28:27 +0800] "GET /eHR/ess/redirect.php?scriptname=ESNE001&appdesc=%E6%89%B9%E9%87%8F%E5%8A%A0%E7%8F%AD%E7%94%B3%E8%AF%B7 HTTP/1.1" 200 15271 "http://192.168.1.83:8088/eHR/ess/redirect.php" "Mozilla/5.0 (Windows NT 6.1; Win64; x64) AppleWebKit/537.36 (KHTML, like Gecko) Chrome/105.0.0.0 Safari/537.36"
192.168.11.236 - - [28/Aug/2023:09:28:27 +0800] "GET /eHR/ess/redirect.php?scriptname=ESNE001&appdesc=%E6%89%B9%E9%87%8F%E5%8A%A0%E7%8F%AD%E7%94%B3%E8%AF%B7 HTTP/1.1" 200 15271
192.168.11.104 - - [28/Aug/2023:09:28:24 +0800] "POST /eHR/ess/includes/login.php HTTP/1.1" 302 - "http://192.168.1.83:8088/eHR/ess/index.php?lang=ZHT" "Mozilla/5.0 (Windows NT 10.0; WOW64; Trident/7.0; rv:11.0) like Gecko"
192.168.11.104 - - [28/Aug/2023:09:28:24 +0800] "POST /eHR/ess/includes/login.php HTTP/1.1" 302 -
192.168.11.104 - - [28/Aug/2023:09:28:33 +0800] "GET /eHR/ess/redirect.php HTTP/1.1" 200 20116 "http://192.168.1.83:8088/eHR/ess/index.php?lang=ZHT" "Mozilla/5.0 (Windows NT 10.0; WOW64; Trident/7.0; rv:11.0) like Gecko"
192.168.11.104 - - [28/Aug/2023:09:28:33 +0800] "GET /eHR/ess/redirect.php HTTP/1.1" 200 20116
192.168.11.104 - - [28/Aug/2023:09:28:33 +0800] "GET /eHR/ess/redirect.php?scriptname=ESNH000 HTTP/1.1" 200 10646 "http://192.168.1.83:8088/eHR/ess/redirect.php" "Mozilla/5.0 (Windows NT 10.0; WOW64; Trident/7.0; rv:11.0) like Gecko"
192.168.11.104 - - [28/Aug/2023:09:28:33 +0800] "GET /eHR/ess/redirect.php?scriptname=ESNH000 HTTP/1.1" 200 10646
192.168.11.136 - - [28/Aug/2023:09:28:37 +0800] "GET /eHR/ess/redirect.php?scriptname=emp_lov&openW=Y&rand=0.8377436416477877 HTTP/1.1" 200 8900 "http://192.168.1.83:8088/eHR/ess/redirect.php?scriptname=ESNE001&appdesc=%E6%89%B9%E9%87%8F%E5%8A%A0%E7%8F%AD%E7%94%B3%E8%AF%B7" "Mozilla/5.0 (Windows NT 10.0; WOW64) AppleWebKit/537.36 (KHTML, like Gecko) Chrome/80.0.3987.87 Safari/537.36 SE 2.X MetaSr 1.0"
192.168.11.136 - - [28/Aug/2023:09:28:37 +0800] "GET /eHR/ess/redirect.php?scriptname=emp_lov&openW=Y&rand=0.8377436416477877 HTTP/1.1" 200 8900
192.168.11.136 - - [28/Aug/2023:09:28:37 +0800] "GET /eHR/img/ares.ico HTTP/1.1" 200 1406 "-" "Mozilla/5.0 (Windows NT 10.0; WOW64) AppleWebKit/537.36 (KHTML, like Gecko) Chrome/80.0.3987.87 Safari/537.36 SE 2.X MetaSr 1.0"
192.168.11.136 - - [28/Aug/2023:09:28:37 +0800] "GET /eHR/img/ares.ico HTTP/1.1" 200 1406
192.168.11.136 - - [28/Aug/2023:09:28:37 +0800] "GET /eHR/img/ares.ico HTTP/1.1" 200 1406
192.168.11.136 - - [28/Aug/2023:09:28:37 +0800] "GET /eHR/img/ares.ico HTTP/1.1" 200 1406 "-" "Mozilla/5.0 (Windows NT 10.0; WOW64) AppleWebKit/537.36 (KHTML, like Gecko) Chrome/80.0.3987.87 Safari/537.36 SE 2.X MetaSr 1.0"
192.168.11.136 - - [28/Aug/2023:09:28:37 +0800] "GET /eHR/img/ares.ico HTTP/1.1" 200 1406 "-" "Mozilla/5.0 (Windows NT 10.0; WOW64) AppleWebKit/537.36 (KHTML, like Gecko) Chrome/80.0.3987.87 Safari/537.36 SE 2.X MetaSr 1.0"
192.168.11.136 - - [28/Aug/2023:09:28:37 +0800] "GET /eHR/img/ares.ico HTTP/1.1" 200 1406
192.168.11.136 - - [28/Aug/2023:09:28:43 +0800] "POST /eHR/ess/redirect.php?scriptname=emp_lov&openW=Y&rand=0.8377436416477877 HTTP/1.1" 200 30709 "http://192.168.1.83:8088/eHR/ess/redirect.php?scriptname=emp_lov&openW=Y&rand=0.8377436416477877" "Mozilla/5.0 (Windows NT 10.0; WOW64) AppleWebKit/537.36 (KHTML, like Gecko) Chrome/80.0.3987.87 Safari/537.36 SE 2.X MetaSr 1.0"
192.168.11.136 - - [28/Aug/2023:09:28:43 +0800] "POST /eHR/ess/redirect.php?scriptname=emp_lov&openW=Y&rand=0.8377436416477877 HTTP/1.1" 200 30709
192.168.11.136 - - [28/Aug/2023:09:28:46 +0800] "GET /eHR/img/ares.ico HTTP/1.1" 200 1406 "-" "Mozilla/5.0 (Windows NT 10.0; WOW64) AppleWebKit/537.36 (KHTML, like Gecko) Chrome/80.0.3987.87 Safari/537.36 SE 2.X MetaSr 1.0"
192.168.11.136 - - [28/Aug/2023:09:28:46 +0800] "GET /eHR/img/ares.ico HTTP/1.1" 200 1406
192.168.11.136 - - [28/Aug/2023:09:28:46 +0800] "GET /eHR/img/ares.ico HTTP/1.1" 200 1406
192.168.11.136 - - [28/Aug/2023:09:28:46 +0800] "GET /eHR/img/ares.ico HTTP/1.1" 200 1406 "-" "Mozilla/5.0 (Windows NT 10.0; WOW64) AppleWebKit/537.36 (KHTML, like Gecko) Chrome/80.0.3987.87 Safari/537.36 SE 2.X MetaSr 1.0"
192.168.11.136 - - [28/Aug/2023:09:28:46 +0800] "GET /eHR/img/ares.ico HTTP/1.1" 200 1406 "-" "Mozilla/5.0 (Windows NT 10.0; WOW64) AppleWebKit/537.36 (KHTML, like Gecko) Chrome/80.0.3987.87 Safari/537.36 SE 2.X MetaSr 1.0"
192.168.11.136 - - [28/Aug/2023:09:28:46 +0800] "GET /eHR/img/ares.ico HTTP/1.1" 200 1406
192.168.11.104 - - [28/Aug/2023:09:28:49 +0800] "GET /eHR/mgr/redirect.php?scriptname=MDNH105&appdesc=%E5%8A%A0%E7%8F%AD%E5%BE%85%E7%B0%BD HTTP/1.1" 200 119572 "http://192.168.1.83:8088/eHR/ess/redirect.php?scriptname=ESNH000" "Mozilla/5.0 (Windows NT 10.0; WOW64; Trident/7.0; rv:11.0) like Gecko"
192.168.11.104 - - [28/Aug/2023:09:28:49 +0800] "GET /eHR/mgr/redirect.php?scriptname=MDNH105&appdesc=%E5%8A%A0%E7%8F%AD%E5%BE%85%E7%B0%BD HTTP/1.1" 200 119572
192.168.11.136 - - [28/Aug/2023:09:29:32 +0800] "POST /eHR/ess/redirect.php?scriptname=ESNE001&appdesc=%E6%89%B9%E9%87%8F%E5%8A%A0%E7%8F%AD%E7%94%B3%E8%AF%B7 HTTP/1.1" 302 - "http://192.168.1.83:8088/eHR/ess/redirect.php?scriptname=ESNE001&appdesc=%E6%89%B9%E9%87%8F%E5%8A%A0%E7%8F%AD%E7%94%B3%E8%AF%B7" "Mozilla/5.0 (Windows NT 10.0; WOW64) AppleWebKit/537.36 (KHTML, like Gecko) Chrome/80.0.3987.87 Safari/537.36 SE 2.X MetaSr 1.0"
192.168.11.136 - - [28/Aug/2023:09:29:32 +0800] "POST /eHR/ess/redirect.php?scriptname=ESNE001&appdesc=%E6%89%B9%E9%87%8F%E5%8A%A0%E7%8F%AD%E7%94%B3%E8%AF%B7 HTTP/1.1" 302 -
192.168.11.136 - - [28/Aug/2023:09:29:33 +0800] "GET /eHR/ess/redirect.php?scriptname=page_success&msgtxt=%E6%82%A8%E7%9A%84%E5%8A%A0%E7%8F%AD%E7%94%B3%E8%AB%8B%E5%B7%B2%E6%88%90%E5%8A%9F%E6%8F%90%E4%BA%A4%E5%BE%8C%E5%8F%B0%E8%99%95%E7%90%86.%3Cbr%3E%E6%82%A8%E5%8F%AF%E4%BB%A5%E5%9C%A8%3Ca+href%3D%22..%2Fess%2Fredirect.php%3Fscriptname%3DESNE023%26requestno%3D117657%22%3E%E9%80%99%E8%A3%A1%3C%2Fa%3E%E6%9F%A5%E7%9C%8B%E7%94%B3%E8%AB%8B%E8%99%95%E7%90%86%E7%B5%90%E6%9E%9C.%3Cbr%3E%E6%89%B9%E6%AC%A1%E8%99%9F%E7%82%BA%3A117657&target=iframe HTTP/1.1" 200 3251 "http://192.168.1.83:8088/eHR/ess/redirect.php?scriptname=ESNE001&appdesc=%E6%89%B9%E9%87%8F%E5%8A%A0%E7%8F%AD%E7%94%B3%E8%AF%B7" "Mozilla/5.0 (Windows NT 10.0; WOW64) AppleWebKit/537.36 (KHTML, like Gecko) Chrome/80.0.3987.87 Safari/537.36 SE 2.X MetaSr 1.0"
192.168.11.136 - - [28/Aug/2023:09:29:33 +0800] "GET /eHR/ess/redirect.php?scriptname=page_success&msgtxt=%E6%82%A8%E7%9A%84%E5%8A%A0%E7%8F%AD%E7%94%B3%E8%AB%8B%E5%B7%B2%E6%88%90%E5%8A%9F%E6%8F%90%E4%BA%A4%E5%BE%8C%E5%8F%B0%E8%99%95%E7%90%86.%3Cbr%3E%E6%82%A8%E5%8F%AF%E4%BB%A5%E5%9C%A8%3Ca+href%3D%22..%2Fess%2Fredirect.php%3Fscriptname%3DESNE023%26requestno%3D117657%22%3E%E9%80%99%E8%A3%A1%3C%2Fa%3E%E6%9F%A5%E7%9C%8B%E7%94%B3%E8%AB%8B%E8%99%95%E7%90%86%E7%B5%90%E6%9E%9C.%3Cbr%3E%E6%89%B9%E6%AC%A1%E8%99%9F%E7%82%BA%3A117657&target=iframe HTTP/1.1" 200 3251
192.168.11.136 - - [28/Aug/2023:09:29:35 +0800] "GET /eHR/ess/redirect.php?scriptname=ESNE003&appdesc=%E6%89%B9%E9%87%8F%E5%8A%A0%E7%8F%AD%E6%9F%A5%E8%AF%A2 HTTP/1.1" 200 7833 "http://192.168.1.83:8088/eHR/ess/redirect.php" "Mozilla/5.0 (Windows NT 10.0; WOW64) AppleWebKit/537.36 (KHTML, like Gecko) Chrome/80.0.3987.87 Safari/537.36 SE 2.X MetaSr 1.0"
192.168.11.136 - - [28/Aug/2023:09:29:35 +0800] "GET /eHR/ess/redirect.php?scriptname=ESNE003&appdesc=%E6%89%B9%E9%87%8F%E5%8A%A0%E7%8F%AD%E6%9F%A5%E8%AF%A2 HTTP/1.1" 200 7833
192.168.40.58 - - [28/Aug/2023:09:29:36 +0800] "GET /eHR/ess/index.php?action=logout HTTP/1.1" 200 8826 "-" "Mozilla/5.0 (Windows NT 6.2; Win64; x64) AppleWebKit/537.36 (KHTML, like Gecko) Chrome/105.0.0.0 Safari/537.36"
192.168.40.58 - - [28/Aug/2023:09:29:36 +0800] "GET /eHR/ess/index.php?action=logout HTTP/1.1" 200 8826
192.168.40.58 - - [28/Aug/2023:09:29:36 +0800] "GET /eHR/css/default.css?m=20130917 HTTP/1.1" 200 8445
192.168.40.58 - - [28/Aug/2023:09:29:36 +0800] "GET /eHR/css/default.css?m=20130917 HTTP/1.1" 200 8445 "http://192.168.1.83:8088/eHR/ess/index.php?action=logout" "Mozilla/5.0 (Windows NT 6.2; Win64; x64) AppleWebKit/537.36 (KHTML, like Gecko) Chrome/105.0.0.0 Safari/537.36"
192.168.40.58 - - [28/Aug/2023:09:29:36 +0800] "GET /eHR/css/blueprint/screen.css HTTP/1.1" 200 11552
192.168.40.58 - - [28/Aug/2023:09:29:36 +0800] "GET /eHR/css/blueprint/screen.css HTTP/1.1" 200 11552 "http://192.168.1.83:8088/eHR/ess/index.php?action=logout" "Mozilla/5.0 (Windows NT 6.2; Win64; x64) AppleWebKit/537.36 (KHTML, like Gecko) Chrome/105.0.0.0 Safari/537.36"
192.168.40.58 - - [28/Aug/2023:09:29:36 +0800] "GET /eHR/js/i18n/ui.datepicker-zh-TW.min.js HTTP/1.1" 200 697 "http://192.168.1.83:8088/eHR/ess/index.php?action=logout" "Mozilla/5.0 (Windows NT 6.2; Win64; x64) AppleWebKit/537.36 (KHTML, like Gecko) Chrome/105.0.0.0 Safari/537.36"
192.168.40.58 - - [28/Aug/2023:09:29:36 +0800] "GET /eHR/js/i18n/ui.datepicker-zh-TW.min.js HTTP/1.1" 200 697
192.168.40.58 - - [28/Aug/2023:09:29:36 +0800] "GET /eHR/css/jqueryui/themes/redmond/jquery.ui.theme.css HTTP/1.1" 200 18198
192.168.40.58 - - [28/Aug/2023:09:29:36 +0800] "GET /eHR/css/jqueryui/themes/redmond/jquery.ui.theme.css HTTP/1.1" 200 18198 "http://192.168.1.83:8088/eHR/css/jqueryui/themes/redmond/jquery.ui.all.css" "Mozilla/5.0 (Windows NT 6.2; Win64; x64) AppleWebKit/537.36 (KHTML, like Gecko) Chrome/105.0.0.0 Safari/537.36"
192.168.40.58 - - [28/Aug/2023:09:29:36 +0800] "GET /eHR/css/jqueryui/themes/redmond/jquery.ui.base.css HTTP/1.1" 200 427 "http://192.168.1.83:8088/eHR/css/jqueryui/themes/redmond/jquery.ui.all.css" "Mozilla/5.0 (Windows NT 6.2; Win64; x64) AppleWebKit/537.36 (KHTML, like Gecko) Chrome/105.0.0.0 Safari/537.36"
192.168.40.58 - - [28/Aug/2023:09:29:36 +0800] "GET /eHR/css/jqueryui/themes/redmond/jquery.ui.base.css HTTP/1.1" 200 427
192.168.40.58 - - [28/Aug/2023:09:29:36 +0800] "GET /eHR/css/jqueryui/themes/redmond/jquery.ui.all.css HTTP/1.1" 200 291 "http://192.168.1.83:8088/eHR/ess/index.php?action=logout" "Mozilla/5.0 (Windows NT 6.2; Win64; x64) AppleWebKit/537.36 (KHTML, like Gecko) Chrome/105.0.0.0 Safari/537.36"
192.168.40.58 - - [28/Aug/2023:09:29:36 +0800] "GET /eHR/css/jqueryui/themes/redmond/jquery.ui.all.css HTTP/1.1" 200 291
192.168.40.58 - - [28/Aug/2023:09:29:36 +0800] "GET /eHR/css/jqueryui/themes/redmond/jquery.ui.core.css HTTP/1.1" 200 1459 "http://192.168.1.83:8088/eHR/css/jqueryui/themes/redmond/jquery.ui.base.css" "Mozilla/5.0 (Windows NT 6.2; Win64; x64) AppleWebKit/537.36 (KHTML, like Gecko) Chrome/105.0.0.0 Safari/537.36"
192.168.40.58 - - [28/Aug/2023:09:29:36 +0800] "GET /eHR/css/jqueryui/themes/redmond/jquery.ui.core.css HTTP/1.1" 200 1459
192.168.40.58 - - [28/Aug/2023:09:29:36 +0800] "GET /eHR/css/jqueryui/themes/redmond/jquery.ui.resizable.css HTTP/1.1" 200 1171 "http://192.168.1.83:8088/eHR/css/jqueryui/themes/redmond/jquery.ui.base.css" "Mozilla/5.0 (Windows NT 6.2; Win64; x64) AppleWebKit/537.36 (KHTML, like Gecko) Chrome/105.0.0.0 Safari/537.36"
192.168.40.58 - - [28/Aug/2023:09:29:36 +0800] "GET /eHR/css/jqueryui/themes/redmond/jquery.ui.resizable.css HTTP/1.1" 200 1171
192.168.40.58 - - [28/Aug/2023:09:29:36 +0800] "GET /eHR/css/jqueryui/themes/redmond/jquery.ui.accordion.css HTTP/1.1" 200 1066 "http://192.168.1.83:8088/eHR/css/jqueryui/themes/redmond/jquery.ui.base.css" "Mozilla/5.0 (Windows NT 6.2; Win64; x64) AppleWebKit/537.36 (KHTML, like Gecko) Chrome/105.0.0.0 Safari/537.36"
192.168.40.58 - - [28/Aug/2023:09:29:36 +0800] "GET /eHR/css/jqueryui/themes/redmond/jquery.ui.accordion.css HTTP/1.1" 200 1066
192.168.40.58 - - [28/Aug/2023:09:29:36 +0800] "GET /eHR/css/jqueryui/themes/redmond/jquery.ui.autocomplete.css HTTP/1.1" 200 1108
