192.168.11.226 - - [25/May/2023:16:13:28 +0800] "POST /eHR/ess/redirect.php?scriptname=ESNE001&appdesc=%E6%89%B9%E9%87%8F%E5%8A%A0%E7%8F%AD%E7%94%B3%E8%AB%8B HTTP/1.1" 200 139 "http://192.168.1.81:8088/eHR/ess/redirect.php?scriptname=ESNE001&appdesc=%E6%89%B9%E9%87%8F%E5%8A%A0%E7%8F%AD%E7%94%B3%E8%AB%8B" "Mozilla/5.0 (Windows NT 6.2; Win64; x64) AppleWebKit/537.36 (KHTML, like Gecko) Chrome/105.0.0.0 Safari/537.36"
192.168.11.226 - - [25/May/2023:16:13:28 +0800] "POST /eHR/ess/redirect.php?scriptname=ESNE001&appdesc=%E6%89%B9%E9%87%8F%E5%8A%A0%E7%8F%AD%E7%94%B3%E8%AB%8B HTTP/1.1" 200 139 "http://192.168.1.81:8088/eHR/ess/redirect.php?scriptname=ESNE001&appdesc=%E6%89%B9%E9%87%8F%E5%8A%A0%E7%8F%AD%E7%94%B3%E8%AB%8B" "Mozilla/5.0 (Windows NT 6.2; Win64; x64) AppleWebKit/537.36 (KHTML, like Gecko) Chrome/105.0.0.0 Safari/537.36"
192.168.11.226 - - [25/May/2023:16:13:28 +0800] "POST /eHR/ess/redirect.php?scriptname=ESNE001&appdesc=%E6%89%B9%E9%87%8F%E5%8A%A0%E7%8F%AD%E7%94%B3%E8%AB%8B HTTP/1.1" 200 139 "http://192.168.1.81:8088/eHR/ess/redirect.php?scriptname=ESNE001&appdesc=%E6%89%B9%E9%87%8F%E5%8A%A0%E7%8F%AD%E7%94%B3%E8%AB%8B" "Mozilla/5.0 (Windows NT 6.2; Win64; x64) AppleWebKit/537.36 (KHTML, like Gecko) Chrome/105.0.0.0 Safari/537.36"
192.168.11.226 - - [25/May/2023:16:13:28 +0800] "POST /eHR/ess/redirect.php?scriptname=ESNE001&appdesc=%E6%89%B9%E9%87%8F%E5%8A%A0%E7%8F%AD%E7%94%B3%E8%AB%8B HTTP/1.1" 200 139
192.168.11.226 - - [25/May/2023:16:14:02 +0800] "GET /eHR/ess/redirect.php?scriptname=ESNE003&appdesc=%E6%89%B9%E9%87%8F%E5%8A%A0%E7%8F%AD%E6%9F%A5%E8%A9%A2 HTTP/1.1" 200 139 "http://192.168.1.81:8088/eHR/ess/redirect.php" "Mozilla/5.0 (Windows NT 6.2; Win64; x64) AppleWebKit/537.36 (KHTML, like Gecko) Chrome/105.0.0.0 Safari/537.36"
192.168.11.226 - - [25/May/2023:16:14:02 +0800] "GET /eHR/ess/redirect.php?scriptname=ESNE003&appdesc=%E6%89%B9%E9%87%8F%E5%8A%A0%E7%8F%AD%E6%9F%A5%E8%A9%A2 HTTP/1.1" 200 139
192.168.11.226 - - [25/May/2023:16:13:29 +0800] "POST /eHR/ess/redirect.php?scriptname=ESNE001&appdesc=%E6%89%B9%E9%87%8F%E5%8A%A0%E7%8F%AD%E7%94%B3%E8%AB%8B HTTP/1.1" 200 139 "http://192.168.1.81:8088/eHR/ess/redirect.php?scriptname=ESNE001&appdesc=%E6%89%B9%E9%87%8F%E5%8A%A0%E7%8F%AD%E7%94%B3%E8%AB%8B" "Mozilla/5.0 (Windows NT 6.2; Win64; x64) AppleWebKit/537.36 (KHTML, like Gecko) Chrome/105.0.0.0 Safari/537.36"
192.168.11.226 - - [25/May/2023:16:13:29 +0800] "POST /eHR/ess/redirect.php?scriptname=ESNE001&appdesc=%E6%89%B9%E9%87%8F%E5%8A%A0%E7%8F%AD%E7%94%B3%E8%AB%8B HTTP/1.1" 200 139
192.168.11.226 - - [25/May/2023:16:14:36 +0800] "POST /eHR/ess/redirect.php?scriptname=ESNE001&appdesc=%E6%89%B9%E9%87%8F%E5%8A%A0%E7%8F%AD%E7%94%B3%E8%AB%8B HTTP/1.1" 200 4089
192.168.11.226 - - [25/May/2023:16:14:36 +0800] "POST /eHR/ess/redirect.php?scriptname=ESNE001&appdesc=%E6%89%B9%E9%87%8F%E5%8A%A0%E7%8F%AD%E7%94%B3%E8%AB%8B HTTP/1.1" 200 4089 "http://192.168.1.81:8088/eHR/ess/redirect.php?scriptname=ESNE001&appdesc=%E6%89%B9%E9%87%8F%E5%8A%A0%E7%8F%AD%E7%94%B3%E8%AB%8B" "Mozilla/5.0 (Windows NT 6.2; Win64; x64) AppleWebKit/537.36 (KHTML, like Gecko) Chrome/105.0.0.0 Safari/537.36"
192.168.11.226 - - [25/May/2023:16:15:01 +0800] "GET /eHR/ess/redirect.php?scriptname=ESNE001&appdesc=%E6%89%B9%E9%87%8F%E5%8A%A0%E7%8F%AD%E7%94%B3%E8%AB%8B HTTP/1.1" 200 15271 "http://192.168.1.81:8088/eHR/ess/redirect.php" "Mozilla/5.0 (Windows NT 6.2; Win64; x64) AppleWebKit/537.36 (KHTML, like Gecko) Chrome/105.0.0.0 Safari/537.36"
192.168.11.226 - - [25/May/2023:16:15:01 +0800] "GET /eHR/ess/redirect.php?scriptname=ESNE001&appdesc=%E6%89%B9%E9%87%8F%E5%8A%A0%E7%8F%AD%E7%94%B3%E8%AB%8B HTTP/1.1" 200 15271
192.168.11.226 - - [25/May/2023:16:15:04 +0800] "GET /eHR/ess/redirect.php?scriptname=ESNE003&appdesc=%E6%89%B9%E9%87%8F%E5%8A%A0%E7%8F%AD%E6%9F%A5%E8%A9%A2 HTTP/1.1" 200 51185
192.168.11.226 - - [25/May/2023:16:15:04 +0800] "GET /eHR/ess/redirect.php?scriptname=ESNE003&appdesc=%E6%89%B9%E9%87%8F%E5%8A%A0%E7%8F%AD%E6%9F%A5%E8%A9%A2 HTTP/1.1" 200 51185 "http://192.168.1.81:8088/eHR/ess/redirect.php" "Mozilla/5.0 (Windows NT 6.2; Win64; x64) AppleWebKit/537.36 (KHTML, like Gecko) Chrome/105.0.0.0 Safari/537.36"
192.168.11.143 - - [25/May/2023:16:13:49 +0800] "GET /eHR/ess/redirect.php?scriptname=ESNH000 HTTP/1.1" 200 - "http://192.168.1.81:8088/eHR/ess/redirect.php" "Mozilla/5.0 (Windows NT 10.0; Win64; x64) AppleWebKit/537.36 (KHTML, like Gecko) Chrome/113.0.0.0 Safari/537.36"
192.168.11.143 - - [25/May/2023:16:13:49 +0800] "GET /eHR/ess/redirect.php?scriptname=ESNH000 HTTP/1.1" 200 -
192.168.11.222 - - [25/May/2023:16:14:36 +0800] "GET /eHR/ess/redirect.php?scriptname=ESNA015&appdesc=%E5%8A%A0%E7%8F%AD%E7%94%B3%E8%AB%8B%E6%9F%A5%E8%A9%A2 HTTP/1.1" 200 139 "http://192.168.1.81:8088/eHR/ess/redirect.php" "Mozilla/4.0 (compatible; MSIE 7.0; Windows NT 10.0; WOW64; Trident/7.0; Touch; .NET4.0C; .NET4.0E; Tablet PC 2.0)"
192.168.11.222 - - [25/May/2023:16:14:05 +0800] "GET /eHR/ess/redirect.php?scriptname=ESNH000 HTTP/1.1" 200 - "http://192.168.1.81:8088/eHR/ess/redirect.php" "Mozilla/4.0 (compatible; MSIE 7.0; Windows NT 10.0; WOW64; Trident/7.0; Touch; .NET4.0C; .NET4.0E; Tablet PC 2.0)"
192.168.11.143 - - [25/May/2023:16:14:26 +0800] "GET /eHR/ess/redirect.php?scriptname=ESNH000&appdesc=%E9%A6%96%E9%A0%81 HTTP/1.1" 200 139 "http://192.168.1.81:8088/eHR/ess/redirect.php" "Mozilla/5.0 (Windows NT 10.0; Win64; x64) AppleWebKit/537.36 (KHTML, like Gecko) Chrome/113.0.0.0 Safari/537.36"
192.168.11.222 - - [25/May/2023:16:14:36 +0800] "GET /eHR/ess/redirect.php?scriptname=ESNA015&appdesc=%E5%8A%A0%E7%8F%AD%E7%94%B3%E8%AB%8B%E6%9F%A5%E8%A9%A2 HTTP/1.1" 200 139
192.168.11.222 - - [25/May/2023:16:14:05 +0800] "GET /eHR/ess/redirect.php?scriptname=ESNH000 HTTP/1.1" 200 -
192.168.11.143 - - [25/May/2023:16:14:26 +0800] "GET /eHR/ess/redirect.php?scriptname=ESNH000&appdesc=%E9%A6%96%E9%A0%81 HTTP/1.1" 200 139
192.168.11.222 - - [25/May/2023:16:14:54 +0800] "GET /eHR/ess/redirect.php?scriptname=ESNA015&appdesc=%E5%8A%A0%E7%8F%AD%E7%94%B3%E8%AB%8B%E6%9F%A5%E8%A9%A2 HTTP/1.1" 200 6457
192.168.11.222 - - [25/May/2023:16:14:54 +0800] "GET /eHR/ess/redirect.php?scriptname=ESNA015&appdesc=%E5%8A%A0%E7%8F%AD%E7%94%B3%E8%AB%8B%E6%9F%A5%E8%A9%A2 HTTP/1.1" 200 6457 "http://192.168.1.81:8088/eHR/ess/redirect.php" "Mozilla/4.0 (compatible; MSIE 7.0; Windows NT 10.0; WOW64; Trident/7.0; Touch; .NET4.0C; .NET4.0E; Tablet PC 2.0)"
192.168.11.222 - - [25/May/2023:16:15:08 +0800] "GET /eHR/js/functions.js HTTP/1.1" 200 11658
192.168.11.222 - - [25/May/2023:16:15:08 +0800] "GET /eHR/js/functions.js HTTP/1.1" 200 11658 "http://192.168.1.81:8088/eHR/ess/redirect.php?scriptname=ESNA015&appdesc=%E5%8A%A0%E7%8F%AD%E7%94%B3%E8%AB%8B%E6%9F%A5%E8%A9%A2" "Mozilla/4.0 (compatible; MSIE 7.0; Windows NT 10.0; WOW64; Trident/7.0; Touch; .NET4.0C; .NET4.0E; Tablet PC 2.0)"
192.168.11.222 - - [25/May/2023:16:15:08 +0800] "GET /eHR/css/jqueryui/themes/redmond/images/ui-bg_gloss-wave_55_5c9ccc_500x100.png HTTP/1.1" 200 3457
192.168.11.222 - - [25/May/2023:16:15:08 +0800] "GET /eHR/css/jqueryui/themes/redmond/images/ui-bg_gloss-wave_55_5c9ccc_500x100.png HTTP/1.1" 200 3457 "http://192.168.1.81:8088/eHR/ess/redirect.php?scriptname=ESNA015&appdesc=%E5%8A%A0%E7%8F%AD%E7%94%B3%E8%AB%8B%E6%9F%A5%E8%A9%A2" "Mozilla/4.0 (compatible; MSIE 7.0; Windows NT 10.0; WOW64; Trident/7.0; Touch; .NET4.0C; .NET4.0E; Tablet PC 2.0)"
192.168.11.222 - - [25/May/2023:16:15:08 +0800] "GET /eHR/img/date.png HTTP/1.1" 200 626
192.168.11.222 - - [25/May/2023:16:15:08 +0800] "GET /eHR/img/date.png HTTP/1.1" 200 626 "http://192.168.1.81:8088/eHR/ess/redirect.php?scriptname=ESNA015&appdesc=%E5%8A%A0%E7%8F%AD%E7%94%B3%E8%AB%8B%E6%9F%A5%E8%A9%A2" "Mozilla/4.0 (compatible; MSIE 7.0; Windows NT 10.0; WOW64; Trident/7.0; Touch; .NET4.0C; .NET4.0E; Tablet PC 2.0)"
192.168.11.226 - - [25/May/2023:16:15:08 +0800] "GET /eHR/ess/redirect.php?scriptname=ESNE001&appdesc=%E6%89%B9%E9%87%8F%E5%8A%A0%E7%8F%AD%E7%94%B3%E8%AB%8B HTTP/1.1" 200 15271
192.168.11.226 - - [25/May/2023:16:15:08 +0800] "GET /eHR/ess/redirect.php?scriptname=ESNE001&appdesc=%E6%89%B9%E9%87%8F%E5%8A%A0%E7%8F%AD%E7%94%B3%E8%AB%8B HTTP/1.1" 200 15271 "http://192.168.1.81:8088/eHR/ess/redirect.php" "Mozilla/5.0 (Windows NT 6.2; Win64; x64) AppleWebKit/537.36 (KHTML, like Gecko) Chrome/105.0.0.0 Safari/537.36"
192.168.11.226 - - [25/May/2023:16:15:24 +0800] "GET /eHR/ess/redirect.php?scriptname=emp_lov&openW=Y&rand=0.20364243468609544 HTTP/1.1" 200 52252
192.168.11.226 - - [25/May/2023:16:15:24 +0800] "GET /eHR/ess/redirect.php?scriptname=emp_lov&openW=Y&rand=0.20364243468609544 HTTP/1.1" 200 52252 "http://192.168.1.81:8088/eHR/ess/redirect.php?scriptname=ESNE001&appdesc=%E6%89%B9%E9%87%8F%E5%8A%A0%E7%8F%AD%E7%94%B3%E8%AB%8B" "Mozilla/5.0 (Windows NT 6.2; Win64; x64) AppleWebKit/537.36 (KHTML, like Gecko) Chrome/105.0.0.0 Safari/537.36"
192.168.11.226 - - [25/May/2023:16:15:30 +0800] "POST /eHR/ess/redirect.php?scriptname=emp_lov&openW=Y&rand=0.20364243468609544 HTTP/1.1" 200 54434 "http://192.168.1.81:8088/eHR/ess/redirect.php?scriptname=emp_lov&openW=Y&rand=0.20364243468609544" "Mozilla/5.0 (Windows NT 6.2; Win64; x64) AppleWebKit/537.36 (KHTML, like Gecko) Chrome/105.0.0.0 Safari/537.36"
192.168.11.226 - - [25/May/2023:16:15:30 +0800] "POST /eHR/ess/redirect.php?scriptname=emp_lov&openW=Y&rand=0.20364243468609544 HTTP/1.1" 200 54434
192.168.12.71 - - [25/May/2023:16:16:06 +0800] "GET /eHR/ess/redirect.php?scriptname=ESNE002&appdesc=%E6%89%B9%E9%87%8F%E8%AF%B7%E5%81%87%E7%94%B3%E8%AF%B7 HTTP/1.1" 200 22066 "http://192.168.1.81:8088/eHR/ess/redirect.php" "Mozilla/5.0 (Windows NT 6.2; Win64; x64) AppleWebKit/537.36 (KHTML, like Gecko) Chrome/105.0.0.0 Safari/537.36"
192.168.12.71 - - [25/May/2023:16:16:06 +0800] "GET /eHR/ess/redirect.php?scriptname=ESNE002&appdesc=%E6%89%B9%E9%87%8F%E8%AF%B7%E5%81%87%E7%94%B3%E8%AF%B7 HTTP/1.1" 200 22066
192.168.12.71 - - [25/May/2023:16:16:23 +0800] "GET /eHR/ess/redirect.php?scriptname=emp_lov&openW=Y&rand=0.46695543518636184 HTTP/1.1" 200 14848
192.168.12.71 - - [25/May/2023:16:16:23 +0800] "GET /eHR/ess/redirect.php?scriptname=emp_lov&openW=Y&rand=0.46695543518636184 HTTP/1.1" 200 14848 "http://192.168.1.81:8088/eHR/ess/redirect.php?scriptname=ESNE002&appdesc=%E6%89%B9%E9%87%8F%E8%AF%B7%E5%81%87%E7%94%B3%E8%AF%B7" "Mozilla/5.0 (Windows NT 6.2; Win64; x64) AppleWebKit/537.36 (KHTML, like Gecko) Chrome/105.0.0.0 Safari/537.36"
192.168.12.71 - - [25/May/2023:16:16:28 +0800] "POST /eHR/ess/redirect.php?scriptname=emp_lov&openW=Y&rand=0.46695543518636184 HTTP/1.1" 200 17030 "http://192.168.1.81:8088/eHR/ess/redirect.php?scriptname=emp_lov&openW=Y&rand=0.46695543518636184" "Mozilla/5.0 (Windows NT 6.2; Win64; x64) AppleWebKit/537.36 (KHTML, like Gecko) Chrome/105.0.0.0 Safari/537.36"
192.168.12.71 - - [25/May/2023:16:16:28 +0800] "POST /eHR/ess/redirect.php?scriptname=emp_lov&openW=Y&rand=0.46695543518636184 HTTP/1.1" 200 17030
192.168.11.226 - - [25/May/2023:16:15:51 +0800] "POST /eHR/ess/redirect.php?scriptname=ESNE001&appdesc=%E6%89%B9%E9%87%8F%E5%8A%A0%E7%8F%AD%E7%94%B3%E8%AB%8B HTTP/1.1" 200 139
192.168.11.226 - - [25/May/2023:16:15:51 +0800] "POST /eHR/ess/redirect.php?scriptname=ESNE001&appdesc=%E6%89%B9%E9%87%8F%E5%8A%A0%E7%8F%AD%E7%94%B3%E8%AB%8B HTTP/1.1" 200 139 "http://192.168.1.81:8088/eHR/ess/redirect.php?scriptname=ESNE001&appdesc=%E6%89%B9%E9%87%8F%E5%8A%A0%E7%8F%AD%E7%94%B3%E8%AB%8B" "Mozilla/5.0 (Windows NT 6.2; Win64; x64) AppleWebKit/537.36 (KHTML, like Gecko) Chrome/105.0.0.0 Safari/537.36"
192.168.11.226 - - [25/May/2023:16:15:53 +0800] "POST /eHR/ess/redirect.php?scriptname=ESNE001&appdesc=%E6%89%B9%E9%87%8F%E5%8A%A0%E7%8F%AD%E7%94%B3%E8%AB%8B HTTP/1.1" 200 139 "http://192.168.1.81:8088/eHR/ess/redirect.php?scriptname=ESNE001&appdesc=%E6%89%B9%E9%87%8F%E5%8A%A0%E7%8F%AD%E7%94%B3%E8%AB%8B" "Mozilla/5.0 (Windows NT 6.2; Win64; x64) AppleWebKit/537.36 (KHTML, like Gecko) Chrome/105.0.0.0 Safari/537.36"
192.168.11.226 - - [25/May/2023:16:15:53 +0800] "POST /eHR/ess/redirect.php?scriptname=ESNE001&appdesc=%E6%89%B9%E9%87%8F%E5%8A%A0%E7%8F%AD%E7%94%B3%E8%AB%8B HTTP/1.1" 200 139
192.168.11.226 - - [25/May/2023:16:15:42 +0800] "POST /eHR/ess/redirect.php?scriptname=ESNE001&appdesc=%E6%89%B9%E9%87%8F%E5%8A%A0%E7%8F%AD%E7%94%B3%E8%AB%8B HTTP/1.1" 200 - "http://192.168.1.81:8088/eHR/ess/redirect.php?scriptname=ESNE001&appdesc=%E6%89%B9%E9%87%8F%E5%8A%A0%E7%8F%AD%E7%94%B3%E8%AB%8B" "Mozilla/5.0 (Windows NT 6.2; Win64; x64) AppleWebKit/537.36 (KHTML, like Gecko) Chrome/105.0.0.0 Safari/537.36"
192.168.11.226 - - [25/May/2023:16:15:42 +0800] "POST /eHR/ess/redirect.php?scriptname=ESNE001&appdesc=%E6%89%B9%E9%87%8F%E5%8A%A0%E7%8F%AD%E7%94%B3%E8%AB%8B HTTP/1.1" 200 -
192.168.11.226 - - [25/May/2023:16:16:26 +0800] "POST /eHR/ess/redirect.php?scriptname=ESNE001&appdesc=%E6%89%B9%E9%87%8F%E5%8A%A0%E7%8F%AD%E7%94%B3%E8%AB%8B HTTP/1.1" 200 4089 "http://192.168.1.81:8088/eHR/ess/redirect.php?scriptname=ESNE001&appdesc=%E6%89%B9%E9%87%8F%E5%8A%A0%E7%8F%AD%E7%94%B3%E8%AB%8B" "Mozilla/5.0 (Windows NT 6.2; Win64; x64) AppleWebKit/537.36 (KHTML, like Gecko) Chrome/105.0.0.0 Safari/537.36"
192.168.11.226 - - [25/May/2023:16:16:26 +0800] "POST /eHR/ess/redirect.php?scriptname=ESNE001&appdesc=%E6%89%B9%E9%87%8F%E5%8A%A0%E7%8F%AD%E7%94%B3%E8%AB%8B HTTP/1.1" 200 4089
192.168.11.222 - - [25/May/2023:16:15:54 +0800] "POST /eHR/ess/redirect.php?scriptname=ESNA015&appdesc=%E5%8A%A0%E7%8F%AD%E7%94%B3%E8%AB%8B%E6%9F%A5%E8%A9%A2 HTTP/1.1" 200 139
192.168.11.222 - - [25/May/2023:16:15:54 +0800] "POST /eHR/ess/redirect.php?scriptname=ESNA015&appdesc=%E5%8A%A0%E7%8F%AD%E7%94%B3%E8%AB%8B%E6%9F%A5%E8%A9%A2 HTTP/1.1" 200 139 "http://192.168.1.81:8088/eHR/ess/redirect.php?scriptname=ESNA015&appdesc=%E5%8A%A0%E7%8F%AD%E7%94%B3%E8%AB%8B%E6%9F%A5%E8%A9%A2" "Mozilla/4.0 (compatible; MSIE 7.0; Windows NT 10.0; WOW64; Trident/7.0; Touch; .NET4.0C; .NET4.0E; Tablet PC 2.0)"
192.168.11.222 - - [25/May/2023:16:15:59 +0800] "POST /eHR/ess/redirect.php?scriptname=ESNA015&appdesc=%E5%8A%A0%E7%8F%AD%E7%94%B3%E8%AB%8B%E6%9F%A5%E8%A9%A2 HTTP/1.1" 200 139 "http://192.168.1.81:8088/eHR/ess/redirect.php?scriptname=ESNA015&appdesc=%E5%8A%A0%E7%8F%AD%E7%94%B3%E8%AB%8B%E6%9F%A5%E8%A9%A2" "Mozilla/4.0 (compatible; MSIE 7.0; Windows NT 10.0; WOW64; Trident/7.0; Touch; .NET4.0C; .NET4.0E; Tablet PC 2.0)"
192.168.11.222 - - [25/May/2023:16:15:59 +0800] "POST /eHR/ess/redirect.php?scriptname=ESNA015&appdesc=%E5%8A%A0%E7%8F%AD%E7%94%B3%E8%AB%8B%E6%9F%A5%E8%A9%A2 HTTP/1.1" 200 139
192.168.11.222 - - [25/May/2023:16:16:18 +0800] "POST /eHR/ess/redirect.php?scriptname=ESNA015&appdesc=%E5%8A%A0%E7%8F%AD%E7%94%B3%E8%AB%8B%E6%9F%A5%E8%A9%A2 HTTP/1.1" 200 139
192.168.11.222 - - [25/May/2023:16:16:18 +0800] "POST /eHR/ess/redirect.php?scriptname=ESNA015&appdesc=%E5%8A%A0%E7%8F%AD%E7%94%B3%E8%AB%8B%E6%9F%A5%E8%A9%A2 HTTP/1.1" 200 139 "http://192.168.1.81:8088/eHR/ess/redirect.php?scriptname=ESNA015&appdesc=%E5%8A%A0%E7%8F%AD%E7%94%B3%E8%AB%8B%E6%9F%A5%E8%A9%A2" "Mozilla/4.0 (compatible; MSIE 7.0; Windows NT 10.0; WOW64; Trident/7.0; Touch; .NET4.0C; .NET4.0E; Tablet PC 2.0)"
192.168.11.222 - - [25/May/2023:16:15:50 +0800] "POST /eHR/ess/redirect.php?scriptname=ESNA015&appdesc=%E5%8A%A0%E7%8F%AD%E7%94%B3%E8%AB%8B%E6%9F%A5%E8%A9%A2 HTTP/1.1" 200 - "http://192.168.1.81:8088/eHR/ess/redirect.php?scriptname=ESNA015&appdesc=%E5%8A%A0%E7%8F%AD%E7%94%B3%E8%AB%8B%E6%9F%A5%E8%A9%A2" "Mozilla/4.0 (compatible; MSIE 7.0; Windows NT 10.0; WOW64; Trident/7.0; Touch; .NET4.0C; .NET4.0E; Tablet PC 2.0)"
192.168.11.222 - - [25/May/2023:16:15:50 +0800] "POST /eHR/ess/redirect.php?scriptname=ESNA015&appdesc=%E5%8A%A0%E7%8F%AD%E7%94%B3%E8%AB%8B%E6%9F%A5%E8%A9%A2 HTTP/1.1" 200 -
192.168.11.222 - - [25/May/2023:16:16:31 +0800] "POST /eHR/ess/redirect.php?scriptname=ESNA015&appdesc=%E5%8A%A0%E7%8F%AD%E7%94%B3%E8%AB%8B%E6%9F%A5%E8%A9%A2 HTTP/1.1" 200 139
192.168.11.222 - - [25/May/2023:16:16:31 +0800] "POST /eHR/ess/redirect.php?scriptname=ESNA015&appdesc=%E5%8A%A0%E7%8F%AD%E7%94%B3%E8%AB%8B%E6%9F%A5%E8%A9%A2 HTTP/1.1" 200 139 "http://192.168.1.81:8088/eHR/ess/redirect.php?scriptname=ESNA015&appdesc=%E5%8A%A0%E7%8F%AD%E7%94%B3%E8%AB%8B%E6%9F%A5%E8%A9%A2" "Mozilla/4.0 (compatible; MSIE 7.0; Windows NT 10.0; WOW64; Trident/7.0; Touch; .NET4.0C; .NET4.0E; Tablet PC 2.0)"
192.168.11.222 - - [25/May/2023:16:16:29 +0800] "POST /eHR/ess/redirect.php?scriptname=ESNA015&appdesc=%E5%8A%A0%E7%8F%AD%E7%94%B3%E8%AB%8B%E6%9F%A5%E8%A9%A2 HTTP/1.1" 200 - "http://192.168.1.81:8088/eHR/ess/redirect.php?scriptname=ESNA015&appdesc=%E5%8A%A0%E7%8F%AD%E7%94%B3%E8%AB%8B%E6%9F%A5%E8%A9%A2" "Mozilla/4.0 (compatible; MSIE 7.0; Windows NT 10.0; WOW64; Trident/7.0; Touch; .NET4.0C; .NET4.0E; Tablet PC 2.0)"
192.168.11.222 - - [25/May/2023:16:16:29 +0800] "POST /eHR/ess/redirect.php?scriptname=ESNA015&appdesc=%E5%8A%A0%E7%8F%AD%E7%94%B3%E8%AB%8B%E6%9F%A5%E8%A9%A2 HTTP/1.1" 200 -
192.168.11.226 - - [25/May/2023:16:17:05 +0800] "GET /eHR/ess/redirect.php?scriptname=ESNE001&appdesc=%E6%89%B9%E9%87%8F%E5%8A%A0%E7%8F%AD%E7%94%B3%E8%AB%8B HTTP/1.1" 200 15271
192.168.11.226 - - [25/May/2023:16:17:05 +0800] "GET /eHR/ess/redirect.php?scriptname=ESNE001&appdesc=%E6%89%B9%E9%87%8F%E5%8A%A0%E7%8F%AD%E7%94%B3%E8%AB%8B HTTP/1.1" 200 15271 "http://192.168.1.81:8088/eHR/ess/redirect.php" "Mozilla/5.0 (Windows NT 6.2; Win64; x64) AppleWebKit/537.36 (KHTML, like Gecko) Chrome/105.0.0.0 Safari/537.36"
192.168.11.226 - - [25/May/2023:16:17:08 +0800] "GET /eHR/ess/redirect.php?scriptname=ESNE003&appdesc=%E6%89%B9%E9%87%8F%E5%8A%A0%E7%8F%AD%E6%9F%A5%E8%A9%A2 HTTP/1.1" 200 51185
192.168.11.226 - - [25/May/2023:16:17:08 +0800] "GET /eHR/ess/redirect.php?scriptname=ESNE003&appdesc=%E6%89%B9%E9%87%8F%E5%8A%A0%E7%8F%AD%E6%9F%A5%E8%A9%A2 HTTP/1.1" 200 51185 "http://192.168.1.81:8088/eHR/ess/redirect.php" "Mozilla/5.0 (Windows NT 6.2; Win64; x64) AppleWebKit/537.36 (KHTML, like Gecko) Chrome/105.0.0.0 Safari/537.36"
192.168.11.226 - - [25/May/2023:16:17:11 +0800] "GET /eHR/ess/redirect.php?scriptname=ESNE003&appdesc=%E6%89%B9%E9%87%8F%E5%8A%A0%E7%8F%AD%E6%9F%A5%E8%A9%A2 HTTP/1.1" 200 51185 "http://192.168.1.81:8088/eHR/ess/redirect.php" "Mozilla/5.0 (Windows NT 6.2; Win64; x64) AppleWebKit/537.36 (KHTML, like Gecko) Chrome/105.0.0.0 Safari/537.36"
192.168.11.226 - - [25/May/2023:16:17:11 +0800] "GET /eHR/ess/redirect.php?scriptname=ESNE003&appdesc=%E6%89%B9%E9%87%8F%E5%8A%A0%E7%8F%AD%E6%9F%A5%E8%A9%A2 HTTP/1.1" 200 51185
192.168.11.222 - - [25/May/2023:16:16:45 +0800] "POST /eHR/ess/redirect.php?scriptname=ESNA015&appdesc=%E5%8A%A0%E7%8F%AD%E7%94%B3%E8%AB%8B%E6%9F%A5%E8%A9%A2 HTTP/1.1" 200 -
192.168.11.222 - - [25/May/2023:16:16:45 +0800] "POST /eHR/ess/redirect.php?scriptname=ESNA015&appdesc=%E5%8A%A0%E7%8F%AD%E7%94%B3%E8%AB%8B%E6%9F%A5%E8%A9%A2 HTTP/1.1" 200 - "http://192.168.1.81:8088/eHR/ess/redirect.php?scriptname=ESNA015&appdesc=%E5%8A%A0%E7%8F%AD%E7%94%B3%E8%AB%8B%E6%9F%A5%E8%A9%A2" "Mozilla/4.0 (compatible; MSIE 7.0; Windows NT 10.0; WOW64; Trident/7.0; Touch; .NET4.0C; .NET4.0E; Tablet PC 2.0)"
192.168.11.222 - - [25/May/2023:16:16:46 +0800] "POST /eHR/ess/redirect.php?scriptname=ESNA015&appdesc=%E5%8A%A0%E7%8F%AD%E7%94%B3%E8%AB%8B%E6%9F%A5%E8%A9%A2 HTTP/1.1" 200 139
192.168.11.222 - - [25/May/2023:16:16:46 +0800] "POST /eHR/ess/redirect.php?scriptname=ESNA015&appdesc=%E5%8A%A0%E7%8F%AD%E7%94%B3%E8%AB%8B%E6%9F%A5%E8%A9%A2 HTTP/1.1" 200 139 "http://192.168.1.81:8088/eHR/ess/redirect.php?scriptname=ESNA015&appdesc=%E5%8A%A0%E7%8F%AD%E7%94%B3%E8%AB%8B%E6%9F%A5%E8%A9%A2" "Mozilla/4.0 (compatible; MSIE 7.0; Windows NT 10.0; WOW64; Trident/7.0; Touch; .NET4.0C; .NET4.0E; Tablet PC 2.0)"
192.168.11.222 - - [25/May/2023:16:16:47 +0800] "POST /eHR/ess/redirect.php?scriptname=ESNA015&appdesc=%E5%8A%A0%E7%8F%AD%E7%94%B3%E8%AB%8B%E6%9F%A5%E8%A9%A2 HTTP/1.1" 200 139 "http://192.168.1.81:8088/eHR/ess/redirect.php?scriptname=ESNA015&appdesc=%E5%8A%A0%E7%8F%AD%E7%94%B3%E8%AB%8B%E6%9F%A5%E8%A9%A2" "Mozilla/4.0 (compatible; MSIE 7.0; Windows NT 10.0; WOW64; Trident/7.0; Touch; .NET4.0C; .NET4.0E; Tablet PC 2.0)"
192.168.11.222 - - [25/May/2023:16:16:47 +0800] "POST /eHR/ess/redirect.php?scriptname=ESNA015&appdesc=%E5%8A%A0%E7%8F%AD%E7%94%B3%E8%AB%8B%E6%9F%A5%E8%A9%A2 HTTP/1.1" 200 139
192.168.11.222 - - [25/May/2023:16:17:09 +0800] "POST /eHR/ess/redirect.php?scriptname=ESNA015&appdesc=%E5%8A%A0%E7%8F%AD%E7%94%B3%E8%AB%8B%E6%9F%A5%E8%A9%A2 HTTP/1.1" 200 8395 "http://192.168.1.81:8088/eHR/ess/redirect.php?scriptname=ESNA015&appdesc=%E5%8A%A0%E7%8F%AD%E7%94%B3%E8%AB%8B%E6%9F%A5%E8%A9%A2" "Mozilla/4.0 (compatible; MSIE 7.0; Windows NT 10.0; WOW64; Trident/7.0; Touch; .NET4.0C; .NET4.0E; Tablet PC 2.0)"
192.168.11.222 - - [25/May/2023:16:17:09 +0800] "POST /eHR/ess/redirect.php?scriptname=ESNA015&appdesc=%E5%8A%A0%E7%8F%AD%E7%94%B3%E8%AB%8B%E6%9F%A5%E8%A9%A2 HTTP/1.1" 200 8395
192.168.11.222 - - [25/May/2023:16:17:21 +0800] "POST /eHR/ess/redirect.php?scriptname=ESNA015&appdesc=%E5%8A%A0%E7%8F%AD%E7%94%B3%E8%AB%8B%E6%9F%A5%E8%A9%A2 HTTP/1.1" 200 8395
192.168.11.222 - - [25/May/2023:16:17:21 +0800] "POST /eHR/ess/redirect.php?scriptname=ESNA015&appdesc=%E5%8A%A0%E7%8F%AD%E7%94%B3%E8%AB%8B%E6%9F%A5%E8%A9%A2 HTTP/1.1" 200 8395 "http://192.168.1.81:8088/eHR/ess/redirect.php?scriptname=ESNA015&appdesc=%E5%8A%A0%E7%8F%AD%E7%94%B3%E8%AB%8B%E6%9F%A5%E8%A9%A2" "Mozilla/4.0 (compatible; MSIE 7.0; Windows NT 10.0; WOW64; Trident/7.0; Touch; .NET4.0C; .NET4.0E; Tablet PC 2.0)"
192.168.11.222 - - [25/May/2023:16:17:22 +0800] "POST /eHR/ess/redirect.php?scriptname=ESNA015&appdesc=%E5%8A%A0%E7%8F%AD%E7%94%B3%E8%AB%8B%E6%9F%A5%E8%A9%A2 HTTP/1.1" 200 8395 "http://192.168.1.81:8088/eHR/ess/redirect.php?scriptname=ESNA015&appdesc=%E5%8A%A0%E7%8F%AD%E7%94%B3%E8%AB%8B%E6%9F%A5%E8%A9%A2" "Mozilla/4.0 (compatible; MSIE 7.0; Windows NT 10.0; WOW64; Trident/7.0; Touch; .NET4.0C; .NET4.0E; Tablet PC 2.0)"
192.168.11.222 - - [25/May/2023:16:17:22 +0800] "POST /eHR/ess/redirect.php?scriptname=ESNA015&appdesc=%E5%8A%A0%E7%8F%AD%E7%94%B3%E8%AB%8B%E6%9F%A5%E8%A9%A2 HTTP/1.1" 200 8395
192.168.11.222 - - [25/May/2023:16:17:30 +0800] "GET /eHR/img/pe.png HTTP/1.1" 200 1268
192.168.11.222 - - [25/May/2023:16:17:30 +0800] "GET /eHR/img/pe.png HTTP/1.1" 200 1268 "http://192.168.1.81:8088/eHR/ess/redirect.php?scriptname=ESNA015&appdesc=%E5%8A%A0%E7%8F%AD%E7%94%B3%E8%AB%8B%E6%9F%A5%E8%A9%A2" "Mozilla/4.0 (compatible; MSIE 7.0; Windows NT 10.0; WOW64; Trident/7.0; Touch; .NET4.0C; .NET4.0E; Tablet PC 2.0)"
192.168.11.222 - - [25/May/2023:16:17:30 +0800] "GET /eHR/img/cancel.png HTTP/1.1" 200 1230 "http://192.168.1.81:8088/eHR/ess/redirect.php?scriptname=ESNA015&appdesc=%E5%8A%A0%E7%8F%AD%E7%94%B3%E8%AB%8B%E6%9F%A5%E8%A9%A2" "Mozilla/4.0 (compatible; MSIE 7.0; Windows NT 10.0; WOW64; Trident/7.0; Touch; .NET4.0C; .NET4.0E; Tablet PC 2.0)"
192.168.11.222 - - [25/May/2023:16:17:30 +0800] "GET /eHR/img/cancel.png HTTP/1.1" 200 1230
192.168.11.222 - - [25/May/2023:16:17:22 +0800] "POST /eHR/ess/redirect.php?scriptname=ESNA015&appdesc=%E5%8A%A0%E7%8F%AD%E7%94%B3%E8%AB%8B%E6%9F%A5%E8%A9%A2 HTTP/1.1" 200 165231
192.168.11.222 - - [25/May/2023:16:17:22 +0800] "POST /eHR/ess/redirect.php?scriptname=ESNA015&appdesc=%E5%8A%A0%E7%8F%AD%E7%94%B3%E8%AB%8B%E6%9F%A5%E8%A9%A2 HTTP/1.1" 200 165231 "http://192.168.1.81:8088/eHR/ess/redirect.php?scriptname=ESNA015&appdesc=%E5%8A%A0%E7%8F%AD%E7%94%B3%E8%AB%8B%E6%9F%A5%E8%A9%A2" "Mozilla/4.0 (compatible; MSIE 7.0; Windows NT 10.0; WOW64; Trident/7.0; Touch; .NET4.0C; .NET4.0E; Tablet PC 2.0)"
192.168.11.226 - - [25/May/2023:16:17:32 +0800] "POST /eHR/ess/redirect.php?scriptname=ESNE003&appdesc=%E6%89%B9%E9%87%8F%E5%8A%A0%E7%8F%AD%E6%9F%A5%E8%A9%A2 HTTP/1.1" 200 63917 "http://192.168.1.81:8088/eHR/ess/redirect.php?scriptname=ESNE003&appdesc=%E6%89%B9%E9%87%8F%E5%8A%A0%E7%8F%AD%E6%9F%A5%E8%A9%A2" "Mozilla/5.0 (Windows NT 6.2; Win64; x64) AppleWebKit/537.36 (KHTML, like Gecko) Chrome/105.0.0.0 Safari/537.36"
192.168.11.226 - - [25/May/2023:16:17:32 +0800] "POST /eHR/ess/redirect.php?scriptname=ESNE003&appdesc=%E6%89%B9%E9%87%8F%E5%8A%A0%E7%8F%AD%E6%9F%A5%E8%A9%A2 HTTP/1.1" 200 63917
192.168.11.222 - - [25/May/2023:16:17:52 +0800] "GET /eHR/ess/redirect.php?scriptname=ESNA014&appdesc=%E5%8A%A0%E7%8F%AD%E7%94%B3%E8%AB%8B HTTP/1.1" 200 12800 "http://192.168.1.81:8088/eHR/ess/redirect.php" "Mozilla/4.0 (compatible; MSIE 7.0; Windows NT 10.0; WOW64; Trident/7.0; Touch; .NET4.0C; .NET4.0E; Tablet PC 2.0)"
192.168.11.222 - - [25/May/2023:16:17:52 +0800] "GET /eHR/ess/redirect.php?scriptname=ESNA014&appdesc=%E5%8A%A0%E7%8F%AD%E7%94%B3%E8%AB%8B HTTP/1.1" 200 12800
192.168.11.222 - - [25/May/2023:16:17:55 +0800] "GET /eHR/js/date.js HTTP/1.1" 200 12630 "http://192.168.1.81:8088/eHR/ess/redirect.php?scriptname=ESNA014&appdesc=%E5%8A%A0%E7%8F%AD%E7%94%B3%E8%AB%8B" "Mozilla/4.0 (compatible; MSIE 7.0; Windows NT 10.0; WOW64; Trident/7.0; Touch; .NET4.0C; .NET4.0E; Tablet PC 2.0)"
192.168.11.222 - - [25/May/2023:16:17:55 +0800] "GET /eHR/js/date.js HTTP/1.1" 200 12630
192.168.11.222 - - [25/May/2023:16:17:55 +0800] "GET /eHR/js/jquery.maskedinput.min.js HTTP/1.1" 200 3568
192.168.11.222 - - [25/May/2023:16:17:55 +0800] "GET /eHR/js/jquery.maskedinput.min.js HTTP/1.1" 200 3568 "http://192.168.1.81:8088/eHR/ess/redirect.php?scriptname=ESNA014&appdesc=%E5%8A%A0%E7%8F%AD%E7%94%B3%E8%AB%8B" "Mozilla/4.0 (compatible; MSIE 7.0; Windows NT 10.0; WOW64; Trident/7.0; Touch; .NET4.0C; .NET4.0E; Tablet PC 2.0)"
192.168.11.222 - - [25/May/2023:16:17:55 +0800] "POST /eHR/ess/redirect.php?scriptname=ajax_overtime&do=GetOverTime HTTP/1.1" 200 28
192.168.11.222 - - [25/May/2023:16:17:55 +0800] "POST /eHR/ess/redirect.php?scriptname=ajax_overtime&do=GetOverTime HTTP/1.1" 200 28 "http://192.168.1.81:8088/eHR/ess/redirect.php?scriptname=ESNA014&appdesc=%E5%8A%A0%E7%8F%AD%E7%94%B3%E8%AB%8B" "Mozilla/4.0 (compatible; MSIE 7.0; Windows NT 10.0; WOW64; Trident/7.0; Touch; .NET4.0C; .NET4.0E; Tablet PC 2.0)"
192.168.11.222 - - [25/May/2023:16:17:59 +0800] "GET /eHR/css/jqueryui/themes/redmond/images/ui-bg_flat_55_fbec88_40x100.png HTTP/1.1" 200 182
192.168.11.222 - - [25/May/2023:16:17:59 +0800] "GET /eHR/css/jqueryui/themes/redmond/images/ui-bg_flat_55_fbec88_40x100.png HTTP/1.1" 200 182 "http://192.168.1.81:8088/eHR/ess/redirect.php?scriptname=ESNA014&appdesc=%E5%8A%A0%E7%8F%AD%E7%94%B3%E8%AB%8B" "Mozilla/4.0 (compatible; MSIE 7.0; Windows NT 10.0; WOW64; Trident/7.0; Touch; .NET4.0C; .NET4.0E; Tablet PC 2.0)"
192.168.11.222 - - [25/May/2023:16:17:59 +0800] "GET /eHR/css/jqueryui/themes/redmond/images/ui-icons_d8e7f3_256x240.png HTTP/1.1" 200 4369 "http://192.168.1.81:8088/eHR/ess/redirect.php?scriptname=ESNA014&appdesc=%E5%8A%A0%E7%8F%AD%E7%94%B3%E8%AB%8B" "Mozilla/4.0 (compatible; MSIE 7.0; Windows NT 10.0; WOW64; Trident/7.0; Touch; .NET4.0C; .NET4.0E; Tablet PC 2.0)"
192.168.11.222 - - [25/May/2023:16:17:59 +0800] "GET /eHR/css/jqueryui/themes/redmond/images/ui-icons_d8e7f3_256x240.png HTTP/1.1" 200 4369
192.168.11.222 - - [25/May/2023:16:18:01 +0800] "POST /eHR/ess/redirect.php?scriptname=ajax_overtime&do=GetOverTime HTTP/1.1" 200 28 "http://192.168.1.81:8088/eHR/ess/redirect.php?scriptname=ESNA014&appdesc=%E5%8A%A0%E7%8F%AD%E7%94%B3%E8%AB%8B" "Mozilla/4.0 (compatible; MSIE 7.0; Windows NT 10.0; WOW64; Trident/7.0; Touch; .NET4.0C; .NET4.0E; Tablet PC 2.0)"
192.168.11.222 - - [25/May/2023:16:18:01 +0800] "POST /eHR/ess/redirect.php?scriptname=ajax_overtime&do=GetOverTime HTTP/1.1" 200 28
192.168.11.222 - - [25/May/2023:16:18:05 +0800] "POST /eHR/ess/redirect.php?scriptname=ajax_overtime&do=GetOverTime HTTP/1.1" 200 28
192.168.11.222 - - [25/May/2023:16:18:05 +0800] "POST /eHR/ess/redirect.php?scriptname=ajax_overtime&do=GetOverTime HTTP/1.1" 200 28 "http://192.168.1.81:8088/eHR/ess/redirect.php?scriptname=ESNA014&appdesc=%E5%8A%A0%E7%8F%AD%E7%94%B3%E8%AB%8B" "Mozilla/4.0 (compatible; MSIE 7.0; Windows NT 10.0; WOW64; Trident/7.0; Touch; .NET4.0C; .NET4.0E; Tablet PC 2.0)"
192.168.12.36 - - [25/May/2023:16:18:04 +0800] "POST /eHR/ess/redirect.php?scriptname=ajax_overtime&do=GetOverTime HTTP/1.1" 200 28
192.168.12.36 - - [25/May/2023:16:18:04 +0800] "POST /eHR/ess/redirect.php?scriptname=ajax_overtime&do=GetOverTime HTTP/1.1" 200 28 "http://192.168.1.81:8088/eHR/ess/redirect.php?scriptname=ESNA014&appdesc=%E5%8A%A0%E7%8F%AD%E7%94%B3%E8%AF%B7" "Mozilla/5.0 (Windows NT 10.0; Win64; x64) AppleWebKit/537.36 (KHTML, like Gecko) Chrome/113.0.0.0 Safari/537.36"
192.168.11.222 - - [25/May/2023:16:18:07 +0800] "POST /eHR/ess/redirect.php?scriptname=ajax_overtime&do=GetOverTime HTTP/1.1" 200 28 "http://192.168.1.81:8088/eHR/ess/redirect.php?scriptname=ESNA014&appdesc=%E5%8A%A0%E7%8F%AD%E7%94%B3%E8%AB%8B" "Mozilla/4.0 (compatible; MSIE 7.0; Windows NT 10.0; WOW64; Trident/7.0; Touch; .NET4.0C; .NET4.0E; Tablet PC 2.0)"
192.168.11.222 - - [25/May/2023:16:18:07 +0800] "POST /eHR/ess/redirect.php?scriptname=ajax_overtime&do=GetOverTime HTTP/1.1" 200 28
192.168.12.36 - - [25/May/2023:16:18:10 +0800] "POST /eHR/ess/redirect.php?scriptname=ajax_overtime&do=GetOverTime HTTP/1.1" 200 28
192.168.12.36 - - [25/May/2023:16:18:10 +0800] "POST /eHR/ess/redirect.php?scriptname=ajax_overtime&do=GetOverTime HTTP/1.1" 200 28 "http://192.168.1.81:8088/eHR/ess/redirect.php?scriptname=ESNA014&appdesc=%E5%8A%A0%E7%8F%AD%E7%94%B3%E8%AF%B7" "Mozilla/5.0 (Windows NT 10.0; Win64; x64) AppleWebKit/537.36 (KHTML, like Gecko) Chrome/113.0.0.0 Safari/537.36"
192.168.12.36 - - [25/May/2023:16:18:12 +0800] "POST /eHR/ess/redirect.php?scriptname=ajax_overtime&do=GetOverTime HTTP/1.1" 200 28
192.168.12.36 - - [25/May/2023:16:18:12 +0800] "POST /eHR/ess/redirect.php?scriptname=ajax_overtime&do=GetOverTime HTTP/1.1" 200 28 "http://192.168.1.81:8088/eHR/ess/redirect.php?scriptname=ESNA014&appdesc=%E5%8A%A0%E7%8F%AD%E7%94%B3%E8%AF%B7" "Mozilla/5.0 (Windows NT 10.0; Win64; x64) AppleWebKit/537.36 (KHTML, like Gecko) Chrome/113.0.0.0 Safari/537.36"
192.168.11.143 - - [25/May/2023:16:17:46 +0800] "GET /eHR/ess/redirect.php?scriptname=ESNH000&appdesc=%E9%A6%96%E9%A0%81 HTTP/1.1" 200 139 "http://192.168.1.81:8088/eHR/ess/redirect.php" "Mozilla/5.0 (Windows NT 10.0; Win64; x64) AppleWebKit/537.36 (KHTML, like Gecko) Chrome/113.0.0.0 Safari/537.36"
192.168.11.143 - - [25/May/2023:16:17:46 +0800] "GET /eHR/ess/redirect.php?scriptname=ESNH000&appdesc=%E9%A6%96%E9%A0%81 HTTP/1.1" 200 139
192.168.11.143 - - [25/May/2023:16:17:36 +0800] "GET /eHR/ess/redirect.php?scriptname=ESNH000&appdesc=%E9%A6%96%E9%A0%81 HTTP/1.1" 200 - "http://192.168.1.81:8088/eHR/ess/redirect.php" "Mozilla/5.0 (Windows NT 10.0; Win64; x64) AppleWebKit/537.36 (KHTML, like Gecko) Chrome/113.0.0.0 Safari/537.36"
192.168.11.143 - - [25/May/2023:16:17:36 +0800] "GET /eHR/ess/redirect.php?scriptname=ESNH000&appdesc=%E9%A6%96%E9%A0%81 HTTP/1.1" 200 -
192.168.11.143 - - [25/May/2023:16:18:26 +0800] "GET /eHR/ess/index.php?lang=ZHT HTTP/1.1" 200 8829
192.168.11.143 - - [25/May/2023:16:18:26 +0800] "GET /eHR/ess/index.php?lang=ZHT HTTP/1.1" 200 8829 "-" "Mozilla/5.0 (Windows NT 10.0; Win64; x64) AppleWebKit/537.36 (KHTML, like Gecko) Chrome/113.0.0.0 Safari/537.36"
192.168.11.222 - - [25/May/2023:16:18:12 +0800] "POST /eHR/ess/redirect.php?scriptname=ESNA014&appdesc=%E5%8A%A0%E7%8F%AD%E7%94%B3%E8%AB%8B HTTP/1.1" 200 -
192.168.11.222 - - [25/May/2023:16:18:12 +0800] "POST /eHR/ess/redirect.php?scriptname=ESNA014&appdesc=%E5%8A%A0%E7%8F%AD%E7%94%B3%E8%AB%8B HTTP/1.1" 200 - "http://192.168.1.81:8088/eHR/ess/redirect.php?scriptname=ESNA014&appdesc=%E5%8A%A0%E7%8F%AD%E7%94%B3%E8%AB%8B" "Mozilla/4.0 (compatible; MSIE 7.0; Windows NT 10.0; WOW64; Trident/7.0; Touch; .NET4.0C; .NET4.0E; Tablet PC 2.0)"
192.168.11.222 - - [25/May/2023:16:18:21 +0800] "POST /eHR/ess/redirect.php?scriptname=ESNA014&appdesc=%E5%8A%A0%E7%8F%AD%E7%94%B3%E8%AB%8B HTTP/1.1" 200 139 "http://192.168.1.81:8088/eHR/ess/redirect.php?scriptname=ESNA014&appdesc=%E5%8A%A0%E7%8F%AD%E7%94%B3%E8%AB%8B" "Mozilla/4.0 (compatible; MSIE 7.0; Windows NT 10.0; WOW64; Trident/7.0; Touch; .NET4.0C; .NET4.0E; Tablet PC 2.0)"
192.168.11.222 - - [25/May/2023:16:18:21 +0800] "POST /eHR/ess/redirect.php?scriptname=ESNA014&appdesc=%E5%8A%A0%E7%8F%AD%E7%94%B3%E8%AB%8B HTTP/1.1" 200 139
192.168.12.36 - - [25/May/2023:16:18:17 +0800] "POST /eHR/ess/redirect.php?scriptname=ESNA014&appdesc=%E5%8A%A0%E7%8F%AD%E7%94%B3%E8%AF%B7 HTTP/1.1" 200 - "http://192.168.1.81:8088/eHR/ess/redirect.php?scriptname=ESNA014&appdesc=%E5%8A%A0%E7%8F%AD%E7%94%B3%E8%AF%B7" "Mozilla/5.0 (Windows NT 10.0; Win64; x64) AppleWebKit/537.36 (KHTML, like Gecko) Chrome/113.0.0.0 Safari/537.36"
192.168.12.36 - - [25/May/2023:16:18:17 +0800] "POST /eHR/ess/redirect.php?scriptname=ESNA014&appdesc=%E5%8A%A0%E7%8F%AD%E7%94%B3%E8%AF%B7 HTTP/1.1" 200 -
192.168.11.222 - - [25/May/2023:16:18:33 +0800] "POST /eHR/ess/redirect.php?scriptname=ESNA014&appdesc=%E5%8A%A0%E7%8F%AD%E7%94%B3%E8%AB%8B HTTP/1.1" 302 - "http://192.168.1.81:8088/eHR/ess/redirect.php?scriptname=ESNA014&appdesc=%E5%8A%A0%E7%8F%AD%E7%94%B3%E8%AB%8B" "Mozilla/4.0 (compatible; MSIE 7.0; Windows NT 10.0; WOW64; Trident/7.0; Touch; .NET4.0C; .NET4.0E; Tablet PC 2.0)"
192.168.11.222 - - [25/May/2023:16:18:33 +0800] "POST /eHR/ess/redirect.php?scriptname=ESNA014&appdesc=%E5%8A%A0%E7%8F%AD%E7%94%B3%E8%AB%8B HTTP/1.1" 302 -
192.168.11.222 - - [25/May/2023:16:18:38 +0800] "POST /eHR/ess/redirect.php?scriptname=ESNA014&appdesc=%E5%8A%A0%E7%8F%AD%E7%94%B3%E8%AB%8B HTTP/1.1" 302 - "http://192.168.1.81:8088/eHR/ess/redirect.php?scriptname=ESNA014&appdesc=%E5%8A%A0%E7%8F%AD%E7%94%B3%E8%AB%8B" "Mozilla/4.0 (compatible; MSIE 7.0; Windows NT 10.0; WOW64; Trident/7.0; Touch; .NET4.0C; .NET4.0E; Tablet PC 2.0)"
192.168.11.222 - - [25/May/2023:16:18:38 +0800] "POST /eHR/ess/redirect.php?scriptname=ESNA014&appdesc=%E5%8A%A0%E7%8F%AD%E7%94%B3%E8%AB%8B HTTP/1.1" 302 -
192.168.11.222 - - [25/May/2023:16:18:42 +0800] "POST /eHR/ess/redirect.php?scriptname=ESNA014&appdesc=%E5%8A%A0%E7%8F%AD%E7%94%B3%E8%AB%8B HTTP/1.1" 302 - "http://192.168.1.81:8088/eHR/ess/redirect.php?scriptname=ESNA014&appdesc=%E5%8A%A0%E7%8F%AD%E7%94%B3%E8%AB%8B" "Mozilla/4.0 (compatible; MSIE 7.0; Windows NT 10.0; WOW64; Trident/7.0; Touch; .NET4.0C; .NET4.0E; Tablet PC 2.0)"
192.168.11.222 - - [25/May/2023:16:18:42 +0800] "POST /eHR/ess/redirect.php?scriptname=ESNA014&appdesc=%E5%8A%A0%E7%8F%AD%E7%94%B3%E8%AB%8B HTTP/1.1" 302 -
192.168.11.222 - - [25/May/2023:16:18:46 +0800] "POST /eHR/ess/redirect.php?scriptname=ESNA014&appdesc=%E5%8A%A0%E7%8F%AD%E7%94%B3%E8%AB%8B HTTP/1.1" 302 - "http://192.168.1.81:8088/eHR/ess/redirect.php?scriptname=ESNA014&appdesc=%E5%8A%A0%E7%8F%AD%E7%94%B3%E8%AB%8B" "Mozilla/4.0 (compatible; MSIE 7.0; Windows NT 10.0; WOW64; Trident/7.0; Touch; .NET4.0C; .NET4.0E; Tablet PC 2.0)"
192.168.11.222 - - [25/May/2023:16:18:46 +0800] "POST /eHR/ess/redirect.php?scriptname=ESNA014&appdesc=%E5%8A%A0%E7%8F%AD%E7%94%B3%E8%AB%8B HTTP/1.1" 302 -
192.168.12.71 - - [25/May/2023:16:17:08 +0800] "POST /eHR/ess/redirect.php?scriptname=ESNE002&appdesc=%E6%89%B9%E9%87%8F%E8%AF%B7%E5%81%87%E7%94%B3%E8%AF%B7 HTTP/1.1" 200 - "http://192.168.1.81:8088/eHR/ess/redirect.php?scriptname=ESNE002&appdesc=%E6%89%B9%E9%87%8F%E8%AF%B7%E5%81%87%E7%94%B3%E8%AF%B7" "Mozilla/5.0 (Windows NT 6.2; Win64; x64) AppleWebKit/537.36 (KHTML, like Gecko) Chrome/105.0.0.0 Safari/537.36"
192.168.12.71 - - [25/May/2023:16:17:08 +0800] "POST /eHR/ess/redirect.php?scriptname=ESNE002&appdesc=%E6%89%B9%E9%87%8F%E8%AF%B7%E5%81%87%E7%94%B3%E8%AF%B7 HTTP/1.1" 200 -
192.168.11.222 - - [25/May/2023:16:18:53 +0800] "POST /eHR/ess/redirect.php?scriptname=ESNA014&appdesc=%E5%8A%A0%E7%8F%AD%E7%94%B3%E8%AB%8B HTTP/1.1" 302 - "http://192.168.1.81:8088/eHR/ess/redirect.php?scriptname=ESNA014&appdesc=%E5%8A%A0%E7%8F%AD%E7%94%B3%E8%AB%8B" "Mozilla/4.0 (compatible; MSIE 7.0; Windows NT 10.0; WOW64; Trident/7.0; Touch; .NET4.0C; .NET4.0E; Tablet PC 2.0)"
192.168.11.222 - - [25/May/2023:16:18:53 +0800] "POST /eHR/ess/redirect.php?scriptname=ESNA014&appdesc=%E5%8A%A0%E7%8F%AD%E7%94%B3%E8%AB%8B HTTP/1.1" 302 -
192.168.11.222 - - [25/May/2023:16:18:55 +0800] "POST /eHR/ess/redirect.php?scriptname=ESNA014&appdesc=%E5%8A%A0%E7%8F%AD%E7%94%B3%E8%AB%8B HTTP/1.1" 302 - "http://192.168.1.81:8088/eHR/ess/redirect.php?scriptname=ESNA014&appdesc=%E5%8A%A0%E7%8F%AD%E7%94%B3%E8%AB%8B" "Mozilla/4.0 (compatible; MSIE 7.0; Windows NT 10.0; WOW64; Trident/7.0; Touch; .NET4.0C; .NET4.0E; Tablet PC 2.0)"
192.168.11.222 - - [25/May/2023:16:18:55 +0800] "POST /eHR/ess/redirect.php?scriptname=ESNA014&appdesc=%E5%8A%A0%E7%8F%AD%E7%94%B3%E8%AB%8B HTTP/1.1" 302 -
192.168.11.222 - - [25/May/2023:16:18:58 +0800] "POST /eHR/ess/redirect.php?scriptname=ESNA014&appdesc=%E5%8A%A0%E7%8F%AD%E7%94%B3%E8%AB%8B HTTP/1.1" 302 -
192.168.11.222 - - [25/May/2023:16:18:58 +0800] "POST /eHR/ess/redirect.php?scriptname=ESNA014&appdesc=%E5%8A%A0%E7%8F%AD%E7%94%B3%E8%AB%8B HTTP/1.1" 302 - "http://192.168.1.81:8088/eHR/ess/redirect.php?scriptname=ESNA014&appdesc=%E5%8A%A0%E7%8F%AD%E7%94%B3%E8%AB%8B" "Mozilla/4.0 (compatible; MSIE 7.0; Windows NT 10.0; WOW64; Trident/7.0; Touch; .NET4.0C; .NET4.0E; Tablet PC 2.0)"
192.168.11.222 - - [25/May/2023:16:18:59 +0800] "POST /eHR/ess/redirect.php?scriptname=ESNA014&appdesc=%E5%8A%A0%E7%8F%AD%E7%94%B3%E8%AB%8B HTTP/1.1" 302 - "http://192.168.1.81:8088/eHR/ess/redirect.php?scriptname=ESNA014&appdesc=%E5%8A%A0%E7%8F%AD%E7%94%B3%E8%AB%8B" "Mozilla/4.0 (compatible; MSIE 7.0; Windows NT 10.0; WOW64; Trident/7.0; Touch; .NET4.0C; .NET4.0E; Tablet PC 2.0)"
192.168.11.222 - - [25/May/2023:16:18:59 +0800] "POST /eHR/ess/redirect.php?scriptname=ESNA014&appdesc=%E5%8A%A0%E7%8F%AD%E7%94%B3%E8%AB%8B HTTP/1.1" 302 -
192.168.11.222 - - [25/May/2023:16:19:05 +0800] "POST /eHR/ess/redirect.php?scriptname=ESNA014&appdesc=%E5%8A%A0%E7%8F%AD%E7%94%B3%E8%AB%8B HTTP/1.1" 302 -
192.168.11.222 - - [25/May/2023:16:19:05 +0800] "POST /eHR/ess/redirect.php?scriptname=ESNA014&appdesc=%E5%8A%A0%E7%8F%AD%E7%94%B3%E8%AB%8B HTTP/1.1" 302 - "http://192.168.1.81:8088/eHR/ess/redirect.php?scriptname=ESNA014&appdesc=%E5%8A%A0%E7%8F%AD%E7%94%B3%E8%AB%8B" "Mozilla/4.0 (compatible; MSIE 7.0; Windows NT 10.0; WOW64; Trident/7.0; Touch; .NET4.0C; .NET4.0E; Tablet PC 2.0)"
192.168.11.222 - - [25/May/2023:16:19:16 +0800] "POST /eHR/ess/redirect.php?scriptname=ESNA014&appdesc=%E5%8A%A0%E7%8F%AD%E7%94%B3%E8%AB%8B HTTP/1.1" 302 -
192.168.11.222 - - [25/May/2023:16:19:16 +0800] "POST /eHR/ess/redirect.php?scriptname=ESNA014&appdesc=%E5%8A%A0%E7%8F%AD%E7%94%B3%E8%AB%8B HTTP/1.1" 302 - "http://192.168.1.81:8088/eHR/ess/redirect.php?scriptname=ESNA014&appdesc=%E5%8A%A0%E7%8F%AD%E7%94%B3%E8%AB%8B" "Mozilla/4.0 (compatible; MSIE 7.0; Windows NT 10.0; WOW64; Trident/7.0; Touch; .NET4.0C; .NET4.0E; Tablet PC 2.0)"
192.168.11.222 - - [25/May/2023:16:19:20 +0800] "POST /eHR/ess/redirect.php?scriptname=ESNA014&appdesc=%E5%8A%A0%E7%8F%AD%E7%94%B3%E8%AB%8B HTTP/1.1" 302 -
192.168.11.222 - - [25/May/2023:16:19:20 +0800] "POST /eHR/ess/redirect.php?scriptname=ESNA014&appdesc=%E5%8A%A0%E7%8F%AD%E7%94%B3%E8%AB%8B HTTP/1.1" 302 - "http://192.168.1.81:8088/eHR/ess/redirect.php?scriptname=ESNA014&appdesc=%E5%8A%A0%E7%8F%AD%E7%94%B3%E8%AB%8B" "Mozilla/4.0 (compatible; MSIE 7.0; Windows NT 10.0; WOW64; Trident/7.0; Touch; .NET4.0C; .NET4.0E; Tablet PC 2.0)"
192.168.11.222 - - [25/May/2023:16:19:23 +0800] "GET /eHR/ess/redirect.php?scriptname=page_error&msgtxt=%E5%8A%A0%E7%8F%AD%E5%8D%80%E9%96%93%E5%87%BA%E7%8F%BE%E8%88%87%E6%AD%A3%E5%9C%A8%E6%B5%81%E7%A8%8B%E4%B8%AD%E7%9A%84%E5%8A%A0%E7%8F%AD%E7%94%B3%E8%AB%8B%E8%B3%87%E6%96%99%E9%87%8D%E7%96%8A.&target=iframe HTTP/1.1" 200 3114
192.168.11.222 - - [25/May/2023:16:19:23 +0800] "GET /eHR/ess/redirect.php?scriptname=page_error&msgtxt=%E5%8A%A0%E7%8F%AD%E5%8D%80%E9%96%93%E5%87%BA%E7%8F%BE%E8%88%87%E6%AD%A3%E5%9C%A8%E6%B5%81%E7%A8%8B%E4%B8%AD%E7%9A%84%E5%8A%A0%E7%8F%AD%E7%94%B3%E8%AB%8B%E8%B3%87%E6%96%99%E9%87%8D%E7%96%8A.&target=iframe HTTP/1.1" 200 3114 "http://192.168.1.81:8088/eHR/ess/redirect.php?scriptname=ESNA014&appdesc=%E5%8A%A0%E7%8F%AD%E7%94%B3%E8%AB%8B" "Mozilla/4.0 (compatible; MSIE 7.0; Windows NT 10.0; WOW64; Trident/7.0; Touch; .NET4.0C; .NET4.0E; Tablet PC 2.0)"
192.168.12.71 - - [25/May/2023:16:19:10 +0800] "POST /eHR/ess/redirect.php?scriptname=ESNE002&appdesc=%E6%89%B9%E9%87%8F%E8%AF%B7%E5%81%87%E7%94%B3%E8%AF%B7 HTTP/1.1" 200 4224
192.168.12.71 - - [25/May/2023:16:19:10 +0800] "POST /eHR/ess/redirect.php?scriptname=ESNE002&appdesc=%E6%89%B9%E9%87%8F%E8%AF%B7%E5%81%87%E7%94%B3%E8%AF%B7 HTTP/1.1" 200 4224 "http://192.168.1.81:8088/eHR/ess/redirect.php?scriptname=ESNE002&appdesc=%E6%89%B9%E9%87%8F%E8%AF%B7%E5%81%87%E7%94%B3%E8%AF%B7" "Mozilla/5.0 (Windows NT 6.2; Win64; x64) AppleWebKit/537.36 (KHTML, like Gecko) Chrome/105.0.0.0 Safari/537.36"
192.168.11.222 - - [25/May/2023:16:19:27 +0800] "POST /eHR/ess/redirect.php?scriptname=ESNA014&appdesc=%E5%8A%A0%E7%8F%AD%E7%94%B3%E8%AB%8B HTTP/1.1" 302 -
192.168.11.222 - - [25/May/2023:16:19:27 +0800] "POST /eHR/ess/redirect.php?scriptname=ESNA014&appdesc=%E5%8A%A0%E7%8F%AD%E7%94%B3%E8%AB%8B HTTP/1.1" 302 - "http://192.168.1.81:8088/eHR/ess/redirect.php?scriptname=ESNA014&appdesc=%E5%8A%A0%E7%8F%AD%E7%94%B3%E8%AB%8B" "Mozilla/4.0 (compatible; MSIE 7.0; Windows NT 10.0; WOW64; Trident/7.0; Touch; .NET4.0C; .NET4.0E; Tablet PC 2.0)"
192.168.11.222 - - [25/May/2023:16:19:37 +0800] "GET /eHR/ess/redirect.php?scriptname=page_error&msgtxt=%E5%8A%A0%E7%8F%AD%E5%8D%80%E9%96%93%E5%87%BA%E7%8F%BE%E8%88%87%E6%AD%A3%E5%9C%A8%E6%B5%81%E7%A8%8B%E4%B8%AD%E7%9A%84%E5%8A%A0%E7%8F%AD%E7%94%B3%E8%AB%8B%E8%B3%87%E6%96%99%E9%87%8D%E7%96%8A.&target=iframe HTTP/1.1" 200 3114
192.168.11.222 - - [25/May/2023:16:19:37 +0800] "GET /eHR/ess/redirect.php?scriptname=page_error&msgtxt=%E5%8A%A0%E7%8F%AD%E5%8D%80%E9%96%93%E5%87%BA%E7%8F%BE%E8%88%87%E6%AD%A3%E5%9C%A8%E6%B5%81%E7%A8%8B%E4%B8%AD%E7%9A%84%E5%8A%A0%E7%8F%AD%E7%94%B3%E8%AB%8B%E8%B3%87%E6%96%99%E9%87%8D%E7%96%8A.&target=iframe HTTP/1.1" 200 3114 "http://192.168.1.81:8088/eHR/ess/redirect.php?scriptname=ESNA014&appdesc=%E5%8A%A0%E7%8F%AD%E7%94%B3%E8%AB%8B" "Mozilla/4.0 (compatible; MSIE 7.0; Windows NT 10.0; WOW64; Trident/7.0; Touch; .NET4.0C; .NET4.0E; Tablet PC 2.0)"
192.168.11.222 - - [25/May/2023:16:19:37 +0800] "POST /eHR/ess/redirect.php?scriptname=ESNA014&appdesc=%E5%8A%A0%E7%8F%AD%E7%94%B3%E8%AB%8B HTTP/1.1" 302 -
192.168.11.222 - - [25/May/2023:16:19:37 +0800] "POST /eHR/ess/redirect.php?scriptname=ESNA014&appdesc=%E5%8A%A0%E7%8F%AD%E7%94%B3%E8%AB%8B HTTP/1.1" 302 - "http://192.168.1.81:8088/eHR/ess/redirect.php?scriptname=ESNA014&appdesc=%E5%8A%A0%E7%8F%AD%E7%94%B3%E8%AB%8B" "Mozilla/4.0 (compatible; MSIE 7.0; Windows NT 10.0; WOW64; Trident/7.0; Touch; .NET4.0C; .NET4.0E; Tablet PC 2.0)"
192.168.11.222 - - [25/May/2023:16:19:39 +0800] "GET /eHR/ess/redirect.php?scriptname=page_error&msgtxt=%E5%8A%A0%E7%8F%AD%E5%8D%80%E9%96%93%E5%87%BA%E7%8F%BE%E8%88%87%E6%AD%A3%E5%9C%A8%E6%B5%81%E7%A8%8B%E4%B8%AD%E7%9A%84%E5%8A%A0%E7%8F%AD%E7%94%B3%E8%AB%8B%E8%B3%87%E6%96%99%E9%87%8D%E7%96%8A.&target=iframe HTTP/1.1" 200 3114
192.168.11.222 - - [25/May/2023:16:19:39 +0800] "GET /eHR/ess/redirect.php?scriptname=page_error&msgtxt=%E5%8A%A0%E7%8F%AD%E5%8D%80%E9%96%93%E5%87%BA%E7%8F%BE%E8%88%87%E6%AD%A3%E5%9C%A8%E6%B5%81%E7%A8%8B%E4%B8%AD%E7%9A%84%E5%8A%A0%E7%8F%AD%E7%94%B3%E8%AB%8B%E8%B3%87%E6%96%99%E9%87%8D%E7%96%8A.&target=iframe HTTP/1.1" 200 3114 "http://192.168.1.81:8088/eHR/ess/redirect.php?scriptname=ESNA014&appdesc=%E5%8A%A0%E7%8F%AD%E7%94%B3%E8%AB%8B" "Mozilla/4.0 (compatible; MSIE 7.0; Windows NT 10.0; WOW64; Trident/7.0; Touch; .NET4.0C; .NET4.0E; Tablet PC 2.0)"
192.168.11.222 - - [25/May/2023:16:19:39 +0800] "GET /eHR/img/error.png HTTP/1.1" 200 701
192.168.11.222 - - [25/May/2023:16:19:39 +0800] "GET /eHR/img/error.png HTTP/1.1" 200 701 "http://192.168.1.81:8088/eHR/ess/redirect.php?scriptname=page_error&msgtxt=%E5%8A%A0%E7%8F%AD%E5%8D%80%E9%96%93%E5%87%BA%E7%8F%BE%E8%88%87%E6%AD%A3%E5%9C%A8%E6%B5%81%E7%A8%8B%E4%B8%AD%E7%9A%84%E5%8A%A0%E7%8F%AD%E7%94%B3%E8%AB%8B%E8%B3%87%E6%96%99%E9%87%8D%E7%96%8A.&target=iframe" "Mozilla/4.0 (compatible; MSIE 7.0; Windows NT 10.0; WOW64; Trident/7.0; Touch; .NET4.0C; .NET4.0E; Tablet PC 2.0)"
192.168.11.222 - - [25/May/2023:16:19:41 +0800] "GET /eHR/ess/redirect.php?scriptname=ESNA014&appdesc=%E5%8A%A0%E7%8F%AD%E7%94%B3%E8%AB%8B HTTP/1.1" 200 12800 "http://192.168.1.81:8088/eHR/ess/redirect.php" "Mozilla/4.0 (compatible; MSIE 7.0; Windows NT 10.0; WOW64; Trident/7.0; Touch; .NET4.0C; .NET4.0E; Tablet PC 2.0)"
192.168.11.222 - - [25/May/2023:16:19:41 +0800] "GET /eHR/ess/redirect.php?scriptname=ESNA014&appdesc=%E5%8A%A0%E7%8F%AD%E7%94%B3%E8%AB%8B HTTP/1.1" 200 12800
192.168.11.222 - - [25/May/2023:16:19:42 +0800] "POST /eHR/ess/redirect.php?scriptname=ajax_overtime&do=GetOverTime HTTP/1.1" 200 28
192.168.11.222 - - [25/May/2023:16:19:42 +0800] "POST /eHR/ess/redirect.php?scriptname=ajax_overtime&do=GetOverTime HTTP/1.1" 200 28 "http://192.168.1.81:8088/eHR/ess/redirect.php?scriptname=ESNA014&appdesc=%E5%8A%A0%E7%8F%AD%E7%94%B3%E8%AB%8B" "Mozilla/4.0 (compatible; MSIE 7.0; Windows NT 10.0; WOW64; Trident/7.0; Touch; .NET4.0C; .NET4.0E; Tablet PC 2.0)"
192.168.11.222 - - [25/May/2023:16:19:46 +0800] "POST /eHR/ess/redirect.php?scriptname=ajax_overtime&do=GetOverTime HTTP/1.1" 200 30
192.168.11.222 - - [25/May/2023:16:19:46 +0800] "POST /eHR/ess/redirect.php?scriptname=ajax_overtime&do=GetOverTime HTTP/1.1" 200 30 "http://192.168.1.81:8088/eHR/ess/redirect.php?scriptname=ESNA014&appdesc=%E5%8A%A0%E7%8F%AD%E7%94%B3%E8%AB%8B" "Mozilla/4.0 (compatible; MSIE 7.0; Windows NT 10.0; WOW64; Trident/7.0; Touch; .NET4.0C; .NET4.0E; Tablet PC 2.0)"
192.168.11.222 - - [25/May/2023:16:19:48 +0800] "POST /eHR/ess/redirect.php?scriptname=ajax_overtime&do=GetOverTime HTTP/1.1" 200 30 "http://192.168.1.81:8088/eHR/ess/redirect.php?scriptname=ESNA014&appdesc=%E5%8A%A0%E7%8F%AD%E7%94%B3%E8%AB%8B" "Mozilla/4.0 (compatible; MSIE 7.0; Windows NT 10.0; WOW64; Trident/7.0; Touch; .NET4.0C; .NET4.0E; Tablet PC 2.0)"
192.168.11.222 - - [25/May/2023:16:19:48 +0800] "POST /eHR/ess/redirect.php?scriptname=ajax_overtime&do=GetOverTime HTTP/1.1" 200 30
192.168.12.36 - - [25/May/2023:16:19:50 +0800] "GET /eHR/ess/redirect.php?scriptname=ESNA015&appdesc=%E5%8A%A0%E7%8F%AD%E7%94%B3%E8%AF%B7%E6%9F%A5%E8%AF%A2 HTTP/1.1" 200 6457
192.168.12.36 - - [25/May/2023:16:19:50 +0800] "GET /eHR/ess/redirect.php?scriptname=ESNA015&appdesc=%E5%8A%A0%E7%8F%AD%E7%94%B3%E8%AF%B7%E6%9F%A5%E8%AF%A2 HTTP/1.1" 200 6457 "http://192.168.1.81:8088/eHR/ess/redirect.php" "Mozilla/5.0 (Windows NT 10.0; Win64; x64) AppleWebKit/537.36 (KHTML, like Gecko) Chrome/113.0.0.0 Safari/537.36"
192.168.12.36 - - [25/May/2023:16:20:01 +0800] "POST /eHR/ess/redirect.php?scriptname=ESNA015&appdesc=%E5%8A%A0%E7%8F%AD%E7%94%B3%E8%AF%B7%E6%9F%A5%E8%AF%A2 HTTP/1.1" 200 23224 "http://192.168.1.81:8088/eHR/ess/redirect.php?scriptname=ESNA015&appdesc=%E5%8A%A0%E7%8F%AD%E7%94%B3%E8%AF%B7%E6%9F%A5%E8%AF%A2" "Mozilla/5.0 (Windows NT 10.0; Win64; x64) AppleWebKit/537.36 (KHTML, like Gecko) Chrome/113.0.0.0 Safari/537.36"
192.168.12.36 - - [25/May/2023:16:20:01 +0800] "POST /eHR/ess/redirect.php?scriptname=ESNA015&appdesc=%E5%8A%A0%E7%8F%AD%E7%94%B3%E8%AF%B7%E6%9F%A5%E8%AF%A2 HTTP/1.1" 200 23224
192.168.11.222 - - [25/May/2023:16:20:13 +0800] "POST /eHR/ess/redirect.php?scriptname=ESNA014&appdesc=%E5%8A%A0%E7%8F%AD%E7%94%B3%E8%AB%8B HTTP/1.1" 302 - "http://192.168.1.81:8088/eHR/ess/redirect.php?scriptname=ESNA014&appdesc=%E5%8A%A0%E7%8F%AD%E7%94%B3%E8%AB%8B" "Mozilla/4.0 (compatible; MSIE 7.0; Windows NT 10.0; WOW64; Trident/7.0; Touch; .NET4.0C; .NET4.0E; Tablet PC 2.0)"
192.168.11.222 - - [25/May/2023:16:20:13 +0800] "POST /eHR/ess/redirect.php?scriptname=ESNA014&appdesc=%E5%8A%A0%E7%8F%AD%E7%94%B3%E8%AB%8B HTTP/1.1" 302 -
192.168.11.222 - - [25/May/2023:16:20:15 +0800] "GET /eHR/ess/redirect.php?scriptname=page_error&msgtxt=++++%E6%AD%A4%E5%93%A1%E5%B7%A5%E4%B9%8B%E5%8A%A0%E7%8F%AD%E6%97%A5%2C%E5%85%B6%E6%89%80%E5%B1%AC%E7%9A%84%E8%A8%88%E8%96%AA%E6%9C%9F%E9%96%93%E5%B0%9A%E6%9C%AA%E5%B1%95%E9%96%8B%E5%93%A1%E5%B7%A5%E7%95%B6%E5%A4%A9%E6%B2%92%E6%9C%89%E6%8E%92%E7%8F%AD%E8%B3%87%E6%96%99%21&target=iframe HTTP/1.1" 200 3143
192.168.11.222 - - [25/May/2023:16:20:15 +0800] "GET /eHR/ess/redirect.php?scriptname=page_error&msgtxt=++++%E6%AD%A4%E5%93%A1%E5%B7%A5%E4%B9%8B%E5%8A%A0%E7%8F%AD%E6%97%A5%2C%E5%85%B6%E6%89%80%E5%B1%AC%E7%9A%84%E8%A8%88%E8%96%AA%E6%9C%9F%E9%96%93%E5%B0%9A%E6%9C%AA%E5%B1%95%E9%96%8B%E5%93%A1%E5%B7%A5%E7%95%B6%E5%A4%A9%E6%B2%92%E6%9C%89%E6%8E%92%E7%8F%AD%E8%B3%87%E6%96%99%21&target=iframe HTTP/1.1" 200 3143 "http://192.168.1.81:8088/eHR/ess/redirect.php?scriptname=ESNA014&appdesc=%E5%8A%A0%E7%8F%AD%E7%94%B3%E8%AB%8B" "Mozilla/4.0 (compatible; MSIE 7.0; Windows NT 10.0; WOW64; Trident/7.0; Touch; .NET4.0C; .NET4.0E; Tablet PC 2.0)"
192.168.11.222 - - [25/May/2023:16:20:17 +0800] "GET /eHR/ess/redirect.php?scriptname=ESNA014&appdesc=%E5%8A%A0%E7%8F%AD%E7%94%B3%E8%AB%8B HTTP/1.1" 200 12800
192.168.11.222 - - [25/May/2023:16:20:17 +0800] "GET /eHR/ess/redirect.php?scriptname=ESNA014&appdesc=%E5%8A%A0%E7%8F%AD%E7%94%B3%E8%AB%8B HTTP/1.1" 200 12800 "http://192.168.1.81:8088/eHR/ess/redirect.php" "Mozilla/4.0 (compatible; MSIE 7.0; Windows NT 10.0; WOW64; Trident/7.0; Touch; .NET4.0C; .NET4.0E; Tablet PC 2.0)"
192.168.11.222 - - [25/May/2023:16:20:18 +0800] "POST /eHR/ess/redirect.php?scriptname=ajax_overtime&do=GetOverTime HTTP/1.1" 200 28 "http://192.168.1.81:8088/eHR/ess/redirect.php?scriptname=ESNA014&appdesc=%E5%8A%A0%E7%8F%AD%E7%94%B3%E8%AB%8B" "Mozilla/4.0 (compatible; MSIE 7.0; Windows NT 10.0; WOW64; Trident/7.0; Touch; .NET4.0C; .NET4.0E; Tablet PC 2.0)"
192.168.11.222 - - [25/May/2023:16:20:18 +0800] "POST /eHR/ess/redirect.php?scriptname=ajax_overtime&do=GetOverTime HTTP/1.1" 200 28
192.168.11.222 - - [25/May/2023:16:20:20 +0800] "GET /eHR/ess/redirect.php?scriptname=ESNA015&appdesc=%E5%8A%A0%E7%8F%AD%E7%94%B3%E8%AB%8B%E6%9F%A5%E8%A9%A2 HTTP/1.1" 200 6457
