192.168.11.97 - - [25/May/2023:13:01:26 +0800] "POST /idcard/ess/redirect.php?scriptname=IDRB001&appdesc=IDRB001 HTTP/1.1" 200 8525 "http://192.168.1.81:8088/idcard/ess/redirect.php?scriptname=IDRB001&appdesc=IDRB001" "Mozilla/5.0 (Windows NT 10.0; WOW64; Trident/7.0; rv:11.0) like Gecko"
192.168.11.97 - - [25/May/2023:13:01:26 +0800] "POST /idcard/ess/redirect.php?scriptname=IDRB001&appdesc=IDRB001 HTTP/1.1" 200 8525
192.168.11.236 - - [25/May/2023:13:01:32 +0800] "GET /eHR/ess/redirect.php?scriptname=ESNE003&appdesc=%E6%89%B9%E9%87%8F%E5%8A%A0%E7%8F%AD%E6%9F%A5%E8%AF%A2 HTTP/1.1" 302 - "http://192.168.1.81:8088/eHR/ess/redirect.php" "Mozilla/5.0 (Windows NT 6.1; Win64; x64) AppleWebKit/537.36 (KHTML, like Gecko) Chrome/105.0.0.0 Safari/537.36"
192.168.11.236 - - [25/May/2023:13:01:32 +0800] "GET /eHR/ess/redirect.php?scriptname=ESNE003&appdesc=%E6%89%B9%E9%87%8F%E5%8A%A0%E7%8F%AD%E6%9F%A5%E8%AF%A2 HTTP/1.1" 302 -
192.168.11.236 - - [25/May/2023:13:01:45 +0800] "GET /eHR/ess/index.php?action=logout HTTP/1.1" 200 8826 "http://192.168.1.81:8088/eHR/ess/redirect.php" "Mozilla/5.0 (Windows NT 6.1; Win64; x64) AppleWebKit/537.36 (KHTML, like Gecko) Chrome/105.0.0.0 Safari/537.36"
192.168.11.236 - - [25/May/2023:13:01:45 +0800] "GET /eHR/ess/index.php?action=logout HTTP/1.1" 200 8826
192.168.11.97 - - [25/May/2023:13:01:54 +0800] "GET /idcard/ess/redirect.php?scriptname=IDRB002&appdesc=IDRB002 HTTP/1.1" 200 5849 "http://192.168.1.81:8088/idcard/ess/redirect.php" "Mozilla/5.0 (Windows NT 10.0; WOW64; Trident/7.0; rv:11.0) like Gecko"
192.168.11.97 - - [25/May/2023:13:01:54 +0800] "GET /idcard/ess/redirect.php?scriptname=IDRB002&appdesc=IDRB002 HTTP/1.1" 200 5849
192.168.11.236 - - [25/May/2023:13:01:52 +0800] "GET /eHR/ess/index.php?action=logout HTTP/1.1" 200 8826 "http://192.168.1.81:8088/eHR/ess/index.php?action=logout" "Mozilla/5.0 (Windows NT 6.1; Win64; x64) AppleWebKit/537.36 (KHTML, like Gecko) Chrome/105.0.0.0 Safari/537.36"
192.168.11.236 - - [25/May/2023:13:01:52 +0800] "GET /eHR/ess/index.php?action=logout HTTP/1.1" 200 8826
192.168.11.97 - - [25/May/2023:13:02:01 +0800] "POST /idcard/ess/redirect.php?scriptname=IDRB002&appdesc=IDRB002 HTTP/1.1" 200 7625 "http://192.168.1.81:8088/idcard/ess/redirect.php?scriptname=IDRB002&appdesc=IDRB002" "Mozilla/5.0 (Windows NT 10.0; WOW64; Trident/7.0; rv:11.0) like Gecko"
192.168.11.97 - - [25/May/2023:13:02:01 +0800] "POST /idcard/ess/redirect.php?scriptname=IDRB002&appdesc=IDRB002 HTTP/1.1" 200 7625
192.168.11.97 - - [25/May/2023:13:02:05 +0800] "GET /idcard/ess/redirect.php?scriptname=idcard_preview&previewall=1 HTTP/1.1" 200 7942
192.168.11.97 - - [25/May/2023:13:02:05 +0800] "GET /idcard/ess/redirect.php?scriptname=idcard_preview&previewall=1 HTTP/1.1" 200 7942 "-" "Mozilla/5.0 (Windows NT 10.0; WOW64; Trident/7.0; rv:11.0) like Gecko"
192.168.11.97 - - [25/May/2023:13:02:22 +0800] "GET /Apache%20Software%20Foundation/emphoto/230054.jpg HTTP/1.1" 404 243
192.168.11.97 - - [25/May/2023:13:02:22 +0800] "GET /Apache%20Software%20Foundation/emphoto/230054.jpg HTTP/1.1" 404 243 "http://192.168.1.81:8088/idcard/ess/redirect.php?scriptname=idcard_preview&previewall=1" "Mozilla/5.0 (Windows NT 10.0; WOW64; Trident/7.0; rv:11.0) like Gecko"
192.168.11.97 - - [25/May/2023:13:02:22 +0800] "GET /Apache%20Software%20Foundation/emphoto/X230253.jpg HTTP/1.1" 404 244
192.168.11.97 - - [25/May/2023:13:02:22 +0800] "GET /Apache%20Software%20Foundation/emphoto/X230253.jpg HTTP/1.1" 404 244 "http://192.168.1.81:8088/idcard/ess/redirect.php?scriptname=idcard_preview&previewall=1" "Mozilla/5.0 (Windows NT 10.0; WOW64; Trident/7.0; rv:11.0) like Gecko"
192.168.11.97 - - [25/May/2023:13:02:22 +0800] "GET /idcard/css/printidcard.css HTTP/1.1" 200 1715
192.168.11.97 - - [25/May/2023:13:02:22 +0800] "GET /idcard/css/printidcard.css HTTP/1.1" 200 1715 "http://192.168.1.81:8088/idcard/ess/redirect.php?scriptname=idcard_preview&previewall=1" "Mozilla/5.0 (Windows NT 10.0; WOW64; Trident/7.0; rv:11.0) like Gecko"
192.168.11.97 - - [25/May/2023:13:02:22 +0800] "GET /idcard/js/jquery-barcode-2.0.2.min.js HTTP/1.1" 200 25006
192.168.11.97 - - [25/May/2023:13:02:22 +0800] "GET /idcard/js/jquery-barcode-2.0.2.min.js HTTP/1.1" 200 25006 "http://192.168.1.81:8088/idcard/ess/redirect.php?scriptname=idcard_preview&previewall=1" "Mozilla/5.0 (Windows NT 10.0; WOW64; Trident/7.0; rv:11.0) like Gecko"
192.168.11.97 - - [25/May/2023:13:02:22 +0800] "GET /idcard/upload/org_pic/idcard_company_log.png HTTP/1.1" 200 26231
192.168.11.97 - - [25/May/2023:13:02:22 +0800] "GET /idcard/upload/org_pic/idcard_company_log.png HTTP/1.1" 200 26231 "http://192.168.1.81:8088/idcard/ess/redirect.php?scriptname=idcard_preview&previewall=1" "Mozilla/5.0 (Windows NT 10.0; WOW64; Trident/7.0; rv:11.0) like Gecko"
192.168.11.236 - - [25/May/2023:13:02:11 +0800] "POST /eHR/ess/includes/login.php HTTP/1.1" 302 - "http://192.168.1.81:8088/eHR/ess/index.php?action=logout" "Mozilla/5.0 (Windows NT 6.1; Win64; x64) AppleWebKit/537.36 (KHTML, like Gecko) Chrome/105.0.0.0 Safari/537.36"
192.168.11.236 - - [25/May/2023:13:02:11 +0800] "POST /eHR/ess/includes/login.php HTTP/1.1" 302 -
192.168.11.236 - - [25/May/2023:13:02:29 +0800] "GET /eHR/ess/redirect.php HTTP/1.1" 200 8929 "http://192.168.1.81:8088/eHR/ess/index.php?action=logout" "Mozilla/5.0 (Windows NT 6.1; Win64; x64) AppleWebKit/537.36 (KHTML, like Gecko) Chrome/105.0.0.0 Safari/537.36"
192.168.11.236 - - [25/May/2023:13:02:29 +0800] "GET /eHR/ess/redirect.php HTTP/1.1" 200 8929
192.168.12.36 - - [25/May/2023:13:04:21 +0800] "GET /eHR/ess/redirect.php?scriptname=ESNA015&appdesc=%E5%8A%A0%E7%8F%AD%E7%94%B3%E8%AF%B7%E6%9F%A5%E8%AF%A2 HTTP/1.1" 302 205
192.168.12.36 - - [25/May/2023:13:04:21 +0800] "GET /eHR/ess/redirect.php?scriptname=ESNA015&appdesc=%E5%8A%A0%E7%8F%AD%E7%94%B3%E8%AF%B7%E6%9F%A5%E8%AF%A2 HTTP/1.1" 302 205 "http://192.168.1.81:8088/eHR/ess/redirect.php" "Mozilla/5.0 (Windows NT 10.0; Win64; x64) AppleWebKit/537.36 (KHTML, like Gecko) Chrome/98.0.4758.102 Safari/537.36 NetType/WIFI MicroMessenger/7.0.20.1781(0x6700143B) WindowsWechat(0x6309021a) XWEB/6939"
192.168.12.36 - - [25/May/2023:13:04:21 +0800] "GET /eHR/ess/redirect.php?scriptname=ESNA015&appdesc=%E5%8A%A0%E7%8F%AD%E7%94%B3%E8%AF%B7%E6%9F%A5%E8%AF%A2 HTTP/1.1" 302 - "http://192.168.1.81:8088/eHR/ess/redirect.php" "Mozilla/5.0 (Windows NT 10.0; Win64; x64) AppleWebKit/537.36 (KHTML, like Gecko) Chrome/98.0.4758.102 Safari/537.36 NetType/WIFI MicroMessenger/7.0.20.1781(0x6700143B) WindowsWechat(0x6309021a) XWEB/6939"
192.168.12.36 - - [25/May/2023:13:04:21 +0800] "GET /eHR/ess/redirect.php?scriptname=ESNA015&appdesc=%E5%8A%A0%E7%8F%AD%E7%94%B3%E8%AF%B7%E6%9F%A5%E8%AF%A2 HTTP/1.1" 302 -
192.168.12.36 - - [25/May/2023:13:04:35 +0800] "GET /eHR/ess/index.php?action=logout HTTP/1.1" 200 8826 "http://192.168.1.81:8088/eHR/ess/redirect.php" "Mozilla/5.0 (Windows NT 10.0; Win64; x64) AppleWebKit/537.36 (KHTML, like Gecko) Chrome/98.0.4758.102 Safari/537.36 NetType/WIFI MicroMessenger/7.0.20.1781(0x6700143B) WindowsWechat(0x6309021a) XWEB/6939"
192.168.12.36 - - [25/May/2023:13:04:35 +0800] "GET /eHR/ess/index.php?action=logout HTTP/1.1" 200 8826
192.168.11.97 - - [25/May/2023:13:04:44 +0800] "GET /idcard/ess/redirect.php?scriptname=idcard_preview&previewall=1 HTTP/1.1" 200 7942 "-" "Mozilla/5.0 (Windows NT 10.0; WOW64; Trident/7.0; rv:11.0) like Gecko"
192.168.11.97 - - [25/May/2023:13:04:44 +0800] "GET /idcard/ess/redirect.php?scriptname=idcard_preview&previewall=1 HTTP/1.1" 200 7942
192.168.11.97 - - [25/May/2023:13:04:51 +0800] "GET /Apache%20Software%20Foundation/emphoto/230054.jpg HTTP/1.1" 404 243
192.168.11.97 - - [25/May/2023:13:04:51 +0800] "GET /Apache%20Software%20Foundation/emphoto/230054.jpg HTTP/1.1" 404 243 "-" "Mozilla/5.0 (Windows NT 10.0; WOW64; Trident/7.0; rv:11.0) like Gecko"
192.168.11.97 - - [25/May/2023:13:04:51 +0800] "GET /Apache%20Software%20Foundation/emphoto/X230253.jpg HTTP/1.1" 404 244
192.168.11.97 - - [25/May/2023:13:04:51 +0800] "GET /Apache%20Software%20Foundation/emphoto/X230253.jpg HTTP/1.1" 404 244
192.168.11.97 - - [25/May/2023:13:04:51 +0800] "GET /Apache%20Software%20Foundation/emphoto/230054.jpg HTTP/1.1" 404 243
192.168.11.97 - - [25/May/2023:13:04:51 +0800] "GET /Apache%20Software%20Foundation/emphoto/X230253.jpg HTTP/1.1" 404 244 "http://192.168.1.81:8088/idcard/ess/redirect.php?scriptname=idcard_preview&previewall=1" "Mozilla/5.0 (Windows NT 10.0; WOW64; Trident/7.0; rv:11.0) like Gecko"
192.168.11.97 - - [25/May/2023:13:04:51 +0800] "GET /Apache%20Software%20Foundation/emphoto/X230253.jpg HTTP/1.1" 404 244 "-" "Mozilla/5.0 (Windows NT 10.0; WOW64; Trident/7.0; rv:11.0) like Gecko"
192.168.11.97 - - [25/May/2023:13:04:51 +0800] "GET /Apache%20Software%20Foundation/emphoto/230054.jpg HTTP/1.1" 404 243 "http://192.168.1.81:8088/idcard/ess/redirect.php?scriptname=idcard_preview&previewall=1" "Mozilla/5.0 (Windows NT 10.0; WOW64; Trident/7.0; rv:11.0) like Gecko"
192.168.12.36 - - [25/May/2023:13:04:49 +0800] "GET /eHR/ess/index.php?action=logout HTTP/1.1" 200 8826
192.168.12.36 - - [25/May/2023:13:04:49 +0800] "GET /eHR/ess/index.php?action=logout HTTP/1.1" 200 8826 "http://192.168.1.81:8088/eHR/ess/index.php?action=logout" "Mozilla/5.0 (Windows NT 10.0; Win64; x64) AppleWebKit/537.36 (KHTML, like Gecko) Chrome/98.0.4758.102 Safari/537.36 NetType/WIFI MicroMessenger/7.0.20.1781(0x6700143B) WindowsWechat(0x6309021a) XWEB/6939 Flue"
192.168.11.97 - - [25/May/2023:13:04:57 +0800] "GET /Apache%20Software%20Foundation/emphoto/230054.jpg HTTP/1.1" 404 243
192.168.11.97 - - [25/May/2023:13:04:57 +0800] "GET /Apache%20Software%20Foundation/emphoto/230054.jpg HTTP/1.1" 404 243 "-" "Mozilla/5.0 (Windows NT 10.0; WOW64; Trident/7.0; rv:11.0) like Gecko"
192.168.11.97 - - [25/May/2023:13:04:57 +0800] "GET /Apache%20Software%20Foundation/emphoto/X230253.jpg HTTP/1.1" 404 244
192.168.11.97 - - [25/May/2023:13:04:57 +0800] "GET /Apache%20Software%20Foundation/emphoto/X230253.jpg HTTP/1.1" 404 244 "-" "Mozilla/5.0 (Windows NT 10.0; WOW64; Trident/7.0; rv:11.0) like Gecko"
192.168.11.97 - - [25/May/2023:13:04:59 +0800] "GET /Apache%20Software%20Foundation/emphoto/X230253.jpg HTTP/1.1" 404 244
192.168.11.97 - - [25/May/2023:13:04:59 +0800] "GET /Apache%20Software%20Foundation/emphoto/230054.jpg HTTP/1.1" 404 243
192.168.11.97 - - [25/May/2023:13:04:59 +0800] "GET /Apache%20Software%20Foundation/emphoto/X230253.jpg HTTP/1.1" 404 244 "-" "Mozilla/5.0 (Windows NT 10.0; WOW64; Trident/7.0; rv:11.0) like Gecko"
192.168.11.97 - - [25/May/2023:13:04:59 +0800] "GET /Apache%20Software%20Foundation/emphoto/230054.jpg HTTP/1.1" 404 243 "-" "Mozilla/5.0 (Windows NT 10.0; WOW64; Trident/7.0; rv:11.0) like Gecko"
192.168.11.97 - - [25/May/2023:13:05:00 +0800] "GET /Apache%20Software%20Foundation/emphoto/X230253.jpg HTTP/1.1" 404 244 "-" "Mozilla/5.0 (Windows NT 10.0; WOW64; Trident/7.0; rv:11.0) like Gecko"
192.168.11.97 - - [25/May/2023:13:05:00 +0800] "GET /Apache%20Software%20Foundation/emphoto/X230253.jpg HTTP/1.1" 404 244
192.168.11.97 - - [25/May/2023:13:05:00 +0800] "GET /Apache%20Software%20Foundation/emphoto/230054.jpg HTTP/1.1" 404 243 "-" "Mozilla/5.0 (Windows NT 10.0; WOW64; Trident/7.0; rv:11.0) like Gecko"
192.168.11.97 - - [25/May/2023:13:05:00 +0800] "GET /Apache%20Software%20Foundation/emphoto/230054.jpg HTTP/1.1" 404 243
192.168.11.97 - - [25/May/2023:13:05:00 +0800] "GET /Apache%20Software%20Foundation/emphoto/230054.jpg HTTP/1.1" 404 243
192.168.11.97 - - [25/May/2023:13:05:00 +0800] "GET /Apache%20Software%20Foundation/emphoto/230054.jpg HTTP/1.1" 404 243 "-" "Mozilla/5.0 (Windows NT 10.0; WOW64; Trident/7.0; rv:11.0) like Gecko"
192.168.11.97 - - [25/May/2023:13:05:00 +0800] "GET /Apache%20Software%20Foundation/emphoto/X230253.jpg HTTP/1.1" 404 244
192.168.11.97 - - [25/May/2023:13:05:00 +0800] "GET /Apache%20Software%20Foundation/emphoto/X230253.jpg HTTP/1.1" 404 244 "-" "Mozilla/5.0 (Windows NT 10.0; WOW64; Trident/7.0; rv:11.0) like Gecko"
192.168.12.36 - - [25/May/2023:13:08:52 +0800] "POST /eHR/ess/includes/login.php HTTP/1.1" 302 -
192.168.12.36 - - [25/May/2023:13:08:52 +0800] "POST /eHR/ess/includes/login.php HTTP/1.1" 302 - "http://192.168.1.81:8088/eHR/ess/index.php?action=logout" "Mozilla/5.0 (Windows NT 10.0; Win64; x64) AppleWebKit/537.36 (KHTML, like Gecko) Chrome/98.0.4758.102 Safari/537.36 NetType/WIFI MicroMessenger/7.0.20.1781(0x6700143B) WindowsWechat(0x6309021a) XWEB/6939 Flue"
192.168.12.36 - - [25/May/2023:13:09:14 +0800] "GET /eHR/ess/redirect.php HTTP/1.1" 200 8929
192.168.12.36 - - [25/May/2023:13:09:14 +0800] "GET /eHR/ess/redirect.php HTTP/1.1" 200 8929 "http://192.168.1.81:8088/eHR/ess/index.php?action=logout" "Mozilla/5.0 (Windows NT 10.0; Win64; x64) AppleWebKit/537.36 (KHTML, like Gecko) Chrome/98.0.4758.102 Safari/537.36 NetType/WIFI MicroMessenger/7.0.20.1781(0x6700143B) WindowsWechat(0x6309021a) XWEB/6939 Flue"
192.168.12.36 - - [25/May/2023:13:09:22 +0800] "GET /eHR/ess/redirect.php?scriptname=ESNH000 HTTP/1.1" 200 - "http://192.168.1.81:8088/eHR/ess/redirect.php" "Mozilla/5.0 (Windows NT 10.0; Win64; x64) AppleWebKit/537.36 (KHTML, like Gecko) Chrome/98.0.4758.102 Safari/537.36 NetType/WIFI MicroMessenger/7.0.20.1781(0x6700143B) WindowsWechat(0x6309021a) XWEB/6939"
192.168.12.36 - - [25/May/2023:13:09:22 +0800] "GET /eHR/ess/redirect.php?scriptname=ESNH000 HTTP/1.1" 200 -
192.168.11.236 - - [25/May/2023:13:03:01 +0800] "GET /eHR/ess/redirect.php?scriptname=ESNE003&appdesc=%E6%89%B9%E9%87%8F%E5%8A%A0%E7%8F%AD%E6%9F%A5%E8%AF%A2 HTTP/1.1" 200 139 "http://192.168.1.81:8088/eHR/ess/redirect.php" "Mozilla/5.0 (Windows NT 6.1; Win64; x64) AppleWebKit/537.36 (KHTML, like Gecko) Chrome/105.0.0.0 Safari/537.36"
192.168.11.236 - - [25/May/2023:13:03:01 +0800] "GET /eHR/ess/redirect.php?scriptname=ESNE003&appdesc=%E6%89%B9%E9%87%8F%E5%8A%A0%E7%8F%AD%E6%9F%A5%E8%AF%A2 HTTP/1.1" 200 139
192.168.11.236 - - [25/May/2023:13:02:34 +0800] "GET /eHR/ess/redirect.php?scriptname=ESNH000 HTTP/1.1" 200 - "http://192.168.1.81:8088/eHR/ess/redirect.php" "Mozilla/5.0 (Windows NT 6.1; Win64; x64) AppleWebKit/537.36 (KHTML, like Gecko) Chrome/105.0.0.0 Safari/537.36"
192.168.11.236 - - [25/May/2023:13:02:34 +0800] "GET /eHR/ess/redirect.php?scriptname=ESNH000 HTTP/1.1" 200 -
192.168.12.36 - - [25/May/2023:13:11:19 +0800] "GET /eHR/ess/redirect.php?scriptname=ESNA015&appdesc=%E5%8A%A0%E7%8F%AD%E7%94%B3%E8%AF%B7%E6%9F%A5%E8%AF%A2 HTTP/1.1" 200 6457 "http://192.168.1.81:8088/eHR/ess/redirect.php" "Mozilla/5.0 (Windows NT 10.0; Win64; x64) AppleWebKit/537.36 (KHTML, like Gecko) Chrome/98.0.4758.102 Safari/537.36 NetType/WIFI MicroMessenger/7.0.20.1781(0x6700143B) WindowsWechat(0x6309021a) XWEB/6939"
192.168.12.36 - - [25/May/2023:13:11:19 +0800] "GET /eHR/ess/redirect.php?scriptname=ESNA015&appdesc=%E5%8A%A0%E7%8F%AD%E7%94%B3%E8%AF%B7%E6%9F%A5%E8%AF%A2 HTTP/1.1" 200 6457
192.168.11.156 - - [25/May/2023:13:12:39 +0800] "GET /eHR/ess/redirect.php HTTP/1.1" 302 121 "-" "Mozilla/5.0 (Windows NT 6.1; Win64; x64) AppleWebKit/537.36 (KHTML, like Gecko) Chrome/105.0.0.0 Safari/537.36"
192.168.11.156 - - [25/May/2023:13:12:39 +0800] "GET /eHR/ess/redirect.php HTTP/1.1" 302 121
192.168.11.156 - - [25/May/2023:13:12:43 +0800] "GET /eHR/ess/redirect.php HTTP/1.1" 302 121 "-" "Mozilla/5.0 (Windows NT 6.1; Win64; x64) AppleWebKit/537.36 (KHTML, like Gecko) Chrome/105.0.0.0 Safari/537.36"
192.168.11.156 - - [25/May/2023:13:12:43 +0800] "GET /eHR/ess/redirect.php HTTP/1.1" 302 121
192.168.11.156 - - [25/May/2023:13:12:48 +0800] "GET /eHR/ess/redirect.php HTTP/1.1" 302 121
192.168.11.156 - - [25/May/2023:13:12:48 +0800] "GET /eHR/ess/redirect.php HTTP/1.1" 302 121 "-" "Mozilla/5.0 (Windows NT 6.1; Win64; x64) AppleWebKit/537.36 (KHTML, like Gecko) Chrome/105.0.0.0 Safari/537.36"
192.168.11.156 - - [25/May/2023:13:12:53 +0800] "GET /eHR/ess/redirect.php HTTP/1.1" 302 121 "-" "Mozilla/5.0 (Windows NT 6.1; Win64; x64) AppleWebKit/537.36 (KHTML, like Gecko) Chrome/105.0.0.0 Safari/537.36"
192.168.11.156 - - [25/May/2023:13:12:53 +0800] "GET /eHR/ess/redirect.php HTTP/1.1" 302 121
192.168.11.156 - - [25/May/2023:13:12:40 +0800] "GET /eHR/ess/index.php?action=logout HTTP/1.1" 200 8826 "-" "Mozilla/5.0 (Windows NT 6.1; Win64; x64) AppleWebKit/537.36 (KHTML, like Gecko) Chrome/105.0.0.0 Safari/537.36"
192.168.11.156 - - [25/May/2023:13:12:40 +0800] "GET /eHR/ess/index.php?action=logout HTTP/1.1" 200 8826
192.168.11.156 - - [25/May/2023:13:12:55 +0800] "GET /eHR/ess/redirect.php HTTP/1.1" 302 121 "-" "Mozilla/5.0 (Windows NT 6.1; Win64; x64) AppleWebKit/537.36 (KHTML, like Gecko) Chrome/105.0.0.0 Safari/537.36"
192.168.11.156 - - [25/May/2023:13:12:55 +0800] "GET /eHR/ess/redirect.php HTTP/1.1" 302 121
192.168.11.156 - - [25/May/2023:13:12:50 +0800] "GET /eHR/ess/index.php?action=logout HTTP/1.1" 200 8826 "-" "Mozilla/5.0 (Windows NT 6.1; Win64; x64) AppleWebKit/537.36 (KHTML, like Gecko) Chrome/105.0.0.0 Safari/537.36"
192.168.11.156 - - [25/May/2023:13:12:50 +0800] "GET /eHR/ess/index.php?action=logout HTTP/1.1" 200 8826
192.168.11.236 - - [25/May/2023:13:14:43 +0800] "GET /eHR/ess/redirect.php?scriptname=ESNE003&appdesc=%E6%89%B9%E9%87%8F%E5%8A%A0%E7%8F%AD%E6%9F%A5%E8%AF%A2 HTTP/1.1" 200 - "http://192.168.1.81:8088/eHR/ess/redirect.php" "Mozilla/5.0 (Windows NT 6.1; Win64; x64) AppleWebKit/537.36 (KHTML, like Gecko) Chrome/105.0.0.0 Safari/537.36"
192.168.11.236 - - [25/May/2023:13:14:43 +0800] "GET /eHR/ess/redirect.php?scriptname=ESNE003&appdesc=%E6%89%B9%E9%87%8F%E5%8A%A0%E7%8F%AD%E6%9F%A5%E8%AF%A2 HTTP/1.1" 200 -
192.168.11.236 - - [25/May/2023:13:14:55 +0800] "GET /eHR/ess/redirect.php?scriptname=ESNE004&appdesc=%E6%89%B9%E9%87%8F%E8%AF%B7%E5%81%87%E6%9F%A5%E8%AF%A2 HTTP/1.1" 200 - "http://192.168.1.81:8088/eHR/ess/redirect.php" "Mozilla/5.0 (Windows NT 6.1; Win64; x64) AppleWebKit/537.36 (KHTML, like Gecko) Chrome/105.0.0.0 Safari/537.36"
192.168.11.236 - - [25/May/2023:13:14:55 +0800] "GET /eHR/ess/redirect.php?scriptname=ESNE004&appdesc=%E6%89%B9%E9%87%8F%E8%AF%B7%E5%81%87%E6%9F%A5%E8%AF%A2 HTTP/1.1" 200 -
192.168.11.236 - - [25/May/2023:13:15:33 +0800] "GET /eHR/ess/redirect.php?scriptname=ESNE001&appdesc=%E6%89%B9%E9%87%8F%E5%8A%A0%E7%8F%AD%E7%94%B3%E8%AF%B7 HTTP/1.1" 200 -
192.168.11.236 - - [25/May/2023:13:15:33 +0800] "GET /eHR/ess/redirect.php?scriptname=ESNE001&appdesc=%E6%89%B9%E9%87%8F%E5%8A%A0%E7%8F%AD%E7%94%B3%E8%AF%B7 HTTP/1.1" 200 - "http://192.168.1.81:8088/eHR/ess/redirect.php" "Mozilla/5.0 (Windows NT 6.1; Win64; x64) AppleWebKit/537.36 (KHTML, like Gecko) Chrome/105.0.0.0 Safari/537.36"
192.168.12.71 - - [25/May/2023:13:17:28 +0800] "GET /eHR/ess/redirect.php?scriptname=ESNE002&appdesc=%E6%89%B9%E9%87%8F%E8%AF%B7%E5%81%87%E7%94%B3%E8%AF%B7 HTTP/1.1" 302 - "http://192.168.1.81:8088/eHR/ess/redirect.php" "Mozilla/5.0 (Windows NT 6.2; Win64; x64) AppleWebKit/537.36 (KHTML, like Gecko) Chrome/105.0.0.0 Safari/537.36"
192.168.12.71 - - [25/May/2023:13:17:28 +0800] "GET /eHR/ess/redirect.php?scriptname=ESNE002&appdesc=%E6%89%B9%E9%87%8F%E8%AF%B7%E5%81%87%E7%94%B3%E8%AF%B7 HTTP/1.1" 302 -
192.168.11.236 - - [25/May/2023:13:17:30 +0800] "GET /eHR/ess/redirect.php?scriptname=ESNE003&appdesc=%E6%89%B9%E9%87%8F%E5%8A%A0%E7%8F%AD%E6%9F%A5%E8%AF%A2 HTTP/1.1" 200 12325
192.168.11.236 - - [25/May/2023:13:17:30 +0800] "GET /eHR/ess/redirect.php?scriptname=ESNE003&appdesc=%E6%89%B9%E9%87%8F%E5%8A%A0%E7%8F%AD%E6%9F%A5%E8%AF%A2 HTTP/1.1" 200 12325 "http://192.168.1.81:8088/eHR/ess/redirect.php" "Mozilla/5.0 (Windows NT 6.1; Win64; x64) AppleWebKit/537.36 (KHTML, like Gecko) Chrome/105.0.0.0 Safari/537.36"
192.168.12.71 - - [25/May/2023:13:17:33 +0800] "GET /eHR/ess/index.php?action=logout HTTP/1.1" 200 8826 "http://192.168.1.81:8088/eHR/ess/redirect.php" "Mozilla/5.0 (Windows NT 6.2; Win64; x64) AppleWebKit/537.36 (KHTML, like Gecko) Chrome/105.0.0.0 Safari/537.36"
192.168.12.71 - - [25/May/2023:13:17:33 +0800] "GET /eHR/ess/index.php?action=logout HTTP/1.1" 200 8826
192.168.12.71 - - [25/May/2023:13:17:35 +0800] "GET /eHR/ess/index.php?action=logout HTTP/1.1" 200 8826
192.168.12.71 - - [25/May/2023:13:17:35 +0800] "GET /eHR/ess/index.php?action=logout HTTP/1.1" 200 8826 "http://192.168.1.81:8088/eHR/ess/index.php?action=logout" "Mozilla/5.0 (Windows NT 6.2; Win64; x64) AppleWebKit/537.36 (KHTML, like Gecko) Chrome/105.0.0.0 Safari/537.36"
192.168.12.71 - - [25/May/2023:13:18:02 +0800] "POST /eHR/ess/includes/login.php HTTP/1.1" 200 - "http://192.168.1.81:8088/eHR/ess/index.php?action=logout" "Mozilla/5.0 (Windows NT 6.2; Win64; x64) AppleWebKit/537.36 (KHTML, like Gecko) Chrome/105.0.0.0 Safari/537.36"
192.168.12.71 - - [25/May/2023:13:18:02 +0800] "POST /eHR/ess/includes/login.php HTTP/1.1" 200 -
192.168.11.71 - - [25/May/2023:13:18:48 +0800] "GET /ehr/ess/index.php?action=logout HTTP/1.1" 200 8826 "-" "Mozilla/5.0 (Windows NT 6.2; Win64; x64) AppleWebKit/537.36 (KHTML, like Gecko) Chrome/105.0.0.0 Safari/537.36"
192.168.11.71 - - [25/May/2023:13:18:48 +0800] "GET /ehr/ess/index.php?action=logout HTTP/1.1" 200 8826
192.168.12.71 - - [25/May/2023:13:18:43 +0800] "POST /eHR/ess/includes/login.php HTTP/1.1" 302 -
192.168.12.71 - - [25/May/2023:13:18:43 +0800] "POST /eHR/ess/includes/login.php HTTP/1.1" 302 - "http://192.168.1.81:8088/eHR/ess/index.php?action=logout" "Mozilla/5.0 (Windows NT 6.2; Win64; x64) AppleWebKit/537.36 (KHTML, like Gecko) Chrome/105.0.0.0 Safari/537.36"
192.168.11.71 - - [25/May/2023:13:18:51 +0800] "POST /ehr/ess/includes/login.php HTTP/1.1" 302 - "http://192.168.1.81:8088/ehr/ess/index.php?action=logout" "Mozilla/5.0 (Windows NT 6.2; Win64; x64) AppleWebKit/537.36 (KHTML, like Gecko) Chrome/105.0.0.0 Safari/537.36"
192.168.11.71 - - [25/May/2023:13:18:51 +0800] "POST /ehr/ess/includes/login.php HTTP/1.1" 302 -
192.168.12.71 - - [25/May/2023:13:19:03 +0800] "GET /eHR/ess/redirect.php HTTP/1.1" 200 8929
192.168.12.71 - - [25/May/2023:13:19:03 +0800] "GET /eHR/ess/redirect.php HTTP/1.1" 200 8929 "http://192.168.1.81:8088/eHR/ess/index.php?action=logout" "Mozilla/5.0 (Windows NT 6.2; Win64; x64) AppleWebKit/537.36 (KHTML, like Gecko) Chrome/105.0.0.0 Safari/537.36"
192.168.11.71 - - [25/May/2023:13:19:03 +0800] "POST /ehr/ess/includes/login.php HTTP/1.1" 200 - "http://192.168.1.81:8088/ehr/ess/index.php?action=logout" "Mozilla/5.0 (Windows NT 6.2; Win64; x64) AppleWebKit/537.36 (KHTML, like Gecko) Chrome/105.0.0.0 Safari/537.36"
192.168.11.71 - - [25/May/2023:13:19:03 +0800] "POST /ehr/ess/includes/login.php HTTP/1.1" 200 -
192.168.11.71 - - [25/May/2023:13:19:37 +0800] "POST /ehr/ess/includes/login.php HTTP/1.1" 200 - "http://192.168.1.81:8088/ehr/ess/index.php?action=logout" "Mozilla/5.0 (Windows NT 6.2; Win64; x64) AppleWebKit/537.36 (KHTML, like Gecko) Chrome/105.0.0.0 Safari/537.36"
192.168.11.71 - - [25/May/2023:13:19:37 +0800] "POST /ehr/ess/includes/login.php HTTP/1.1" 200 -
192.168.11.71 - - [25/May/2023:13:20:08 +0800] "POST /ehr/ess/includes/login.php HTTP/1.1" 200 - "http://192.168.1.81:8088/ehr/ess/index.php?action=logout" "Mozilla/5.0 (Windows NT 6.2; Win64; x64) AppleWebKit/537.36 (KHTML, like Gecko) Chrome/105.0.0.0 Safari/537.36"
192.168.11.71 - - [25/May/2023:13:20:08 +0800] "POST /ehr/ess/includes/login.php HTTP/1.1" 200 -
192.168.12.36 - - [25/May/2023:13:13:17 +0800] "POST /eHR/ess/redirect.php?scriptname=ESNA015&appdesc=%E5%8A%A0%E7%8F%AD%E7%94%B3%E8%AF%B7%E6%9F%A5%E8%AF%A2 HTTP/1.1" 200 139 "http://192.168.1.81:8088/eHR/ess/redirect.php?scriptname=ESNA015&appdesc=%E5%8A%A0%E7%8F%AD%E7%94%B3%E8%AF%B7%E6%9F%A5%E8%AF%A2" "Mozilla/5.0 (Windows NT 10.0; Win64; x64) AppleWebKit/537.36 (KHTML, like Gecko) Chrome/98.0.4758.102 Safari/537.36 NetType/WIFI MicroMessenger/7.0.20.1781(0x6700143B) WindowsWechat(0x6309021a) XWEB/6939"
192.168.12.36 - - [25/May/2023:13:13:17 +0800] "POST /eHR/ess/redirect.php?scriptname=ESNA015&appdesc=%E5%8A%A0%E7%8F%AD%E7%94%B3%E8%AF%B7%E6%9F%A5%E8%AF%A2 HTTP/1.1" 200 139
192.168.12.36 - - [25/May/2023:13:14:48 +0800] "POST /eHR/ess/redirect.php?scriptname=ESNA015&appdesc=%E5%8A%A0%E7%8F%AD%E7%94%B3%E8%AF%B7%E6%9F%A5%E8%AF%A2 HTTP/1.1" 200 139 "http://192.168.1.81:8088/eHR/ess/redirect.php?scriptname=ESNA015&appdesc=%E5%8A%A0%E7%8F%AD%E7%94%B3%E8%AF%B7%E6%9F%A5%E8%AF%A2" "Mozilla/5.0 (Windows NT 10.0; Win64; x64) AppleWebKit/537.36 (KHTML, like Gecko) Chrome/98.0.4758.102 Safari/537.36 NetType/WIFI MicroMessenger/7.0.20.1781(0x6700143B) WindowsWechat(0x6309021a) XWEB/6939"
192.168.12.36 - - [25/May/2023:13:14:48 +0800] "POST /eHR/ess/redirect.php?scriptname=ESNA015&appdesc=%E5%8A%A0%E7%8F%AD%E7%94%B3%E8%AF%B7%E6%9F%A5%E8%AF%A2 HTTP/1.1" 200 139
192.168.12.36 - - [25/May/2023:13:14:57 +0800] "POST /eHR/ess/redirect.php?scriptname=ESNA015&appdesc=%E5%8A%A0%E7%8F%AD%E7%94%B3%E8%AF%B7%E6%9F%A5%E8%AF%A2 HTTP/1.1" 200 139 "http://192.168.1.81:8088/eHR/ess/redirect.php?scriptname=ESNA015&appdesc=%E5%8A%A0%E7%8F%AD%E7%94%B3%E8%AF%B7%E6%9F%A5%E8%AF%A2" "Mozilla/5.0 (Windows NT 10.0; Win64; x64) AppleWebKit/537.36 (KHTML, like Gecko) Chrome/98.0.4758.102 Safari/537.36 NetType/WIFI MicroMessenger/7.0.20.1781(0x6700143B) WindowsWechat(0x6309021a) XWEB/6939"
192.168.12.36 - - [25/May/2023:13:14:57 +0800] "POST /eHR/ess/redirect.php?scriptname=ESNA015&appdesc=%E5%8A%A0%E7%8F%AD%E7%94%B3%E8%AF%B7%E6%9F%A5%E8%AF%A2 HTTP/1.1" 200 139
192.168.12.36 - - [25/May/2023:13:12:18 +0800] "POST /eHR/ess/redirect.php?scriptname=ESNA015&appdesc=%E5%8A%A0%E7%8F%AD%E7%94%B3%E8%AF%B7%E6%9F%A5%E8%AF%A2 HTTP/1.1" 200 -
192.168.12.36 - - [25/May/2023:13:12:18 +0800] "POST /eHR/ess/redirect.php?scriptname=ESNA015&appdesc=%E5%8A%A0%E7%8F%AD%E7%94%B3%E8%AF%B7%E6%9F%A5%E8%AF%A2 HTTP/1.1" 200 - "http://192.168.1.81:8088/eHR/ess/redirect.php?scriptname=ESNA015&appdesc=%E5%8A%A0%E7%8F%AD%E7%94%B3%E8%AF%B7%E6%9F%A5%E8%AF%A2" "Mozilla/5.0 (Windows NT 10.0; Win64; x64) AppleWebKit/537.36 (KHTML, like Gecko) Chrome/98.0.4758.102 Safari/537.36 NetType/WIFI MicroMessenger/7.0.20.1781(0x6700143B) WindowsWechat(0x6309021a) XWEB/6939"
192.168.11.236 - - [25/May/2023:13:20:20 +0800] "GET /eHR/ess/redirect.php?scriptname=ESNE003&appdesc=%E6%89%B9%E9%87%8F%E5%8A%A0%E7%8F%AD%E6%9F%A5%E8%AF%A2 HTTP/1.1" 200 139 "http://192.168.1.81:8088/eHR/ess/redirect.php" "Mozilla/5.0 (Windows NT 6.1; Win64; x64) AppleWebKit/537.36 (KHTML, like Gecko) Chrome/105.0.0.0 Safari/537.36"
192.168.11.236 - - [25/May/2023:13:20:20 +0800] "GET /eHR/ess/redirect.php?scriptname=ESNE003&appdesc=%E6%89%B9%E9%87%8F%E5%8A%A0%E7%8F%AD%E6%9F%A5%E8%AF%A2 HTTP/1.1" 200 139
192.168.11.236 - - [25/May/2023:13:17:37 +0800] "POST /eHR/ess/redirect.php?scriptname=ESNE003&appdesc=%E6%89%B9%E9%87%8F%E5%8A%A0%E7%8F%AD%E6%9F%A5%E8%AF%A2 HTTP/1.1" 200 -
192.168.11.236 - - [25/May/2023:13:17:37 +0800] "POST /eHR/ess/redirect.php?scriptname=ESNE003&appdesc=%E6%89%B9%E9%87%8F%E5%8A%A0%E7%8F%AD%E6%9F%A5%E8%AF%A2 HTTP/1.1" 200 - "http://192.168.1.81:8088/eHR/ess/redirect.php?scriptname=ESNE003&appdesc=%E6%89%B9%E9%87%8F%E5%8A%A0%E7%8F%AD%E6%9F%A5%E8%AF%A2" "Mozilla/5.0 (Windows NT 6.1; Win64; x64) AppleWebKit/537.36 (KHTML, like Gecko) Chrome/105.0.0.0 Safari/537.36"
192.168.11.236 - - [25/May/2023:13:24:53 +0800] "GET /eHR/ess/redirect.php?scriptname=ESNE001&appdesc=%E6%89%B9%E9%87%8F%E5%8A%A0%E7%8F%AD%E7%94%B3%E8%AF%B7 HTTP/1.1" 200 15271
192.168.11.236 - - [25/May/2023:13:24:53 +0800] "GET /eHR/ess/redirect.php?scriptname=ESNE001&appdesc=%E6%89%B9%E9%87%8F%E5%8A%A0%E7%8F%AD%E7%94%B3%E8%AF%B7 HTTP/1.1" 200 15271 "http://192.168.1.81:8088/eHR/ess/redirect.php" "Mozilla/5.0 (Windows NT 6.1; Win64; x64) AppleWebKit/537.36 (KHTML, like Gecko) Chrome/105.0.0.0 Safari/537.36"
192.168.11.236 - - [25/May/2023:13:25:02 +0800] "GET /eHR/ess/redirect.php?scriptname=ESNE003&appdesc=%E6%89%B9%E9%87%8F%E5%8A%A0%E7%8F%AD%E6%9F%A5%E8%AF%A2 HTTP/1.1" 200 12325 "http://192.168.1.81:8088/eHR/ess/redirect.php" "Mozilla/5.0 (Windows NT 6.1; Win64; x64) AppleWebKit/537.36 (KHTML, like Gecko) Chrome/105.0.0.0 Safari/537.36"
192.168.11.236 - - [25/May/2023:13:25:02 +0800] "GET /eHR/ess/redirect.php?scriptname=ESNE003&appdesc=%E6%89%B9%E9%87%8F%E5%8A%A0%E7%8F%AD%E6%9F%A5%E8%AF%A2 HTTP/1.1" 200 12325
192.168.12.71 - - [25/May/2023:13:22:39 +0800] "GET /eHR/ess/redirect.php?scriptname=ESNE004&appdesc=%E6%89%B9%E9%87%8F%E8%AF%B7%E5%81%87%E6%9F%A5%E8%AF%A2 HTTP/1.1" 200 139 "http://192.168.1.81:8088/eHR/ess/redirect.php" "Mozilla/5.0 (Windows NT 6.2; Win64; x64) AppleWebKit/537.36 (KHTML, like Gecko) Chrome/105.0.0.0 Safari/537.36"
192.168.12.71 - - [25/May/2023:13:22:39 +0800] "GET /eHR/ess/redirect.php?scriptname=ESNE004&appdesc=%E6%89%B9%E9%87%8F%E8%AF%B7%E5%81%87%E6%9F%A5%E8%AF%A2 HTTP/1.1" 200 139
192.168.12.71 - - [25/May/2023:13:19:19 +0800] "GET /eHR/ess/redirect.php?scriptname=ESNH000 HTTP/1.1" 200 - "http://192.168.1.81:8088/eHR/ess/redirect.php" "Mozilla/5.0 (Windows NT 6.2; Win64; x64) AppleWebKit/537.36 (KHTML, like Gecko) Chrome/105.0.0.0 Safari/537.36"
192.168.12.71 - - [25/May/2023:13:19:19 +0800] "GET /eHR/ess/redirect.php?scriptname=ESNH000 HTTP/1.1" 200 -
192.168.12.71 - - [25/May/2023:13:24:02 +0800] "GET /eHR/ess/redirect.php?scriptname=ESNE004&appdesc=%E6%89%B9%E9%87%8F%E8%AF%B7%E5%81%87%E6%9F%A5%E8%AF%A2 HTTP/1.1" 200 139 "http://192.168.1.81:8088/eHR/ess/redirect.php" "Mozilla/5.0 (Windows NT 6.2; Win64; x64) AppleWebKit/537.36 (KHTML, like Gecko) Chrome/105.0.0.0 Safari/537.36"
192.168.12.71 - - [25/May/2023:13:24:02 +0800] "GET /eHR/ess/redirect.php?scriptname=ESNE004&appdesc=%E6%89%B9%E9%87%8F%E8%AF%B7%E5%81%87%E6%9F%A5%E8%AF%A2 HTTP/1.1" 200 139
192.168.12.71 - - [25/May/2023:13:27:00 +0800] "GET /eHR/ess/redirect.php?scriptname=ESNE004&appdesc=%E6%89%B9%E9%87%8F%E8%AF%B7%E5%81%87%E6%9F%A5%E8%AF%A2 HTTP/1.1" 200 139 "http://192.168.1.81:8088/eHR/ess/redirect.php" "Mozilla/5.0 (Windows NT 6.2; Win64; x64) AppleWebKit/537.36 (KHTML, like Gecko) Chrome/105.0.0.0 Safari/537.36"
192.168.12.71 - - [25/May/2023:13:27:00 +0800] "GET /eHR/ess/redirect.php?scriptname=ESNE004&appdesc=%E6%89%B9%E9%87%8F%E8%AF%B7%E5%81%87%E6%9F%A5%E8%AF%A2 HTTP/1.1" 200 139
192.168.11.236 - - [25/May/2023:13:28:59 +0800] "POST /eHR/ess/redirect.php?scriptname=ESNE003&appdesc=%E6%89%B9%E9%87%8F%E5%8A%A0%E7%8F%AD%E6%9F%A5%E8%AF%A2 HTTP/1.1" 200 139 "http://192.168.1.81:8088/eHR/ess/redirect.php?scriptname=ESNE003&appdesc=%E6%89%B9%E9%87%8F%E5%8A%A0%E7%8F%AD%E6%9F%A5%E8%AF%A2" "Mozilla/5.0 (Windows NT 6.1; Win64; x64) AppleWebKit/537.36 (KHTML, like Gecko) Chrome/105.0.0.0 Safari/537.36"
192.168.11.236 - - [25/May/2023:13:28:59 +0800] "POST /eHR/ess/redirect.php?scriptname=ESNE003&appdesc=%E6%89%B9%E9%87%8F%E5%8A%A0%E7%8F%AD%E6%9F%A5%E8%AF%A2 HTTP/1.1" 200 139
192.168.11.236 - - [25/May/2023:13:29:11 +0800] "POST /eHR/ess/redirect.php?scriptname=ESNE003&appdesc=%E6%89%B9%E9%87%8F%E5%8A%A0%E7%8F%AD%E6%9F%A5%E8%AF%A2 HTTP/1.1" 200 139 "http://192.168.1.81:8088/eHR/ess/redirect.php?scriptname=ESNE003&appdesc=%E6%89%B9%E9%87%8F%E5%8A%A0%E7%8F%AD%E6%9F%A5%E8%AF%A2" "Mozilla/5.0 (Windows NT 6.1; Win64; x64) AppleWebKit/537.36 (KHTML, like Gecko) Chrome/105.0.0.0 Safari/537.36"
192.168.11.236 - - [25/May/2023:13:29:11 +0800] "POST /eHR/ess/redirect.php?scriptname=ESNE003&appdesc=%E6%89%B9%E9%87%8F%E5%8A%A0%E7%8F%AD%E6%9F%A5%E8%AF%A2 HTTP/1.1" 200 139
192.168.11.236 - - [25/May/2023:13:25:08 +0800] "POST /eHR/ess/redirect.php?scriptname=ESNE003&appdesc=%E6%89%B9%E9%87%8F%E5%8A%A0%E7%8F%AD%E6%9F%A5%E8%AF%A2 HTTP/1.1" 200 - "http://192.168.1.81:8088/eHR/ess/redirect.php?scriptname=ESNE003&appdesc=%E6%89%B9%E9%87%8F%E5%8A%A0%E7%8F%AD%E6%9F%A5%E8%AF%A2" "Mozilla/5.0 (Windows NT 6.1; Win64; x64) AppleWebKit/537.36 (KHTML, like Gecko) Chrome/105.0.0.0 Safari/537.36"
192.168.11.236 - - [25/May/2023:13:25:08 +0800] "POST /eHR/ess/redirect.php?scriptname=ESNE003&appdesc=%E6%89%B9%E9%87%8F%E5%8A%A0%E7%8F%AD%E6%9F%A5%E8%AF%A2 HTTP/1.1" 200 -
192.168.11.236 - - [25/May/2023:13:35:33 +0800] "GET /eHR/ess/redirect.php?scriptname=ESNE003&appdesc=%E6%89%B9%E9%87%8F%E5%8A%A0%E7%8F%AD%E6%9F%A5%E8%AF%A2 HTTP/1.1" 200 12325
192.168.11.236 - - [25/May/2023:13:35:33 +0800] "GET /eHR/ess/redirect.php?scriptname=ESNE003&appdesc=%E6%89%B9%E9%87%8F%E5%8A%A0%E7%8F%AD%E6%9F%A5%E8%AF%A2 HTTP/1.1" 200 12325 "http://192.168.1.81:8088/eHR/ess/redirect.php" "Mozilla/5.0 (Windows NT 6.1; Win64; x64) AppleWebKit/537.36 (KHTML, like Gecko) Chrome/105.0.0.0 Safari/537.36"
192.168.12.71 - - [25/May/2023:13:35:08 +0800] "GET /eHR/ess/index.php?action=logout HTTP/1.1" 200 139 "-" "Mozilla/5.0 (Windows NT 6.2; Win64; x64) AppleWebKit/537.36 (KHTML, like Gecko) Chrome/105.0.0.0 Safari/537.36"
192.168.12.71 - - [25/May/2023:13:35:08 +0800] "GET /eHR/ess/index.php?action=logout HTTP/1.1" 200 139
192.168.12.71 - - [25/May/2023:13:35:01 +0800] "GET /eHR/ess/index.php?action=logout HTTP/1.1" 200 -
192.168.12.71 - - [25/May/2023:13:35:01 +0800] "GET /eHR/ess/index.php?action=logout HTTP/1.1" 200 - "-" "Mozilla/5.0 (Windows NT 6.2; Win64; x64) AppleWebKit/537.36 (KHTML, like Gecko) Chrome/105.0.0.0 Safari/537.36"
192.168.11.97 - - [25/May/2023:13:34:22 +0800] "GET /idcard/ess/index.php?action=logout HTTP/1.1" 200 142 "-" "Mozilla/5.0 (Windows NT 10.0; WOW64; Trident/7.0; rv:11.0) like Gecko"
192.168.11.97 - - [25/May/2023:13:34:22 +0800] "GET /idcard/ess/index.php?action=logout HTTP/1.1" 200 142
192.168.11.97 - - [25/May/2023:13:35:29 +0800] "GET /idcard/ess/index.php?action=logout HTTP/1.1" 200 142 "-" "Mozilla/5.0 (Windows NT 10.0; WOW64; Trident/7.0; rv:11.0) like Gecko"
192.168.11.97 - - [25/May/2023:13:35:29 +0800] "GET /idcard/ess/index.php?action=logout HTTP/1.1" 200 142
192.168.11.97 - - [25/May/2023:13:34:06 +0800] "GET /idcard/ess/index.php?action=logout HTTP/1.1" 200 - "-" "Mozilla/5.0 (Windows NT 10.0; WOW64; Trident/7.0; rv:11.0) like Gecko"
192.168.11.97 - - [25/May/2023:13:34:06 +0800] "GET /idcard/ess/index.php?action=logout HTTP/1.1" 200 -
192.168.11.97 - - [25/May/2023:13:36:20 +0800] "GET /favicon.ico HTTP/1.1" 404 209 "-" "Mozilla/5.0 (Windows NT 10.0; WOW64; Trident/7.0; rv:11.0) like Gecko"
192.168.11.97 - - [25/May/2023:13:36:20 +0800] "GET /favicon.ico HTTP/1.1" 404 209
192.168.11.97 - - [25/May/2023:13:36:52 +0800] "GET /idcard/css/blueprint/screen.css HTTP/1.1" 304 - "http://192.168.1.81:8088/idcard/ess/index.php?action=logout" "Mozilla/5.0 (Windows NT 10.0; WOW64; Trident/7.0; rv:11.0) like Gecko"
192.168.11.97 - - [25/May/2023:13:36:52 +0800] "GET /idcard/css/blueprint/screen.css HTTP/1.1" 304 -
192.168.11.97 - - [25/May/2023:13:36:52 +0800] "GET /idcard/css/jqueryui/themes/redmond/jquery.ui.all.css HTTP/1.1" 304 - "http://192.168.1.81:8088/idcard/ess/index.php?action=logout" "Mozilla/5.0 (Windows NT 10.0; WOW64; Trident/7.0; rv:11.0) like Gecko"
192.168.11.97 - - [25/May/2023:13:36:52 +0800] "GET /idcard/css/jqueryui/themes/redmond/jquery.ui.all.css HTTP/1.1" 304 -
192.168.11.97 - - [25/May/2023:13:36:52 +0800] "GET /idcard/css/jqueryui/themes/redmond/jquery.ui.base.css HTTP/1.1" 304 - "http://192.168.1.81:8088/idcard/ess/index.php?action=logout" "Mozilla/5.0 (Windows NT 10.0; WOW64; Trident/7.0; rv:11.0) like Gecko"
192.168.11.97 - - [25/May/2023:13:36:52 +0800] "GET /idcard/css/jqueryui/themes/redmond/jquery.ui.base.css HTTP/1.1" 304 -
192.168.11.97 - - [25/May/2023:13:36:52 +0800] "GET /idcard/css/jqueryui/themes/redmond/jquery.ui.theme.css HTTP/1.1" 304 -
192.168.11.97 - - [25/May/2023:13:36:52 +0800] "GET /idcard/css/jqueryui/themes/redmond/jquery.ui.theme.css HTTP/1.1" 304 - "http://192.168.1.81:8088/idcard/ess/index.php?action=logout" "Mozilla/5.0 (Windows NT 10.0; WOW64; Trident/7.0; rv:11.0) like Gecko"
192.168.11.97 - - [25/May/2023:13:36:52 +0800] "GET /idcard/css/jqueryui/themes/redmond/jquery.ui.core.css HTTP/1.1" 304 - "http://192.168.1.81:8088/idcard/ess/index.php?action=logout" "Mozilla/5.0 (Windows NT 10.0; WOW64; Trident/7.0; rv:11.0) like Gecko"
192.168.11.97 - - [25/May/2023:13:36:52 +0800] "GET /idcard/css/jqueryui/themes/redmond/jquery.ui.core.css HTTP/1.1" 304 -
192.168.11.97 - - [25/May/2023:13:36:52 +0800] "GET /idcard/css/jqueryui/themes/redmond/jquery.ui.autocomplete.css HTTP/1.1" 304 - "http://192.168.1.81:8088/idcard/ess/index.php?action=logout" "Mozilla/5.0 (Windows NT 10.0; WOW64; Trident/7.0; rv:11.0) like Gecko"
192.168.11.97 - - [25/May/2023:13:36:52 +0800] "GET /idcard/css/jqueryui/themes/redmond/jquery.ui.autocomplete.css HTTP/1.1" 304 -
192.168.11.97 - - [25/May/2023:13:36:52 +0800] "GET /idcard/css/jqueryui/themes/redmond/jquery.ui.button.css HTTP/1.1" 304 - "http://192.168.1.81:8088/idcard/ess/index.php?action=logout" "Mozilla/5.0 (Windows NT 10.0; WOW64; Trident/7.0; rv:11.0) like Gecko"
192.168.11.97 - - [25/May/2023:13:36:52 +0800] "GET /idcard/css/jqueryui/themes/redmond/jquery.ui.button.css HTTP/1.1" 304 -
192.168.11.97 - - [25/May/2023:13:36:52 +0800] "GET /idcard/css/jqueryui/themes/redmond/jquery.ui.dialog.css HTTP/1.1" 304 - "http://192.168.1.81:8088/idcard/ess/index.php?action=logout" "Mozilla/5.0 (Windows NT 10.0; WOW64; Trident/7.0; rv:11.0) like Gecko"
192.168.11.97 - - [25/May/2023:13:36:52 +0800] "GET /idcard/css/jqueryui/themes/redmond/jquery.ui.dialog.css HTTP/1.1" 304 -
192.168.11.97 - - [25/May/2023:13:36:52 +0800] "GET /idcard/css/jqueryui/themes/redmond/jquery.ui.slider.css HTTP/1.1" 304 -
192.168.11.97 - - [25/May/2023:13:36:52 +0800] "GET /idcard/css/jqueryui/themes/redmond/jquery.ui.slider.css HTTP/1.1" 304 - "http://192.168.1.81:8088/idcard/ess/index.php?action=logout" "Mozilla/5.0 (Windows NT 10.0; WOW64; Trident/7.0; rv:11.0) like Gecko"
192.168.11.97 - - [25/May/2023:13:36:52 +0800] "GET /idcard/css/jqueryui/themes/redmond/jquery.ui.tabs.css HTTP/1.1" 304 - "http://192.168.1.81:8088/idcard/ess/index.php?action=logout" "Mozilla/5.0 (Windows NT 10.0; WOW64; Trident/7.0; rv:11.0) like Gecko"
192.168.11.97 - - [25/May/2023:13:36:52 +0800] "GET /idcard/css/jqueryui/themes/redmond/jquery.ui.tabs.css HTTP/1.1" 304 -
192.168.11.97 - - [25/May/2023:13:36:52 +0800] "GET /idcard/css/jqueryui/themes/redmond/jquery.ui.datepicker.css HTTP/1.1" 304 -
192.168.11.97 - - [25/May/2023:13:36:52 +0800] "GET /idcard/css/jqueryui/themes/redmond/jquery.ui.datepicker.css HTTP/1.1" 304 - "http://192.168.1.81:8088/idcard/ess/index.php?action=logout" "Mozilla/5.0 (Windows NT 10.0; WOW64; Trident/7.0; rv:11.0) like Gecko"
192.168.11.97 - - [25/May/2023:13:36:52 +0800] "GET /idcard/css/jqueryui/themes/redmond/jquery.ui.progressbar.css HTTP/1.1" 304 -
192.168.11.97 - - [25/May/2023:13:36:52 +0800] "GET /idcard/css/jqueryui/themes/redmond/jquery.ui.progressbar.css HTTP/1.1" 304 - "http://192.168.1.81:8088/idcard/ess/index.php?action=logout" "Mozilla/5.0 (Windows NT 10.0; WOW64; Trident/7.0; rv:11.0) like Gecko"
192.168.11.97 - - [25/May/2023:13:36:52 +0800] "GET /idcard/css/jqueryui/themes/redmond/jquery.ui.selectable.css HTTP/1.1" 304 -
192.168.11.97 - - [25/May/2023:13:36:52 +0800] "GET /idcard/css/jqueryui/themes/redmond/jquery.ui.selectable.css HTTP/1.1" 304 - "http://192.168.1.81:8088/idcard/ess/index.php?action=logout" "Mozilla/5.0 (Windows NT 10.0; WOW64; Trident/7.0; rv:11.0) like Gecko"
192.168.11.97 - - [25/May/2023:13:36:52 +0800] "GET /idcard/css/jqueryui/themes/redmond/jquery.ui.resizable.css HTTP/1.1" 304 - "http://192.168.1.81:8088/idcard/ess/index.php?action=logout" "Mozilla/5.0 (Windows NT 10.0; WOW64; Trident/7.0; rv:11.0) like Gecko"
192.168.11.97 - - [25/May/2023:13:36:52 +0800] "GET /idcard/css/jqueryui/themes/redmond/jquery.ui.resizable.css HTTP/1.1" 304 -
192.168.11.97 - - [25/May/2023:13:36:52 +0800] "GET /idcard/css/jqueryui/themes/redmond/jquery.ui.accordion.css HTTP/1.1" 304 -
192.168.11.97 - - [25/May/2023:13:36:52 +0800] "GET /idcard/css/jqueryui/themes/redmond/jquery.ui.accordion.css HTTP/1.1" 304 - "http://192.168.1.81:8088/idcard/ess/index.php?action=logout" "Mozilla/5.0 (Windows NT 10.0; WOW64; Trident/7.0; rv:11.0) like Gecko"
192.168.11.97 - - [25/May/2023:13:36:52 +0800] "GET /idcard/css/default.css HTTP/1.1" 304 -
192.168.11.97 - - [25/May/2023:13:36:52 +0800] "GET /idcard/css/default.css HTTP/1.1" 304 - "http://192.168.1.81:8088/idcard/ess/index.php?action=logout" "Mozilla/5.0 (Windows NT 10.0; WOW64; Trident/7.0; rv:11.0) like Gecko"
192.168.11.97 - - [25/May/2023:13:36:52 +0800] "GET /idcard/js/jqueryui/jquery-1.4.4.min.js HTTP/1.1" 304 -
192.168.11.97 - - [25/May/2023:13:36:52 +0800] "GET /idcard/js/jqueryui/jquery-1.4.4.min.js HTTP/1.1" 304 - "http://192.168.1.81:8088/idcard/ess/index.php?action=logout" "Mozilla/5.0 (Windows NT 10.0; WOW64; Trident/7.0; rv:11.0) like Gecko"
192.168.11.97 - - [25/May/2023:13:36:52 +0800] "GET /idcard/js/jqueryui/jquery-ui-1.8.11.custom.min.js HTTP/1.1" 304 -
192.168.11.97 - - [25/May/2023:13:36:52 +0800] "GET /idcard/js/jqueryui/jquery-ui-1.8.11.custom.min.js HTTP/1.1" 304 - "http://192.168.1.81:8088/idcard/ess/index.php?action=logout" "Mozilla/5.0 (Windows NT 10.0; WOW64; Trident/7.0; rv:11.0) like Gecko"
192.168.11.97 - - [25/May/2023:13:36:52 +0800] "GET /idcard/js/i18n/ui.datepicker-zh-TW.min.js HTTP/1.1" 304 - "http://192.168.1.81:8088/idcard/ess/index.php?action=logout" "Mozilla/5.0 (Windows NT 10.0; WOW64; Trident/7.0; rv:11.0) like Gecko"
192.168.11.97 - - [25/May/2023:13:36:52 +0800] "GET /idcard/js/i18n/ui.datepicker-zh-TW.min.js HTTP/1.1" 304 -
192.168.11.97 - - [25/May/2023:13:36:52 +0800] "GET /idcard/img/logo.gif HTTP/1.1" 304 - "http://192.168.1.81:8088/idcard/ess/index.php?action=logout" "Mozilla/5.0 (Windows NT 10.0; WOW64; Trident/7.0; rv:11.0) like Gecko"
192.168.11.97 - - [25/May/2023:13:36:52 +0800] "GET /idcard/img/logo.gif HTTP/1.1" 304 -
192.168.11.97 - - [25/May/2023:13:36:52 +0800] "GET /idcard/img/index_banner_2.jpg HTTP/1.1" 304 - "http://192.168.1.81:8088/idcard/ess/index.php?action=logout" "Mozilla/5.0 (Windows NT 10.0; WOW64; Trident/7.0; rv:11.0) like Gecko"
192.168.11.97 - - [25/May/2023:13:36:52 +0800] "GET /idcard/img/index_banner_2.jpg HTTP/1.1" 304 -
192.168.11.97 - - [25/May/2023:13:36:52 +0800] "GET /idcard/img/img1.jpg HTTP/1.1" 304 - "http://192.168.1.81:8088/idcard/ess/index.php?action=logout" "Mozilla/5.0 (Windows NT 10.0; WOW64; Trident/7.0; rv:11.0) like Gecko"
192.168.11.97 - - [25/May/2023:13:36:52 +0800] "GET /idcard/img/img1.jpg HTTP/1.1" 304 -
192.168.11.97 - - [25/May/2023:13:36:52 +0800] "GET /idcard/img/loginbg.gif HTTP/1.1" 304 - "http://192.168.1.81:8088/idcard/ess/index.php?action=logout" "Mozilla/5.0 (Windows NT 10.0; WOW64; Trident/7.0; rv:11.0) like Gecko"
192.168.11.97 - - [25/May/2023:13:36:52 +0800] "GET /idcard/img/loginbg.gif HTTP/1.1" 304 -
192.168.11.97 - - [25/May/2023:13:36:22 +0800] "GET /idcard/ess/index.php?action=logout HTTP/1.1" 200 11477 "-" "Mozilla/5.0 (Windows NT 10.0; WOW64; Trident/7.0; rv:11.0) like Gecko"
192.168.11.97 - - [25/May/2023:13:36:22 +0800] "GET /idcard/ess/index.php?action=logout HTTP/1.1" 200 11477
192.168.11.97 - - [25/May/2023:13:36:53 +0800] "GET /idcard/js/flash_detect_min.js HTTP/1.1" 304 - "http://192.168.1.81:8088/idcard/ess/index.php?action=logout" "Mozilla/5.0 (Windows NT 10.0; WOW64; Trident/7.0; rv:11.0) like Gecko"
192.168.11.97 - - [25/May/2023:13:36:53 +0800] "GET /idcard/js/flash_detect_min.js HTTP/1.1" 304 -
192.168.11.97 - - [25/May/2023:13:36:57 +0800] "GET /idcard/ess/index.php?lang=ZHT HTTP/1.1" 200 11480 "http://192.168.1.81:8088/idcard/ess/index.php?action=logout" "Mozilla/5.0 (Windows NT 10.0; WOW64; Trident/7.0; rv:11.0) like Gecko"
192.168.11.97 - - [25/May/2023:13:36:57 +0800] "GET /idcard/ess/index.php?lang=ZHT HTTP/1.1" 200 11480
192.168.11.97 - - [25/May/2023:13:37:04 +0800] "POST /idcard/ess/includes/login.php HTTP/1.1" 200 - "http://192.168.1.81:8088/idcard/ess/index.php?lang=ZHT" "Mozilla/5.0 (Windows NT 10.0; WOW64; Trident/7.0; rv:11.0) like Gecko"
192.168.11.97 - - [25/May/2023:13:37:04 +0800] "POST /idcard/ess/includes/login.php HTTP/1.1" 200 -
192.168.11.97 - - [25/May/2023:13:38:44 +0800] "GET /idcard/ess/index.php?action=logout HTTP/1.1" 200 11480
192.168.11.97 - - [25/May/2023:13:38:44 +0800] "GET /idcard/ess/index.php?action=logout HTTP/1.1" 200 11480 "-" "Mozilla/5.0 (Windows NT 10.0; WOW64; Trident/7.0; rv:11.0) like Gecko"
192.168.12.71 - - [25/May/2023:13:38:47 +0800] "GET /eHR/ess/index.php?action=logout HTTP/1.1" 200 8826 "-" "Mozilla/5.0 (Windows NT 6.2; Win64; x64) AppleWebKit/537.36 (KHTML, like Gecko) Chrome/105.0.0.0 Safari/537.36"
192.168.12.71 - - [25/May/2023:13:38:47 +0800] "GET /eHR/ess/index.php?action=logout HTTP/1.1" 200 8826
192.168.11.236 - - [25/May/2023:13:38:15 +0800] "GET /eHR/ess/redirect.php?scriptname=ESNE002&appdesc=%E6%89%B9%E9%87%8F%E8%AF%B7%E5%81%87%E7%94%B3%E8%AF%B7 HTTP/1.1" 200 139 "http://192.168.1.81:8088/eHR/ess/redirect.php" "Mozilla/5.0 (Windows NT 6.1; Win64; x64) AppleWebKit/537.36 (KHTML, like Gecko) Chrome/105.0.0.0 Safari/537.36"
192.168.11.236 - - [25/May/2023:13:38:15 +0800] "GET /eHR/ess/redirect.php?scriptname=ESNE002&appdesc=%E6%89%B9%E9%87%8F%E8%AF%B7%E5%81%87%E7%94%B3%E8%AF%B7 HTTP/1.1" 200 139
192.168.11.236 - - [25/May/2023:13:38:17 +0800] "GET /eHR/ess/redirect.php?scriptname=ESNE004&appdesc=%E6%89%B9%E9%87%8F%E8%AF%B7%E5%81%87%E6%9F%A5%E8%AF%A2 HTTP/1.1" 200 139 "http://192.168.1.81:8088/eHR/ess/redirect.php" "Mozilla/5.0 (Windows NT 6.1; Win64; x64) AppleWebKit/537.36 (KHTML, like Gecko) Chrome/105.0.0.0 Safari/537.36"
192.168.11.236 - - [25/May/2023:13:38:17 +0800] "GET /eHR/ess/redirect.php?scriptname=ESNE004&appdesc=%E6%89%B9%E9%87%8F%E8%AF%B7%E5%81%87%E6%9F%A5%E8%AF%A2 HTTP/1.1" 200 139
192.168.11.236 - - [25/May/2023:13:38:28 +0800] "GET /eHR/ess/index.php?action=logout HTTP/1.1" 200 139
192.168.11.236 - - [25/May/2023:13:38:28 +0800] "GET /eHR/ess/index.php?action=logout HTTP/1.1" 200 139 "-" "Mozilla/5.0 (Windows NT 6.1; Win64; x64) AppleWebKit/537.36 (KHTML, like Gecko) Chrome/105.0.0.0 Safari/537.36"
192.168.11.236 - - [25/May/2023:13:35:42 +0800] "POST /eHR/ess/redirect.php?scriptname=ESNE003&appdesc=%E6%89%B9%E9%87%8F%E5%8A%A0%E7%8F%AD%E6%9F%A5%E8%AF%A2 HTTP/1.1" 200 -
192.168.11.236 - - [25/May/2023:13:35:42 +0800] "POST /eHR/ess/redirect.php?scriptname=ESNE003&appdesc=%E6%89%B9%E9%87%8F%E5%8A%A0%E7%8F%AD%E6%9F%A5%E8%AF%A2 HTTP/1.1" 200 - "http://192.168.1.81:8088/eHR/ess/redirect.php?scriptname=ESNE003&appdesc=%E6%89%B9%E9%87%8F%E5%8A%A0%E7%8F%AD%E6%9F%A5%E8%AF%A2" "Mozilla/5.0 (Windows NT 6.1; Win64; x64) AppleWebKit/537.36 (KHTML, like Gecko) Chrome/105.0.0.0 Safari/537.36"
192.168.11.236 - - [25/May/2023:13:39:22 +0800] "GET /favicon.ico HTTP/1.1" 404 209
192.168.11.236 - - [25/May/2023:13:39:22 +0800] "GET /favicon.ico HTTP/1.1" 404 209 "http://192.168.1.81:8088/eHR/ess/index.php?action=logout" "Mozilla/5.0 (Windows NT 6.1; Win64; x64) AppleWebKit/537.36 (KHTML, like Gecko) Chrome/105.0.0.0 Safari/537.36"
192.168.12.71 - - [25/May/2023:13:39:13 +0800] "POST /eHR/ess/includes/login.php HTTP/1.1" 302 - "http://192.168.1.81:8088/eHR/ess/index.php?action=logout" "Mozilla/5.0 (Windows NT 6.2; Win64; x64) AppleWebKit/537.36 (KHTML, like Gecko) Chrome/105.0.0.0 Safari/537.36"
192.168.12.71 - - [25/May/2023:13:39:13 +0800] "POST /eHR/ess/includes/login.php HTTP/1.1" 302 -
192.168.12.71 - - [25/May/2023:13:39:29 +0800] "GET /eHR/ess/redirect.php HTTP/1.1" 200 8929
192.168.12.71 - - [25/May/2023:13:39:29 +0800] "GET /eHR/ess/redirect.php HTTP/1.1" 200 8929 "http://192.168.1.81:8088/eHR/ess/index.php?action=logout" "Mozilla/5.0 (Windows NT 6.2; Win64; x64) AppleWebKit/537.36 (KHTML, like Gecko) Chrome/105.0.0.0 Safari/537.36"
192.168.11.97 - - [25/May/2023:13:39:08 +0800] "POST /idcard/ess/includes/login.php HTTP/1.1" 200 - "http://192.168.1.81:8088/idcard/ess/index.php?action=logout" "Mozilla/5.0 (Windows NT 10.0; WOW64; Trident/7.0; rv:11.0) like Gecko"
192.168.11.97 - - [25/May/2023:13:39:08 +0800] "POST /idcard/ess/includes/login.php HTTP/1.1" 200 -
192.168.11.236 - - [25/May/2023:13:39:48 +0800] "GET /eHR/ess/index.php?action=logout HTTP/1.1" 200 8826 "-" "Mozilla/5.0 (Windows NT 6.1; Win64; x64) AppleWebKit/537.36 (KHTML, like Gecko) Chrome/105.0.0.0 Safari/537.36"
192.168.11.236 - - [25/May/2023:13:39:48 +0800] "GET /eHR/ess/index.php?action=logout HTTP/1.1" 200 8826
192.168.11.97 - - [25/May/2023:13:40:58 +0800] "POST /idcard/ess/includes/login.php HTTP/1.1" 302 -
192.168.11.97 - - [25/May/2023:13:40:58 +0800] "POST /idcard/ess/includes/login.php HTTP/1.1" 302 - "http://192.168.1.81:8088/idcard/ess/index.php?action=logout" "Mozilla/5.0 (Windows NT 10.0; WOW64; Trident/7.0; rv:11.0) like Gecko"
192.168.11.97 - - [25/May/2023:13:41:24 +0800] "GET /idcard/ess/redirect.php HTTP/1.1" 200 6085 "http://192.168.1.81:8088/idcard/ess/index.php?action=logout" "Mozilla/5.0 (Windows NT 10.0; WOW64; Trident/7.0; rv:11.0) like Gecko"
192.168.11.97 - - [25/May/2023:13:41:24 +0800] "GET /idcard/ess/redirect.php HTTP/1.1" 200 6085
192.168.11.97 - - [25/May/2023:13:41:25 +0800] "GET /idcard/css/jqueryui/themes/redmond/jquery.ui.all.css HTTP/1.1" 304 - "http://192.168.1.81:8088/idcard/ess/redirect.php" "Mozilla/5.0 (Windows NT 10.0; WOW64; Trident/7.0; rv:11.0) like Gecko"
192.168.11.97 - - [25/May/2023:13:41:25 +0800] "GET /idcard/css/jqueryui/themes/redmond/jquery.ui.all.css HTTP/1.1" 304 -
192.168.11.97 - - [25/May/2023:13:41:25 +0800] "GET /idcard/css/jqueryui/themes/redmond/jquery.ui.base.css HTTP/1.1" 304 -
192.168.11.97 - - [25/May/2023:13:41:25 +0800] "GET /idcard/css/jqueryui/themes/redmond/jquery.ui.base.css HTTP/1.1" 304 - "http://192.168.1.81:8088/idcard/ess/redirect.php" "Mozilla/5.0 (Windows NT 10.0; WOW64; Trident/7.0; rv:11.0) like Gecko"
192.168.11.97 - - [25/May/2023:13:41:25 +0800] "GET /idcard/css/jqueryui/themes/redmond/jquery.ui.theme.css HTTP/1.1" 304 - "http://192.168.1.81:8088/idcard/ess/redirect.php" "Mozilla/5.0 (Windows NT 10.0; WOW64; Trident/7.0; rv:11.0) like Gecko"
192.168.11.97 - - [25/May/2023:13:41:25 +0800] "GET /idcard/css/jqueryui/themes/redmond/jquery.ui.theme.css HTTP/1.1" 304 -
192.168.11.97 - - [25/May/2023:13:41:25 +0800] "GET /idcard/css/jqueryui/themes/redmond/jquery.ui.core.css HTTP/1.1" 304 -
