192.168.11.222 - - [24/May/2023:11:07:58 +0800] "POST /idcard/ess/redirect.php?scriptname=new_emp HTTP/1.1" 200 74 "http://192.168.1.81:8088/idcard/ess/redirect.php?scriptname=IDRA001" "Mozilla/4.0 (compatible; MSIE 7.0; Windows NT 10.0; WOW64; Trident/7.0; Touch; .NET4.0C; .NET4.0E; Tablet PC 2.0)"
192.168.11.222 - - [24/May/2023:11:08:13 +0800] "GET /idcard/css/jqueryui/themes/redmond/images/ui-icons_217bc0_256x240.png HTTP/1.1" 200 4369 "http://192.168.1.81:8088/idcard/ess/redirect.php" "Mozilla/4.0 (compatible; MSIE 7.0; Windows NT 10.0; WOW64; Trident/7.0; Touch; .NET4.0C; .NET4.0E; Tablet PC 2.0)"
192.168.11.222 - - [24/May/2023:11:08:13 +0800] "GET /idcard/css/jqueryui/themes/redmond/images/ui-icons_217bc0_256x240.png HTTP/1.1" 200 4369
192.168.11.222 - - [24/May/2023:11:08:14 +0800] "GET /idcard/css/jqueryui/themes/redmond/images/ui-icons_f9bd01_256x240.png HTTP/1.1" 200 4369 "http://192.168.1.81:8088/idcard/ess/redirect.php" "Mozilla/4.0 (compatible; MSIE 7.0; Windows NT 10.0; WOW64; Trident/7.0; Touch; .NET4.0C; .NET4.0E; Tablet PC 2.0)"
192.168.11.222 - - [24/May/2023:11:08:14 +0800] "GET /idcard/css/jqueryui/themes/redmond/images/ui-icons_f9bd01_256x240.png HTTP/1.1" 200 4369
192.168.11.222 - - [24/May/2023:11:08:19 +0800] "GET /idcard/ess/redirect.php?scriptname=IDRA001&appdesc=%E4%BA%BA%E4%BA%8B%E8%B5%84%E6%96%99%E8%BE%93%E5%85%A5 HTTP/1.1" 200 8440 "http://192.168.1.81:8088/idcard/ess/redirect.php" "Mozilla/4.0 (compatible; MSIE 7.0; Windows NT 10.0; WOW64; Trident/7.0; Touch; .NET4.0C; .NET4.0E; Tablet PC 2.0)"
192.168.11.222 - - [24/May/2023:11:08:19 +0800] "GET /idcard/ess/redirect.php?scriptname=IDRA001&appdesc=%E4%BA%BA%E4%BA%8B%E8%B5%84%E6%96%99%E8%BE%93%E5%85%A5 HTTP/1.1" 200 8440
192.168.11.149 - - [24/May/2023:11:08:52 +0800] "POST /eHR/ess/includes/login.php HTTP/1.1" 302 -
192.168.11.149 - - [24/May/2023:11:08:52 +0800] "POST /eHR/ess/includes/login.php HTTP/1.1" 302 - "http://192.168.1.81:8088/eHR/ess/index.php?action=logout" "Mozilla/5.0 (Windows NT 6.2; Win64; x64) AppleWebKit/537.36 (KHTML, like Gecko) Chrome/105.0.0.0 Safari/537.36"
192.168.11.149 - - [24/May/2023:11:09:02 +0800] "GET /eHR/ess/redirect.php HTTP/1.1" 200 9510 "http://192.168.1.81:8088/eHR/ess/index.php?action=logout" "Mozilla/5.0 (Windows NT 6.2; Win64; x64) AppleWebKit/537.36 (KHTML, like Gecko) Chrome/105.0.0.0 Safari/537.36"
192.168.11.149 - - [24/May/2023:11:09:02 +0800] "GET /eHR/ess/redirect.php HTTP/1.1" 200 9510
192.168.11.222 - - [24/May/2023:11:09:01 +0800] "GET /idcard/ess/index.php?action=logout HTTP/1.1" 200 11480 "-" "Mozilla/4.0 (compatible; MSIE 7.0; Windows NT 10.0; WOW64; Trident/7.0; Touch; .NET4.0C; .NET4.0E; Tablet PC 2.0)"
192.168.11.222 - - [24/May/2023:11:09:01 +0800] "GET /idcard/ess/index.php?action=logout HTTP/1.1" 200 11480
192.168.11.149 - - [24/May/2023:11:09:08 +0800] "GET /eHR/ess/redirect.php?scriptname=ESNH000 HTTP/1.1" 200 -
192.168.11.149 - - [24/May/2023:11:09:08 +0800] "GET /eHR/ess/redirect.php?scriptname=ESNH000 HTTP/1.1" 200 - "http://192.168.1.81:8088/eHR/ess/redirect.php" "Mozilla/5.0 (Windows NT 6.2; Win64; x64) AppleWebKit/537.36 (KHTML, like Gecko) Chrome/105.0.0.0 Safari/537.36"
192.168.11.222 - - [24/May/2023:11:09:36 +0800] "POST /idcard/ess/includes/login.php HTTP/1.1" 302 - "http://192.168.1.81:8088/idcard/ess/index.php?action=logout" "Mozilla/4.0 (compatible; MSIE 7.0; Windows NT 10.0; WOW64; Trident/7.0; Touch; .NET4.0C; .NET4.0E; Tablet PC 2.0)"
192.168.11.222 - - [24/May/2023:11:09:36 +0800] "POST /idcard/ess/includes/login.php HTTP/1.1" 302 -
192.168.11.222 - - [24/May/2023:11:09:55 +0800] "GET /idcard/ess/redirect.php HTTP/1.1" 200 6088 "http://192.168.1.81:8088/idcard/ess/index.php?action=logout" "Mozilla/4.0 (compatible; MSIE 7.0; Windows NT 10.0; WOW64; Trident/7.0; Touch; .NET4.0C; .NET4.0E; Tablet PC 2.0)"
192.168.11.222 - - [24/May/2023:11:09:55 +0800] "GET /idcard/ess/redirect.php HTTP/1.1" 200 6088
192.168.11.222 - - [24/May/2023:11:09:55 +0800] "GET /idcard/ess/redirect.php?scriptname=IDRA001 HTTP/1.1" 200 50660 "http://192.168.1.81:8088/idcard/ess/redirect.php" "Mozilla/4.0 (compatible; MSIE 7.0; Windows NT 10.0; WOW64; Trident/7.0; Touch; .NET4.0C; .NET4.0E; Tablet PC 2.0)"
192.168.11.222 - - [24/May/2023:11:09:55 +0800] "GET /idcard/ess/redirect.php?scriptname=IDRA001 HTTP/1.1" 200 50660
192.168.11.222 - - [24/May/2023:11:10:04 +0800] "POST /idcard/ess/redirect.php?scriptname=new_emp HTTP/1.1" 200 74 "http://192.168.1.81:8088/idcard/ess/redirect.php?scriptname=IDRA001" "Mozilla/4.0 (compatible; MSIE 7.0; Windows NT 10.0; WOW64; Trident/7.0; Touch; .NET4.0C; .NET4.0E; Tablet PC 2.0)"
192.168.11.222 - - [24/May/2023:11:10:04 +0800] "POST /idcard/ess/redirect.php?scriptname=new_emp HTTP/1.1" 200 74
192.168.11.222 - - [24/May/2023:11:10:08 +0800] "POST /idcard/ess/redirect.php?scriptname=new_emp HTTP/1.1" 200 74 "http://192.168.1.81:8088/idcard/ess/redirect.php?scriptname=IDRA001" "Mozilla/4.0 (compatible; MSIE 7.0; Windows NT 10.0; WOW64; Trident/7.0; Touch; .NET4.0C; .NET4.0E; Tablet PC 2.0)"
192.168.11.222 - - [24/May/2023:11:10:08 +0800] "POST /idcard/ess/redirect.php?scriptname=new_emp HTTP/1.1" 200 74
192.168.11.216 - - [24/May/2023:11:13:28 +0800] "GET /eHR/ess/index.php?action=logout HTTP/1.1" 200 8826
192.168.11.216 - - [24/May/2023:11:13:28 +0800] "GET /eHR/ess/index.php?action=logout HTTP/1.1" 200 8826 "-" "Mozilla/5.0 (Windows NT 6.1; Win64; x64) AppleWebKit/537.36 (KHTML, like Gecko) Chrome/105.0.0.0 Safari/537.36"
192.168.11.216 - - [24/May/2023:11:13:30 +0800] "GET /eHR/ess/index.php?action=logout HTTP/1.1" 200 8826
192.168.11.216 - - [24/May/2023:11:13:30 +0800] "GET /eHR/ess/index.php?action=logout HTTP/1.1" 200 8826 "-" "Mozilla/5.0 (Windows NT 6.1; Win64; x64) AppleWebKit/537.36 (KHTML, like Gecko) Chrome/105.0.0.0 Safari/537.36"
192.168.11.216 - - [24/May/2023:11:13:39 +0800] "POST /eHR/ess/includes/login.php HTTP/1.1" 302 - "http://192.168.1.81:8088/eHR/ess/index.php?action=logout" "Mozilla/5.0 (Windows NT 6.1; Win64; x64) AppleWebKit/537.36 (KHTML, like Gecko) Chrome/105.0.0.0 Safari/537.36"
192.168.11.216 - - [24/May/2023:11:13:39 +0800] "POST /eHR/ess/includes/login.php HTTP/1.1" 302 -
192.168.11.216 - - [24/May/2023:11:13:46 +0800] "GET /eHR/ess/redirect.php HTTP/1.1" 200 8929
192.168.11.216 - - [24/May/2023:11:13:46 +0800] "GET /eHR/ess/redirect.php HTTP/1.1" 200 8929 "http://192.168.1.81:8088/eHR/ess/index.php?action=logout" "Mozilla/5.0 (Windows NT 6.1; Win64; x64) AppleWebKit/537.36 (KHTML, like Gecko) Chrome/105.0.0.0 Safari/537.36"
192.168.11.71 - - [24/May/2023:11:13:52 +0800] "GET /ehr/ess/index.php?action=logout HTTP/1.1" 200 8826 "-" "Mozilla/5.0 (Windows NT 6.2; Win64; x64) AppleWebKit/537.36 (KHTML, like Gecko) Chrome/105.0.0.0 Safari/537.36"
192.168.11.71 - - [24/May/2023:11:13:52 +0800] "GET /ehr/ess/index.php?action=logout HTTP/1.1" 200 8826
192.168.11.71 - - [24/May/2023:11:13:54 +0800] "POST /ehr/ess/includes/login.php HTTP/1.1" 302 - "http://192.168.1.81:8088/ehr/ess/index.php?action=logout" "Mozilla/5.0 (Windows NT 6.2; Win64; x64) AppleWebKit/537.36 (KHTML, like Gecko) Chrome/105.0.0.0 Safari/537.36"
192.168.11.71 - - [24/May/2023:11:13:54 +0800] "POST /ehr/ess/includes/login.php HTTP/1.1" 302 -
192.168.11.71 - - [24/May/2023:11:13:56 +0800] "GET /ehr/ess/redirect.php HTTP/1.1" 200 9206 "http://192.168.1.81:8088/ehr/ess/index.php?action=logout" "Mozilla/5.0 (Windows NT 6.2; Win64; x64) AppleWebKit/537.36 (KHTML, like Gecko) Chrome/105.0.0.0 Safari/537.36"
192.168.11.71 - - [24/May/2023:11:13:56 +0800] "GET /ehr/ess/redirect.php HTTP/1.1" 200 9206
192.168.11.216 - - [24/May/2023:11:13:57 +0800] "GET /eHR/ess/redirect.php?scriptname=ESNE001&appdesc=%E6%89%B9%E9%87%8F%E5%8A%A0%E7%8F%AD%E7%94%B3%E8%AF%B7 HTTP/1.1" 200 139 "http://192.168.1.81:8088/eHR/ess/redirect.php" "Mozilla/5.0 (Windows NT 6.1; Win64; x64) AppleWebKit/537.36 (KHTML, like Gecko) Chrome/105.0.0.0 Safari/537.36"
192.168.11.216 - - [24/May/2023:11:13:57 +0800] "GET /eHR/ess/redirect.php?scriptname=ESNE001&appdesc=%E6%89%B9%E9%87%8F%E5%8A%A0%E7%8F%AD%E7%94%B3%E8%AF%B7 HTTP/1.1" 200 139
192.168.11.71 - - [24/May/2023:11:13:57 +0800] "GET /ehr/ess/redirect.php?scriptname=ESNH000 HTTP/1.1" 200 -
192.168.11.71 - - [24/May/2023:11:13:57 +0800] "GET /ehr/ess/redirect.php?scriptname=ESNH000 HTTP/1.1" 200 - "http://192.168.1.81:8088/ehr/ess/redirect.php" "Mozilla/5.0 (Windows NT 6.2; Win64; x64) AppleWebKit/537.36 (KHTML, like Gecko) Chrome/105.0.0.0 Safari/537.36"
192.168.11.216 - - [24/May/2023:11:13:48 +0800] "GET /eHR/ess/redirect.php?scriptname=ESNH000 HTTP/1.1" 200 - "http://192.168.1.81:8088/eHR/ess/redirect.php" "Mozilla/5.0 (Windows NT 6.1; Win64; x64) AppleWebKit/537.36 (KHTML, like Gecko) Chrome/105.0.0.0 Safari/537.36"
192.168.11.216 - - [24/May/2023:11:13:48 +0800] "GET /eHR/ess/redirect.php?scriptname=ESNH000 HTTP/1.1" 200 -
192.168.11.216 - - [24/May/2023:11:15:40 +0800] "GET /eHR/ess/index.php?action=logout HTTP/1.1" 200 8826
192.168.11.216 - - [24/May/2023:11:15:40 +0800] "GET /eHR/ess/index.php?action=logout HTTP/1.1" 200 8826 "-" "Mozilla/5.0 (Windows NT 6.1; Win64; x64) AppleWebKit/537.36 (KHTML, like Gecko) Chrome/105.0.0.0 Safari/537.36"
192.168.11.216 - - [24/May/2023:11:15:47 +0800] "POST /eHR/ess/includes/login.php HTTP/1.1" 302 - "http://192.168.1.81:8088/eHR/ess/index.php?action=logout" "Mozilla/5.0 (Windows NT 6.1; Win64; x64) AppleWebKit/537.36 (KHTML, like Gecko) Chrome/105.0.0.0 Safari/537.36"
192.168.11.216 - - [24/May/2023:11:15:47 +0800] "POST /eHR/ess/includes/login.php HTTP/1.1" 302 -
192.168.11.216 - - [24/May/2023:11:15:56 +0800] "GET /eHR/ess/redirect.php HTTP/1.1" 200 8929 "http://192.168.1.81:8088/eHR/ess/index.php?action=logout" "Mozilla/5.0 (Windows NT 6.1; Win64; x64) AppleWebKit/537.36 (KHTML, like Gecko) Chrome/105.0.0.0 Safari/537.36"
192.168.11.216 - - [24/May/2023:11:15:56 +0800] "GET /eHR/ess/redirect.php HTTP/1.1" 200 8929
192.168.11.216 - - [24/May/2023:11:15:25 +0800] "GET /eHR/ess/redirect.php?scriptname=ESNE001&appdesc=%E6%89%B9%E9%87%8F%E5%8A%A0%E7%8F%AD%E7%94%B3%E8%AF%B7 HTTP/1.1" 200 15271
192.168.11.216 - - [24/May/2023:11:15:25 +0800] "GET /eHR/ess/redirect.php?scriptname=ESNE001&appdesc=%E6%89%B9%E9%87%8F%E5%8A%A0%E7%8F%AD%E7%94%B3%E8%AF%B7 HTTP/1.1" 200 15271 "http://192.168.1.81:8088/eHR/ess/redirect.php" "Mozilla/5.0 (Windows NT 6.1; Win64; x64) AppleWebKit/537.36 (KHTML, like Gecko) Chrome/105.0.0.0 Safari/537.36"
192.168.11.216 - - [24/May/2023:11:15:28 +0800] "GET /eHR/ess/redirect.php?scriptname=ESNE001&appdesc=%E6%89%B9%E9%87%8F%E5%8A%A0%E7%8F%AD%E7%94%B3%E8%AF%B7 HTTP/1.1" 200 15271 "http://192.168.1.81:8088/eHR/ess/redirect.php" "Mozilla/5.0 (Windows NT 6.1; Win64; x64) AppleWebKit/537.36 (KHTML, like Gecko) Chrome/105.0.0.0 Safari/537.36"
192.168.11.216 - - [24/May/2023:11:15:28 +0800] "GET /eHR/ess/redirect.php?scriptname=ESNE001&appdesc=%E6%89%B9%E9%87%8F%E5%8A%A0%E7%8F%AD%E7%94%B3%E8%AF%B7 HTTP/1.1" 200 15271
192.168.11.216 - - [24/May/2023:11:16:06 +0800] "GET /eHR/ess/redirect.php?scriptname=ESNE001&appdesc=%E6%89%B9%E9%87%8F%E5%8A%A0%E7%8F%AD%E7%94%B3%E8%AF%B7 HTTP/1.1" 200 139 "http://192.168.1.81:8088/eHR/ess/redirect.php" "Mozilla/5.0 (Windows NT 6.1; Win64; x64) AppleWebKit/537.36 (KHTML, like Gecko) Chrome/105.0.0.0 Safari/537.36"
192.168.11.216 - - [24/May/2023:11:16:06 +0800] "GET /eHR/ess/redirect.php?scriptname=ESNE001&appdesc=%E6%89%B9%E9%87%8F%E5%8A%A0%E7%8F%AD%E7%94%B3%E8%AF%B7 HTTP/1.1" 200 139
192.168.11.216 - - [24/May/2023:11:16:10 +0800] "GET /eHR/ess/redirect.php?scriptname=ESNE001&appdesc=%E6%89%B9%E9%87%8F%E5%8A%A0%E7%8F%AD%E7%94%B3%E8%AF%B7 HTTP/1.1" 200 139 "http://192.168.1.81:8088/eHR/ess/redirect.php" "Mozilla/5.0 (Windows NT 6.1; Win64; x64) AppleWebKit/537.36 (KHTML, like Gecko) Chrome/105.0.0.0 Safari/537.36"
192.168.11.216 - - [24/May/2023:11:16:10 +0800] "GET /eHR/ess/redirect.php?scriptname=ESNE001&appdesc=%E6%89%B9%E9%87%8F%E5%8A%A0%E7%8F%AD%E7%94%B3%E8%AF%B7 HTTP/1.1" 200 139
192.168.11.216 - - [24/May/2023:11:16:15 +0800] "GET /eHR/ess/redirect.php?scriptname=ESNE001&appdesc=%E6%89%B9%E9%87%8F%E5%8A%A0%E7%8F%AD%E7%94%B3%E8%AF%B7 HTTP/1.1" 200 139
192.168.11.216 - - [24/May/2023:11:15:57 +0800] "GET /eHR/ess/redirect.php?scriptname=ESNH000 HTTP/1.1" 200 -
192.168.11.216 - - [24/May/2023:11:16:15 +0800] "GET /eHR/ess/redirect.php?scriptname=ESNE001&appdesc=%E6%89%B9%E9%87%8F%E5%8A%A0%E7%8F%AD%E7%94%B3%E8%AF%B7 HTTP/1.1" 200 139 "http://192.168.1.81:8088/eHR/ess/redirect.php" "Mozilla/5.0 (Windows NT 6.1; Win64; x64) AppleWebKit/537.36 (KHTML, like Gecko) Chrome/105.0.0.0 Safari/537.36"
192.168.11.216 - - [24/May/2023:11:15:57 +0800] "GET /eHR/ess/redirect.php?scriptname=ESNH000 HTTP/1.1" 200 - "http://192.168.1.81:8088/eHR/ess/redirect.php" "Mozilla/5.0 (Windows NT 6.1; Win64; x64) AppleWebKit/537.36 (KHTML, like Gecko) Chrome/105.0.0.0 Safari/537.36"
192.168.11.216 - - [24/May/2023:11:17:26 +0800] "GET /eHR/ess/redirect.php?scriptname=ESNE001&appdesc=%E6%89%B9%E9%87%8F%E5%8A%A0%E7%8F%AD%E7%94%B3%E8%AF%B7 HTTP/1.1" 200 139 "http://192.168.1.81:8088/eHR/ess/redirect.php" "Mozilla/5.0 (Windows NT 6.1; Win64; x64) AppleWebKit/537.36 (KHTML, like Gecko) Chrome/105.0.0.0 Safari/537.36"
192.168.11.216 - - [24/May/2023:11:17:26 +0800] "GET /eHR/ess/redirect.php?scriptname=ESNE001&appdesc=%E6%89%B9%E9%87%8F%E5%8A%A0%E7%8F%AD%E7%94%B3%E8%AF%B7 HTTP/1.1" 200 139
192.168.11.216 - - [24/May/2023:11:19:50 +0800] "GET /eHR/ess/index.php?action=logout HTTP/1.1" 200 8826 "-" "Mozilla/5.0 (Windows NT 6.1; Win64; x64) AppleWebKit/537.36 (KHTML, like Gecko) Chrome/105.0.0.0 Safari/537.36"
192.168.11.216 - - [24/May/2023:11:19:50 +0800] "GET /eHR/ess/index.php?action=logout HTTP/1.1" 200 8826
192.168.11.216 - - [24/May/2023:11:19:57 +0800] "POST /eHR/ess/includes/login.php HTTP/1.1" 302 - "http://192.168.1.81:8088/eHR/ess/index.php?action=logout" "Mozilla/5.0 (Windows NT 6.1; Win64; x64) AppleWebKit/537.36 (KHTML, like Gecko) Chrome/105.0.0.0 Safari/537.36"
192.168.11.216 - - [24/May/2023:11:19:57 +0800] "POST /eHR/ess/includes/login.php HTTP/1.1" 302 -
192.168.11.216 - - [24/May/2023:11:20:05 +0800] "GET /eHR/ess/redirect.php HTTP/1.1" 200 8929
192.168.11.216 - - [24/May/2023:11:20:05 +0800] "GET /eHR/ess/redirect.php HTTP/1.1" 200 8929 "http://192.168.1.81:8088/eHR/ess/index.php?action=logout" "Mozilla/5.0 (Windows NT 6.1; Win64; x64) AppleWebKit/537.36 (KHTML, like Gecko) Chrome/105.0.0.0 Safari/537.36"
192.168.11.216 - - [24/May/2023:11:20:08 +0800] "GET /eHR/ess/redirect.php?scriptname=ESNH000 HTTP/1.1" 200 - "http://192.168.1.81:8088/eHR/ess/redirect.php" "Mozilla/5.0 (Windows NT 6.1; Win64; x64) AppleWebKit/537.36 (KHTML, like Gecko) Chrome/105.0.0.0 Safari/537.36"
192.168.11.216 - - [24/May/2023:11:20:08 +0800] "GET /eHR/ess/redirect.php?scriptname=ESNH000 HTTP/1.1" 200 -
192.168.11.216 - - [24/May/2023:11:21:37 +0800] "GET /eHR/ess/redirect.php?scriptname=ESNE001&appdesc=%E6%89%B9%E9%87%8F%E5%8A%A0%E7%8F%AD%E7%94%B3%E8%AF%B7 HTTP/1.1" 200 15271 "http://192.168.1.81:8088/eHR/ess/redirect.php" "Mozilla/5.0 (Windows NT 6.1; Win64; x64) AppleWebKit/537.36 (KHTML, like Gecko) Chrome/105.0.0.0 Safari/537.36"
192.168.11.216 - - [24/May/2023:11:21:37 +0800] "GET /eHR/ess/redirect.php?scriptname=ESNE001&appdesc=%E6%89%B9%E9%87%8F%E5%8A%A0%E7%8F%AD%E7%94%B3%E8%AF%B7 HTTP/1.1" 200 15271
192.168.11.216 - - [24/May/2023:11:21:39 +0800] "GET /eHR/ess/redirect.php?scriptname=ESNE001&appdesc=%E6%89%B9%E9%87%8F%E5%8A%A0%E7%8F%AD%E7%94%B3%E8%AF%B7 HTTP/1.1" 200 15271 "http://192.168.1.81:8088/eHR/ess/redirect.php" "Mozilla/5.0 (Windows NT 6.1; Win64; x64) AppleWebKit/537.36 (KHTML, like Gecko) Chrome/105.0.0.0 Safari/537.36"
192.168.11.216 - - [24/May/2023:11:21:39 +0800] "GET /eHR/ess/redirect.php?scriptname=ESNE001&appdesc=%E6%89%B9%E9%87%8F%E5%8A%A0%E7%8F%AD%E7%94%B3%E8%AF%B7 HTTP/1.1" 200 15271
192.168.11.216 - - [24/May/2023:11:28:18 +0800] "GET /eHR/ess/redirect.php?scriptname=emp_lov&openW=Y&rand=0.16229839162614335 HTTP/1.1" 200 8712 "http://192.168.1.81:8088/eHR/ess/redirect.php?scriptname=ESNE001&appdesc=%E6%89%B9%E9%87%8F%E5%8A%A0%E7%8F%AD%E7%94%B3%E8%AF%B7" "Mozilla/5.0 (Windows NT 6.1; Win64; x64) AppleWebKit/537.36 (KHTML, like Gecko) Chrome/105.0.0.0 Safari/537.36"
192.168.11.216 - - [24/May/2023:11:28:18 +0800] "GET /eHR/ess/redirect.php?scriptname=emp_lov&openW=Y&rand=0.16229839162614335 HTTP/1.1" 200 8712
192.168.11.216 - - [24/May/2023:11:28:23 +0800] "POST /eHR/ess/redirect.php?scriptname=emp_lov&openW=Y&rand=0.16229839162614335 HTTP/1.1" 200 16743
192.168.11.216 - - [24/May/2023:11:28:23 +0800] "POST /eHR/ess/redirect.php?scriptname=emp_lov&openW=Y&rand=0.16229839162614335 HTTP/1.1" 200 16743 "http://192.168.1.81:8088/eHR/ess/redirect.php?scriptname=emp_lov&openW=Y&rand=0.16229839162614335" "Mozilla/5.0 (Windows NT 6.1; Win64; x64) AppleWebKit/537.36 (KHTML, like Gecko) Chrome/105.0.0.0 Safari/537.36"
192.168.11.216 - - [24/May/2023:11:28:39 +0800] "POST /eHR/ess/redirect.php?scriptname=ESNE001&appdesc=%E6%89%B9%E9%87%8F%E5%8A%A0%E7%8F%AD%E7%94%B3%E8%AF%B7 HTTP/1.1" 200 -
192.168.11.216 - - [24/May/2023:11:28:39 +0800] "POST /eHR/ess/redirect.php?scriptname=ESNE001&appdesc=%E6%89%B9%E9%87%8F%E5%8A%A0%E7%8F%AD%E7%94%B3%E8%AF%B7 HTTP/1.1" 200 - "http://192.168.1.81:8088/eHR/ess/redirect.php?scriptname=ESNE001&appdesc=%E6%89%B9%E9%87%8F%E5%8A%A0%E7%8F%AD%E7%94%B3%E8%AF%B7" "Mozilla/5.0 (Windows NT 6.1; Win64; x64) AppleWebKit/537.36 (KHTML, like Gecko) Chrome/105.0.0.0 Safari/537.36"
192.168.11.216 - - [24/May/2023:11:30:08 +0800] "GET /eHR/ess/redirect.php?scriptname=ESNE003&appdesc=%E6%89%B9%E9%87%8F%E5%8A%A0%E7%8F%AD%E6%9F%A5%E8%AF%A2 HTTP/1.1" 200 7645 "http://192.168.1.81:8088/eHR/ess/redirect.php" "Mozilla/5.0 (Windows NT 6.1; Win64; x64) AppleWebKit/537.36 (KHTML, like Gecko) Chrome/105.0.0.0 Safari/537.36"
192.168.11.216 - - [24/May/2023:11:30:08 +0800] "GET /eHR/ess/redirect.php?scriptname=ESNE003&appdesc=%E6%89%B9%E9%87%8F%E5%8A%A0%E7%8F%AD%E6%9F%A5%E8%AF%A2 HTTP/1.1" 200 7645
192.168.11.216 - - [24/May/2023:11:30:17 +0800] "POST /eHR/ess/redirect.php?scriptname=ESNE003&appdesc=%E6%89%B9%E9%87%8F%E5%8A%A0%E7%8F%AD%E6%9F%A5%E8%AF%A2 HTTP/1.1" 200 10020 "http://192.168.1.81:8088/eHR/ess/redirect.php?scriptname=ESNE003&appdesc=%E6%89%B9%E9%87%8F%E5%8A%A0%E7%8F%AD%E6%9F%A5%E8%AF%A2" "Mozilla/5.0 (Windows NT 6.1; Win64; x64) AppleWebKit/537.36 (KHTML, like Gecko) Chrome/105.0.0.0 Safari/537.36"
192.168.11.216 - - [24/May/2023:11:30:17 +0800] "POST /eHR/ess/redirect.php?scriptname=ESNE003&appdesc=%E6%89%B9%E9%87%8F%E5%8A%A0%E7%8F%AD%E6%9F%A5%E8%AF%A2 HTTP/1.1" 200 10020
192.168.11.71 - - [24/May/2023:11:31:54 +0800] "GET /ehr/ess/redirect.php?scriptname=ESNH003&appdesc=%E8%AF%B7%E5%81%87%E7%AD%BE%E6%A0%B8 HTTP/1.1" 302 - "http://192.168.1.81:8088/ehr/ess/redirect.php" "Mozilla/5.0 (Windows NT 6.2; Win64; x64) AppleWebKit/537.36 (KHTML, like Gecko) Chrome/105.0.0.0 Safari/537.36"
192.168.11.71 - - [24/May/2023:11:31:54 +0800] "GET /ehr/ess/redirect.php?scriptname=ESNH003&appdesc=%E8%AF%B7%E5%81%87%E7%AD%BE%E6%A0%B8 HTTP/1.1" 302 -
192.168.11.71 - - [24/May/2023:11:31:55 +0800] "GET /ehr/mgr/redirect.php?scriptname=MDNH104&appdesc=%E8%AF%B7%E5%81%87%E7%AD%BE%E6%A0%B8 HTTP/1.1" 200 18853 "http://192.168.1.81:8088/ehr/ess/redirect.php" "Mozilla/5.0 (Windows NT 6.2; Win64; x64) AppleWebKit/537.36 (KHTML, like Gecko) Chrome/105.0.0.0 Safari/537.36"
192.168.11.71 - - [24/May/2023:11:31:55 +0800] "GET /ehr/mgr/redirect.php?scriptname=MDNH104&appdesc=%E8%AF%B7%E5%81%87%E7%AD%BE%E6%A0%B8 HTTP/1.1" 200 18853
192.168.11.216 - - [24/May/2023:11:34:10 +0800] "GET /eHR/ess/redirect.php?scriptname=ESNE001&appdesc=%E6%89%B9%E9%87%8F%E5%8A%A0%E7%8F%AD%E7%94%B3%E8%AF%B7 HTTP/1.1" 200 15271 "http://192.168.1.81:8088/eHR/ess/redirect.php" "Mozilla/5.0 (Windows NT 6.1; Win64; x64) AppleWebKit/537.36 (KHTML, like Gecko) Chrome/105.0.0.0 Safari/537.36"
192.168.11.216 - - [24/May/2023:11:34:10 +0800] "GET /eHR/ess/redirect.php?scriptname=ESNE001&appdesc=%E6%89%B9%E9%87%8F%E5%8A%A0%E7%8F%AD%E7%94%B3%E8%AF%B7 HTTP/1.1" 200 15271
192.168.11.216 - - [24/May/2023:11:34:21 +0800] "GET /eHR/ess/redirect.php?scriptname=emp_lov&openW=Y&rand=0.39542321414235726 HTTP/1.1" 200 8712
192.168.11.216 - - [24/May/2023:11:34:21 +0800] "GET /eHR/ess/redirect.php?scriptname=emp_lov&openW=Y&rand=0.39542321414235726 HTTP/1.1" 200 8712 "http://192.168.1.81:8088/eHR/ess/redirect.php?scriptname=ESNE001&appdesc=%E6%89%B9%E9%87%8F%E5%8A%A0%E7%8F%AD%E7%94%B3%E8%AF%B7" "Mozilla/5.0 (Windows NT 6.1; Win64; x64) AppleWebKit/537.36 (KHTML, like Gecko) Chrome/105.0.0.0 Safari/537.36"
192.168.11.216 - - [24/May/2023:11:34:25 +0800] "POST /eHR/ess/redirect.php?scriptname=emp_lov&openW=Y&rand=0.39542321414235726 HTTP/1.1" 200 16743
192.168.11.216 - - [24/May/2023:11:34:25 +0800] "POST /eHR/ess/redirect.php?scriptname=emp_lov&openW=Y&rand=0.39542321414235726 HTTP/1.1" 200 16743 "http://192.168.1.81:8088/eHR/ess/redirect.php?scriptname=emp_lov&openW=Y&rand=0.39542321414235726" "Mozilla/5.0 (Windows NT 6.1; Win64; x64) AppleWebKit/537.36 (KHTML, like Gecko) Chrome/105.0.0.0 Safari/537.36"
192.168.11.216 - - [24/May/2023:11:34:37 +0800] "POST /eHR/ess/redirect.php?scriptname=ESNE001&appdesc=%E6%89%B9%E9%87%8F%E5%8A%A0%E7%8F%AD%E7%94%B3%E8%AF%B7 HTTP/1.1" 200 -
192.168.11.216 - - [24/May/2023:11:34:37 +0800] "POST /eHR/ess/redirect.php?scriptname=ESNE001&appdesc=%E6%89%B9%E9%87%8F%E5%8A%A0%E7%8F%AD%E7%94%B3%E8%AF%B7 HTTP/1.1" 200 - "http://192.168.1.81:8088/eHR/ess/redirect.php?scriptname=ESNE001&appdesc=%E6%89%B9%E9%87%8F%E5%8A%A0%E7%8F%AD%E7%94%B3%E8%AF%B7" "Mozilla/5.0 (Windows NT 6.1; Win64; x64) AppleWebKit/537.36 (KHTML, like Gecko) Chrome/105.0.0.0 Safari/537.36"
192.168.11.216 - - [24/May/2023:11:34:52 +0800] "POST /eHR/ess/redirect.php?scriptname=ESNE001&appdesc=%E6%89%B9%E9%87%8F%E5%8A%A0%E7%8F%AD%E7%94%B3%E8%AF%B7 HTTP/1.1" 200 4290 "http://192.168.1.81:8088/eHR/ess/redirect.php?scriptname=ESNE001&appdesc=%E6%89%B9%E9%87%8F%E5%8A%A0%E7%8F%AD%E7%94%B3%E8%AF%B7" "Mozilla/5.0 (Windows NT 6.1; Win64; x64) AppleWebKit/537.36 (KHTML, like Gecko) Chrome/105.0.0.0 Safari/537.36"
192.168.11.216 - - [24/May/2023:11:34:52 +0800] "POST /eHR/ess/redirect.php?scriptname=ESNE001&appdesc=%E6%89%B9%E9%87%8F%E5%8A%A0%E7%8F%AD%E7%94%B3%E8%AF%B7 HTTP/1.1" 200 4290
192.168.11.216 - - [24/May/2023:11:35:39 +0800] "GET /eHR/ess/redirect.php?scriptname=ESNE001&appdesc=%E6%89%B9%E9%87%8F%E5%8A%A0%E7%8F%AD%E7%94%B3%E8%AF%B7 HTTP/1.1" 200 15271 "http://192.168.1.81:8088/eHR/ess/redirect.php" "Mozilla/5.0 (Windows NT 6.1; Win64; x64) AppleWebKit/537.36 (KHTML, like Gecko) Chrome/105.0.0.0 Safari/537.36"
192.168.11.216 - - [24/May/2023:11:35:39 +0800] "GET /eHR/ess/redirect.php?scriptname=ESNE001&appdesc=%E6%89%B9%E9%87%8F%E5%8A%A0%E7%8F%AD%E7%94%B3%E8%AF%B7 HTTP/1.1" 200 15271
192.168.11.216 - - [24/May/2023:11:35:52 +0800] "GET /eHR/ess/redirect.php?scriptname=emp_lov&openW=Y&rand=0.6355210402035734 HTTP/1.1" 200 8712
192.168.11.216 - - [24/May/2023:11:35:52 +0800] "GET /eHR/ess/redirect.php?scriptname=emp_lov&openW=Y&rand=0.6355210402035734 HTTP/1.1" 200 8712 "http://192.168.1.81:8088/eHR/ess/redirect.php?scriptname=ESNE001&appdesc=%E6%89%B9%E9%87%8F%E5%8A%A0%E7%8F%AD%E7%94%B3%E8%AF%B7" "Mozilla/5.0 (Windows NT 6.1; Win64; x64) AppleWebKit/537.36 (KHTML, like Gecko) Chrome/105.0.0.0 Safari/537.36"
192.168.11.216 - - [24/May/2023:11:35:56 +0800] "POST /eHR/ess/redirect.php?scriptname=emp_lov&openW=Y&rand=0.6355210402035734 HTTP/1.1" 200 16743 "http://192.168.1.81:8088/eHR/ess/redirect.php?scriptname=emp_lov&openW=Y&rand=0.6355210402035734" "Mozilla/5.0 (Windows NT 6.1; Win64; x64) AppleWebKit/537.36 (KHTML, like Gecko) Chrome/105.0.0.0 Safari/537.36"
192.168.11.216 - - [24/May/2023:11:35:56 +0800] "POST /eHR/ess/redirect.php?scriptname=emp_lov&openW=Y&rand=0.6355210402035734 HTTP/1.1" 200 16743
192.168.11.216 - - [24/May/2023:11:36:03 +0800] "POST /eHR/ess/redirect.php?scriptname=ESNE001&appdesc=%E6%89%B9%E9%87%8F%E5%8A%A0%E7%8F%AD%E7%94%B3%E8%AF%B7 HTTP/1.1" 200 4063 "http://192.168.1.81:8088/eHR/ess/redirect.php?scriptname=ESNE001&appdesc=%E6%89%B9%E9%87%8F%E5%8A%A0%E7%8F%AD%E7%94%B3%E8%AF%B7" "Mozilla/5.0 (Windows NT 6.1; Win64; x64) AppleWebKit/537.36 (KHTML, like Gecko) Chrome/105.0.0.0 Safari/537.36"
192.168.11.216 - - [24/May/2023:11:36:03 +0800] "POST /eHR/ess/redirect.php?scriptname=ESNE001&appdesc=%E6%89%B9%E9%87%8F%E5%8A%A0%E7%8F%AD%E7%94%B3%E8%AF%B7 HTTP/1.1" 200 4063
192.168.11.216 - - [24/May/2023:11:36:08 +0800] "GET /eHR/ess/redirect.php?scriptname=ESNE003&appdesc=%E6%89%B9%E9%87%8F%E5%8A%A0%E7%8F%AD%E6%9F%A5%E8%AF%A2 HTTP/1.1" 200 7645 "http://192.168.1.81:8088/eHR/ess/redirect.php" "Mozilla/5.0 (Windows NT 6.1; Win64; x64) AppleWebKit/537.36 (KHTML, like Gecko) Chrome/105.0.0.0 Safari/537.36"
192.168.11.216 - - [24/May/2023:11:36:08 +0800] "GET /eHR/ess/redirect.php?scriptname=ESNE003&appdesc=%E6%89%B9%E9%87%8F%E5%8A%A0%E7%8F%AD%E6%9F%A5%E8%AF%A2 HTTP/1.1" 200 7645
192.168.11.216 - - [24/May/2023:11:36:15 +0800] "POST /eHR/ess/redirect.php?scriptname=ESNE003&appdesc=%E6%89%B9%E9%87%8F%E5%8A%A0%E7%8F%AD%E6%9F%A5%E8%AF%A2 HTTP/1.1" 200 13053
192.168.11.216 - - [24/May/2023:11:36:15 +0800] "POST /eHR/ess/redirect.php?scriptname=ESNE003&appdesc=%E6%89%B9%E9%87%8F%E5%8A%A0%E7%8F%AD%E6%9F%A5%E8%AF%A2 HTTP/1.1" 200 13053 "http://192.168.1.81:8088/eHR/ess/redirect.php?scriptname=ESNE003&appdesc=%E6%89%B9%E9%87%8F%E5%8A%A0%E7%8F%AD%E6%9F%A5%E8%AF%A2" "Mozilla/5.0 (Windows NT 6.1; Win64; x64) AppleWebKit/537.36 (KHTML, like Gecko) Chrome/105.0.0.0 Safari/537.36"
192.168.11.216 - - [24/May/2023:11:36:34 +0800] "GET /eHR/ess/redirect.php?scriptname=ESNE001&appdesc=%E6%89%B9%E9%87%8F%E5%8A%A0%E7%8F%AD%E7%94%B3%E8%AF%B7 HTTP/1.1" 200 15271 "http://192.168.1.81:8088/eHR/ess/redirect.php" "Mozilla/5.0 (Windows NT 6.1; Win64; x64) AppleWebKit/537.36 (KHTML, like Gecko) Chrome/105.0.0.0 Safari/537.36"
192.168.11.216 - - [24/May/2023:11:36:34 +0800] "GET /eHR/ess/redirect.php?scriptname=ESNE001&appdesc=%E6%89%B9%E9%87%8F%E5%8A%A0%E7%8F%AD%E7%94%B3%E8%AF%B7 HTTP/1.1" 200 15271
192.168.11.216 - - [24/May/2023:11:36:47 +0800] "GET /eHR/ess/redirect.php?scriptname=emp_lov&openW=Y&rand=0.725944065843533 HTTP/1.1" 200 8712 "http://192.168.1.81:8088/eHR/ess/redirect.php?scriptname=ESNE001&appdesc=%E6%89%B9%E9%87%8F%E5%8A%A0%E7%8F%AD%E7%94%B3%E8%AF%B7" "Mozilla/5.0 (Windows NT 6.1; Win64; x64) AppleWebKit/537.36 (KHTML, like Gecko) Chrome/105.0.0.0 Safari/537.36"
192.168.11.216 - - [24/May/2023:11:36:47 +0800] "GET /eHR/ess/redirect.php?scriptname=emp_lov&openW=Y&rand=0.725944065843533 HTTP/1.1" 200 8712
192.168.11.216 - - [24/May/2023:11:36:51 +0800] "POST /eHR/ess/redirect.php?scriptname=emp_lov&openW=Y&rand=0.725944065843533 HTTP/1.1" 200 16743
192.168.11.216 - - [24/May/2023:11:36:51 +0800] "POST /eHR/ess/redirect.php?scriptname=emp_lov&openW=Y&rand=0.725944065843533 HTTP/1.1" 200 16743 "http://192.168.1.81:8088/eHR/ess/redirect.php?scriptname=emp_lov&openW=Y&rand=0.725944065843533" "Mozilla/5.0 (Windows NT 6.1; Win64; x64) AppleWebKit/537.36 (KHTML, like Gecko) Chrome/105.0.0.0 Safari/537.36"
192.168.11.216 - - [24/May/2023:11:36:58 +0800] "POST /eHR/ess/redirect.php?scriptname=ESNE001&appdesc=%E6%89%B9%E9%87%8F%E5%8A%A0%E7%8F%AD%E7%94%B3%E8%AF%B7 HTTP/1.1" 200 4068 "http://192.168.1.81:8088/eHR/ess/redirect.php?scriptname=ESNE001&appdesc=%E6%89%B9%E9%87%8F%E5%8A%A0%E7%8F%AD%E7%94%B3%E8%AF%B7" "Mozilla/5.0 (Windows NT 6.1; Win64; x64) AppleWebKit/537.36 (KHTML, like Gecko) Chrome/105.0.0.0 Safari/537.36"
192.168.11.216 - - [24/May/2023:11:36:58 +0800] "POST /eHR/ess/redirect.php?scriptname=ESNE001&appdesc=%E6%89%B9%E9%87%8F%E5%8A%A0%E7%8F%AD%E7%94%B3%E8%AF%B7 HTTP/1.1" 200 4068
192.168.11.216 - - [24/May/2023:11:37:01 +0800] "GET /eHR/ess/redirect.php?scriptname=ESNE003&appdesc=%E6%89%B9%E9%87%8F%E5%8A%A0%E7%8F%AD%E6%9F%A5%E8%AF%A2 HTTP/1.1" 200 7645
192.168.11.216 - - [24/May/2023:11:37:01 +0800] "GET /eHR/ess/redirect.php?scriptname=ESNE003&appdesc=%E6%89%B9%E9%87%8F%E5%8A%A0%E7%8F%AD%E6%9F%A5%E8%AF%A2 HTTP/1.1" 200 7645 "http://192.168.1.81:8088/eHR/ess/redirect.php" "Mozilla/5.0 (Windows NT 6.1; Win64; x64) AppleWebKit/537.36 (KHTML, like Gecko) Chrome/105.0.0.0 Safari/537.36"
192.168.11.216 - - [24/May/2023:11:37:07 +0800] "POST /eHR/ess/redirect.php?scriptname=ESNE003&appdesc=%E6%89%B9%E9%87%8F%E5%8A%A0%E7%8F%AD%E6%9F%A5%E8%AF%A2 HTTP/1.1" 200 9980
192.168.11.216 - - [24/May/2023:11:37:07 +0800] "POST /eHR/ess/redirect.php?scriptname=ESNE003&appdesc=%E6%89%B9%E9%87%8F%E5%8A%A0%E7%8F%AD%E6%9F%A5%E8%AF%A2 HTTP/1.1" 200 9980 "http://192.168.1.81:8088/eHR/ess/redirect.php?scriptname=ESNE003&appdesc=%E6%89%B9%E9%87%8F%E5%8A%A0%E7%8F%AD%E6%9F%A5%E8%AF%A2" "Mozilla/5.0 (Windows NT 6.1; Win64; x64) AppleWebKit/537.36 (KHTML, like Gecko) Chrome/105.0.0.0 Safari/537.36"
192.168.11.216 - - [24/May/2023:11:37:13 +0800] "POST /eHR/ess/redirect.php?scriptname=ESNE003&appdesc=%E6%89%B9%E9%87%8F%E5%8A%A0%E7%8F%AD%E6%9F%A5%E8%AF%A2 HTTP/1.1" 200 10020 "http://192.168.1.81:8088/eHR/ess/redirect.php?scriptname=ESNE003&appdesc=%E6%89%B9%E9%87%8F%E5%8A%A0%E7%8F%AD%E6%9F%A5%E8%AF%A2" "Mozilla/5.0 (Windows NT 6.1; Win64; x64) AppleWebKit/537.36 (KHTML, like Gecko) Chrome/105.0.0.0 Safari/537.36"
192.168.11.216 - - [24/May/2023:11:37:13 +0800] "POST /eHR/ess/redirect.php?scriptname=ESNE003&appdesc=%E6%89%B9%E9%87%8F%E5%8A%A0%E7%8F%AD%E6%9F%A5%E8%AF%A2 HTTP/1.1" 200 10020
192.168.11.136 - - [24/May/2023:11:38:14 +0800] "GET /eHR/ess/redirect.php HTTP/1.1" 302 121 "-" "Mozilla/5.0 (Windows NT 10.0; WOW64) AppleWebKit/537.36 (KHTML, like Gecko) Chrome/80.0.3987.87 Safari/537.36 SE 2.X MetaSr 1.0"
192.168.11.136 - - [24/May/2023:11:38:14 +0800] "GET /eHR/ess/redirect.php HTTP/1.1" 302 121
192.168.11.136 - - [24/May/2023:11:38:14 +0800] "GET /eHR/ess/redirect.php HTTP/1.1" 302 121 "-" "Mozilla/5.0 (Windows NT 10.0; WOW64) AppleWebKit/537.36 (KHTML, like Gecko) Chrome/80.0.3987.87 Safari/537.36 SE 2.X MetaSr 1.0"
192.168.11.136 - - [24/May/2023:11:38:14 +0800] "GET /eHR/ess/redirect.php HTTP/1.1" 302 121
192.168.11.136 - - [24/May/2023:11:38:14 +0800] "GET /eHR/ess/index.php?action=logout HTTP/1.1" 200 8826 "-" "Mozilla/5.0 (Windows NT 10.0; WOW64) AppleWebKit/537.36 (KHTML, like Gecko) Chrome/80.0.3987.87 Safari/537.36 SE 2.X MetaSr 1.0"
192.168.11.136 - - [24/May/2023:11:38:14 +0800] "GET /eHR/ess/index.php?action=logout HTTP/1.1" 200 8826
192.168.11.136 - - [24/May/2023:11:38:14 +0800] "GET /eHR/img/ares.ico HTTP/1.1" 200 1406
192.168.11.136 - - [24/May/2023:11:38:14 +0800] "GET /eHR/img/ares.ico HTTP/1.1" 200 1406 "-" "Mozilla/5.0 (Windows NT 10.0; WOW64) AppleWebKit/537.36 (KHTML, like Gecko) Chrome/80.0.3987.87 Safari/537.36 SE 2.X MetaSr 1.0"
192.168.11.136 - - [24/May/2023:11:38:14 +0800] "GET /eHR/img/ares.ico HTTP/1.1" 200 1406 "-" "Mozilla/5.0 (Windows NT 10.0; WOW64) AppleWebKit/537.36 (KHTML, like Gecko) Chrome/80.0.3987.87 Safari/537.36 SE 2.X MetaSr 1.0"
192.168.11.136 - - [24/May/2023:11:38:14 +0800] "GET /eHR/img/ares.ico HTTP/1.1" 200 1406
192.168.11.136 - - [24/May/2023:11:38:14 +0800] "GET /eHR/ess/index.php?action=logout HTTP/1.1" 200 8826 "-" "Mozilla/5.0 (Windows NT 10.0; WOW64) AppleWebKit/537.36 (KHTML, like Gecko) Chrome/80.0.3987.87 Safari/537.36 SE 2.X MetaSr 1.0"
192.168.11.136 - - [24/May/2023:11:38:14 +0800] "GET /eHR/ess/index.php?action=logout HTTP/1.1" 200 8826
192.168.11.136 - - [24/May/2023:11:38:15 +0800] "GET /eHR/img/ares.ico HTTP/1.1" 200 1406 "-" "Mozilla/5.0 (Windows NT 10.0; WOW64) AppleWebKit/537.36 (KHTML, like Gecko) Chrome/80.0.3987.87 Safari/537.36 SE 2.X MetaSr 1.0"
192.168.11.136 - - [24/May/2023:11:38:15 +0800] "GET /eHR/img/ares.ico HTTP/1.1" 200 1406
192.168.11.136 - - [24/May/2023:11:38:15 +0800] "GET /eHR/img/ares.ico HTTP/1.1" 200 1406 "-" "Mozilla/5.0 (Windows NT 10.0; WOW64) AppleWebKit/537.36 (KHTML, like Gecko) Chrome/80.0.3987.87 Safari/537.36 SE 2.X MetaSr 1.0"
192.168.11.136 - - [24/May/2023:11:38:15 +0800] "GET /eHR/img/ares.ico HTTP/1.1" 200 1406
192.168.11.136 - - [24/May/2023:11:38:15 +0800] "GET /eHR/img/ares.ico HTTP/1.1" 200 1406 "-" "Mozilla/5.0 (Windows NT 10.0; WOW64) AppleWebKit/537.36 (KHTML, like Gecko) Chrome/80.0.3987.87 Safari/537.36 SE 2.X MetaSr 1.0"
192.168.11.136 - - [24/May/2023:11:38:15 +0800] "GET /eHR/img/ares.ico HTTP/1.1" 200 1406
192.168.11.136 - - [24/May/2023:11:38:15 +0800] "GET /eHR/img/ares.ico HTTP/1.1" 200 1406 "-" "Mozilla/5.0 (Windows NT 10.0; WOW64) AppleWebKit/537.36 (KHTML, like Gecko) Chrome/80.0.3987.87 Safari/537.36 SE 2.X MetaSr 1.0"
192.168.11.136 - - [24/May/2023:11:38:15 +0800] "GET /eHR/img/ares.ico HTTP/1.1" 200 1406
192.168.11.136 - - [24/May/2023:11:38:27 +0800] "POST /eHR/ess/includes/login.php HTTP/1.1" 302 -
192.168.11.136 - - [24/May/2023:11:38:27 +0800] "POST /eHR/ess/includes/login.php HTTP/1.1" 302 - "http://192.168.1.81:8088/eHR/ess/index.php?action=logout" "Mozilla/5.0 (Windows NT 10.0; WOW64) AppleWebKit/537.36 (KHTML, like Gecko) Chrome/80.0.3987.87 Safari/537.36 SE 2.X MetaSr 1.0"
192.168.11.136 - - [24/May/2023:11:38:34 +0800] "GET /eHR/ess/redirect.php HTTP/1.1" 200 8926 "http://192.168.1.81:8088/eHR/ess/index.php?action=logout" "Mozilla/5.0 (Windows NT 10.0; WOW64) AppleWebKit/537.36 (KHTML, like Gecko) Chrome/80.0.3987.87 Safari/537.36 SE 2.X MetaSr 1.0"
192.168.11.136 - - [24/May/2023:11:38:34 +0800] "GET /eHR/ess/redirect.php HTTP/1.1" 200 8926
192.168.11.136 - - [24/May/2023:11:38:35 +0800] "GET /eHR/img/ares.ico HTTP/1.1" 200 1406 "-" "Mozilla/5.0 (Windows NT 10.0; WOW64) AppleWebKit/537.36 (KHTML, like Gecko) Chrome/80.0.3987.87 Safari/537.36 SE 2.X MetaSr 1.0"
192.168.11.136 - - [24/May/2023:11:38:35 +0800] "GET /eHR/img/ares.ico HTTP/1.1" 200 1406
192.168.11.136 - - [24/May/2023:11:38:35 +0800] "GET /eHR/img/ares.ico HTTP/1.1" 200 1406 "-" "Mozilla/5.0 (Windows NT 10.0; WOW64) AppleWebKit/537.36 (KHTML, like Gecko) Chrome/80.0.3987.87 Safari/537.36 SE 2.X MetaSr 1.0"
192.168.11.136 - - [24/May/2023:11:38:35 +0800] "GET /eHR/img/ares.ico HTTP/1.1" 200 1406
192.168.11.136 - - [24/May/2023:11:38:35 +0800] "GET /eHR/ess/redirect.php?scriptname=ESNH000 HTTP/1.1" 200 10081 "http://192.168.1.81:8088/eHR/ess/redirect.php" "Mozilla/5.0 (Windows NT 10.0; WOW64) AppleWebKit/537.36 (KHTML, like Gecko) Chrome/80.0.3987.87 Safari/537.36 SE 2.X MetaSr 1.0"
192.168.11.136 - - [24/May/2023:11:38:35 +0800] "GET /eHR/ess/redirect.php?scriptname=ESNH000 HTTP/1.1" 200 10081
192.168.11.136 - - [24/May/2023:11:38:44 +0800] "GET /eHR/ess/redirect.php?scriptname=ESNE003&appdesc=%E6%89%B9%E9%87%8F%E5%8A%A0%E7%8F%AD%E6%9F%A5%E8%AF%A2 HTTP/1.1" 200 7833
192.168.11.136 - - [24/May/2023:11:38:44 +0800] "GET /eHR/ess/redirect.php?scriptname=ESNE003&appdesc=%E6%89%B9%E9%87%8F%E5%8A%A0%E7%8F%AD%E6%9F%A5%E8%AF%A2 HTTP/1.1" 200 7833 "http://192.168.1.81:8088/eHR/ess/redirect.php" "Mozilla/5.0 (Windows NT 10.0; WOW64) AppleWebKit/537.36 (KHTML, like Gecko) Chrome/80.0.3987.87 Safari/537.36 SE 2.X MetaSr 1.0"
192.168.11.136 - - [24/May/2023:11:39:05 +0800] "GET /eHR/img/ares.ico HTTP/1.1" 200 1406 "-" "Mozilla/5.0 (Windows NT 10.0; WOW64) AppleWebKit/537.36 (KHTML, like Gecko) Chrome/80.0.3987.87 Safari/537.36 SE 2.X MetaSr 1.0"
192.168.11.136 - - [24/May/2023:11:39:05 +0800] "GET /eHR/img/ares.ico HTTP/1.1" 200 1406
192.168.11.216 - - [24/May/2023:11:39:11 +0800] "GET /eHR/ess/redirect.php?scriptname=ESNE002&appdesc=%E6%89%B9%E9%87%8F%E8%AF%B7%E5%81%87%E7%94%B3%E8%AF%B7 HTTP/1.1" 200 22066 "http://192.168.1.81:8088/eHR/ess/redirect.php" "Mozilla/5.0 (Windows NT 6.1; Win64; x64) AppleWebKit/537.36 (KHTML, like Gecko) Chrome/105.0.0.0 Safari/537.36"
192.168.11.216 - - [24/May/2023:11:39:11 +0800] "GET /eHR/ess/redirect.php?scriptname=ESNE002&appdesc=%E6%89%B9%E9%87%8F%E8%AF%B7%E5%81%87%E7%94%B3%E8%AF%B7 HTTP/1.1" 200 22066
192.168.11.216 - - [24/May/2023:11:39:27 +0800] "GET /eHR/ess/redirect.php?scriptname=emp_lov&openW=Y&rand=0.7070494567985652 HTTP/1.1" 200 8712 "http://192.168.1.81:8088/eHR/ess/redirect.php?scriptname=ESNE002&appdesc=%E6%89%B9%E9%87%8F%E8%AF%B7%E5%81%87%E7%94%B3%E8%AF%B7" "Mozilla/5.0 (Windows NT 6.1; Win64; x64) AppleWebKit/537.36 (KHTML, like Gecko) Chrome/105.0.0.0 Safari/537.36"
192.168.11.216 - - [24/May/2023:11:39:27 +0800] "GET /eHR/ess/redirect.php?scriptname=emp_lov&openW=Y&rand=0.7070494567985652 HTTP/1.1" 200 8712
192.168.11.216 - - [24/May/2023:11:39:34 +0800] "POST /eHR/ess/redirect.php?scriptname=emp_lov&openW=Y&rand=0.7070494567985652 HTTP/1.1" 200 16743 "http://192.168.1.81:8088/eHR/ess/redirect.php?scriptname=emp_lov&openW=Y&rand=0.7070494567985652" "Mozilla/5.0 (Windows NT 6.1; Win64; x64) AppleWebKit/537.36 (KHTML, like Gecko) Chrome/105.0.0.0 Safari/537.36"
192.168.11.216 - - [24/May/2023:11:39:34 +0800] "POST /eHR/ess/redirect.php?scriptname=emp_lov&openW=Y&rand=0.7070494567985652 HTTP/1.1" 200 16743
192.168.11.136 - - [24/May/2023:11:39:12 +0800] "POST /eHR/ess/redirect.php?scriptname=ESNE003&appdesc=%E6%89%B9%E9%87%8F%E5%8A%A0%E7%8F%AD%E6%9F%A5%E8%AF%A2 HTTP/1.1" 200 53819 "http://192.168.1.81:8088/eHR/ess/redirect.php?scriptname=ESNE003&appdesc=%E6%89%B9%E9%87%8F%E5%8A%A0%E7%8F%AD%E6%9F%A5%E8%AF%A2" "Mozilla/5.0 (Windows NT 10.0; WOW64) AppleWebKit/537.36 (KHTML, like Gecko) Chrome/80.0.3987.87 Safari/537.36 SE 2.X MetaSr 1.0"
192.168.11.136 - - [24/May/2023:11:39:12 +0800] "POST /eHR/ess/redirect.php?scriptname=ESNE003&appdesc=%E6%89%B9%E9%87%8F%E5%8A%A0%E7%8F%AD%E6%9F%A5%E8%AF%A2 HTTP/1.1" 200 53819
192.168.11.216 - - [24/May/2023:11:39:42 +0800] "POST /eHR/ess/redirect.php?scriptname=ESNE002&appdesc=%E6%89%B9%E9%87%8F%E8%AF%B7%E5%81%87%E7%94%B3%E8%AF%B7 HTTP/1.1" 200 -
192.168.11.216 - - [24/May/2023:11:39:42 +0800] "POST /eHR/ess/redirect.php?scriptname=ESNE002&appdesc=%E6%89%B9%E9%87%8F%E8%AF%B7%E5%81%87%E7%94%B3%E8%AF%B7 HTTP/1.1" 200 - "http://192.168.1.81:8088/eHR/ess/redirect.php?scriptname=ESNE002&appdesc=%E6%89%B9%E9%87%8F%E8%AF%B7%E5%81%87%E7%94%B3%E8%AF%B7" "Mozilla/5.0 (Windows NT 6.1; Win64; x64) AppleWebKit/537.36 (KHTML, like Gecko) Chrome/105.0.0.0 Safari/537.36"
192.168.11.136 - - [24/May/2023:11:39:50 +0800] "GET /eHR/ess/redirect.php?scriptname=ESNE003&action=delete&overtime_flowseqno=939592 HTTP/1.1" 200 - "http://192.168.1.81:8088/eHR/ess/redirect.php?scriptname=ESNE003&appdesc=%E6%89%B9%E9%87%8F%E5%8A%A0%E7%8F%AD%E6%9F%A5%E8%AF%A2" "Mozilla/5.0 (Windows NT 10.0; WOW64) AppleWebKit/537.36 (KHTML, like Gecko) Chrome/80.0.3987.87 Safari/537.36 SE 2.X MetaSr 1.0"
192.168.11.136 - - [24/May/2023:11:39:50 +0800] "GET /eHR/ess/redirect.php?scriptname=ESNE003&action=delete&overtime_flowseqno=939592 HTTP/1.1" 200 -
192.168.11.216 - - [24/May/2023:11:40:05 +0800] "POST /eHR/ess/redirect.php?scriptname=ESNE002&appdesc=%E6%89%B9%E9%87%8F%E8%AF%B7%E5%81%87%E7%94%B3%E8%AF%B7 HTTP/1.1" 200 4215 "http://192.168.1.81:8088/eHR/ess/redirect.php?scriptname=ESNE002&appdesc=%E6%89%B9%E9%87%8F%E8%AF%B7%E5%81%87%E7%94%B3%E8%AF%B7" "Mozilla/5.0 (Windows NT 6.1; Win64; x64) AppleWebKit/537.36 (KHTML, like Gecko) Chrome/105.0.0.0 Safari/537.36"
192.168.11.216 - - [24/May/2023:11:40:05 +0800] "POST /eHR/ess/redirect.php?scriptname=ESNE002&appdesc=%E6%89%B9%E9%87%8F%E8%AF%B7%E5%81%87%E7%94%B3%E8%AF%B7 HTTP/1.1" 200 4215
192.168.11.136 - - [24/May/2023:11:39:52 +0800] "GET /eHR/ess/redirect.php?scriptname=ESNE003&action=delete&overtime_flowseqno=939590 HTTP/1.1" 302 - "http://192.168.1.81:8088/eHR/ess/redirect.php?scriptname=ESNE003&appdesc=%E6%89%B9%E9%87%8F%E5%8A%A0%E7%8F%AD%E6%9F%A5%E8%AF%A2" "Mozilla/5.0 (Windows NT 10.0; WOW64) AppleWebKit/537.36 (KHTML, like Gecko) Chrome/80.0.3987.87 Safari/537.36 SE 2.X MetaSr 1.0"
192.168.11.136 - - [24/May/2023:11:39:52 +0800] "GET /eHR/ess/redirect.php?scriptname=ESNE003&action=delete&overtime_flowseqno=939590 HTTP/1.1" 302 -
192.168.11.136 - - [24/May/2023:11:39:54 +0800] "GET /eHR/ess/redirect.php?scriptname=ESNE003&action=delete&overtime_flowseqno=939596 HTTP/1.1" 302 - "http://192.168.1.81:8088/eHR/ess/redirect.php?scriptname=ESNE003&appdesc=%E6%89%B9%E9%87%8F%E5%8A%A0%E7%8F%AD%E6%9F%A5%E8%AF%A2" "Mozilla/5.0 (Windows NT 10.0; WOW64) AppleWebKit/537.36 (KHTML, like Gecko) Chrome/80.0.3987.87 Safari/537.36 SE 2.X MetaSr 1.0"
192.168.11.136 - - [24/May/2023:11:39:54 +0800] "GET /eHR/ess/redirect.php?scriptname=ESNE003&action=delete&overtime_flowseqno=939596 HTTP/1.1" 302 -
192.168.11.136 - - [24/May/2023:11:39:57 +0800] "GET /eHR/ess/redirect.php?scriptname=ESNE003&action=delete&overtime_flowseqno=939594 HTTP/1.1" 302 - "http://192.168.1.81:8088/eHR/ess/redirect.php?scriptname=ESNE003&appdesc=%E6%89%B9%E9%87%8F%E5%8A%A0%E7%8F%AD%E6%9F%A5%E8%AF%A2" "Mozilla/5.0 (Windows NT 10.0; WOW64) AppleWebKit/537.36 (KHTML, like Gecko) Chrome/80.0.3987.87 Safari/537.36 SE 2.X MetaSr 1.0"
192.168.11.136 - - [24/May/2023:11:39:57 +0800] "GET /eHR/ess/redirect.php?scriptname=ESNE003&action=delete&overtime_flowseqno=939594 HTTP/1.1" 302 -
192.168.11.136 - - [24/May/2023:11:39:59 +0800] "GET /eHR/ess/redirect.php?scriptname=ESNE003&action=delete&overtime_flowseqno=939588 HTTP/1.1" 302 - "http://192.168.1.81:8088/eHR/ess/redirect.php?scriptname=ESNE003&appdesc=%E6%89%B9%E9%87%8F%E5%8A%A0%E7%8F%AD%E6%9F%A5%E8%AF%A2" "Mozilla/5.0 (Windows NT 10.0; WOW64) AppleWebKit/537.36 (KHTML, like Gecko) Chrome/80.0.3987.87 Safari/537.36 SE 2.X MetaSr 1.0"
192.168.11.136 - - [24/May/2023:11:39:59 +0800] "GET /eHR/ess/redirect.php?scriptname=ESNE003&action=delete&overtime_flowseqno=939588 HTTP/1.1" 302 -
192.168.11.216 - - [24/May/2023:11:40:26 +0800] "GET /eHR/ess/redirect.php?scriptname=ESNE002&appdesc=%E6%89%B9%E9%87%8F%E8%AF%B7%E5%81%87%E7%94%B3%E8%AF%B7 HTTP/1.1" 200 22066 "http://192.168.1.81:8088/eHR/ess/redirect.php" "Mozilla/5.0 (Windows NT 6.1; Win64; x64) AppleWebKit/537.36 (KHTML, like Gecko) Chrome/105.0.0.0 Safari/537.36"
192.168.11.216 - - [24/May/2023:11:40:26 +0800] "GET /eHR/ess/redirect.php?scriptname=ESNE002&appdesc=%E6%89%B9%E9%87%8F%E8%AF%B7%E5%81%87%E7%94%B3%E8%AF%B7 HTTP/1.1" 200 22066
192.168.11.136 - - [24/May/2023:11:40:01 +0800] "GET /eHR/ess/redirect.php?scriptname=ESNE003&action=delete&overtime_flowseqno=939586 HTTP/1.1" 302 - "http://192.168.1.81:8088/eHR/ess/redirect.php?scriptname=ESNE003&appdesc=%E6%89%B9%E9%87%8F%E5%8A%A0%E7%8F%AD%E6%9F%A5%E8%AF%A2" "Mozilla/5.0 (Windows NT 10.0; WOW64) AppleWebKit/537.36 (KHTML, like Gecko) Chrome/80.0.3987.87 Safari/537.36 SE 2.X MetaSr 1.0"
192.168.11.136 - - [24/May/2023:11:40:01 +0800] "GET /eHR/ess/redirect.php?scriptname=ESNE003&action=delete&overtime_flowseqno=939586 HTTP/1.1" 302 -
192.168.11.216 - - [24/May/2023:11:40:26 +0800] "GET /eHR/ess/redirect.php?scriptname=ESNE004&appdesc=%E6%89%B9%E9%87%8F%E8%AF%B7%E5%81%87%E6%9F%A5%E8%AF%A2 HTTP/1.1" 200 8111 "http://192.168.1.81:8088/eHR/ess/redirect.php" "Mozilla/5.0 (Windows NT 6.1; Win64; x64) AppleWebKit/537.36 (KHTML, like Gecko) Chrome/105.0.0.0 Safari/537.36"
192.168.11.216 - - [24/May/2023:11:40:26 +0800] "GET /eHR/ess/redirect.php?scriptname=ESNE004&appdesc=%E6%89%B9%E9%87%8F%E8%AF%B7%E5%81%87%E6%9F%A5%E8%AF%A2 HTTP/1.1" 200 8111
192.168.11.136 - - [24/May/2023:11:40:04 +0800] "GET /eHR/ess/redirect.php?scriptname=ESNE003&action=delete&overtime_flowseqno=939584 HTTP/1.1" 302 - "http://192.168.1.81:8088/eHR/ess/redirect.php?scriptname=ESNE003&appdesc=%E6%89%B9%E9%87%8F%E5%8A%A0%E7%8F%AD%E6%9F%A5%E8%AF%A2" "Mozilla/5.0 (Windows NT 10.0; WOW64) AppleWebKit/537.36 (KHTML, like Gecko) Chrome/80.0.3987.87 Safari/537.36 SE 2.X MetaSr 1.0"
192.168.11.136 - - [24/May/2023:11:40:04 +0800] "GET /eHR/ess/redirect.php?scriptname=ESNE003&action=delete&overtime_flowseqno=939584 HTTP/1.1" 302 -
192.168.11.136 - - [24/May/2023:11:40:13 +0800] "GET /eHR/ess/redirect.php?scriptname=ESNE003&action=delete&overtime_flowseqno=939582 HTTP/1.1" 302 - "http://192.168.1.81:8088/eHR/ess/redirect.php?scriptname=ESNE003&appdesc=%E6%89%B9%E9%87%8F%E5%8A%A0%E7%8F%AD%E6%9F%A5%E8%AF%A2" "Mozilla/5.0 (Windows NT 10.0; WOW64) AppleWebKit/537.36 (KHTML, like Gecko) Chrome/80.0.3987.87 Safari/537.36 SE 2.X MetaSr 1.0"
192.168.11.136 - - [24/May/2023:11:40:13 +0800] "GET /eHR/ess/redirect.php?scriptname=ESNE003&action=delete&overtime_flowseqno=939582 HTTP/1.1" 302 -
192.168.11.136 - - [24/May/2023:11:40:15 +0800] "GET /eHR/ess/redirect.php?scriptname=ESNE003&action=delete&overtime_flowseqno=939580 HTTP/1.1" 302 - "http://192.168.1.81:8088/eHR/ess/redirect.php?scriptname=ESNE003&appdesc=%E6%89%B9%E9%87%8F%E5%8A%A0%E7%8F%AD%E6%9F%A5%E8%AF%A2" "Mozilla/5.0 (Windows NT 10.0; WOW64) AppleWebKit/537.36 (KHTML, like Gecko) Chrome/80.0.3987.87 Safari/537.36 SE 2.X MetaSr 1.0"
192.168.11.136 - - [24/May/2023:11:40:15 +0800] "GET /eHR/ess/redirect.php?scriptname=ESNE003&action=delete&overtime_flowseqno=939580 HTTP/1.1" 302 -
192.168.11.136 - - [24/May/2023:11:40:17 +0800] "GET /eHR/ess/redirect.php?scriptname=ESNE003&action=delete&overtime_flowseqno=939578 HTTP/1.1" 302 - "http://192.168.1.81:8088/eHR/ess/redirect.php?scriptname=ESNE003&appdesc=%E6%89%B9%E9%87%8F%E5%8A%A0%E7%8F%AD%E6%9F%A5%E8%AF%A2" "Mozilla/5.0 (Windows NT 10.0; WOW64) AppleWebKit/537.36 (KHTML, like Gecko) Chrome/80.0.3987.87 Safari/537.36 SE 2.X MetaSr 1.0"
192.168.11.136 - - [24/May/2023:11:40:17 +0800] "GET /eHR/ess/redirect.php?scriptname=ESNE003&action=delete&overtime_flowseqno=939578 HTTP/1.1" 302 -
192.168.11.136 - - [24/May/2023:11:40:19 +0800] "GET /eHR/ess/redirect.php?scriptname=ESNE003&action=delete&overtime_flowseqno=939576 HTTP/1.1" 302 - "http://192.168.1.81:8088/eHR/ess/redirect.php?scriptname=ESNE003&appdesc=%E6%89%B9%E9%87%8F%E5%8A%A0%E7%8F%AD%E6%9F%A5%E8%AF%A2" "Mozilla/5.0 (Windows NT 10.0; WOW64) AppleWebKit/537.36 (KHTML, like Gecko) Chrome/80.0.3987.87 Safari/537.36 SE 2.X MetaSr 1.0"
192.168.11.136 - - [24/May/2023:11:40:19 +0800] "GET /eHR/ess/redirect.php?scriptname=ESNE003&action=delete&overtime_flowseqno=939576 HTTP/1.1" 302 -
192.168.11.136 - - [24/May/2023:11:40:22 +0800] "GET /eHR/ess/redirect.php?scriptname=ESNE003&action=delete&overtime_flowseqno=939574 HTTP/1.1" 302 - "http://192.168.1.81:8088/eHR/ess/redirect.php?scriptname=ESNE003&appdesc=%E6%89%B9%E9%87%8F%E5%8A%A0%E7%8F%AD%E6%9F%A5%E8%AF%A2" "Mozilla/5.0 (Windows NT 10.0; WOW64) AppleWebKit/537.36 (KHTML, like Gecko) Chrome/80.0.3987.87 Safari/537.36 SE 2.X MetaSr 1.0"
192.168.11.136 - - [24/May/2023:11:40:22 +0800] "GET /eHR/ess/redirect.php?scriptname=ESNE003&action=delete&overtime_flowseqno=939574 HTTP/1.1" 302 -
192.168.11.136 - - [24/May/2023:11:40:27 +0800] "GET /eHR/ess/redirect.php?scriptname=ESNE003&action=delete&overtime_flowseqno=939566 HTTP/1.1" 302 - "http://192.168.1.81:8088/eHR/ess/redirect.php?scriptname=ESNE003&appdesc=%E6%89%B9%E9%87%8F%E5%8A%A0%E7%8F%AD%E6%9F%A5%E8%AF%A2" "Mozilla/5.0 (Windows NT 10.0; WOW64) AppleWebKit/537.36 (KHTML, like Gecko) Chrome/80.0.3987.87 Safari/537.36 SE 2.X MetaSr 1.0"
192.168.11.136 - - [24/May/2023:11:40:27 +0800] "GET /eHR/ess/redirect.php?scriptname=ESNE003&action=delete&overtime_flowseqno=939566 HTTP/1.1" 302 -
192.168.11.136 - - [24/May/2023:11:40:29 +0800] "GET /eHR/ess/redirect.php?scriptname=ESNE003&action=delete&overtime_flowseqno=939560 HTTP/1.1" 302 - "http://192.168.1.81:8088/eHR/ess/redirect.php?scriptname=ESNE003&appdesc=%E6%89%B9%E9%87%8F%E5%8A%A0%E7%8F%AD%E6%9F%A5%E8%AF%A2" "Mozilla/5.0 (Windows NT 10.0; WOW64) AppleWebKit/537.36 (KHTML, like Gecko) Chrome/80.0.3987.87 Safari/537.36 SE 2.X MetaSr 1.0"
192.168.11.136 - - [24/May/2023:11:40:29 +0800] "GET /eHR/ess/redirect.php?scriptname=ESNE003&action=delete&overtime_flowseqno=939560 HTTP/1.1" 302 -
192.168.11.136 - - [24/May/2023:11:40:32 +0800] "GET /eHR/ess/redirect.php?scriptname=ESNE003&action=delete&overtime_flowseqno=939572 HTTP/1.1" 302 -
192.168.11.136 - - [24/May/2023:11:40:32 +0800] "GET /eHR/ess/redirect.php?scriptname=ESNE003&action=delete&overtime_flowseqno=939572 HTTP/1.1" 302 - "http://192.168.1.81:8088/eHR/ess/redirect.php?scriptname=ESNE003&appdesc=%E6%89%B9%E9%87%8F%E5%8A%A0%E7%8F%AD%E6%9F%A5%E8%AF%A2" "Mozilla/5.0 (Windows NT 10.0; WOW64) AppleWebKit/537.36 (KHTML, like Gecko) Chrome/80.0.3987.87 Safari/537.36 SE 2.X MetaSr 1.0"
192.168.11.136 - - [24/May/2023:11:40:35 +0800] "GET /eHR/ess/redirect.php?scriptname=ESNE003&action=delete&overtime_flowseqno=939570 HTTP/1.1" 302 - "http://192.168.1.81:8088/eHR/ess/redirect.php?scriptname=ESNE003&appdesc=%E6%89%B9%E9%87%8F%E5%8A%A0%E7%8F%AD%E6%9F%A5%E8%AF%A2" "Mozilla/5.0 (Windows NT 10.0; WOW64) AppleWebKit/537.36 (KHTML, like Gecko) Chrome/80.0.3987.87 Safari/537.36 SE 2.X MetaSr 1.0"
192.168.11.136 - - [24/May/2023:11:40:35 +0800] "GET /eHR/ess/redirect.php?scriptname=ESNE003&action=delete&overtime_flowseqno=939570 HTTP/1.1" 302 -
192.168.11.136 - - [24/May/2023:11:40:38 +0800] "GET /eHR/ess/redirect.php?scriptname=page_success&msgtxt=%E5%96%AE%E8%99%9F%3A939570+%E7%9A%84%E7%94%B3%E8%AB%8B%E5%96%AE%E5%88%AA%E9%99%A4%E6%88%90%E5%8A%9F.&target=iframe HTTP/1.1" 200 3104 "http://192.168.1.81:8088/eHR/ess/redirect.php?scriptname=ESNE003&appdesc=%E6%89%B9%E9%87%8F%E5%8A%A0%E7%8F%AD%E6%9F%A5%E8%AF%A2" "Mozilla/5.0 (Windows NT 10.0; WOW64) AppleWebKit/537.36 (KHTML, like Gecko) Chrome/80.0.3987.87 Safari/537.36 SE 2.X MetaSr 1.0"
192.168.11.136 - - [24/May/2023:11:40:38 +0800] "GET /eHR/ess/redirect.php?scriptname=page_success&msgtxt=%E5%96%AE%E8%99%9F%3A939570+%E7%9A%84%E7%94%B3%E8%AB%8B%E5%96%AE%E5%88%AA%E9%99%A4%E6%88%90%E5%8A%9F.&target=iframe HTTP/1.1" 200 3104
192.168.11.136 - - [24/May/2023:11:40:39 +0800] "GET /eHR/ess/redirect.php?scriptname=ESNE003&action=delete&overtime_flowseqno=939568 HTTP/1.1" 302 -
192.168.11.136 - - [24/May/2023:11:40:39 +0800] "GET /eHR/ess/redirect.php?scriptname=ESNE003&action=delete&overtime_flowseqno=939568 HTTP/1.1" 302 - "http://192.168.1.81:8088/eHR/ess/redirect.php?scriptname=ESNE003&appdesc=%E6%89%B9%E9%87%8F%E5%8A%A0%E7%8F%AD%E6%9F%A5%E8%AF%A2" "Mozilla/5.0 (Windows NT 10.0; WOW64) AppleWebKit/537.36 (KHTML, like Gecko) Chrome/80.0.3987.87 Safari/537.36 SE 2.X MetaSr 1.0"
