192.168.11.222 - - [24/May/2023:10:29:25 +0800] "GET /idcard/css/jqueryui/themes/redmond/jquery.ui.selectable.css HTTP/1.1" 200 323 "http://192.168.1.81:8088/idcard/ess/index.php?action=logout" "Mozilla/4.0 (compatible; MSIE 7.0; Windows NT 10.0; WOW64; Trident/7.0; Touch; .NET4.0C; .NET4.0E; Tablet PC 2.0)"
192.168.11.222 - - [24/May/2023:10:29:25 +0800] "GET /idcard/css/jqueryui/themes/redmond/jquery.ui.theme.css HTTP/1.1" 200 18198 "http://192.168.1.81:8088/idcard/ess/index.php?action=logout" "Mozilla/4.0 (compatible; MSIE 7.0; Windows NT 10.0; WOW64; Trident/7.0; Touch; .NET4.0C; .NET4.0E; Tablet PC 2.0)"
192.168.11.222 - - [24/May/2023:10:29:25 +0800] "GET /idcard/css/jqueryui/themes/redmond/jquery.ui.theme.css HTTP/1.1" 200 18198
192.168.11.222 - - [24/May/2023:10:29:25 +0800] "GET /idcard/css/jqueryui/themes/redmond/jquery.ui.accordion.css HTTP/1.1" 200 1066 "http://192.168.1.81:8088/idcard/ess/index.php?action=logout" "Mozilla/4.0 (compatible; MSIE 7.0; Windows NT 10.0; WOW64; Trident/7.0; Touch; .NET4.0C; .NET4.0E; Tablet PC 2.0)"
192.168.11.222 - - [24/May/2023:10:29:25 +0800] "GET /idcard/css/jqueryui/themes/redmond/jquery.ui.autocomplete.css HTTP/1.1" 200 1108 "http://192.168.1.81:8088/idcard/ess/index.php?action=logout" "Mozilla/4.0 (compatible; MSIE 7.0; Windows NT 10.0; WOW64; Trident/7.0; Touch; .NET4.0C; .NET4.0E; Tablet PC 2.0)"
192.168.11.222 - - [24/May/2023:10:29:25 +0800] "GET /idcard/css/jqueryui/themes/redmond/jquery.ui.accordion.css HTTP/1.1" 200 1066
192.168.11.222 - - [24/May/2023:10:29:25 +0800] "GET /idcard/css/jqueryui/themes/redmond/jquery.ui.autocomplete.css HTTP/1.1" 200 1108
192.168.11.222 - - [24/May/2023:10:29:25 +0800] "GET /idcard/css/jqueryui/themes/redmond/jquery.ui.button.css HTTP/1.1" 200 2471
192.168.11.222 - - [24/May/2023:10:29:25 +0800] "GET /idcard/css/jqueryui/themes/redmond/jquery.ui.button.css HTTP/1.1" 200 2471 "http://192.168.1.81:8088/idcard/ess/index.php?action=logout" "Mozilla/4.0 (compatible; MSIE 7.0; Windows NT 10.0; WOW64; Trident/7.0; Touch; .NET4.0C; .NET4.0E; Tablet PC 2.0)"
192.168.11.222 - - [24/May/2023:10:29:25 +0800] "GET /idcard/js/jqueryui/jquery-ui-1.8.11.custom.min.js HTTP/1.1" 200 208229 "http://192.168.1.81:8088/idcard/ess/index.php?action=logout" "Mozilla/4.0 (compatible; MSIE 7.0; Windows NT 10.0; WOW64; Trident/7.0; Touch; .NET4.0C; .NET4.0E; Tablet PC 2.0)"
192.168.11.222 - - [24/May/2023:10:29:25 +0800] "GET /idcard/js/jqueryui/jquery-ui-1.8.11.custom.min.js HTTP/1.1" 200 208229
192.168.11.222 - - [24/May/2023:10:29:25 +0800] "GET /idcard/css/jqueryui/themes/redmond/jquery.ui.dialog.css HTTP/1.1" 200 1358 "http://192.168.1.81:8088/idcard/ess/index.php?action=logout" "Mozilla/4.0 (compatible; MSIE 7.0; Windows NT 10.0; WOW64; Trident/7.0; Touch; .NET4.0C; .NET4.0E; Tablet PC 2.0)"
192.168.11.222 - - [24/May/2023:10:29:25 +0800] "GET /idcard/css/jqueryui/themes/redmond/jquery.ui.dialog.css HTTP/1.1" 200 1358
192.168.11.222 - - [24/May/2023:10:29:25 +0800] "GET /idcard/js/jqueryui/jquery-1.4.4.min.js HTTP/1.1" 200 78601 "http://192.168.1.81:8088/idcard/ess/index.php?action=logout" "Mozilla/4.0 (compatible; MSIE 7.0; Windows NT 10.0; WOW64; Trident/7.0; Touch; .NET4.0C; .NET4.0E; Tablet PC 2.0)"
192.168.11.222 - - [24/May/2023:10:29:25 +0800] "GET /idcard/js/jqueryui/jquery-1.4.4.min.js HTTP/1.1" 200 78601
192.168.11.222 - - [24/May/2023:10:29:25 +0800] "GET /idcard/css/jqueryui/themes/redmond/jquery.ui.slider.css HTTP/1.1" 200 1140 "http://192.168.1.81:8088/idcard/ess/index.php?action=logout" "Mozilla/4.0 (compatible; MSIE 7.0; Windows NT 10.0; WOW64; Trident/7.0; Touch; .NET4.0C; .NET4.0E; Tablet PC 2.0)"
192.168.11.222 - - [24/May/2023:10:29:25 +0800] "GET /idcard/css/jqueryui/themes/redmond/jquery.ui.slider.css HTTP/1.1" 200 1140
192.168.11.222 - - [24/May/2023:10:29:25 +0800] "GET /idcard/css/jqueryui/themes/redmond/jquery.ui.tabs.css HTTP/1.1" 200 1383 "http://192.168.1.81:8088/idcard/ess/index.php?action=logout" "Mozilla/4.0 (compatible; MSIE 7.0; Windows NT 10.0; WOW64; Trident/7.0; Touch; .NET4.0C; .NET4.0E; Tablet PC 2.0)"
192.168.11.222 - - [24/May/2023:10:29:25 +0800] "GET /idcard/css/jqueryui/themes/redmond/jquery.ui.tabs.css HTTP/1.1" 200 1383
192.168.11.222 - - [24/May/2023:10:29:25 +0800] "GET /idcard/css/jqueryui/themes/redmond/jquery.ui.progressbar.css HTTP/1.1" 200 357 "http://192.168.1.81:8088/idcard/ess/index.php?action=logout" "Mozilla/4.0 (compatible; MSIE 7.0; Windows NT 10.0; WOW64; Trident/7.0; Touch; .NET4.0C; .NET4.0E; Tablet PC 2.0)"
192.168.11.222 - - [24/May/2023:10:29:25 +0800] "GET /idcard/css/jqueryui/themes/redmond/jquery.ui.progressbar.css HTTP/1.1" 200 357
192.168.11.222 - - [24/May/2023:10:29:25 +0800] "GET /idcard/css/jqueryui/themes/redmond/jquery.ui.datepicker.css HTTP/1.1" 200 4046
192.168.11.222 - - [24/May/2023:10:29:25 +0800] "GET /idcard/css/jqueryui/themes/redmond/jquery.ui.datepicker.css HTTP/1.1" 200 4046 "http://192.168.1.81:8088/idcard/ess/index.php?action=logout" "Mozilla/4.0 (compatible; MSIE 7.0; Windows NT 10.0; WOW64; Trident/7.0; Touch; .NET4.0C; .NET4.0E; Tablet PC 2.0)"
192.168.11.222 - - [24/May/2023:10:29:25 +0800] "GET /idcard/img/loginbg.gif HTTP/1.1" 200 7026
192.168.11.222 - - [24/May/2023:10:29:25 +0800] "GET /idcard/img/loginbg.gif HTTP/1.1" 200 7026 "http://192.168.1.81:8088/idcard/ess/index.php?action=logout" "Mozilla/4.0 (compatible; MSIE 7.0; Windows NT 10.0; WOW64; Trident/7.0; Touch; .NET4.0C; .NET4.0E; Tablet PC 2.0)"
192.168.11.222 - - [24/May/2023:10:29:25 +0800] "GET /idcard/img/img1.jpg HTTP/1.1" 200 33358 "http://192.168.1.81:8088/idcard/ess/index.php?action=logout" "Mozilla/4.0 (compatible; MSIE 7.0; Windows NT 10.0; WOW64; Trident/7.0; Touch; .NET4.0C; .NET4.0E; Tablet PC 2.0)"
192.168.11.222 - - [24/May/2023:10:29:25 +0800] "GET /idcard/img/img1.jpg HTTP/1.1" 200 33358
192.168.11.222 - - [24/May/2023:10:29:25 +0800] "GET /idcard/img/index_banner_2.jpg HTTP/1.1" 200 45216
192.168.11.222 - - [24/May/2023:10:29:25 +0800] "GET /idcard/img/index_banner_2.jpg HTTP/1.1" 200 45216 "http://192.168.1.81:8088/idcard/ess/index.php?action=logout" "Mozilla/4.0 (compatible; MSIE 7.0; Windows NT 10.0; WOW64; Trident/7.0; Touch; .NET4.0C; .NET4.0E; Tablet PC 2.0)"
192.168.11.222 - - [24/May/2023:10:29:30 +0800] "GET /idcard/ess/index.php?lang=ZHT HTTP/1.1" 200 11480 "http://192.168.1.81:8088/idcard/ess/index.php?action=logout" "Mozilla/4.0 (compatible; MSIE 7.0; Windows NT 10.0; WOW64; Trident/7.0; Touch; .NET4.0C; .NET4.0E; Tablet PC 2.0)"
192.168.11.222 - - [24/May/2023:10:29:30 +0800] "GET /idcard/ess/index.php?lang=ZHT HTTP/1.1" 200 11480
192.168.11.172 - - [24/May/2023:10:28:06 +0800] "POST /eHR/ess/redirect.php?scriptname=ESNA014&appdesc=%E5%8A%A0%E7%8F%AD%E7%94%B3%E8%AF%B7 HTTP/1.1" 200 -
192.168.11.172 - - [24/May/2023:10:28:06 +0800] "POST /eHR/ess/redirect.php?scriptname=ESNA014&appdesc=%E5%8A%A0%E7%8F%AD%E7%94%B3%E8%AF%B7 HTTP/1.1" 200 - "http://192.168.1.81:8088/eHR/ess/redirect.php?scriptname=ESNA014&appdesc=%E5%8A%A0%E7%8F%AD%E7%94%B3%E8%AF%B7" "Mozilla/5.0 (Windows NT 6.1; Win64; x64) AppleWebKit/537.36 (KHTML, like Gecko) Chrome/105.0.0.0 Safari/537.36"
192.168.11.222 - - [24/May/2023:10:29:40 +0800] "POST /idcard/ess/includes/login.php HTTP/1.1" 302 - "http://192.168.1.81:8088/idcard/ess/index.php?lang=ZHT" "Mozilla/4.0 (compatible; MSIE 7.0; Windows NT 10.0; WOW64; Trident/7.0; Touch; .NET4.0C; .NET4.0E; Tablet PC 2.0)"
192.168.11.222 - - [24/May/2023:10:29:40 +0800] "POST /idcard/ess/includes/login.php HTTP/1.1" 302 -
192.168.11.222 - - [24/May/2023:10:29:54 +0800] "GET /idcard/ess/redirect.php HTTP/1.1" 200 6088 "http://192.168.1.81:8088/idcard/ess/index.php?lang=ZHT" "Mozilla/4.0 (compatible; MSIE 7.0; Windows NT 10.0; WOW64; Trident/7.0; Touch; .NET4.0C; .NET4.0E; Tablet PC 2.0)"
192.168.11.222 - - [24/May/2023:10:29:54 +0800] "GET /idcard/ess/redirect.php HTTP/1.1" 200 6088
192.168.11.222 - - [24/May/2023:10:30:12 +0800] "GET /idcard/css/layout/layout.min.css HTTP/1.1" 200 3534 "http://192.168.1.81:8088/idcard/ess/redirect.php" "Mozilla/4.0 (compatible; MSIE 7.0; Windows NT 10.0; WOW64; Trident/7.0; Touch; .NET4.0C; .NET4.0E; Tablet PC 2.0)"
192.168.11.222 - - [24/May/2023:10:30:12 +0800] "GET /idcard/css/layout/layout.min.css HTTP/1.1" 200 3534
192.168.11.222 - - [24/May/2023:10:30:13 +0800] "GET /idcard/img/icon_exit.png HTTP/1.1" 200 3607
192.168.11.222 - - [24/May/2023:10:30:13 +0800] "GET /idcard/img/icon_exit.png HTTP/1.1" 200 3607 "http://192.168.1.81:8088/idcard/ess/redirect.php" "Mozilla/4.0 (compatible; MSIE 7.0; Windows NT 10.0; WOW64; Trident/7.0; Touch; .NET4.0C; .NET4.0E; Tablet PC 2.0)"
192.168.11.222 - - [24/May/2023:10:30:13 +0800] "GET /idcard/js/jquery.cookie.min.js HTTP/1.1" 200 4339 "http://192.168.1.81:8088/idcard/ess/redirect.php" "Mozilla/4.0 (compatible; MSIE 7.0; Windows NT 10.0; WOW64; Trident/7.0; Touch; .NET4.0C; .NET4.0E; Tablet PC 2.0)"
192.168.11.222 - - [24/May/2023:10:30:13 +0800] "GET /idcard/js/jquery.cookie.min.js HTTP/1.1" 200 4339
192.168.11.222 - - [24/May/2023:10:30:13 +0800] "GET /idcard/js/jquery.layout.min-1.2.0.js HTTP/1.1" 200 34635 "http://192.168.1.81:8088/idcard/ess/redirect.php" "Mozilla/4.0 (compatible; MSIE 7.0; Windows NT 10.0; WOW64; Trident/7.0; Touch; .NET4.0C; .NET4.0E; Tablet PC 2.0)"
192.168.11.222 - - [24/May/2023:10:30:13 +0800] "GET /idcard/js/jquery.layout.min-1.2.0.js HTTP/1.1" 200 34635
192.168.11.222 - - [24/May/2023:10:30:13 +0800] "GET /idcard/img/Person.png HTTP/1.1" 200 960 "http://192.168.1.81:8088/idcard/ess/redirect.php" "Mozilla/4.0 (compatible; MSIE 7.0; Windows NT 10.0; WOW64; Trident/7.0; Touch; .NET4.0C; .NET4.0E; Tablet PC 2.0)"
192.168.11.222 - - [24/May/2023:10:30:13 +0800] "GET /idcard/img/Person.png HTTP/1.1" 200 960
192.168.11.222 - - [24/May/2023:10:30:13 +0800] "GET /idcard/img/human.png HTTP/1.1" 200 26107 "http://192.168.1.81:8088/idcard/ess/redirect.php" "Mozilla/4.0 (compatible; MSIE 7.0; Windows NT 10.0; WOW64; Trident/7.0; Touch; .NET4.0C; .NET4.0E; Tablet PC 2.0)"
192.168.11.222 - - [24/May/2023:10:30:13 +0800] "GET /idcard/img/human.png HTTP/1.1" 200 26107
192.168.11.222 - - [24/May/2023:10:30:13 +0800] "GET /idcard/img/ess-logo.png HTTP/1.1" 200 13038 "http://192.168.1.81:8088/idcard/ess/redirect.php" "Mozilla/4.0 (compatible; MSIE 7.0; Windows NT 10.0; WOW64; Trident/7.0; Touch; .NET4.0C; .NET4.0E; Tablet PC 2.0)"
192.168.11.222 - - [24/May/2023:10:30:13 +0800] "GET /idcard/img/ess-logo.png HTTP/1.1" 200 13038
192.168.11.222 - - [24/May/2023:10:30:13 +0800] "GET /idcard/img/layout/toggle-lt.gif HTTP/1.1" 200 871
192.168.11.222 - - [24/May/2023:10:30:13 +0800] "GET /idcard/img/layout/toggle-lt.gif HTTP/1.1" 200 871 "http://192.168.1.81:8088/idcard/ess/redirect.php" "Mozilla/4.0 (compatible; MSIE 7.0; Windows NT 10.0; WOW64; Trident/7.0; Touch; .NET4.0C; .NET4.0E; Tablet PC 2.0)"
192.168.11.222 - - [24/May/2023:10:30:13 +0800] "GET /idcard/css/jqueryui/themes/redmond/images/ui-bg_glass_85_dfeffc_1x400.png HTTP/1.1" 200 123 "http://192.168.1.81:8088/idcard/ess/redirect.php" "Mozilla/4.0 (compatible; MSIE 7.0; Windows NT 10.0; WOW64; Trident/7.0; Touch; .NET4.0C; .NET4.0E; Tablet PC 2.0)"
192.168.11.222 - - [24/May/2023:10:30:13 +0800] "GET /idcard/css/jqueryui/themes/redmond/images/ui-bg_glass_85_dfeffc_1x400.png HTTP/1.1" 200 123
192.168.11.222 - - [24/May/2023:10:30:13 +0800] "GET /idcard/css/jqueryui/themes/redmond/images/ui-bg_inset-hard_100_fcfdfd_1x100.png HTTP/1.1" 200 88
192.168.11.222 - - [24/May/2023:10:30:13 +0800] "GET /idcard/css/jqueryui/themes/redmond/images/ui-bg_inset-hard_100_fcfdfd_1x100.png HTTP/1.1" 200 88 "http://192.168.1.81:8088/idcard/ess/redirect.php" "Mozilla/4.0 (compatible; MSIE 7.0; Windows NT 10.0; WOW64; Trident/7.0; Touch; .NET4.0C; .NET4.0E; Tablet PC 2.0)"
192.168.11.222 - - [24/May/2023:10:30:13 +0800] "GET /idcard/css/jqueryui/themes/redmond/images/ui-icons_6da8d5_256x240.png HTTP/1.1" 200 4369 "http://192.168.1.81:8088/idcard/ess/redirect.php" "Mozilla/4.0 (compatible; MSIE 7.0; Windows NT 10.0; WOW64; Trident/7.0; Touch; .NET4.0C; .NET4.0E; Tablet PC 2.0)"
192.168.11.222 - - [24/May/2023:10:30:13 +0800] "GET /idcard/css/jqueryui/themes/redmond/images/ui-icons_6da8d5_256x240.png HTTP/1.1" 200 4369
192.168.12.71 - - [24/May/2023:10:29:39 +0800] "GET /eHR/ess/index.php?action=logout HTTP/1.1" 200 139 "http://192.168.1.81:8088/eHR/ess/redirect.php" "Mozilla/5.0 (Windows NT 6.2; Win64; x64) AppleWebKit/537.36 (KHTML, like Gecko) Chrome/105.0.0.0 Safari/537.36"
192.168.12.71 - - [24/May/2023:10:29:39 +0800] "GET /eHR/ess/index.php?action=logout HTTP/1.1" 200 139
192.168.12.71 - - [24/May/2023:10:29:45 +0800] "GET /eHR/ess/redirect.php?scriptname=ESNE004&appdesc=%E6%89%B9%E9%87%8F%E8%AF%B7%E5%81%87%E6%9F%A5%E8%AF%A2 HTTP/1.1" 200 139 "http://192.168.1.81:8088/eHR/ess/redirect.php" "Mozilla/5.0 (Windows NT 6.2; Win64; x64) AppleWebKit/537.36 (KHTML, like Gecko) Chrome/105.0.0.0 Safari/537.36"
192.168.12.71 - - [24/May/2023:10:29:45 +0800] "GET /eHR/ess/redirect.php?scriptname=ESNE004&appdesc=%E6%89%B9%E9%87%8F%E8%AF%B7%E5%81%87%E6%9F%A5%E8%AF%A2 HTTP/1.1" 200 139
192.168.12.71 - - [24/May/2023:10:29:16 +0800] "GET /eHR/ess/redirect.php?scriptname=ESNH000 HTTP/1.1" 200 -
192.168.12.71 - - [24/May/2023:10:29:16 +0800] "GET /eHR/ess/redirect.php?scriptname=ESNH000 HTTP/1.1" 200 - "http://192.168.1.81:8088/eHR/ess/redirect.php" "Mozilla/5.0 (Windows NT 6.2; Win64; x64) AppleWebKit/537.36 (KHTML, like Gecko) Chrome/105.0.0.0 Safari/537.36"
192.168.12.71 - - [24/May/2023:10:30:33 +0800] "GET /favicon.ico HTTP/1.1" 404 209 "http://192.168.1.81:8088/eHR/ess/index.php?action=logout" "Mozilla/5.0 (Windows NT 6.2; Win64; x64) AppleWebKit/537.36 (KHTML, like Gecko) Chrome/105.0.0.0 Safari/537.36"
192.168.12.71 - - [24/May/2023:10:30:33 +0800] "GET /favicon.ico HTTP/1.1" 404 209
192.168.11.222 - - [24/May/2023:10:30:36 +0800] "GET /idcard/js/translate.js HTTP/1.1" 200 15726
192.168.11.222 - - [24/May/2023:10:30:36 +0800] "GET /idcard/js/translate.js HTTP/1.1" 200 15726 "http://192.168.1.81:8088/idcard/ess/redirect.php?scriptname=IDRA001" "Mozilla/4.0 (compatible; MSIE 7.0; Windows NT 10.0; WOW64; Trident/7.0; Touch; .NET4.0C; .NET4.0E; Tablet PC 2.0)"
192.168.11.222 - - [24/May/2023:10:30:36 +0800] "GET /idcard/js/idcard_check.js HTTP/1.1" 200 9010
192.168.11.222 - - [24/May/2023:10:30:36 +0800] "GET /idcard/js/functions.js HTTP/1.1" 200 8865
192.168.11.222 - - [24/May/2023:10:30:36 +0800] "GET /idcard/js/idcard_check.js HTTP/1.1" 200 9010 "http://192.168.1.81:8088/idcard/ess/redirect.php?scriptname=IDRA001" "Mozilla/4.0 (compatible; MSIE 7.0; Windows NT 10.0; WOW64; Trident/7.0; Touch; .NET4.0C; .NET4.0E; Tablet PC 2.0)"
192.168.11.222 - - [24/May/2023:10:30:36 +0800] "GET /idcard/js/functions.js HTTP/1.1" 200 8865 "http://192.168.1.81:8088/idcard/ess/redirect.php?scriptname=IDRA001" "Mozilla/4.0 (compatible; MSIE 7.0; Windows NT 10.0; WOW64; Trident/7.0; Touch; .NET4.0C; .NET4.0E; Tablet PC 2.0)"
192.168.11.222 - - [24/May/2023:10:30:36 +0800] "GET /idcard/css/jqueryui/themes/redmond/images/ui-bg_gloss-wave_55_5c9ccc_500x100.png HTTP/1.1" 200 3457 "http://192.168.1.81:8088/idcard/ess/redirect.php?scriptname=IDRA001" "Mozilla/4.0 (compatible; MSIE 7.0; Windows NT 10.0; WOW64; Trident/7.0; Touch; .NET4.0C; .NET4.0E; Tablet PC 2.0)"
192.168.11.222 - - [24/May/2023:10:30:36 +0800] "GET /idcard/css/jqueryui/themes/redmond/images/ui-bg_gloss-wave_55_5c9ccc_500x100.png HTTP/1.1" 200 3457
192.168.11.222 - - [24/May/2023:10:30:36 +0800] "GET /idcard/img/date.png HTTP/1.1" 200 626 "http://192.168.1.81:8088/idcard/ess/redirect.php?scriptname=IDRA001" "Mozilla/4.0 (compatible; MSIE 7.0; Windows NT 10.0; WOW64; Trident/7.0; Touch; .NET4.0C; .NET4.0E; Tablet PC 2.0)"
192.168.11.222 - - [24/May/2023:10:30:36 +0800] "GET /idcard/img/lov.png HTTP/1.1" 200 788 "http://192.168.1.81:8088/idcard/ess/redirect.php?scriptname=IDRA001" "Mozilla/4.0 (compatible; MSIE 7.0; Windows NT 10.0; WOW64; Trident/7.0; Touch; .NET4.0C; .NET4.0E; Tablet PC 2.0)"
192.168.11.222 - - [24/May/2023:10:30:36 +0800] "GET /idcard/img/date.png HTTP/1.1" 200 626
192.168.11.222 - - [24/May/2023:10:30:36 +0800] "GET /idcard/img/lov.png HTTP/1.1" 200 788
192.168.11.222 - - [24/May/2023:10:30:13 +0800] "GET /idcard/ess/redirect.php?scriptname=IDRA001 HTTP/1.1" 200 50660
192.168.11.222 - - [24/May/2023:10:30:13 +0800] "GET /idcard/ess/redirect.php?scriptname=IDRA001 HTTP/1.1" 200 50660 "http://192.168.1.81:8088/idcard/ess/redirect.php" "Mozilla/4.0 (compatible; MSIE 7.0; Windows NT 10.0; WOW64; Trident/7.0; Touch; .NET4.0C; .NET4.0E; Tablet PC 2.0)"
192.168.11.222 - - [24/May/2023:10:30:36 +0800] "GET /idcard/img/ares.ico HTTP/1.1" 200 1406 "-" "Mozilla/4.0 (compatible; MSIE 7.0; Windows NT 10.0; WOW64; Trident/7.0; Touch; .NET4.0C; .NET4.0E; Tablet PC 2.0)"
192.168.11.222 - - [24/May/2023:10:30:36 +0800] "GET /idcard/img/ares.ico HTTP/1.1" 200 1406
192.168.11.222 - - [24/May/2023:10:30:36 +0800] "GET /idcard/css/jqueryui/themes/redmond/images/ui-icons_469bdd_256x240.png HTTP/1.1" 200 4369 "http://192.168.1.81:8088/idcard/ess/redirect.php?scriptname=IDRA001" "Mozilla/4.0 (compatible; MSIE 7.0; Windows NT 10.0; WOW64; Trident/7.0; Touch; .NET4.0C; .NET4.0E; Tablet PC 2.0)"
192.168.11.222 - - [24/May/2023:10:30:36 +0800] "GET /idcard/css/jqueryui/themes/redmond/images/ui-icons_469bdd_256x240.png HTTP/1.1" 200 4369
192.168.11.222 - - [24/May/2023:10:30:36 +0800] "GET /idcard/img/ares.ico HTTP/1.1" 200 1406 "-" "Mozilla/5.0 (Windows NT 10.0; Win64; x64) AppleWebKit/537.36 (KHTML, like Gecko) Chrome/113.0.0.0 Safari/537.36 Edg/113.0.1774.50"
192.168.11.222 - - [24/May/2023:10:30:36 +0800] "GET /idcard/img/ares.ico HTTP/1.1" 200 1406
192.168.11.222 - - [24/May/2023:10:30:36 +0800] "GET /idcard/img/ares.ico HTTP/1.1" 200 1406 "-" "Mozilla/5.0 (Windows NT 10.0; Win64; x64) AppleWebKit/537.36 (KHTML, like Gecko) Chrome/113.0.0.0 Safari/537.36 Edg/113.0.1774.50"
192.168.11.222 - - [24/May/2023:10:30:36 +0800] "GET /idcard/img/ares.ico HTTP/1.1" 200 1406
192.168.11.222 - - [24/May/2023:10:31:24 +0800] "GET /idcard/css/jqueryui/themes/redmond/images/ui-icons_d8e7f3_256x240.png HTTP/1.1" 200 4369
192.168.11.222 - - [24/May/2023:10:31:24 +0800] "GET /idcard/css/jqueryui/themes/redmond/images/ui-icons_d8e7f3_256x240.png HTTP/1.1" 200 4369 "http://192.168.1.81:8088/idcard/ess/redirect.php?scriptname=IDRA001" "Mozilla/4.0 (compatible; MSIE 7.0; Windows NT 10.0; WOW64; Trident/7.0; Touch; .NET4.0C; .NET4.0E; Tablet PC 2.0)"
192.168.12.71 - - [24/May/2023:10:31:59 +0800] "GET /eHR/ess/index.php?action=logout HTTP/1.1" 200 8826 "http://192.168.1.81:8088/eHR/ess/redirect.php" "Mozilla/5.0 (Windows NT 6.2; Win64; x64) AppleWebKit/537.36 (KHTML, like Gecko) Chrome/105.0.0.0 Safari/537.36"
192.168.12.71 - - [24/May/2023:10:31:59 +0800] "GET /eHR/ess/index.php?action=logout HTTP/1.1" 200 8826
192.168.12.71 - - [24/May/2023:10:32:10 +0800] "POST /eHR/ess/includes/login.php HTTP/1.1" 302 - "http://192.168.1.81:8088/eHR/ess/index.php?action=logout" "Mozilla/5.0 (Windows NT 6.2; Win64; x64) AppleWebKit/537.36 (KHTML, like Gecko) Chrome/105.0.0.0 Safari/537.36"
192.168.12.71 - - [24/May/2023:10:32:10 +0800] "POST /eHR/ess/includes/login.php HTTP/1.1" 302 -
192.168.12.71 - - [24/May/2023:10:32:20 +0800] "GET /eHR/ess/redirect.php HTTP/1.1" 200 8929 "http://192.168.1.81:8088/eHR/ess/index.php?action=logout" "Mozilla/5.0 (Windows NT 6.2; Win64; x64) AppleWebKit/537.36 (KHTML, like Gecko) Chrome/105.0.0.0 Safari/537.36"
192.168.12.71 - - [24/May/2023:10:32:20 +0800] "GET /eHR/ess/redirect.php HTTP/1.1" 200 8929
107.170.233.14 - - [24/May/2023:10:32:23 +0800] "GET /manager/html HTTP/1.1" 404 210 "-" "Mozilla/5.0 zgrab/0.x"
107.170.233.14 - - [24/May/2023:10:32:23 +0800] "GET /manager/html HTTP/1.1" 404 210
192.168.11.172 - - [24/May/2023:10:32:25 +0800] "GET /eHR/ess/redirect.php?scriptname=ESNA015&appdesc=%E5%8A%A0%E7%8F%AD%E7%94%B3%E8%AF%B7%E6%9F%A5%E8%AF%A2 HTTP/1.1" 200 6457
192.168.11.172 - - [24/May/2023:10:32:25 +0800] "GET /eHR/ess/redirect.php?scriptname=ESNA015&appdesc=%E5%8A%A0%E7%8F%AD%E7%94%B3%E8%AF%B7%E6%9F%A5%E8%AF%A2 HTTP/1.1" 200 6457 "http://192.168.1.81:8088/eHR/ess/redirect.php" "Mozilla/5.0 (Windows NT 6.1; Win64; x64) AppleWebKit/537.36 (KHTML, like Gecko) Chrome/105.0.0.0 Safari/537.36"
192.168.12.71 - - [24/May/2023:10:32:22 +0800] "GET /eHR/ess/redirect.php?scriptname=ESNH000 HTTP/1.1" 200 -
192.168.12.71 - - [24/May/2023:10:32:22 +0800] "GET /eHR/ess/redirect.php?scriptname=ESNH000 HTTP/1.1" 200 - "http://192.168.1.81:8088/eHR/ess/redirect.php" "Mozilla/5.0 (Windows NT 6.2; Win64; x64) AppleWebKit/537.36 (KHTML, like Gecko) Chrome/105.0.0.0 Safari/537.36"
192.168.12.71 - - [24/May/2023:10:33:06 +0800] "GET /eHR/ess/redirect.php?scriptname=ESNE004&appdesc=%E6%89%B9%E9%87%8F%E8%AF%B7%E5%81%87%E6%9F%A5%E8%AF%A2 HTTP/1.1" 200 38101
192.168.12.71 - - [24/May/2023:10:33:06 +0800] "GET /eHR/ess/redirect.php?scriptname=ESNE004&appdesc=%E6%89%B9%E9%87%8F%E8%AF%B7%E5%81%87%E6%9F%A5%E8%AF%A2 HTTP/1.1" 200 38101 "http://192.168.1.81:8088/eHR/ess/redirect.php" "Mozilla/5.0 (Windows NT 6.2; Win64; x64) AppleWebKit/537.36 (KHTML, like Gecko) Chrome/105.0.0.0 Safari/537.36"
192.168.12.71 - - [24/May/2023:10:33:24 +0800] "POST /eHR/ess/redirect.php?scriptname=ESNE004&appdesc=%E6%89%B9%E9%87%8F%E8%AF%B7%E5%81%87%E6%9F%A5%E8%AF%A2 HTTP/1.1" 200 85191 "http://192.168.1.81:8088/eHR/ess/redirect.php?scriptname=ESNE004&appdesc=%E6%89%B9%E9%87%8F%E8%AF%B7%E5%81%87%E6%9F%A5%E8%AF%A2" "Mozilla/5.0 (Windows NT 6.2; Win64; x64) AppleWebKit/537.36 (KHTML, like Gecko) Chrome/105.0.0.0 Safari/537.36"
192.168.12.71 - - [24/May/2023:10:33:24 +0800] "POST /eHR/ess/redirect.php?scriptname=ESNE004&appdesc=%E6%89%B9%E9%87%8F%E8%AF%B7%E5%81%87%E6%9F%A5%E8%AF%A2 HTTP/1.1" 200 85191
192.168.12.71 - - [24/May/2023:10:34:12 +0800] "GET /eHR/ess/redirect.php?scriptname=ESNE002&appdesc=%E6%89%B9%E9%87%8F%E8%AF%B7%E5%81%87%E7%94%B3%E8%AF%B7 HTTP/1.1" 200 17606 "http://192.168.1.81:8088/eHR/ess/redirect.php" "Mozilla/5.0 (Windows NT 6.2; Win64; x64) AppleWebKit/537.36 (KHTML, like Gecko) Chrome/105.0.0.0 Safari/537.36"
192.168.12.71 - - [24/May/2023:10:34:12 +0800] "GET /eHR/ess/redirect.php?scriptname=ESNE002&appdesc=%E6%89%B9%E9%87%8F%E8%AF%B7%E5%81%87%E7%94%B3%E8%AF%B7 HTTP/1.1" 200 17606
192.168.12.71 - - [24/May/2023:10:34:32 +0800] "GET /eHR/ess/redirect.php?scriptname=ESNE002&appdesc=%E6%89%B9%E9%87%8F%E8%AF%B7%E5%81%87%E7%94%B3%E8%AF%B7 HTTP/1.1" 200 22066 "http://192.168.1.81:8088/eHR/ess/redirect.php" "Mozilla/5.0 (Windows NT 6.2; Win64; x64) AppleWebKit/537.36 (KHTML, like Gecko) Chrome/105.0.0.0 Safari/537.36"
192.168.12.71 - - [24/May/2023:10:34:32 +0800] "GET /eHR/ess/redirect.php?scriptname=ESNE002&appdesc=%E6%89%B9%E9%87%8F%E8%AF%B7%E5%81%87%E7%94%B3%E8%AF%B7 HTTP/1.1" 200 22066
192.168.12.71 - - [24/May/2023:10:35:06 +0800] "GET /eHR/ess/redirect.php?scriptname=emp_lov&openW=Y&rand=0.13785005281803708 HTTP/1.1" 200 14848 "http://192.168.1.81:8088/eHR/ess/redirect.php?scriptname=ESNE002&appdesc=%E6%89%B9%E9%87%8F%E8%AF%B7%E5%81%87%E7%94%B3%E8%AF%B7" "Mozilla/5.0 (Windows NT 6.2; Win64; x64) AppleWebKit/537.36 (KHTML, like Gecko) Chrome/105.0.0.0 Safari/537.36"
192.168.12.71 - - [24/May/2023:10:35:06 +0800] "GET /eHR/ess/redirect.php?scriptname=emp_lov&openW=Y&rand=0.13785005281803708 HTTP/1.1" 200 14848
192.168.12.71 - - [24/May/2023:10:35:19 +0800] "POST /eHR/ess/redirect.php?scriptname=emp_lov&openW=Y&rand=0.13785005281803708 HTTP/1.1" 200 17027 "http://192.168.1.81:8088/eHR/ess/redirect.php?scriptname=emp_lov&openW=Y&rand=0.13785005281803708" "Mozilla/5.0 (Windows NT 6.2; Win64; x64) AppleWebKit/537.36 (KHTML, like Gecko) Chrome/105.0.0.0 Safari/537.36"
192.168.12.71 - - [24/May/2023:10:35:19 +0800] "POST /eHR/ess/redirect.php?scriptname=emp_lov&openW=Y&rand=0.13785005281803708 HTTP/1.1" 200 17027
192.168.11.172 - - [24/May/2023:10:33:22 +0800] "POST /eHR/ess/redirect.php?scriptname=ESNA015&appdesc=%E5%8A%A0%E7%8F%AD%E7%94%B3%E8%AF%B7%E6%9F%A5%E8%AF%A2 HTTP/1.1" 200 139 "http://192.168.1.81:8088/eHR/ess/redirect.php?scriptname=ESNA015&appdesc=%E5%8A%A0%E7%8F%AD%E7%94%B3%E8%AF%B7%E6%9F%A5%E8%AF%A2" "Mozilla/5.0 (Windows NT 6.1; Win64; x64) AppleWebKit/537.36 (KHTML, like Gecko) Chrome/105.0.0.0 Safari/537.36"
192.168.11.172 - - [24/May/2023:10:33:22 +0800] "POST /eHR/ess/redirect.php?scriptname=ESNA015&appdesc=%E5%8A%A0%E7%8F%AD%E7%94%B3%E8%AF%B7%E6%9F%A5%E8%AF%A2 HTTP/1.1" 200 139
192.168.11.172 - - [24/May/2023:10:32:33 +0800] "POST /eHR/ess/redirect.php?scriptname=ESNA015&appdesc=%E5%8A%A0%E7%8F%AD%E7%94%B3%E8%AF%B7%E6%9F%A5%E8%AF%A2 HTTP/1.1" 200 - "http://192.168.1.81:8088/eHR/ess/redirect.php?scriptname=ESNA015&appdesc=%E5%8A%A0%E7%8F%AD%E7%94%B3%E8%AF%B7%E6%9F%A5%E8%AF%A2" "Mozilla/5.0 (Windows NT 6.1; Win64; x64) AppleWebKit/537.36 (KHTML, like Gecko) Chrome/105.0.0.0 Safari/537.36"
192.168.11.172 - - [24/May/2023:10:32:33 +0800] "POST /eHR/ess/redirect.php?scriptname=ESNA015&appdesc=%E5%8A%A0%E7%8F%AD%E7%94%B3%E8%AF%B7%E6%9F%A5%E8%AF%A2 HTTP/1.1" 200 -
192.168.12.71 - - [24/May/2023:10:35:36 +0800] "POST /eHR/ess/redirect.php?scriptname=ESNE002&appdesc=%E6%89%B9%E9%87%8F%E8%AF%B7%E5%81%87%E7%94%B3%E8%AF%B7 HTTP/1.1" 200 -
192.168.12.71 - - [24/May/2023:10:35:36 +0800] "POST /eHR/ess/redirect.php?scriptname=ESNE002&appdesc=%E6%89%B9%E9%87%8F%E8%AF%B7%E5%81%87%E7%94%B3%E8%AF%B7 HTTP/1.1" 200 - "http://192.168.1.81:8088/eHR/ess/redirect.php?scriptname=ESNE002&appdesc=%E6%89%B9%E9%87%8F%E8%AF%B7%E5%81%87%E7%94%B3%E8%AF%B7" "Mozilla/5.0 (Windows NT 6.2; Win64; x64) AppleWebKit/537.36 (KHTML, like Gecko) Chrome/105.0.0.0 Safari/537.36"
192.168.12.71 - - [24/May/2023:10:37:19 +0800] "GET /eHR/ess/redirect.php?scriptname=ESNE004&appdesc=%E6%89%B9%E9%87%8F%E8%AF%B7%E5%81%87%E6%9F%A5%E8%AF%A2 HTTP/1.1" 200 - "http://192.168.1.81:8088/eHR/ess/redirect.php" "Mozilla/5.0 (Windows NT 6.2; Win64; x64) AppleWebKit/537.36 (KHTML, like Gecko) Chrome/105.0.0.0 Safari/537.36"
192.168.12.71 - - [24/May/2023:10:37:19 +0800] "GET /eHR/ess/redirect.php?scriptname=ESNE004&appdesc=%E6%89%B9%E9%87%8F%E8%AF%B7%E5%81%87%E6%9F%A5%E8%AF%A2 HTTP/1.1" 200 -
192.168.12.71 - - [24/May/2023:10:38:36 +0800] "GET /eHR/ess/redirect.php?scriptname=ESNE004&appdesc=%E6%89%B9%E9%87%8F%E8%AF%B7%E5%81%87%E6%9F%A5%E8%AF%A2 HTTP/1.1" 200 38101 "http://192.168.1.81:8088/eHR/ess/redirect.php" "Mozilla/5.0 (Windows NT 6.2; Win64; x64) AppleWebKit/537.36 (KHTML, like Gecko) Chrome/105.0.0.0 Safari/537.36"
192.168.12.71 - - [24/May/2023:10:38:36 +0800] "GET /eHR/ess/redirect.php?scriptname=ESNE004&appdesc=%E6%89%B9%E9%87%8F%E8%AF%B7%E5%81%87%E6%9F%A5%E8%AF%A2 HTTP/1.1" 200 38101
192.168.11.222 - - [24/May/2023:10:38:47 +0800] "GET /idcard/ess/index.php?action=logout HTTP/1.1" 200 11477 "-" "Mozilla/4.0 (compatible; MSIE 7.0; Windows NT 10.0; WOW64; Trident/7.0; Touch; .NET4.0C; .NET4.0E; Tablet PC 2.0)"
192.168.11.222 - - [24/May/2023:10:38:47 +0800] "GET /idcard/ess/index.php?action=logout HTTP/1.1" 200 11477
192.168.11.222 - - [24/May/2023:10:38:55 +0800] "GET /idcard/ess/index.php?lang=ZHT HTTP/1.1" 200 11480
192.168.11.222 - - [24/May/2023:10:38:55 +0800] "GET /idcard/ess/index.php?lang=ZHT HTTP/1.1" 200 11480 "http://192.168.1.81:8088/idcard/ess/index.php?action=logout" "Mozilla/4.0 (compatible; MSIE 7.0; Windows NT 10.0; WOW64; Trident/7.0; Touch; .NET4.0C; .NET4.0E; Tablet PC 2.0)"
192.168.11.172 - - [24/May/2023:10:39:22 +0800] "GET /eHR/ess/redirect.php?scriptname=ESNA015&appdesc=%E5%8A%A0%E7%8F%AD%E7%94%B3%E8%AF%B7%E6%9F%A5%E8%AF%A2 HTTP/1.1" 200 6457 "http://192.168.1.81:8088/eHR/ess/redirect.php" "Mozilla/5.0 (Windows NT 6.1; Win64; x64) AppleWebKit/537.36 (KHTML, like Gecko) Chrome/105.0.0.0 Safari/537.36"
192.168.11.172 - - [24/May/2023:10:39:22 +0800] "GET /eHR/ess/redirect.php?scriptname=ESNA015&appdesc=%E5%8A%A0%E7%8F%AD%E7%94%B3%E8%AF%B7%E6%9F%A5%E8%AF%A2 HTTP/1.1" 200 6457
192.168.11.172 - - [24/May/2023:10:39:25 +0800] "GET /eHR/ess/redirect.php?scriptname=ESNA015&appdesc=%E5%8A%A0%E7%8F%AD%E7%94%B3%E8%AF%B7%E6%9F%A5%E8%AF%A2 HTTP/1.1" 200 6457 "http://192.168.1.81:8088/eHR/ess/redirect.php" "Mozilla/5.0 (Windows NT 6.1; Win64; x64) AppleWebKit/537.36 (KHTML, like Gecko) Chrome/105.0.0.0 Safari/537.36"
192.168.11.172 - - [24/May/2023:10:39:25 +0800] "GET /eHR/ess/redirect.php?scriptname=ESNA015&appdesc=%E5%8A%A0%E7%8F%AD%E7%94%B3%E8%AF%B7%E6%9F%A5%E8%AF%A2 HTTP/1.1" 200 6457
192.168.11.222 - - [24/May/2023:10:39:36 +0800] "GET /idcard/css/jqueryui/themes/redmond/images/ui-bg_glass_75_d0e5f5_1x400.png HTTP/1.1" 200 124
192.168.11.222 - - [24/May/2023:10:39:36 +0800] "GET /idcard/css/jqueryui/themes/redmond/images/ui-bg_glass_75_d0e5f5_1x400.png HTTP/1.1" 200 124 "http://192.168.1.81:8088/idcard/ess/index.php?lang=ZHT" "Mozilla/4.0 (compatible; MSIE 7.0; Windows NT 10.0; WOW64; Trident/7.0; Touch; .NET4.0C; .NET4.0E; Tablet PC 2.0)"
192.168.11.222 - - [24/May/2023:10:39:40 +0800] "GET /idcard/css/jqueryui/themes/redmond/images/ui-bg_inset-hard_100_f5f8f9_1x100.png HTTP/1.1" 200 104 "http://192.168.1.81:8088/idcard/ess/index.php?lang=ZHT" "Mozilla/4.0 (compatible; MSIE 7.0; Windows NT 10.0; WOW64; Trident/7.0; Touch; .NET4.0C; .NET4.0E; Tablet PC 2.0)"
192.168.11.222 - - [24/May/2023:10:39:40 +0800] "GET /idcard/css/jqueryui/themes/redmond/images/ui-bg_inset-hard_100_f5f8f9_1x100.png HTTP/1.1" 200 104
192.168.11.222 - - [24/May/2023:10:39:40 +0800] "POST /idcard/ess/includes/login.php HTTP/1.1" 302 - "http://192.168.1.81:8088/idcard/ess/index.php?lang=ZHT" "Mozilla/4.0 (compatible; MSIE 7.0; Windows NT 10.0; WOW64; Trident/7.0; Touch; .NET4.0C; .NET4.0E; Tablet PC 2.0)"
192.168.11.222 - - [24/May/2023:10:39:40 +0800] "POST /idcard/ess/includes/login.php HTTP/1.1" 302 -
192.168.11.222 - - [24/May/2023:10:40:07 +0800] "GET /idcard/ess/redirect.php HTTP/1.1" 200 6088 "http://192.168.1.81:8088/idcard/ess/index.php?lang=ZHT" "Mozilla/4.0 (compatible; MSIE 7.0; Windows NT 10.0; WOW64; Trident/7.0; Touch; .NET4.0C; .NET4.0E; Tablet PC 2.0)"
192.168.11.222 - - [24/May/2023:10:40:07 +0800] "GET /idcard/ess/redirect.php HTTP/1.1" 200 6088
192.168.11.222 - - [24/May/2023:10:40:08 +0800] "GET /idcard/ess/redirect.php?scriptname=IDRA001 HTTP/1.1" 200 50660
192.168.11.222 - - [24/May/2023:10:40:08 +0800] "GET /idcard/ess/redirect.php?scriptname=IDRA001 HTTP/1.1" 200 50660 "http://192.168.1.81:8088/idcard/ess/redirect.php" "Mozilla/4.0 (compatible; MSIE 7.0; Windows NT 10.0; WOW64; Trident/7.0; Touch; .NET4.0C; .NET4.0E; Tablet PC 2.0)"
192.168.11.222 - - [24/May/2023:10:41:00 +0800] "GET /idcard/ess/index.php?action=logout HTTP/1.1" 200 11477 "-" "Mozilla/4.0 (compatible; MSIE 7.0; Windows NT 10.0; WOW64; Trident/7.0; Touch; .NET4.0C; .NET4.0E; Tablet PC 2.0)"
192.168.11.222 - - [24/May/2023:10:41:00 +0800] "GET /idcard/ess/index.php?action=logout HTTP/1.1" 200 11477
192.168.11.222 - - [24/May/2023:10:41:10 +0800] "GET /idcard/ess/index.php?lang=ZHT HTTP/1.1" 200 11480 "http://192.168.1.81:8088/idcard/ess/index.php?action=logout" "Mozilla/4.0 (compatible; MSIE 7.0; Windows NT 10.0; WOW64; Trident/7.0; Touch; .NET4.0C; .NET4.0E; Tablet PC 2.0)"
192.168.11.222 - - [24/May/2023:10:41:10 +0800] "GET /idcard/ess/index.php?lang=ZHT HTTP/1.1" 200 11480
192.168.11.222 - - [24/May/2023:10:41:23 +0800] "POST /idcard/ess/includes/login.php HTTP/1.1" 200 - "http://192.168.1.81:8088/idcard/ess/index.php?lang=ZHT" "Mozilla/4.0 (compatible; MSIE 7.0; Windows NT 10.0; WOW64; Trident/7.0; Touch; .NET4.0C; .NET4.0E; Tablet PC 2.0)"
192.168.11.222 - - [24/May/2023:10:41:23 +0800] "POST /idcard/ess/includes/login.php HTTP/1.1" 200 -
192.168.11.222 - - [24/May/2023:10:41:53 +0800] "GET /favicon.ico HTTP/1.1" 404 209 "-" "Mozilla/4.0 (compatible; MSIE 7.0; Windows NT 10.0; WOW64; Trident/7.0; Touch; .NET4.0C; .NET4.0E; Tablet PC 2.0)"
192.168.11.222 - - [24/May/2023:10:41:53 +0800] "GET /favicon.ico HTTP/1.1" 404 209
192.168.11.172 - - [24/May/2023:10:40:43 +0800] "POST /eHR/ess/redirect.php?scriptname=ESNA015&appdesc=%E5%8A%A0%E7%8F%AD%E7%94%B3%E8%AF%B7%E6%9F%A5%E8%AF%A2 HTTP/1.1" 200 139 "http://192.168.1.81:8088/eHR/ess/redirect.php?scriptname=ESNA015&appdesc=%E5%8A%A0%E7%8F%AD%E7%94%B3%E8%AF%B7%E6%9F%A5%E8%AF%A2" "Mozilla/5.0 (Windows NT 6.1; Win64; x64) AppleWebKit/537.36 (KHTML, like Gecko) Chrome/105.0.0.0 Safari/537.36"
192.168.11.172 - - [24/May/2023:10:40:43 +0800] "POST /eHR/ess/redirect.php?scriptname=ESNA015&appdesc=%E5%8A%A0%E7%8F%AD%E7%94%B3%E8%AF%B7%E6%9F%A5%E8%AF%A2 HTTP/1.1" 200 139
192.168.11.172 - - [24/May/2023:10:39:44 +0800] "POST /eHR/ess/redirect.php?scriptname=ESNA015&appdesc=%E5%8A%A0%E7%8F%AD%E7%94%B3%E8%AF%B7%E6%9F%A5%E8%AF%A2 HTTP/1.1" 200 - "http://192.168.1.81:8088/eHR/ess/redirect.php?scriptname=ESNA015&appdesc=%E5%8A%A0%E7%8F%AD%E7%94%B3%E8%AF%B7%E6%9F%A5%E8%AF%A2" "Mozilla/5.0 (Windows NT 6.1; Win64; x64) AppleWebKit/537.36 (KHTML, like Gecko) Chrome/105.0.0.0 Safari/537.36"
192.168.11.172 - - [24/May/2023:10:39:44 +0800] "POST /eHR/ess/redirect.php?scriptname=ESNA015&appdesc=%E5%8A%A0%E7%8F%AD%E7%94%B3%E8%AF%B7%E6%9F%A5%E8%AF%A2 HTTP/1.1" 200 -
192.168.11.222 - - [24/May/2023:10:43:31 +0800] "GET /idcard/ess/index.php?action=logout HTTP/1.1" 200 11477
192.168.11.222 - - [24/May/2023:10:43:31 +0800] "GET /idcard/ess/index.php?action=logout HTTP/1.1" 200 11477 "-" "Mozilla/4.0 (compatible; MSIE 7.0; Windows NT 10.0; WOW64; Trident/7.0; Touch; .NET4.0C; .NET4.0E; Tablet PC 2.0)"
192.168.11.222 - - [24/May/2023:10:43:42 +0800] "GET /idcard/ess/index.php?lang=ZHT HTTP/1.1" 200 11480 "http://192.168.1.81:8088/idcard/ess/index.php?action=logout" "Mozilla/4.0 (compatible; MSIE 7.0; Windows NT 10.0; WOW64; Trident/7.0; Touch; .NET4.0C; .NET4.0E; Tablet PC 2.0)"
192.168.11.222 - - [24/May/2023:10:43:42 +0800] "GET /idcard/ess/index.php?lang=ZHT HTTP/1.1" 200 11480
192.168.12.71 - - [24/May/2023:10:43:46 +0800] "POST /eHR/ess/redirect.php?scriptname=ESNE004&appdesc=%E6%89%B9%E9%87%8F%E8%AF%B7%E5%81%87%E6%9F%A5%E8%AF%A2 HTTP/1.1" 200 34772 "http://192.168.1.81:8088/eHR/ess/redirect.php?scriptname=ESNE004&appdesc=%E6%89%B9%E9%87%8F%E8%AF%B7%E5%81%87%E6%9F%A5%E8%AF%A2" "Mozilla/5.0 (Windows NT 6.2; Win64; x64) AppleWebKit/537.36 (KHTML, like Gecko) Chrome/105.0.0.0 Safari/537.36"
192.168.12.71 - - [24/May/2023:10:43:46 +0800] "POST /eHR/ess/redirect.php?scriptname=ESNE004&appdesc=%E6%89%B9%E9%87%8F%E8%AF%B7%E5%81%87%E6%9F%A5%E8%AF%A2 HTTP/1.1" 200 34772
192.168.12.71 - - [24/May/2023:10:43:47 +0800] "POST /eHR/ess/redirect.php?scriptname=ESNE004&appdesc=%E6%89%B9%E9%87%8F%E8%AF%B7%E5%81%87%E6%9F%A5%E8%AF%A2 HTTP/1.1" 200 86309 "http://192.168.1.81:8088/eHR/ess/redirect.php?scriptname=ESNE004&appdesc=%E6%89%B9%E9%87%8F%E8%AF%B7%E5%81%87%E6%9F%A5%E8%AF%A2" "Mozilla/5.0 (Windows NT 6.2; Win64; x64) AppleWebKit/537.36 (KHTML, like Gecko) Chrome/105.0.0.0 Safari/537.36"
192.168.12.71 - - [24/May/2023:10:43:47 +0800] "POST /eHR/ess/redirect.php?scriptname=ESNE004&appdesc=%E6%89%B9%E9%87%8F%E8%AF%B7%E5%81%87%E6%9F%A5%E8%AF%A2 HTTP/1.1" 200 86309
192.168.11.222 - - [24/May/2023:10:43:51 +0800] "POST /idcard/ess/includes/login.php HTTP/1.1" 302 -
192.168.11.222 - - [24/May/2023:10:43:51 +0800] "POST /idcard/ess/includes/login.php HTTP/1.1" 302 - "http://192.168.1.81:8088/idcard/ess/index.php?lang=ZHT" "Mozilla/4.0 (compatible; MSIE 7.0; Windows NT 10.0; WOW64; Trident/7.0; Touch; .NET4.0C; .NET4.0E; Tablet PC 2.0)"
192.168.11.222 - - [24/May/2023:10:44:05 +0800] "GET /idcard/ess/redirect.php HTTP/1.1" 200 6088
192.168.11.222 - - [24/May/2023:10:44:05 +0800] "GET /idcard/ess/redirect.php HTTP/1.1" 200 6088 "http://192.168.1.81:8088/idcard/ess/index.php?lang=ZHT" "Mozilla/4.0 (compatible; MSIE 7.0; Windows NT 10.0; WOW64; Trident/7.0; Touch; .NET4.0C; .NET4.0E; Tablet PC 2.0)"
192.168.11.222 - - [24/May/2023:10:44:06 +0800] "GET /idcard/ess/redirect.php?scriptname=IDRA001 HTTP/1.1" 200 50660 "http://192.168.1.81:8088/idcard/ess/redirect.php" "Mozilla/4.0 (compatible; MSIE 7.0; Windows NT 10.0; WOW64; Trident/7.0; Touch; .NET4.0C; .NET4.0E; Tablet PC 2.0)"
192.168.11.222 - - [24/May/2023:10:44:06 +0800] "GET /idcard/ess/redirect.php?scriptname=IDRA001 HTTP/1.1" 200 50660
192.168.11.222 - - [24/May/2023:10:44:20 +0800] "POST /idcard/ess/redirect.php?scriptname=new_emp HTTP/1.1" 200 74 "http://192.168.1.81:8088/idcard/ess/redirect.php?scriptname=IDRA001" "Mozilla/4.0 (compatible; MSIE 7.0; Windows NT 10.0; WOW64; Trident/7.0; Touch; .NET4.0C; .NET4.0E; Tablet PC 2.0)"
192.168.11.222 - - [24/May/2023:10:44:20 +0800] "POST /idcard/ess/redirect.php?scriptname=new_emp HTTP/1.1" 200 74
192.168.12.71 - - [24/May/2023:10:46:04 +0800] "POST /eHR/ess/redirect.php?scriptname=ESNE004&appdesc=%E6%89%B9%E9%87%8F%E8%AF%B7%E5%81%87%E6%9F%A5%E8%AF%A2 HTTP/1.1" 200 141625 "http://192.168.1.81:8088/eHR/ess/redirect.php?scriptname=ESNE004&appdesc=%E6%89%B9%E9%87%8F%E8%AF%B7%E5%81%87%E6%9F%A5%E8%AF%A2" "Mozilla/5.0 (Windows NT 6.2; Win64; x64) AppleWebKit/537.36 (KHTML, like Gecko) Chrome/105.0.0.0 Safari/537.36"
192.168.12.71 - - [24/May/2023:10:46:04 +0800] "POST /eHR/ess/redirect.php?scriptname=ESNE004&appdesc=%E6%89%B9%E9%87%8F%E8%AF%B7%E5%81%87%E6%9F%A5%E8%AF%A2 HTTP/1.1" 200 141625
192.168.12.71 - - [24/May/2023:10:48:06 +0800] "GET /eHR/ess/redirect.php?scriptname=ESNE002&appdesc=%E6%89%B9%E9%87%8F%E8%AF%B7%E5%81%87%E7%94%B3%E8%AF%B7 HTTP/1.1" 200 22066
192.168.12.71 - - [24/May/2023:10:48:06 +0800] "GET /eHR/ess/redirect.php?scriptname=ESNE002&appdesc=%E6%89%B9%E9%87%8F%E8%AF%B7%E5%81%87%E7%94%B3%E8%AF%B7 HTTP/1.1" 200 22066 "http://192.168.1.81:8088/eHR/ess/redirect.php" "Mozilla/5.0 (Windows NT 6.2; Win64; x64) AppleWebKit/537.36 (KHTML, like Gecko) Chrome/105.0.0.0 Safari/537.36"
192.168.12.71 - - [24/May/2023:10:48:44 +0800] "GET /eHR/ess/redirect.php?scriptname=emp_lov&openW=Y&rand=0.5494945529710689 HTTP/1.1" 200 14848
192.168.12.71 - - [24/May/2023:10:48:44 +0800] "GET /eHR/ess/redirect.php?scriptname=emp_lov&openW=Y&rand=0.5494945529710689 HTTP/1.1" 200 14848 "http://192.168.1.81:8088/eHR/ess/redirect.php?scriptname=ESNE002&appdesc=%E6%89%B9%E9%87%8F%E8%AF%B7%E5%81%87%E7%94%B3%E8%AF%B7" "Mozilla/5.0 (Windows NT 6.2; Win64; x64) AppleWebKit/537.36 (KHTML, like Gecko) Chrome/105.0.0.0 Safari/537.36"
192.168.12.71 - - [24/May/2023:10:48:52 +0800] "POST /eHR/ess/redirect.php?scriptname=emp_lov&openW=Y&rand=0.5494945529710689 HTTP/1.1" 200 17021 "http://192.168.1.81:8088/eHR/ess/redirect.php?scriptname=emp_lov&openW=Y&rand=0.5494945529710689" "Mozilla/5.0 (Windows NT 6.2; Win64; x64) AppleWebKit/537.36 (KHTML, like Gecko) Chrome/105.0.0.0 Safari/537.36"
192.168.12.71 - - [24/May/2023:10:48:52 +0800] "POST /eHR/ess/redirect.php?scriptname=emp_lov&openW=Y&rand=0.5494945529710689 HTTP/1.1" 200 17021
192.168.12.71 - - [24/May/2023:10:48:52 +0800] "POST /eHR/ess/redirect.php?scriptname=emp_lov&openW=Y&rand=0.5494945529710689 HTTP/1.1" 200 17021 "http://192.168.1.81:8088/eHR/ess/redirect.php?scriptname=emp_lov&openW=Y&rand=0.5494945529710689" "Mozilla/5.0 (Windows NT 6.2; Win64; x64) AppleWebKit/537.36 (KHTML, like Gecko) Chrome/105.0.0.0 Safari/537.36"
192.168.12.71 - - [24/May/2023:10:48:52 +0800] "POST /eHR/ess/redirect.php?scriptname=emp_lov&openW=Y&rand=0.5494945529710689 HTTP/1.1" 200 17021
192.168.12.71 - - [24/May/2023:10:49:42 +0800] "POST /eHR/ess/redirect.php?scriptname=ESNE002&appdesc=%E6%89%B9%E9%87%8F%E8%AF%B7%E5%81%87%E7%94%B3%E8%AF%B7 HTTP/1.1" 200 -
192.168.12.71 - - [24/May/2023:10:49:42 +0800] "POST /eHR/ess/redirect.php?scriptname=ESNE002&appdesc=%E6%89%B9%E9%87%8F%E8%AF%B7%E5%81%87%E7%94%B3%E8%AF%B7 HTTP/1.1" 200 - "http://192.168.1.81:8088/eHR/ess/redirect.php?scriptname=ESNE002&appdesc=%E6%89%B9%E9%87%8F%E8%AF%B7%E5%81%87%E7%94%B3%E8%AF%B7" "Mozilla/5.0 (Windows NT 6.2; Win64; x64) AppleWebKit/537.36 (KHTML, like Gecko) Chrome/105.0.0.0 Safari/537.36"
192.168.12.71 - - [24/May/2023:10:53:48 +0800] "GET /eHR/ess/redirect.php?scriptname=ESNE004&appdesc=%E6%89%B9%E9%87%8F%E8%AF%B7%E5%81%87%E6%9F%A5%E8%AF%A2 HTTP/1.1" 200 38101 "http://192.168.1.81:8088/eHR/ess/redirect.php" "Mozilla/5.0 (Windows NT 6.2; Win64; x64) AppleWebKit/537.36 (KHTML, like Gecko) Chrome/105.0.0.0 Safari/537.36"
192.168.12.71 - - [24/May/2023:10:53:48 +0800] "GET /eHR/ess/redirect.php?scriptname=ESNE004&appdesc=%E6%89%B9%E9%87%8F%E8%AF%B7%E5%81%87%E6%9F%A5%E8%AF%A2 HTTP/1.1" 200 38101
192.168.12.71 - - [24/May/2023:10:54:02 +0800] "POST /eHR/ess/redirect.php?scriptname=ESNE004&appdesc=%E6%89%B9%E9%87%8F%E8%AF%B7%E5%81%87%E6%9F%A5%E8%AF%A2 HTTP/1.1" 200 142879
192.168.12.71 - - [24/May/2023:10:54:02 +0800] "POST /eHR/ess/redirect.php?scriptname=ESNE004&appdesc=%E6%89%B9%E9%87%8F%E8%AF%B7%E5%81%87%E6%9F%A5%E8%AF%A2 HTTP/1.1" 200 142879 "http://192.168.1.81:8088/eHR/ess/redirect.php?scriptname=ESNE004&appdesc=%E6%89%B9%E9%87%8F%E8%AF%B7%E5%81%87%E6%9F%A5%E8%AF%A2" "Mozilla/5.0 (Windows NT 6.2; Win64; x64) AppleWebKit/537.36 (KHTML, like Gecko) Chrome/105.0.0.0 Safari/537.36"
192.168.12.71 - - [24/May/2023:10:54:56 +0800] "GET /eHR/ess/redirect.php?scriptname=ESNE002&appdesc=%E6%89%B9%E9%87%8F%E8%AF%B7%E5%81%87%E7%94%B3%E8%AF%B7 HTTP/1.1" 200 22066 "http://192.168.1.81:8088/eHR/ess/redirect.php" "Mozilla/5.0 (Windows NT 6.2; Win64; x64) AppleWebKit/537.36 (KHTML, like Gecko) Chrome/105.0.0.0 Safari/537.36"
192.168.12.71 - - [24/May/2023:10:54:56 +0800] "GET /eHR/ess/redirect.php?scriptname=ESNE002&appdesc=%E6%89%B9%E9%87%8F%E8%AF%B7%E5%81%87%E7%94%B3%E8%AF%B7 HTTP/1.1" 200 22066
192.168.12.71 - - [24/May/2023:10:55:12 +0800] "GET /eHR/ess/redirect.php?scriptname=emp_lov&openW=Y&rand=0.09729867035127793 HTTP/1.1" 200 14848 "http://192.168.1.81:8088/eHR/ess/redirect.php?scriptname=ESNE002&appdesc=%E6%89%B9%E9%87%8F%E8%AF%B7%E5%81%87%E7%94%B3%E8%AF%B7" "Mozilla/5.0 (Windows NT 6.2; Win64; x64) AppleWebKit/537.36 (KHTML, like Gecko) Chrome/105.0.0.0 Safari/537.36"
192.168.12.71 - - [24/May/2023:10:55:12 +0800] "GET /eHR/ess/redirect.php?scriptname=emp_lov&openW=Y&rand=0.09729867035127793 HTTP/1.1" 200 14848
192.168.12.71 - - [24/May/2023:10:55:38 +0800] "POST /eHR/ess/redirect.php?scriptname=emp_lov&openW=Y&rand=0.09729867035127793 HTTP/1.1" 200 17021 "http://192.168.1.81:8088/eHR/ess/redirect.php?scriptname=emp_lov&openW=Y&rand=0.09729867035127793" "Mozilla/5.0 (Windows NT 6.2; Win64; x64) AppleWebKit/537.36 (KHTML, like Gecko) Chrome/105.0.0.0 Safari/537.36"
192.168.12.71 - - [24/May/2023:10:55:38 +0800] "POST /eHR/ess/redirect.php?scriptname=emp_lov&openW=Y&rand=0.09729867035127793 HTTP/1.1" 200 17021
192.168.12.71 - - [24/May/2023:10:55:46 +0800] "POST /eHR/ess/redirect.php?scriptname=ESNE002&appdesc=%E6%89%B9%E9%87%8F%E8%AF%B7%E5%81%87%E7%94%B3%E8%AF%B7 HTTP/1.1" 200 - "http://192.168.1.81:8088/eHR/ess/redirect.php?scriptname=ESNE002&appdesc=%E6%89%B9%E9%87%8F%E8%AF%B7%E5%81%87%E7%94%B3%E8%AF%B7" "Mozilla/5.0 (Windows NT 6.2; Win64; x64) AppleWebKit/537.36 (KHTML, like Gecko) Chrome/105.0.0.0 Safari/537.36"
192.168.12.71 - - [24/May/2023:10:55:46 +0800] "POST /eHR/ess/redirect.php?scriptname=ESNE002&appdesc=%E6%89%B9%E9%87%8F%E8%AF%B7%E5%81%87%E7%94%B3%E8%AF%B7 HTTP/1.1" 200 -
192.168.12.71 - - [24/May/2023:10:56:35 +0800] "GET /eHR/ess/redirect.php?scriptname=ESNE004&appdesc=%E6%89%B9%E9%87%8F%E8%AF%B7%E5%81%87%E6%9F%A5%E8%AF%A2 HTTP/1.1" 200 38101 "http://192.168.1.81:8088/eHR/ess/redirect.php" "Mozilla/5.0 (Windows NT 6.2; Win64; x64) AppleWebKit/537.36 (KHTML, like Gecko) Chrome/105.0.0.0 Safari/537.36"
192.168.12.71 - - [24/May/2023:10:56:35 +0800] "GET /eHR/ess/redirect.php?scriptname=ESNE004&appdesc=%E6%89%B9%E9%87%8F%E8%AF%B7%E5%81%87%E6%9F%A5%E8%AF%A2 HTTP/1.1" 200 38101
192.168.12.71 - - [24/May/2023:10:56:40 +0800] "POST /eHR/ess/redirect.php?scriptname=ESNE004&appdesc=%E6%89%B9%E9%87%8F%E8%AF%B7%E5%81%87%E6%9F%A5%E8%AF%A2 HTTP/1.1" 200 144133 "http://192.168.1.81:8088/eHR/ess/redirect.php?scriptname=ESNE004&appdesc=%E6%89%B9%E9%87%8F%E8%AF%B7%E5%81%87%E6%9F%A5%E8%AF%A2" "Mozilla/5.0 (Windows NT 6.2; Win64; x64) AppleWebKit/537.36 (KHTML, like Gecko) Chrome/105.0.0.0 Safari/537.36"
192.168.12.71 - - [24/May/2023:10:56:40 +0800] "POST /eHR/ess/redirect.php?scriptname=ESNE004&appdesc=%E6%89%B9%E9%87%8F%E8%AF%B7%E5%81%87%E6%9F%A5%E8%AF%A2 HTTP/1.1" 200 144133
192.168.12.71 - - [24/May/2023:10:56:54 +0800] "GET /eHR/ess/redirect.php?scriptname=ESNE002&appdesc=%E6%89%B9%E9%87%8F%E8%AF%B7%E5%81%87%E7%94%B3%E8%AF%B7 HTTP/1.1" 200 22066 "http://192.168.1.81:8088/eHR/ess/redirect.php" "Mozilla/5.0 (Windows NT 6.2; Win64; x64) AppleWebKit/537.36 (KHTML, like Gecko) Chrome/105.0.0.0 Safari/537.36"
192.168.12.71 - - [24/May/2023:10:56:54 +0800] "GET /eHR/ess/redirect.php?scriptname=ESNE002&appdesc=%E6%89%B9%E9%87%8F%E8%AF%B7%E5%81%87%E7%94%B3%E8%AF%B7 HTTP/1.1" 200 22066
192.168.12.71 - - [24/May/2023:10:57:16 +0800] "GET /eHR/ess/redirect.php?scriptname=emp_lov&openW=Y&rand=0.11033460428724107 HTTP/1.1" 200 14848 "http://192.168.1.81:8088/eHR/ess/redirect.php?scriptname=ESNE002&appdesc=%E6%89%B9%E9%87%8F%E8%AF%B7%E5%81%87%E7%94%B3%E8%AF%B7" "Mozilla/5.0 (Windows NT 6.2; Win64; x64) AppleWebKit/537.36 (KHTML, like Gecko) Chrome/105.0.0.0 Safari/537.36"
192.168.12.71 - - [24/May/2023:10:57:16 +0800] "GET /eHR/ess/redirect.php?scriptname=emp_lov&openW=Y&rand=0.11033460428724107 HTTP/1.1" 200 14848
192.168.12.71 - - [24/May/2023:10:57:21 +0800] "POST /eHR/ess/redirect.php?scriptname=emp_lov&openW=Y&rand=0.11033460428724107 HTTP/1.1" 200 17030 "http://192.168.1.81:8088/eHR/ess/redirect.php?scriptname=emp_lov&openW=Y&rand=0.11033460428724107" "Mozilla/5.0 (Windows NT 6.2; Win64; x64) AppleWebKit/537.36 (KHTML, like Gecko) Chrome/105.0.0.0 Safari/537.36"
192.168.12.71 - - [24/May/2023:10:57:21 +0800] "POST /eHR/ess/redirect.php?scriptname=emp_lov&openW=Y&rand=0.11033460428724107 HTTP/1.1" 200 17030
192.168.12.71 - - [24/May/2023:10:57:27 +0800] "POST /eHR/ess/redirect.php?scriptname=ESNE002&appdesc=%E6%89%B9%E9%87%8F%E8%AF%B7%E5%81%87%E7%94%B3%E8%AF%B7 HTTP/1.1" 200 4207 "http://192.168.1.81:8088/eHR/ess/redirect.php?scriptname=ESNE002&appdesc=%E6%89%B9%E9%87%8F%E8%AF%B7%E5%81%87%E7%94%B3%E8%AF%B7" "Mozilla/5.0 (Windows NT 6.2; Win64; x64) AppleWebKit/537.36 (KHTML, like Gecko) Chrome/105.0.0.0 Safari/537.36"
192.168.12.71 - - [24/May/2023:10:57:27 +0800] "POST /eHR/ess/redirect.php?scriptname=ESNE002&appdesc=%E6%89%B9%E9%87%8F%E8%AF%B7%E5%81%87%E7%94%B3%E8%AF%B7 HTTP/1.1" 200 4207
192.168.12.71 - - [24/May/2023:10:58:04 +0800] "GET /eHR/ess/redirect.php?scriptname=ESNE004&appdesc=%E6%89%B9%E9%87%8F%E8%AF%B7%E5%81%87%E6%9F%A5%E8%AF%A2 HTTP/1.1" 200 38101 "http://192.168.1.81:8088/eHR/ess/redirect.php" "Mozilla/5.0 (Windows NT 6.2; Win64; x64) AppleWebKit/537.36 (KHTML, like Gecko) Chrome/105.0.0.0 Safari/537.36"
192.168.12.71 - - [24/May/2023:10:58:04 +0800] "GET /eHR/ess/redirect.php?scriptname=ESNE004&appdesc=%E6%89%B9%E9%87%8F%E8%AF%B7%E5%81%87%E6%9F%A5%E8%AF%A2 HTTP/1.1" 200 38101
192.168.12.71 - - [24/May/2023:10:58:08 +0800] "POST /eHR/ess/redirect.php?scriptname=ESNE004&appdesc=%E6%89%B9%E9%87%8F%E8%AF%B7%E5%81%87%E6%9F%A5%E8%AF%A2 HTTP/1.1" 200 55286 "http://192.168.1.81:8088/eHR/ess/redirect.php?scriptname=ESNE004&appdesc=%E6%89%B9%E9%87%8F%E8%AF%B7%E5%81%87%E6%9F%A5%E8%AF%A2" "Mozilla/5.0 (Windows NT 6.2; Win64; x64) AppleWebKit/537.36 (KHTML, like Gecko) Chrome/105.0.0.0 Safari/537.36"
192.168.12.71 - - [24/May/2023:10:58:08 +0800] "POST /eHR/ess/redirect.php?scriptname=ESNE004&appdesc=%E6%89%B9%E9%87%8F%E8%AF%B7%E5%81%87%E6%9F%A5%E8%AF%A2 HTTP/1.1" 200 55286
192.168.12.71 - - [24/May/2023:10:59:08 +0800] "POST /eHR/ess/redirect.php?scriptname=ESNE004&appdesc=%E6%89%B9%E9%87%8F%E8%AF%B7%E5%81%87%E6%9F%A5%E8%AF%A2 HTTP/1.1" 200 95602 "http://192.168.1.81:8088/eHR/ess/redirect.php?scriptname=ESNE004&appdesc=%E6%89%B9%E9%87%8F%E8%AF%B7%E5%81%87%E6%9F%A5%E8%AF%A2" "Mozilla/5.0 (Windows NT 6.2; Win64; x64) AppleWebKit/537.36 (KHTML, like Gecko) Chrome/105.0.0.0 Safari/537.36"
192.168.12.71 - - [24/May/2023:10:59:08 +0800] "POST /eHR/ess/redirect.php?scriptname=ESNE004&appdesc=%E6%89%B9%E9%87%8F%E8%AF%B7%E5%81%87%E6%9F%A5%E8%AF%A2 HTTP/1.1" 200 95602
192.168.12.71 - - [24/May/2023:10:59:37 +0800] "POST /eHR/ess/redirect.php?scriptname=ESNE004&appdesc=%E6%89%B9%E9%87%8F%E8%AF%B7%E5%81%87%E6%9F%A5%E8%AF%A2 HTTP/1.1" 200 93857 "http://192.168.1.81:8088/eHR/ess/redirect.php?scriptname=ESNE004&appdesc=%E6%89%B9%E9%87%8F%E8%AF%B7%E5%81%87%E6%9F%A5%E8%AF%A2" "Mozilla/5.0 (Windows NT 6.2; Win64; x64) AppleWebKit/537.36 (KHTML, like Gecko) Chrome/105.0.0.0 Safari/537.36"
192.168.12.71 - - [24/May/2023:10:59:37 +0800] "POST /eHR/ess/redirect.php?scriptname=ESNE004&appdesc=%E6%89%B9%E9%87%8F%E8%AF%B7%E5%81%87%E6%9F%A5%E8%AF%A2 HTTP/1.1" 200 93857
198.235.24.183 - - [24/May/2023:10:59:51 +0800] "GET / HTTP/1.0" 200 397 "-" "Expanse, a Palo Alto Networks company, searches across the global IPv4 space multiple times per day to identify customers' presences on the Internet. If you would like to be excluded from our scans, please send IP addresses/domains to: scaninfo@paloaltonetworks.com"
198.235.24.183 - - [24/May/2023:10:59:51 +0800] "GET / HTTP/1.0" 200 397
192.168.12.71 - - [24/May/2023:11:00:36 +0800] "POST /eHR/ess/redirect.php?scriptname=ESNE004&appdesc=%E6%89%B9%E9%87%8F%E8%AF%B7%E5%81%87%E6%9F%A5%E8%AF%A2 HTTP/1.1" 200 94597 "http://192.168.1.81:8088/eHR/ess/redirect.php?scriptname=ESNE004&appdesc=%E6%89%B9%E9%87%8F%E8%AF%B7%E5%81%87%E6%9F%A5%E8%AF%A2" "Mozilla/5.0 (Windows NT 6.2; Win64; x64) AppleWebKit/537.36 (KHTML, like Gecko) Chrome/105.0.0.0 Safari/537.36"
192.168.12.71 - - [24/May/2023:11:00:36 +0800] "POST /eHR/ess/redirect.php?scriptname=ESNE004&appdesc=%E6%89%B9%E9%87%8F%E8%AF%B7%E5%81%87%E6%9F%A5%E8%AF%A2 HTTP/1.1" 200 94597
192.168.11.222 - - [24/May/2023:11:07:58 +0800] "POST /idcard/ess/redirect.php?scriptname=new_emp HTTP/1.1" 200 74
