192.168.11.236 - - [27/Mar/2023:09:00:24 +0800] "GET /eHR/mgr/redirect.php?scriptname=page_error&msgtxt=%3Ch3%3EHTTP+404+-+Page+not+found%3C%2Fh3%3E%3Cbr%3E%3Cstrong%3EFile+Name%3A%3C%2Fstrong%3Epage_error%3Cbr%2F%3E%3Cstrong%3EApplication+Name%3C%2Fstrong%3E%3A&target=iframe HTTP/1.1" 302 -
192.168.11.236 - - [27/Mar/2023:09:00:24 +0800] "GET /eHR/mgr/redirect.php?scriptname=page_error&msgtxt=%3Ch3%3EHTTP+404+-+Page+not+found%3C%2Fh3%3E%3Cbr%3E%3Cstrong%3EFile+Name%3A%3C%2Fstrong%3Epage_error%3Cbr%2F%3E%3Cstrong%3EApplication+Name%3C%2Fstrong%3E%3A&target=iframe HTTP/1.1" 302 - "http://192.168.1.81:8088/eHR/mgr/redirect.php?scriptname=MDNH105&appdesc=%E5%8A%A0%E7%8F%AD%E7%AD%BE%E6%A0%B8" "Mozilla/5.0 (Windows NT 6.1; Win64; x64) AppleWebKit/537.36 (KHTML, like Gecko) Chrome/111.0.0.0 Safari/537.36 Edg/111.0.1661.54"
192.168.11.236 - - [27/Mar/2023:09:00:24 +0800] "GET /eHR/mgr/redirect.php?scriptname=page_error&msgtxt=%3Ch3%3EHTTP+404+-+Page+not+found%3C%2Fh3%3E%3Cbr%3E%3Cstrong%3EFile+Name%3A%3C%2Fstrong%3Epage_error%3Cbr%2F%3E%3Cstrong%3EApplication+Name%3C%2Fstrong%3E%3A&target=iframe HTTP/1.1" 302 -
54.200.132.198 - - [27/Mar/2023:09:00:26 +0800] "GET /eHR/ess/redirect.php?scriptname=ESNH003&appdesc=%E8%AF%B7%E5%81%87%E7%AD%BE%E6%A0%B8 HTTP/1.1" 302 - "-" "Mozilla/5.0 (Windows NT 10.0; Win64; x64) AppleWebKit/537.36 (KHTML, like Gecko) Chrome/105.0.0.0 Safari/537.36"
54.200.132.198 - - [27/Mar/2023:09:00:26 +0800] "GET /eHR/ess/redirect.php?scriptname=ESNH003&appdesc=%E8%AF%B7%E5%81%87%E7%AD%BE%E6%A0%B8 HTTP/1.1" 302 -
54.200.132.198 - - [27/Mar/2023:09:00:29 +0800] "GET /eHR/ess HTTP/1.1" 301 249 "-" "Mozilla/5.0 (Windows NT 10.0; Win64; x64) AppleWebKit/537.36 (KHTML, like Gecko) Chrome/105.0.0.0 Safari/537.36"
54.200.132.198 - - [27/Mar/2023:09:00:29 +0800] "GET /eHR/ess HTTP/1.1" 301 249
192.168.11.67 - - [27/Mar/2023:09:00:29 +0800] "GET /eHR/ess/index.php?lang=ZHT HTTP/1.1" 200 8829 "-" "Mozilla/5.0 (Windows NT 10.0; WOW64; Trident/7.0; rv:11.0) like Gecko"
192.168.11.67 - - [27/Mar/2023:09:00:29 +0800] "GET /eHR/ess/index.php?lang=ZHT HTTP/1.1" 200 8829
36.150.60.24 - - [27/Mar/2023:09:00:52 +0800] "GET / HTTP/1.1" 200 397 "-" "Mozilla/5.0 (X11; U; Linux i686; fi-FI; rv:1.9.0.11) Gecko/2009060308 Ubuntu/9.04 (jaunty) Firefox/3.0.11"
36.150.60.24 - - [27/Mar/2023:09:00:52 +0800] "GET / HTTP/1.1" 200 397
36.150.60.24 - - [27/Mar/2023:09:01:01 +0800] "GET /favicon.ico HTTP/1.1" 404 209
36.150.60.24 - - [27/Mar/2023:09:01:01 +0800] "GET /favicon.ico HTTP/1.1" 404 209 "-" "Dalvik/2.1.0 (Linux; U; Android 9.0; ZTE BA520 Build/MRA58K)"
35.88.29.23 - - [27/Mar/2023:09:00:48 +0800] "GET /eHR/ess/index.php HTTP/1.1" 200 8806 "-" "Mozilla/5.0 (Windows NT 10.0; Win64; x64) AppleWebKit/537.36 (KHTML, like Gecko) Chrome/105.0.0.0 Safari/537.36"
35.88.29.23 - - [27/Mar/2023:09:00:48 +0800] "GET /eHR/ess/index.php HTTP/1.1" 200 8806
50.112.133.110 - - [27/Mar/2023:09:00:56 +0800] "GET /eHR/ess/ HTTP/1.1" 200 8806 "-" "Mozilla/5.0 (Windows NT 10.0; Win64; x64) AppleWebKit/537.36 (KHTML, like Gecko) Chrome/105.0.0.0 Safari/537.36"
50.112.133.110 - - [27/Mar/2023:09:00:56 +0800] "GET /eHR/ess/ HTTP/1.1" 200 8806
54.190.197.22 - - [27/Mar/2023:09:01:12 +0800] "GET /eHR/img/ares.ico HTTP/1.1" 200 1406 "-" "Mozilla/5.0 (Windows NT 10.0; Win64; x64) AppleWebKit/537.36 (KHTML, like Gecko) Chrome/105.0.0.0 Safari/537.36"
54.190.197.22 - - [27/Mar/2023:09:01:12 +0800] "GET /eHR/img/ares.ico HTTP/1.1" 200 1406
192.168.11.67 - - [27/Mar/2023:09:00:39 +0800] "POST /eHR/ess/includes/login.php HTTP/1.1" 200 144
192.168.11.67 - - [27/Mar/2023:09:00:39 +0800] "POST /eHR/ess/includes/login.php HTTP/1.1" 200 144 "http://192.168.1.81:8088/eHR/ess/index.php?lang=ZHT" "Mozilla/5.0 (Windows NT 10.0; WOW64; Trident/7.0; rv:11.0) like Gecko"
52.33.186.218 - - [27/Mar/2023:09:01:15 +0800] "GET /eHR/ess HTTP/1.1" 301 249
52.33.186.218 - - [27/Mar/2023:09:01:15 +0800] "GET /eHR/ess HTTP/1.1" 301 249 "-" "Mozilla/5.0 (Windows NT 10.0; Win64; x64) AppleWebKit/537.36 (KHTML, like Gecko) Chrome/105.0.0.0 Safari/537.36"
192.168.11.67 - - [27/Mar/2023:09:01:06 +0800] "POST /eHR/ess/includes/login.php HTTP/1.1" 302 - "http://192.168.1.81:8088/eHR/ess/index.php?lang=ZHT" "Mozilla/5.0 (Windows NT 10.0; WOW64; Trident/7.0; rv:11.0) like Gecko"
192.168.11.67 - - [27/Mar/2023:09:01:06 +0800] "POST /eHR/ess/includes/login.php HTTP/1.1" 302 -
192.168.11.67 - - [27/Mar/2023:09:01:18 +0800] "GET /eHR/ess/redirect.php HTTP/1.1" 200 9206 "http://192.168.1.81:8088/eHR/ess/index.php?lang=ZHT" "Mozilla/5.0 (Windows NT 10.0; WOW64; Trident/7.0; rv:11.0) like Gecko"
192.168.11.67 - - [27/Mar/2023:09:01:18 +0800] "GET /eHR/ess/redirect.php HTTP/1.1" 200 9206
192.168.11.63 - - [27/Mar/2023:09:00:22 +0800] "POST /eHR/ess/redirect.php?scriptname=ESNE001&appdesc=%E6%89%B9%E9%87%8F%E5%8A%A0%E7%8F%AD%E7%94%B3%E8%AF%B7 HTTP/1.1" 200 139
192.168.11.63 - - [27/Mar/2023:09:00:22 +0800] "POST /eHR/ess/redirect.php?scriptname=ESNE001&appdesc=%E6%89%B9%E9%87%8F%E5%8A%A0%E7%8F%AD%E7%94%B3%E8%AF%B7 HTTP/1.1" 200 139 "http://192.168.1.81:8088/eHR/ess/redirect.php?scriptname=ESNE001&appdesc=%E6%89%B9%E9%87%8F%E5%8A%A0%E7%8F%AD%E7%94%B3%E8%AF%B7" "Mozilla/5.0 (Windows NT 10.0; WOW64; Trident/7.0; rv:11.0) like Gecko"
192.168.11.63 - - [27/Mar/2023:08:59:55 +0800] "POST /eHR/ess/redirect.php?scriptname=ESNE001&appdesc=%E6%89%B9%E9%87%8F%E5%8A%A0%E7%8F%AD%E7%94%B3%E8%AF%B7 HTTP/1.1" 200 - "http://192.168.1.81:8088/eHR/ess/redirect.php?scriptname=ESNE001&appdesc=%E6%89%B9%E9%87%8F%E5%8A%A0%E7%8F%AD%E7%94%B3%E8%AF%B7" "Mozilla/5.0 (Windows NT 10.0; WOW64; Trident/7.0; rv:11.0) like Gecko"
192.168.11.63 - - [27/Mar/2023:08:59:55 +0800] "POST /eHR/ess/redirect.php?scriptname=ESNE001&appdesc=%E6%89%B9%E9%87%8F%E5%8A%A0%E7%8F%AD%E7%94%B3%E8%AF%B7 HTTP/1.1" 200 -
36.150.60.24 - - [27/Mar/2023:09:01:25 +0800] "\x16\x03\x01" 501 205 "-" "-"
36.150.60.24 - - [27/Mar/2023:09:01:25 +0800] "\x16\x03\x01" 501 205
36.150.60.24 - - [27/Mar/2023:09:01:26 +0800] "GET / HTTP/1.1" 200 397 "-" "Mozilla/5.0 (Macintosh; Intel Mac OS X 10_11) AppleWebKit/601.1.27 (KHTML, like Gecko) Chrome/47.0.2526.106 Safari/601.1.27"
36.150.60.24 - - [27/Mar/2023:09:01:26 +0800] "GET / HTTP/1.1" 200 397
36.150.60.24 - - [27/Mar/2023:09:01:32 +0800] "\x16\x03\x01" 501 205 "-" "-"
36.150.60.24 - - [27/Mar/2023:09:01:32 +0800] "\x16\x03\x01" 501 205
192.168.11.228 - - [27/Mar/2023:09:01:33 +0800] "GET /eHR/ess/redirect.php?scriptname=ESNE003&appdesc=%E6%89%B9%E9%87%8F%E5%8A%A0%E7%8F%AD%E6%9F%A5%E8%AF%A2 HTTP/1.1" 200 7933 "http://192.168.1.81:8088/eHR/ess/redirect.php" "Mozilla/5.0 (Windows NT 6.2; Win64; x64) AppleWebKit/537.36 (KHTML, like Gecko) Chrome/111.0.0.0 Safari/537.36 Edg/111.0.1661.54"
192.168.11.228 - - [27/Mar/2023:09:01:33 +0800] "GET /eHR/ess/redirect.php?scriptname=ESNE003&appdesc=%E6%89%B9%E9%87%8F%E5%8A%A0%E7%8F%AD%E6%9F%A5%E8%AF%A2 HTTP/1.1" 200 7933
192.168.11.63 - - [27/Mar/2023:09:01:13 +0800] "POST /eHR/ess/redirect.php?scriptname=ESNE001&appdesc=%E6%89%B9%E9%87%8F%E5%8A%A0%E7%8F%AD%E7%94%B3%E8%AF%B7 HTTP/1.1" 200 4084
192.168.11.63 - - [27/Mar/2023:09:01:13 +0800] "POST /eHR/ess/redirect.php?scriptname=ESNE001&appdesc=%E6%89%B9%E9%87%8F%E5%8A%A0%E7%8F%AD%E7%94%B3%E8%AF%B7 HTTP/1.1" 200 4084 "http://192.168.1.81:8088/eHR/ess/redirect.php?scriptname=ESNE001&appdesc=%E6%89%B9%E9%87%8F%E5%8A%A0%E7%8F%AD%E7%94%B3%E8%AF%B7" "Mozilla/5.0 (Windows NT 10.0; WOW64; Trident/7.0; rv:11.0) like Gecko"
36.150.60.24 - - [27/Mar/2023:09:01:44 +0800] "GET / HTTP/1.1" 200 397 "-" "Dalvik/2.1.0 (Linux; U; Android 9.0; ZTE BA520 Build/MRA58K)"
36.150.60.24 - - [27/Mar/2023:09:01:44 +0800] "GET / HTTP/1.1" 200 397
192.168.11.67 - - [27/Mar/2023:09:01:19 +0800] "GET /eHR/ess/redirect.php?scriptname=ESNH000 HTTP/1.1" 200 -
192.168.11.67 - - [27/Mar/2023:09:01:19 +0800] "GET /eHR/ess/redirect.php?scriptname=ESNH000 HTTP/1.1" 200 - "http://192.168.1.81:8088/eHR/ess/redirect.php" "Mozilla/5.0 (Windows NT 10.0; WOW64; Trident/7.0; rv:11.0) like Gecko"
36.150.60.24 - - [27/Mar/2023:09:02:03 +0800] "\x16\x03\x01" 501 205 "-" "-"
36.150.60.24 - - [27/Mar/2023:09:02:03 +0800] "\x16\x03\x01" 501 205
192.168.11.63 - - [27/Mar/2023:09:02:06 +0800] "GET /eHR/ess/redirect.php?scriptname=ESNE001&appdesc=%E6%89%B9%E9%87%8F%E5%8A%A0%E7%8F%AD%E7%94%B3%E8%AF%B7 HTTP/1.1" 200 15271 "http://192.168.1.81:8088/eHR/ess/redirect.php" "Mozilla/5.0 (Windows NT 10.0; WOW64; Trident/7.0; rv:11.0) like Gecko"
192.168.11.63 - - [27/Mar/2023:09:02:06 +0800] "GET /eHR/ess/redirect.php?scriptname=ESNE001&appdesc=%E6%89%B9%E9%87%8F%E5%8A%A0%E7%8F%AD%E7%94%B3%E8%AF%B7 HTTP/1.1" 200 15271
192.168.11.67 - - [27/Mar/2023:09:02:13 +0800] "GET /eHR/css/jqueryui/themes/redmond/jquery.ui.all.css HTTP/1.1" 304 - "http://192.168.1.81:8088/eHR/ess/redirect.php" "Mozilla/5.0 (Windows NT 10.0; WOW64; Trident/7.0; rv:11.0) like Gecko"
192.168.11.67 - - [27/Mar/2023:09:02:13 +0800] "GET /eHR/css/jqueryui/themes/redmond/jquery.ui.all.css HTTP/1.1" 304 -
192.168.11.67 - - [27/Mar/2023:09:02:13 +0800] "GET /eHR/css/jqueryui/themes/redmond/jquery.ui.base.css HTTP/1.1" 304 -
192.168.11.67 - - [27/Mar/2023:09:02:13 +0800] "GET /eHR/css/jqueryui/themes/redmond/jquery.ui.base.css HTTP/1.1" 304 - "http://192.168.1.81:8088/eHR/ess/redirect.php" "Mozilla/5.0 (Windows NT 10.0; WOW64; Trident/7.0; rv:11.0) like Gecko"
192.168.11.67 - - [27/Mar/2023:09:02:13 +0800] "GET /eHR/css/jqueryui/themes/redmond/jquery.ui.theme.css HTTP/1.1" 304 - "http://192.168.1.81:8088/eHR/ess/redirect.php" "Mozilla/5.0 (Windows NT 10.0; WOW64; Trident/7.0; rv:11.0) like Gecko"
192.168.11.67 - - [27/Mar/2023:09:02:13 +0800] "GET /eHR/css/jqueryui/themes/redmond/jquery.ui.theme.css HTTP/1.1" 304 -
192.168.11.67 - - [27/Mar/2023:09:02:13 +0800] "GET /eHR/css/jqueryui/themes/redmond/jquery.ui.core.css HTTP/1.1" 304 - "http://192.168.1.81:8088/eHR/ess/redirect.php" "Mozilla/5.0 (Windows NT 10.0; WOW64; Trident/7.0; rv:11.0) like Gecko"
192.168.11.67 - - [27/Mar/2023:09:02:13 +0800] "GET /eHR/css/jqueryui/themes/redmond/jquery.ui.core.css HTTP/1.1" 304 -
192.168.11.67 - - [27/Mar/2023:09:02:13 +0800] "GET /eHR/css/jqueryui/themes/redmond/jquery.ui.resizable.css HTTP/1.1" 304 - "http://192.168.1.81:8088/eHR/ess/redirect.php" "Mozilla/5.0 (Windows NT 10.0; WOW64; Trident/7.0; rv:11.0) like Gecko"
192.168.11.67 - - [27/Mar/2023:09:02:13 +0800] "GET /eHR/css/jqueryui/themes/redmond/jquery.ui.resizable.css HTTP/1.1" 304 -
192.168.11.67 - - [27/Mar/2023:09:02:13 +0800] "GET /eHR/css/jqueryui/themes/redmond/jquery.ui.selectable.css HTTP/1.1" 304 - "http://192.168.1.81:8088/eHR/ess/redirect.php" "Mozilla/5.0 (Windows NT 10.0; WOW64; Trident/7.0; rv:11.0) like Gecko"
192.168.11.67 - - [27/Mar/2023:09:02:13 +0800] "GET /eHR/css/jqueryui/themes/redmond/jquery.ui.selectable.css HTTP/1.1" 304 -
192.168.11.67 - - [27/Mar/2023:09:02:13 +0800] "GET /eHR/css/jqueryui/themes/redmond/jquery.ui.accordion.css HTTP/1.1" 304 - "http://192.168.1.81:8088/eHR/ess/redirect.php" "Mozilla/5.0 (Windows NT 10.0; WOW64; Trident/7.0; rv:11.0) like Gecko"
192.168.11.67 - - [27/Mar/2023:09:02:13 +0800] "GET /eHR/css/jqueryui/themes/redmond/jquery.ui.accordion.css HTTP/1.1" 304 -
192.168.11.67 - - [27/Mar/2023:09:02:13 +0800] "GET /eHR/css/jqueryui/themes/redmond/jquery.ui.autocomplete.css HTTP/1.1" 304 - "http://192.168.1.81:8088/eHR/ess/redirect.php" "Mozilla/5.0 (Windows NT 10.0; WOW64; Trident/7.0; rv:11.0) like Gecko"
192.168.11.67 - - [27/Mar/2023:09:02:13 +0800] "GET /eHR/css/jqueryui/themes/redmond/jquery.ui.autocomplete.css HTTP/1.1" 304 -
192.168.11.67 - - [27/Mar/2023:09:02:13 +0800] "GET /eHR/css/jqueryui/themes/redmond/jquery.ui.button.css HTTP/1.1" 304 - "http://192.168.1.81:8088/eHR/ess/redirect.php" "Mozilla/5.0 (Windows NT 10.0; WOW64; Trident/7.0; rv:11.0) like Gecko"
192.168.11.67 - - [27/Mar/2023:09:02:13 +0800] "GET /eHR/css/jqueryui/themes/redmond/jquery.ui.button.css HTTP/1.1" 304 -
192.168.11.67 - - [27/Mar/2023:09:02:13 +0800] "GET /eHR/css/jqueryui/themes/redmond/jquery.ui.dialog.css HTTP/1.1" 304 - "http://192.168.1.81:8088/eHR/ess/redirect.php" "Mozilla/5.0 (Windows NT 10.0; WOW64; Trident/7.0; rv:11.0) like Gecko"
192.168.11.67 - - [27/Mar/2023:09:02:13 +0800] "GET /eHR/css/jqueryui/themes/redmond/jquery.ui.dialog.css HTTP/1.1" 304 -
192.168.11.67 - - [27/Mar/2023:09:02:13 +0800] "GET /eHR/css/jqueryui/themes/redmond/jquery.ui.slider.css HTTP/1.1" 304 - "http://192.168.1.81:8088/eHR/ess/redirect.php" "Mozilla/5.0 (Windows NT 10.0; WOW64; Trident/7.0; rv:11.0) like Gecko"
192.168.11.67 - - [27/Mar/2023:09:02:13 +0800] "GET /eHR/css/jqueryui/themes/redmond/jquery.ui.slider.css HTTP/1.1" 304 -
192.168.11.67 - - [27/Mar/2023:09:02:13 +0800] "GET /eHR/css/jqueryui/themes/redmond/jquery.ui.tabs.css HTTP/1.1" 304 - "http://192.168.1.81:8088/eHR/ess/redirect.php" "Mozilla/5.0 (Windows NT 10.0; WOW64; Trident/7.0; rv:11.0) like Gecko"
192.168.11.67 - - [27/Mar/2023:09:02:13 +0800] "GET /eHR/css/jqueryui/themes/redmond/jquery.ui.tabs.css HTTP/1.1" 304 -
192.168.11.67 - - [27/Mar/2023:09:02:13 +0800] "GET /eHR/css/jqueryui/themes/redmond/jquery.ui.datepicker.css HTTP/1.1" 304 - "http://192.168.1.81:8088/eHR/ess/redirect.php" "Mozilla/5.0 (Windows NT 10.0; WOW64; Trident/7.0; rv:11.0) like Gecko"
192.168.11.67 - - [27/Mar/2023:09:02:13 +0800] "GET /eHR/css/jqueryui/themes/redmond/jquery.ui.datepicker.css HTTP/1.1" 304 -
192.168.11.67 - - [27/Mar/2023:09:02:13 +0800] "GET /eHR/css/jqueryui/themes/redmond/jquery.ui.progressbar.css HTTP/1.1" 304 - "http://192.168.1.81:8088/eHR/ess/redirect.php" "Mozilla/5.0 (Windows NT 10.0; WOW64; Trident/7.0; rv:11.0) like Gecko"
192.168.11.67 - - [27/Mar/2023:09:02:13 +0800] "GET /eHR/css/jqueryui/themes/redmond/jquery.ui.progressbar.css HTTP/1.1" 304 -
192.168.11.67 - - [27/Mar/2023:09:02:13 +0800] "GET /eHR/css/layout/layout.min.css HTTP/1.1" 304 - "http://192.168.1.81:8088/eHR/ess/redirect.php" "Mozilla/5.0 (Windows NT 10.0; WOW64; Trident/7.0; rv:11.0) like Gecko"
192.168.11.67 - - [27/Mar/2023:09:02:13 +0800] "GET /eHR/css/layout/layout.min.css HTTP/1.1" 304 -
192.168.11.67 - - [27/Mar/2023:09:02:13 +0800] "GET /eHR/img/logo.gif HTTP/1.1" 304 - "http://192.168.1.81:8088/eHR/ess/redirect.php" "Mozilla/5.0 (Windows NT 10.0; WOW64; Trident/7.0; rv:11.0) like Gecko"
192.168.11.67 - - [27/Mar/2023:09:02:13 +0800] "GET /eHR/img/logo.gif HTTP/1.1" 304 -
192.168.11.67 - - [27/Mar/2023:09:02:13 +0800] "GET /eHR/img/icon_obj.png HTTP/1.1" 304 - "http://192.168.1.81:8088/eHR/ess/redirect.php" "Mozilla/5.0 (Windows NT 10.0; WOW64; Trident/7.0; rv:11.0) like Gecko"
192.168.11.67 - - [27/Mar/2023:09:02:13 +0800] "GET /eHR/img/icon_obj.png HTTP/1.1" 304 -
192.168.11.67 - - [27/Mar/2023:09:02:13 +0800] "GET /eHR/img/icon_jd.png HTTP/1.1" 304 - "http://192.168.1.81:8088/eHR/ess/redirect.php" "Mozilla/5.0 (Windows NT 10.0; WOW64; Trident/7.0; rv:11.0) like Gecko"
192.168.11.67 - - [27/Mar/2023:09:02:13 +0800] "GET /eHR/img/icon_jd.png HTTP/1.1" 304 -
192.168.11.67 - - [27/Mar/2023:09:02:13 +0800] "GET /eHR/img/icon_about.png HTTP/1.1" 304 - "http://192.168.1.81:8088/eHR/ess/redirect.php" "Mozilla/5.0 (Windows NT 10.0; WOW64; Trident/7.0; rv:11.0) like Gecko"
192.168.11.67 - - [27/Mar/2023:09:02:13 +0800] "GET /eHR/img/icon_about.png HTTP/1.1" 304 -
192.168.11.67 - - [27/Mar/2023:09:02:13 +0800] "GET /eHR/img/icon_help.png HTTP/1.1" 304 - "http://192.168.1.81:8088/eHR/ess/redirect.php" "Mozilla/5.0 (Windows NT 10.0; WOW64; Trident/7.0; rv:11.0) like Gecko"
192.168.11.67 - - [27/Mar/2023:09:02:13 +0800] "GET /eHR/img/icon_help.png HTTP/1.1" 304 -
192.168.11.67 - - [27/Mar/2023:09:02:13 +0800] "GET /eHR/img/icon_exit.png HTTP/1.1" 304 - "http://192.168.1.81:8088/eHR/ess/redirect.php" "Mozilla/5.0 (Windows NT 10.0; WOW64; Trident/7.0; rv:11.0) like Gecko"
192.168.11.67 - - [27/Mar/2023:09:02:13 +0800] "GET /eHR/img/icon_exit.png HTTP/1.1" 304 -
192.168.11.67 - - [27/Mar/2023:09:02:13 +0800] "GET /eHR/js/jqueryui/jquery-1.4.4.min.js HTTP/1.1" 304 - "http://192.168.1.81:8088/eHR/ess/redirect.php" "Mozilla/5.0 (Windows NT 10.0; WOW64; Trident/7.0; rv:11.0) like Gecko"
192.168.11.67 - - [27/Mar/2023:09:02:13 +0800] "GET /eHR/js/jqueryui/jquery-1.4.4.min.js HTTP/1.1" 304 -
192.168.11.67 - - [27/Mar/2023:09:02:13 +0800] "GET /eHR/img/ess-logo.png HTTP/1.1" 304 - "http://192.168.1.81:8088/eHR/ess/redirect.php" "Mozilla/5.0 (Windows NT 10.0; WOW64; Trident/7.0; rv:11.0) like Gecko"
192.168.11.67 - - [27/Mar/2023:09:02:13 +0800] "GET /eHR/img/ess-logo.png HTTP/1.1" 304 -
192.168.11.67 - - [27/Mar/2023:09:02:13 +0800] "GET /eHR/img/human.png HTTP/1.1" 304 - "http://192.168.1.81:8088/eHR/ess/redirect.php" "Mozilla/5.0 (Windows NT 10.0; WOW64; Trident/7.0; rv:11.0) like Gecko"
192.168.11.67 - - [27/Mar/2023:09:02:13 +0800] "GET /eHR/img/human.png HTTP/1.1" 304 -
192.168.11.67 - - [27/Mar/2023:09:02:13 +0800] "GET /eHR/js/jqueryui/jquery-ui-1.8.11.custom.min.js HTTP/1.1" 304 - "http://192.168.1.81:8088/eHR/ess/redirect.php" "Mozilla/5.0 (Windows NT 10.0; WOW64; Trident/7.0; rv:11.0) like Gecko"
192.168.11.67 - - [27/Mar/2023:09:02:13 +0800] "GET /eHR/js/jqueryui/jquery-ui-1.8.11.custom.min.js HTTP/1.1" 304 -
192.168.11.67 - - [27/Mar/2023:09:02:13 +0800] "GET /eHR/js/jquery.layout.min-1.2.0.js HTTP/1.1" 304 - "http://192.168.1.81:8088/eHR/ess/redirect.php" "Mozilla/5.0 (Windows NT 10.0; WOW64; Trident/7.0; rv:11.0) like Gecko"
192.168.11.67 - - [27/Mar/2023:09:02:13 +0800] "GET /eHR/js/jquery.layout.min-1.2.0.js HTTP/1.1" 304 -
192.168.11.67 - - [27/Mar/2023:09:02:13 +0800] "GET /eHR/js/jquery.cookie.min.js HTTP/1.1" 304 - "http://192.168.1.81:8088/eHR/ess/redirect.php" "Mozilla/5.0 (Windows NT 10.0; WOW64; Trident/7.0; rv:11.0) like Gecko"
192.168.11.67 - - [27/Mar/2023:09:02:13 +0800] "GET /eHR/js/jquery.cookie.min.js HTTP/1.1" 304 -
192.168.11.67 - - [27/Mar/2023:09:02:11 +0800] "GET /eHR/ess/redirect.php HTTP/1.1" 200 9206 "http://192.168.1.81:8088/eHR/ess/index.php?lang=ZHT" "Mozilla/5.0 (Windows NT 10.0; WOW64; Trident/7.0; rv:11.0) like Gecko"
192.168.11.67 - - [27/Mar/2023:09:02:11 +0800] "GET /eHR/ess/redirect.php HTTP/1.1" 200 9206
192.168.11.67 - - [27/Mar/2023:09:02:14 +0800] "GET /eHR/css/jqueryui/themes/redmond/images/ui-bg_glass_85_dfeffc_1x400.png HTTP/1.1" 304 - "http://192.168.1.81:8088/eHR/ess/redirect.php" "Mozilla/5.0 (Windows NT 10.0; WOW64; Trident/7.0; rv:11.0) like Gecko"
192.168.11.67 - - [27/Mar/2023:09:02:14 +0800] "GET /eHR/css/jqueryui/themes/redmond/images/ui-bg_glass_85_dfeffc_1x400.png HTTP/1.1" 304 -
192.168.11.67 - - [27/Mar/2023:09:02:14 +0800] "GET /eHR/img/layout/toggle-lt.gif HTTP/1.1" 304 - "http://192.168.1.81:8088/eHR/ess/redirect.php" "Mozilla/5.0 (Windows NT 10.0; WOW64; Trident/7.0; rv:11.0) like Gecko"
192.168.11.67 - - [27/Mar/2023:09:02:14 +0800] "GET /eHR/img/layout/toggle-lt.gif HTTP/1.1" 304 -
192.168.11.67 - - [27/Mar/2023:09:02:14 +0800] "GET /eHR/css/jqueryui/themes/redmond/images/ui-icons_6da8d5_256x240.png HTTP/1.1" 304 - "http://192.168.1.81:8088/eHR/ess/redirect.php" "Mozilla/5.0 (Windows NT 10.0; WOW64; Trident/7.0; rv:11.0) like Gecko"
192.168.11.67 - - [27/Mar/2023:09:02:14 +0800] "GET /eHR/css/jqueryui/themes/redmond/images/ui-icons_6da8d5_256x240.png HTTP/1.1" 304 -
192.168.11.67 - - [27/Mar/2023:09:02:14 +0800] "GET /eHR/css/jqueryui/themes/redmond/images/ui-bg_inset-hard_100_fcfdfd_1x100.png HTTP/1.1" 304 - "http://192.168.1.81:8088/eHR/ess/redirect.php" "Mozilla/5.0 (Windows NT 10.0; WOW64; Trident/7.0; rv:11.0) like Gecko"
192.168.11.67 - - [27/Mar/2023:09:02:14 +0800] "GET /eHR/css/jqueryui/themes/redmond/images/ui-bg_inset-hard_100_fcfdfd_1x100.png HTTP/1.1" 304 -
192.168.11.67 - - [27/Mar/2023:09:02:14 +0800] "GET /eHR/img/Person.png HTTP/1.1" 304 - "http://192.168.1.81:8088/eHR/ess/redirect.php" "Mozilla/5.0 (Windows NT 10.0; WOW64; Trident/7.0; rv:11.0) like Gecko"
192.168.11.67 - - [27/Mar/2023:09:02:14 +0800] "GET /eHR/img/Person.png HTTP/1.1" 304 -
117.136.67.67 - - [27/Mar/2023:09:02:13 +0800] "GET /eHR/ess/index.php HTTP/1.1" 200 8826 "-" "Mozilla/5.0 (Windows NT 6.1; Win64; x64) AppleWebKit/537.36 (KHTML, like Gecko) Chrome/111.0.0.0 Safari/537.36 Edg/111.0.1661.51"
117.136.67.67 - - [27/Mar/2023:09:02:13 +0800] "GET /eHR/ess/index.php HTTP/1.1" 200 8826
179.43.187.236 - - [27/Mar/2023:09:02:26 +0800] "GET / HTTP/1.0" 200 397
179.43.187.236 - - [27/Mar/2023:09:02:26 +0800] "GET / HTTP/1.0" 200 397 "-" "Mozilla/5.0 (X11; Ubuntu; Linux x86_64; rv:71.0) Gecko/20100101 Firefox/71.0"
117.136.67.67 - - [27/Mar/2023:09:02:28 +0800] "POST /eHR/ess/includes/login.php HTTP/1.1" 302 - "http://hcp.maglayers.com.cn:8088/eHR/ess/index.php" "Mozilla/5.0 (Windows NT 6.1; Win64; x64) AppleWebKit/537.36 (KHTML, like Gecko) Chrome/111.0.0.0 Safari/537.36 Edg/111.0.1661.51"
117.136.67.67 - - [27/Mar/2023:09:02:28 +0800] "POST /eHR/ess/includes/login.php HTTP/1.1" 302 -
192.168.11.63 - - [27/Mar/2023:09:02:29 +0800] "GET /eHR/ess/redirect.php?scriptname=emp_lov&openW=Y&rand=0.9500840152103991 HTTP/1.1" 200 8592 "-" "Mozilla/5.0 (Windows NT 10.0; WOW64; Trident/7.0; rv:11.0) like Gecko"
192.168.11.63 - - [27/Mar/2023:09:02:29 +0800] "GET /eHR/ess/redirect.php?scriptname=emp_lov&openW=Y&rand=0.9500840152103991 HTTP/1.1" 200 8592
36.150.60.24 - - [27/Mar/2023:09:02:32 +0800] "\x16\x03\x01" 501 205
36.150.60.24 - - [27/Mar/2023:09:02:32 +0800] "\x16\x03\x01" 501 205 "-" "-"
117.136.67.67 - - [27/Mar/2023:09:02:30 +0800] "GET /eHR/ess/redirect.php HTTP/1.1" 200 7221 "http://hcp.maglayers.com.cn:8088/eHR/ess/index.php" "Mozilla/5.0 (Windows NT 6.1; Win64; x64) AppleWebKit/537.36 (KHTML, like Gecko) Chrome/111.0.0.0 Safari/537.36 Edg/111.0.1661.51"
117.136.67.67 - - [27/Mar/2023:09:02:30 +0800] "GET /eHR/ess/redirect.php HTTP/1.1" 200 7221
192.168.11.63 - - [27/Mar/2023:09:02:32 +0800] "GET /eHR/ess/redirect.php?scriptname=emp_lov&openW=Y&rand=0.9538771169778542 HTTP/1.1" 200 8592 "-" "Mozilla/5.0 (Windows NT 10.0; WOW64; Trident/7.0; rv:11.0) like Gecko"
192.168.11.63 - - [27/Mar/2023:09:02:32 +0800] "GET /eHR/ess/redirect.php?scriptname=emp_lov&openW=Y&rand=0.9538771169778542 HTTP/1.1" 200 8592
192.168.11.63 - - [27/Mar/2023:09:02:33 +0800] "POST /eHR/ess/redirect.php?scriptname=emp_lov&openW=Y&rand=0.9538771169778542 HTTP/1.1" 200 8332 "http://192.168.1.81:8088/eHR/ess/redirect.php?scriptname=emp_lov&openW=Y&rand=0.9538771169778542" "Mozilla/5.0 (Windows NT 10.0; WOW64; Trident/7.0; rv:11.0) like Gecko"
192.168.11.63 - - [27/Mar/2023:09:02:33 +0800] "POST /eHR/ess/redirect.php?scriptname=emp_lov&openW=Y&rand=0.9538771169778542 HTTP/1.1" 200 8332
192.168.11.63 - - [27/Mar/2023:09:02:38 +0800] "GET /eHR/ess/redirect.php?scriptname=emp_lov&openW=Y&rand=0.08144673434177696 HTTP/1.1" 200 8414 "-" "Mozilla/5.0 (Windows NT 10.0; WOW64; Trident/7.0; rv:11.0) like Gecko"
192.168.11.63 - - [27/Mar/2023:09:02:38 +0800] "GET /eHR/ess/redirect.php?scriptname=emp_lov&openW=Y&rand=0.08144673434177696 HTTP/1.1" 200 8414
35.161.173.147 - - [27/Mar/2023:09:02:52 +0800] "GET /eHR/ess/redirect.php?scriptname=ESNH003&appdesc=%E8%AF%B7%E5%81%87%E7%AD%BE%E6%A0%B8 HTTP/1.1" 302 - "-" "Mozilla/5.0 (Windows NT 10.0; Win64; x64) AppleWebKit/537.36 (KHTML, like Gecko) Chrome/105.0.0.0 Safari/537.36"
35.161.173.147 - - [27/Mar/2023:09:02:52 +0800] "GET /eHR/ess/redirect.php?scriptname=ESNH003&appdesc=%E8%AF%B7%E5%81%87%E7%AD%BE%E6%A0%B8 HTTP/1.1" 302 -
35.161.173.147 - - [27/Mar/2023:09:02:52 +0800] "GET /eHR/ess HTTP/1.1" 301 249 "-" "Mozilla/5.0 (Windows NT 10.0; Win64; x64) AppleWebKit/537.36 (KHTML, like Gecko) Chrome/105.0.0.0 Safari/537.36"
35.161.173.147 - - [27/Mar/2023:09:02:52 +0800] "GET /eHR/ess HTTP/1.1" 301 249
192.168.11.63 - - [27/Mar/2023:09:02:39 +0800] "POST /eHR/ess/redirect.php?scriptname=emp_lov&openW=Y&rand=0.9538771169778542 HTTP/1.1" 200 20230 "http://192.168.1.81:8088/eHR/ess/redirect.php?scriptname=emp_lov&openW=Y&rand=0.9538771169778542" "Mozilla/5.0 (Windows NT 10.0; WOW64; Trident/7.0; rv:11.0) like Gecko"
192.168.11.63 - - [27/Mar/2023:09:02:39 +0800] "POST /eHR/ess/redirect.php?scriptname=emp_lov&openW=Y&rand=0.9538771169778542 HTTP/1.1" 200 20230
192.168.11.63 - - [27/Mar/2023:09:03:02 +0800] "POST /eHR/ess/redirect.php?scriptname=ESNE001&appdesc=%E6%89%B9%E9%87%8F%E5%8A%A0%E7%8F%AD%E7%94%B3%E8%AF%B7 HTTP/1.1" 200 4063 "http://192.168.1.81:8088/eHR/ess/redirect.php?scriptname=ESNE001&appdesc=%E6%89%B9%E9%87%8F%E5%8A%A0%E7%8F%AD%E7%94%B3%E8%AF%B7" "Mozilla/5.0 (Windows NT 10.0; WOW64; Trident/7.0; rv:11.0) like Gecko"
192.168.11.63 - - [27/Mar/2023:09:03:02 +0800] "POST /eHR/ess/redirect.php?scriptname=ESNE001&appdesc=%E6%89%B9%E9%87%8F%E5%8A%A0%E7%8F%AD%E7%94%B3%E8%AF%B7 HTTP/1.1" 200 4063
192.168.11.63 - - [27/Mar/2023:09:03:16 +0800] "GET /eHR/img/Y.png HTTP/1.1" 200 1084 "http://192.168.1.81:8088/eHR/ess/redirect.php?scriptname=ESNE001&appdesc=%E6%89%B9%E9%87%8F%E5%8A%A0%E7%8F%AD%E7%94%B3%E8%AF%B7" "Mozilla/5.0 (Windows NT 10.0; WOW64; Trident/7.0; rv:11.0) like Gecko"
192.168.11.63 - - [27/Mar/2023:09:03:16 +0800] "GET /eHR/img/Y.png HTTP/1.1" 200 1084
192.168.11.63 - - [27/Mar/2023:09:03:19 +0800] "GET /eHR/ess/redirect.php?scriptname=ESNE001&appdesc=%E6%89%B9%E9%87%8F%E5%8A%A0%E7%8F%AD%E7%94%B3%E8%AF%B7 HTTP/1.1" 200 15271 "http://192.168.1.81:8088/eHR/ess/redirect.php" "Mozilla/5.0 (Windows NT 10.0; WOW64; Trident/7.0; rv:11.0) like Gecko"
192.168.11.63 - - [27/Mar/2023:09:03:19 +0800] "GET /eHR/ess/redirect.php?scriptname=ESNE001&appdesc=%E6%89%B9%E9%87%8F%E5%8A%A0%E7%8F%AD%E7%94%B3%E8%AF%B7 HTTP/1.1" 200 15271
192.168.11.63 - - [27/Mar/2023:09:03:33 +0800] "GET /eHR/ess/redirect.php?scriptname=emp_lov&openW=Y&rand=0.1245563423496247 HTTP/1.1" 200 8592 "-" "Mozilla/5.0 (Windows NT 10.0; WOW64; Trident/7.0; rv:11.0) like Gecko"
192.168.11.63 - - [27/Mar/2023:09:03:33 +0800] "GET /eHR/ess/redirect.php?scriptname=emp_lov&openW=Y&rand=0.1245563423496247 HTTP/1.1" 200 8592
192.168.11.228 - - [27/Mar/2023:09:03:01 +0800] "POST /eHR/ess/redirect.php?scriptname=ESNE003&appdesc=%E6%89%B9%E9%87%8F%E5%8A%A0%E7%8F%AD%E6%9F%A5%E8%AF%A2 HTTP/1.1" 200 139 "http://192.168.1.81:8088/eHR/ess/redirect.php?scriptname=ESNE003&appdesc=%E6%89%B9%E9%87%8F%E5%8A%A0%E7%8F%AD%E6%9F%A5%E8%AF%A2" "Mozilla/5.0 (Windows NT 6.2; Win64; x64) AppleWebKit/537.36 (KHTML, like Gecko) Chrome/111.0.0.0 Safari/537.36 Edg/111.0.1661.54"
192.168.11.228 - - [27/Mar/2023:09:03:01 +0800] "POST /eHR/ess/redirect.php?scriptname=ESNE003&appdesc=%E6%89%B9%E9%87%8F%E5%8A%A0%E7%8F%AD%E6%9F%A5%E8%AF%A2 HTTP/1.1" 200 139
192.168.11.228 - - [27/Mar/2023:09:01:53 +0800] "POST /eHR/ess/redirect.php?scriptname=ESNE003&appdesc=%E6%89%B9%E9%87%8F%E5%8A%A0%E7%8F%AD%E6%9F%A5%E8%AF%A2 HTTP/1.1" 200 - "http://192.168.1.81:8088/eHR/ess/redirect.php?scriptname=ESNE003&appdesc=%E6%89%B9%E9%87%8F%E5%8A%A0%E7%8F%AD%E6%9F%A5%E8%AF%A2" "Mozilla/5.0 (Windows NT 6.2; Win64; x64) AppleWebKit/537.36 (KHTML, like Gecko) Chrome/111.0.0.0 Safari/537.36 Edg/111.0.1661.54"
192.168.11.228 - - [27/Mar/2023:09:01:53 +0800] "POST /eHR/ess/redirect.php?scriptname=ESNE003&appdesc=%E6%89%B9%E9%87%8F%E5%8A%A0%E7%8F%AD%E6%9F%A5%E8%AF%A2 HTTP/1.1" 200 -
192.168.11.236 - - [27/Mar/2023:09:03:41 +0800] "GET /eHR/ess/redirect.php?scriptname=ESNH003&appdesc=%E8%AF%B7%E5%81%87%E7%AD%BE%E6%A0%B8 HTTP/1.1" 302 - "http://192.168.1.81:8088/eHR/ess/redirect.php" "Mozilla/5.0 (Windows NT 6.1; Win64; x64) AppleWebKit/537.36 (KHTML, like Gecko) Chrome/111.0.0.0 Safari/537.36 Edg/111.0.1661.54"
192.168.11.236 - - [27/Mar/2023:09:03:41 +0800] "GET /eHR/ess/redirect.php?scriptname=ESNH003&appdesc=%E8%AF%B7%E5%81%87%E7%AD%BE%E6%A0%B8 HTTP/1.1" 302 -
192.168.11.63 - - [27/Mar/2023:09:03:35 +0800] "POST /eHR/ess/redirect.php?scriptname=emp_lov&openW=Y&rand=0.1245563423496247 HTTP/1.1" 200 20230 "http://192.168.1.81:8088/eHR/ess/redirect.php?scriptname=emp_lov&openW=Y&rand=0.1245563423496247" "Mozilla/5.0 (Windows NT 10.0; WOW64; Trident/7.0; rv:11.0) like Gecko"
192.168.11.63 - - [27/Mar/2023:09:03:35 +0800] "POST /eHR/ess/redirect.php?scriptname=emp_lov&openW=Y&rand=0.1245563423496247 HTTP/1.1" 200 20230
192.168.11.228 - - [27/Mar/2023:09:03:42 +0800] "GET /eHR/ess/redirect.php?scriptname=ESNE003&appdesc=%E6%89%B9%E9%87%8F%E5%8A%A0%E7%8F%AD%E6%9F%A5%E8%AF%A2 HTTP/1.1" 200 7933 "http://192.168.1.81:8088/eHR/ess/redirect.php" "Mozilla/5.0 (Windows NT 6.2; Win64; x64) AppleWebKit/537.36 (KHTML, like Gecko) Chrome/111.0.0.0 Safari/537.36 Edg/111.0.1661.54"
192.168.11.228 - - [27/Mar/2023:09:03:42 +0800] "GET /eHR/ess/redirect.php?scriptname=ESNE003&appdesc=%E6%89%B9%E9%87%8F%E5%8A%A0%E7%8F%AD%E6%9F%A5%E8%AF%A2 HTTP/1.1" 200 7933
35.85.54.95 - - [27/Mar/2023:09:03:45 +0800] "GET /eHR/ess/redirect.php?scriptname=ESNH000&appdesc=%E9%A6%96%E9%A1%B5 HTTP/1.1" 302 - "-" "Mozilla/5.0 (Windows NT 10.0; Win64; x64) AppleWebKit/537.36 (KHTML, like Gecko) Chrome/105.0.0.0 Safari/537.36"
35.85.54.95 - - [27/Mar/2023:09:03:45 +0800] "GET /eHR/ess/redirect.php?scriptname=ESNH000&appdesc=%E9%A6%96%E9%A1%B5 HTTP/1.1" 302 -
35.85.54.95 - - [27/Mar/2023:09:03:45 +0800] "GET /eHR/ess HTTP/1.1" 301 249 "-" "Mozilla/5.0 (Windows NT 10.0; Win64; x64) AppleWebKit/537.36 (KHTML, like Gecko) Chrome/105.0.0.0 Safari/537.36"
35.85.54.95 - - [27/Mar/2023:09:03:45 +0800] "GET /eHR/ess HTTP/1.1" 301 249
192.168.11.90 - - [27/Mar/2023:09:03:50 +0800] "GET /eHR/ess/redirect.php?scriptname=ESNH003&appdesc=%E8%AF%B7%E5%81%87%E7%AD%BE%E6%A0%B8 HTTP/1.1" 302 - "http://192.168.1.81:8088/eHR/ess/redirect.php" "Mozilla/5.0 (Windows NT 10.0; Win64; x64) AppleWebKit/537.36 (KHTML, like Gecko) Chrome/111.0.0.0 Safari/537.36"
192.168.11.90 - - [27/Mar/2023:09:03:50 +0800] "GET /eHR/ess/redirect.php?scriptname=ESNH003&appdesc=%E8%AF%B7%E5%81%87%E7%AD%BE%E6%A0%B8 HTTP/1.1" 302 -
34.209.229.239 - - [27/Mar/2023:09:04:17 +0800] "GET /eHR/ess HTTP/1.1" 301 249 "-" "Mozilla/5.0 (Windows NT 10.0; Win64; x64) AppleWebKit/537.36 (KHTML, like Gecko) Chrome/105.0.0.0 Safari/537.36"
34.209.229.239 - - [27/Mar/2023:09:04:17 +0800] "GET /eHR/ess HTTP/1.1" 301 249
54.214.114.194 - - [27/Mar/2023:09:04:22 +0800] "GET /eHR/mgr/redirect.php?scriptname=MDNH105&appdesc=%E5%8A%A0%E7%8F%AD%E7%AD%BE%E6%A0%B8 HTTP/1.1" 302 108
54.214.114.194 - - [27/Mar/2023:09:04:22 +0800] "GET /eHR/mgr/redirect.php?scriptname=MDNH105&appdesc=%E5%8A%A0%E7%8F%AD%E7%AD%BE%E6%A0%B8 HTTP/1.1" 302 108 "-" "Mozilla/5.0 (Windows NT 10.0; Win64; x64) AppleWebKit/537.36 (KHTML, like Gecko) Chrome/105.0.0.0 Safari/537.36"
34.223.253.64 - - [27/Mar/2023:09:04:25 +0800] "GET /eHR/js/i18n/ui.datepicker-zh-CN.min.js HTTP/1.1" 200 697 "-" "Mozilla/5.0 (Windows NT 10.0; Win64; x64) AppleWebKit/537.36 (KHTML, like Gecko) Chrome/105.0.0.0 Safari/537.36"
34.223.253.64 - - [27/Mar/2023:09:04:25 +0800] "GET /eHR/js/i18n/ui.datepicker-zh-CN.min.js HTTP/1.1" 200 697
192.168.11.63 - - [27/Mar/2023:09:03:58 +0800] "POST /eHR/ess/redirect.php?scriptname=ESNE001&appdesc=%E6%89%B9%E9%87%8F%E5%8A%A0%E7%8F%AD%E7%94%B3%E8%AF%B7 HTTP/1.1" 200 4066 "http://192.168.1.81:8088/eHR/ess/redirect.php?scriptname=ESNE001&appdesc=%E6%89%B9%E9%87%8F%E5%8A%A0%E7%8F%AD%E7%94%B3%E8%AF%B7" "Mozilla/5.0 (Windows NT 10.0; WOW64; Trident/7.0; rv:11.0) like Gecko"
192.168.11.63 - - [27/Mar/2023:09:03:58 +0800] "POST /eHR/ess/redirect.php?scriptname=ESNE001&appdesc=%E6%89%B9%E9%87%8F%E5%8A%A0%E7%8F%AD%E7%94%B3%E8%AF%B7 HTTP/1.1" 200 4066
192.168.11.240 - - [27/Mar/2023:09:04:17 +0800] "GET /eHR/ess/redirect.php?scriptname=ESNE002&appdesc=%E6%89%B9%E9%87%8F%E8%AF%B7%E5%81%87%E7%94%B3%E8%AF%B7 HTTP/1.1" 200 22066 "http://192.168.1.81:8088/eHR/ess/redirect.php" "Mozilla/5.0 (Windows NT 10.0; Win64; x64) AppleWebKit/537.36 (KHTML, like Gecko) Chrome/111.0.0.0 Safari/537.36"
192.168.11.240 - - [27/Mar/2023:09:04:17 +0800] "GET /eHR/ess/redirect.php?scriptname=ESNE002&appdesc=%E6%89%B9%E9%87%8F%E8%AF%B7%E5%81%87%E7%94%B3%E8%AF%B7 HTTP/1.1" 200 22066
54.214.114.194 - - [27/Mar/2023:09:04:23 +0800] "GET /eHR/ess/index.php HTTP/1.1" 200 8806 "-" "Mozilla/5.0 (Windows NT 10.0; Win64; x64) AppleWebKit/537.36 (KHTML, like Gecko) Chrome/105.0.0.0 Safari/537.36"
54.214.114.194 - - [27/Mar/2023:09:04:23 +0800] "GET /eHR/ess/index.php HTTP/1.1" 200 8806
192.168.11.236 - - [27/Mar/2023:09:04:03 +0800] "GET /eHR/ess/redirect.php?scriptname=ESNH003&appdesc=%E8%AF%B7%E5%81%87%E7%AD%BE%E6%A0%B8 HTTP/1.1" 200 139 "http://192.168.1.81:8088/eHR/ess/redirect.php" "Mozilla/5.0 (Windows NT 6.1; Win64; x64) AppleWebKit/537.36 (KHTML, like Gecko) Chrome/111.0.0.0 Safari/537.36 Edg/111.0.1661.54"
192.168.11.236 - - [27/Mar/2023:09:04:03 +0800] "GET /eHR/ess/redirect.php?scriptname=ESNH003&appdesc=%E8%AF%B7%E5%81%87%E7%AD%BE%E6%A0%B8 HTTP/1.1" 200 139
192.168.11.236 - - [27/Mar/2023:09:04:05 +0800] "GET /eHR/ess/redirect.php?scriptname=ESNH004&appdesc=%E5%8A%A0%E7%8F%AD%E7%AD%BE%E6%A0%B8 HTTP/1.1" 200 139 "http://192.168.1.81:8088/eHR/ess/redirect.php" "Mozilla/5.0 (Windows NT 6.1; Win64; x64) AppleWebKit/537.36 (KHTML, like Gecko) Chrome/111.0.0.0 Safari/537.36 Edg/111.0.1661.54"
192.168.11.236 - - [27/Mar/2023:09:04:05 +0800] "GET /eHR/ess/redirect.php?scriptname=ESNH004&appdesc=%E5%8A%A0%E7%8F%AD%E7%AD%BE%E6%A0%B8 HTTP/1.1" 200 139
192.168.11.236 - - [27/Mar/2023:09:04:06 +0800] "GET /eHR/ess/redirect.php?scriptname=ESNH003&appdesc=%E8%AF%B7%E5%81%87%E7%AD%BE%E6%A0%B8 HTTP/1.1" 200 139 "http://192.168.1.81:8088/eHR/ess/redirect.php" "Mozilla/5.0 (Windows NT 6.1; Win64; x64) AppleWebKit/537.36 (KHTML, like Gecko) Chrome/111.0.0.0 Safari/537.36 Edg/111.0.1661.54"
192.168.11.236 - - [27/Mar/2023:09:04:06 +0800] "GET /eHR/ess/redirect.php?scriptname=ESNH003&appdesc=%E8%AF%B7%E5%81%87%E7%AD%BE%E6%A0%B8 HTTP/1.1" 200 139
192.168.11.236 - - [27/Mar/2023:09:03:42 +0800] "GET /eHR/mgr/redirect.php?scriptname=MDNH104&appdesc=%E8%AF%B7%E5%81%87%E7%AD%BE%E6%A0%B8 HTTP/1.1" 200 12110
192.168.11.236 - - [27/Mar/2023:09:03:42 +0800] "GET /eHR/mgr/redirect.php?scriptname=MDNH104&appdesc=%E8%AF%B7%E5%81%87%E7%AD%BE%E6%A0%B8 HTTP/1.1" 200 12110 "http://192.168.1.81:8088/eHR/ess/redirect.php" "Mozilla/5.0 (Windows NT 6.1; Win64; x64) AppleWebKit/537.36 (KHTML, like Gecko) Chrome/111.0.0.0 Safari/537.36 Edg/111.0.1661.54"
192.168.11.236 - - [27/Mar/2023:09:04:09 +0800] "GET /eHR/ess/redirect.php?scriptname=ESNH003&appdesc=%E8%AF%B7%E5%81%87%E7%AD%BE%E6%A0%B8 HTTP/1.1" 200 139
192.168.11.236 - - [27/Mar/2023:09:04:09 +0800] "GET /eHR/ess/redirect.php?scriptname=ESNH003&appdesc=%E8%AF%B7%E5%81%87%E7%AD%BE%E6%A0%B8 HTTP/1.1" 200 139 "http://192.168.1.81:8088/eHR/ess/redirect.php" "Mozilla/5.0 (Windows NT 6.1; Win64; x64) AppleWebKit/537.36 (KHTML, like Gecko) Chrome/111.0.0.0 Safari/537.36 Edg/111.0.1661.54"
192.168.11.236 - - [27/Mar/2023:09:04:20 +0800] "GET /eHR/ess/redirect.php?scriptname=ESNH003&appdesc=%E8%AF%B7%E5%81%87%E7%AD%BE%E6%A0%B8 HTTP/1.1" 200 139 "http://192.168.1.81:8088/eHR/ess/redirect.php" "Mozilla/5.0 (Windows NT 6.1; Win64; x64) AppleWebKit/537.36 (KHTML, like Gecko) Chrome/111.0.0.0 Safari/537.36 Edg/111.0.1661.54"
192.168.11.236 - - [27/Mar/2023:09:04:20 +0800] "GET /eHR/ess/redirect.php?scriptname=ESNH003&appdesc=%E8%AF%B7%E5%81%87%E7%AD%BE%E6%A0%B8 HTTP/1.1" 200 139
192.168.11.90 - - [27/Mar/2023:09:03:57 +0800] "GET /eHR/mgr/redirect.php?scriptname=MDNH104&appdesc=%E8%AF%B7%E5%81%87%E7%AD%BE%E6%A0%B8 HTTP/1.1" 200 12236 "http://192.168.1.81:8088/eHR/ess/redirect.php" "Mozilla/5.0 (Windows NT 10.0; Win64; x64) AppleWebKit/537.36 (KHTML, like Gecko) Chrome/111.0.0.0 Safari/537.36"
192.168.11.90 - - [27/Mar/2023:09:03:57 +0800] "GET /eHR/mgr/redirect.php?scriptname=MDNH104&appdesc=%E8%AF%B7%E5%81%87%E7%AD%BE%E6%A0%B8 HTTP/1.1" 200 12236
192.168.11.236 - - [27/Mar/2023:09:04:24 +0800] "GET /eHR/ess/redirect.php?scriptname=ESNH003&appdesc=%E8%AF%B7%E5%81%87%E7%AD%BE%E6%A0%B8 HTTP/1.1" 200 -
192.168.11.236 - - [27/Mar/2023:09:04:24 +0800] "GET /eHR/ess/redirect.php?scriptname=ESNH003&appdesc=%E8%AF%B7%E5%81%87%E7%AD%BE%E6%A0%B8 HTTP/1.1" 200 - "http://192.168.1.81:8088/eHR/ess/redirect.php" "Mozilla/5.0 (Windows NT 6.1; Win64; x64) AppleWebKit/537.36 (KHTML, like Gecko) Chrome/111.0.0.0 Safari/537.36 Edg/111.0.1661.54"
192.168.11.67 - - [27/Mar/2023:09:02:13 +0800] "GET /eHR/ess/redirect.php?scriptname=ESNH000 HTTP/1.1" 200 - "http://192.168.1.81:8088/eHR/ess/redirect.php" "Mozilla/5.0 (Windows NT 10.0; WOW64; Trident/7.0; rv:11.0) like Gecko"
192.168.11.67 - - [27/Mar/2023:09:02:13 +0800] "GET /eHR/ess/redirect.php?scriptname=ESNH000 HTTP/1.1" 200 -
117.136.67.67 - - [27/Mar/2023:09:04:28 +0800] "GET /eHR/ess/index.php HTTP/1.1" 200 139 "-" "Mozilla/5.0 (Windows NT 6.1; Win64; x64) AppleWebKit/537.36 (KHTML, like Gecko) Chrome/111.0.0.0 Safari/537.36 Edg/111.0.1661.51"
117.136.67.67 - - [27/Mar/2023:09:04:28 +0800] "GET /eHR/ess/index.php HTTP/1.1" 200 139
117.136.67.67 - - [27/Mar/2023:09:02:32 +0800] "GET /eHR/ess/redirect.php?scriptname=ESNH000 HTTP/1.1" 200 - "http://hcp.maglayers.com.cn:8088/eHR/ess/redirect.php" "Mozilla/5.0 (Windows NT 6.1; Win64; x64) AppleWebKit/537.36 (KHTML, like Gecko) Chrome/111.0.0.0 Safari/537.36 Edg/111.0.1661.51"
117.136.67.67 - - [27/Mar/2023:09:02:32 +0800] "GET /eHR/ess/redirect.php?scriptname=ESNH000 HTTP/1.1" 200 -
117.136.67.67 - - [27/Mar/2023:09:05:04 +0800] "GET /favicon.ico HTTP/1.1" 404 209 "http://hcp.maglayers.com.cn:8088/eHR/ess/index.php" "Mozilla/5.0 (Windows NT 6.1; Win64; x64) AppleWebKit/537.36 (KHTML, like Gecko) Chrome/111.0.0.0 Safari/537.36 Edg/111.0.1661.51"
117.136.67.67 - - [27/Mar/2023:09:05:04 +0800] "GET /favicon.ico HTTP/1.1" 404 209
117.136.67.67 - - [27/Mar/2023:09:05:08 +0800] "GET /eHR/ess/index.php HTTP/1.1" 200 8826 "-" "Mozilla/5.0 (Windows NT 6.1; Win64; x64) AppleWebKit/537.36 (KHTML, like Gecko) Chrome/111.0.0.0 Safari/537.36 Edg/111.0.1661.51"
117.136.67.67 - - [27/Mar/2023:09:05:08 +0800] "GET /eHR/ess/index.php HTTP/1.1" 200 8826
192.168.11.240 - - [27/Mar/2023:09:05:12 +0800] "GET /eHR/ess/redirect.php?scriptname=emp_lov&openW=Y&rand=0.5043740424146592 HTTP/1.1" 200 9748 "http://192.168.1.81:8088/eHR/ess/redirect.php?scriptname=ESNE002&appdesc=%E6%89%B9%E9%87%8F%E8%AF%B7%E5%81%87%E7%94%B3%E8%AF%B7" "Mozilla/5.0 (Windows NT 10.0; Win64; x64) AppleWebKit/537.36 (KHTML, like Gecko) Chrome/111.0.0.0 Safari/537.36"
192.168.11.240 - - [27/Mar/2023:09:05:12 +0800] "GET /eHR/ess/redirect.php?scriptname=emp_lov&openW=Y&rand=0.5043740424146592 HTTP/1.1" 200 9748
117.136.67.67 - - [27/Mar/2023:09:05:23 +0800] "POST /eHR/ess/includes/login.php HTTP/1.1" 302 - "http://hcp.maglayers.com.cn:8088/eHR/ess/index.php" "Mozilla/5.0 (Windows NT 6.1; Win64; x64) AppleWebKit/537.36 (KHTML, like Gecko) Chrome/111.0.0.0 Safari/537.36 Edg/111.0.1661.51"
117.136.67.67 - - [27/Mar/2023:09:05:23 +0800] "POST /eHR/ess/includes/login.php HTTP/1.1" 302 -
117.136.67.67 - - [27/Mar/2023:09:05:35 +0800] "GET /eHR/ess/redirect.php HTTP/1.1" 200 7221
117.136.67.67 - - [27/Mar/2023:09:05:35 +0800] "GET /eHR/ess/redirect.php HTTP/1.1" 200 7221 "http://hcp.maglayers.com.cn:8088/eHR/ess/index.php" "Mozilla/5.0 (Windows NT 6.1; Win64; x64) AppleWebKit/537.36 (KHTML, like Gecko) Chrome/111.0.0.0 Safari/537.36 Edg/111.0.1661.51"
192.168.11.240 - - [27/Mar/2023:09:05:38 +0800] "POST /eHR/ess/redirect.php?scriptname=emp_lov&openW=Y&rand=0.5043740424146592 HTTP/1.1" 200 11918 "http://192.168.1.81:8088/eHR/ess/redirect.php?scriptname=emp_lov&openW=Y&rand=0.5043740424146592" "Mozilla/5.0 (Windows NT 10.0; Win64; x64) AppleWebKit/537.36 (KHTML, like Gecko) Chrome/111.0.0.0 Safari/537.36"
192.168.11.240 - - [27/Mar/2023:09:05:38 +0800] "POST /eHR/ess/redirect.php?scriptname=emp_lov&openW=Y&rand=0.5043740424146592 HTTP/1.1" 200 11918
192.168.11.67 - - [27/Mar/2023:09:05:48 +0800] "GET /eHR/ess/redirect.php HTTP/1.1" 200 9206 "http://192.168.1.81:8088/eHR/ess/index.php?lang=ZHT" "Mozilla/5.0 (Windows NT 10.0; WOW64; Trident/7.0; rv:11.0) like Gecko"
192.168.11.67 - - [27/Mar/2023:09:05:48 +0800] "GET /eHR/ess/redirect.php HTTP/1.1" 200 9206
192.168.11.67 - - [27/Mar/2023:09:05:48 +0800] "GET /eHR/css/jqueryui/themes/redmond/jquery.ui.all.css HTTP/1.1" 304 - "http://192.168.1.81:8088/eHR/ess/redirect.php" "Mozilla/5.0 (Windows NT 10.0; WOW64; Trident/7.0; rv:11.0) like Gecko"
192.168.11.67 - - [27/Mar/2023:09:05:48 +0800] "GET /eHR/css/jqueryui/themes/redmond/jquery.ui.all.css HTTP/1.1" 304 -
192.168.11.67 - - [27/Mar/2023:09:05:48 +0800] "GET /eHR/css/jqueryui/themes/redmond/jquery.ui.base.css HTTP/1.1" 304 - "http://192.168.1.81:8088/eHR/ess/redirect.php" "Mozilla/5.0 (Windows NT 10.0; WOW64; Trident/7.0; rv:11.0) like Gecko"
192.168.11.67 - - [27/Mar/2023:09:05:48 +0800] "GET /eHR/css/jqueryui/themes/redmond/jquery.ui.base.css HTTP/1.1" 304 -
192.168.11.67 - - [27/Mar/2023:09:05:48 +0800] "GET /eHR/css/jqueryui/themes/redmond/jquery.ui.theme.css HTTP/1.1" 304 -
192.168.11.67 - - [27/Mar/2023:09:05:48 +0800] "GET /eHR/css/jqueryui/themes/redmond/jquery.ui.theme.css HTTP/1.1" 304 - "http://192.168.1.81:8088/eHR/ess/redirect.php" "Mozilla/5.0 (Windows NT 10.0; WOW64; Trident/7.0; rv:11.0) like Gecko"
192.168.11.67 - - [27/Mar/2023:09:05:48 +0800] "GET /eHR/css/jqueryui/themes/redmond/jquery.ui.core.css HTTP/1.1" 304 - "http://192.168.1.81:8088/eHR/ess/redirect.php" "Mozilla/5.0 (Windows NT 10.0; WOW64; Trident/7.0; rv:11.0) like Gecko"
192.168.11.67 - - [27/Mar/2023:09:05:48 +0800] "GET /eHR/css/jqueryui/themes/redmond/jquery.ui.core.css HTTP/1.1" 304 -
192.168.11.67 - - [27/Mar/2023:09:05:48 +0800] "GET /eHR/css/jqueryui/themes/redmond/jquery.ui.resizable.css HTTP/1.1" 304 -
192.168.11.67 - - [27/Mar/2023:09:05:48 +0800] "GET /eHR/css/jqueryui/themes/redmond/jquery.ui.resizable.css HTTP/1.1" 304 - "http://192.168.1.81:8088/eHR/ess/redirect.php" "Mozilla/5.0 (Windows NT 10.0; WOW64; Trident/7.0; rv:11.0) like Gecko"
192.168.11.67 - - [27/Mar/2023:09:05:48 +0800] "GET /eHR/css/jqueryui/themes/redmond/jquery.ui.selectable.css HTTP/1.1" 304 - "http://192.168.1.81:8088/eHR/ess/redirect.php" "Mozilla/5.0 (Windows NT 10.0; WOW64; Trident/7.0; rv:11.0) like Gecko"
192.168.11.67 - - [27/Mar/2023:09:05:48 +0800] "GET /eHR/css/jqueryui/themes/redmond/jquery.ui.selectable.css HTTP/1.1" 304 -
192.168.11.67 - - [27/Mar/2023:09:05:48 +0800] "GET /eHR/css/jqueryui/themes/redmond/jquery.ui.accordion.css HTTP/1.1" 304 - "http://192.168.1.81:8088/eHR/ess/redirect.php" "Mozilla/5.0 (Windows NT 10.0; WOW64; Trident/7.0; rv:11.0) like Gecko"
192.168.11.67 - - [27/Mar/2023:09:05:48 +0800] "GET /eHR/css/jqueryui/themes/redmond/jquery.ui.accordion.css HTTP/1.1" 304 -
192.168.11.67 - - [27/Mar/2023:09:05:48 +0800] "GET /eHR/css/jqueryui/themes/redmond/jquery.ui.autocomplete.css HTTP/1.1" 304 - "http://192.168.1.81:8088/eHR/ess/redirect.php" "Mozilla/5.0 (Windows NT 10.0; WOW64; Trident/7.0; rv:11.0) like Gecko"
192.168.11.67 - - [27/Mar/2023:09:05:48 +0800] "GET /eHR/css/jqueryui/themes/redmond/jquery.ui.autocomplete.css HTTP/1.1" 304 -
192.168.11.67 - - [27/Mar/2023:09:05:48 +0800] "GET /eHR/css/jqueryui/themes/redmond/jquery.ui.button.css HTTP/1.1" 304 - "http://192.168.1.81:8088/eHR/ess/redirect.php" "Mozilla/5.0 (Windows NT 10.0; WOW64; Trident/7.0; rv:11.0) like Gecko"
192.168.11.67 - - [27/Mar/2023:09:05:48 +0800] "GET /eHR/css/jqueryui/themes/redmond/jquery.ui.button.css HTTP/1.1" 304 -
192.168.11.67 - - [27/Mar/2023:09:05:48 +0800] "GET /eHR/css/jqueryui/themes/redmond/jquery.ui.dialog.css HTTP/1.1" 304 - "http://192.168.1.81:8088/eHR/ess/redirect.php" "Mozilla/5.0 (Windows NT 10.0; WOW64; Trident/7.0; rv:11.0) like Gecko"
192.168.11.67 - - [27/Mar/2023:09:05:48 +0800] "GET /eHR/css/jqueryui/themes/redmond/jquery.ui.dialog.css HTTP/1.1" 304 -
192.168.11.67 - - [27/Mar/2023:09:05:48 +0800] "GET /eHR/css/jqueryui/themes/redmond/jquery.ui.slider.css HTTP/1.1" 304 - "http://192.168.1.81:8088/eHR/ess/redirect.php" "Mozilla/5.0 (Windows NT 10.0; WOW64; Trident/7.0; rv:11.0) like Gecko"
192.168.11.67 - - [27/Mar/2023:09:05:48 +0800] "GET /eHR/css/jqueryui/themes/redmond/jquery.ui.slider.css HTTP/1.1" 304 -
192.168.11.67 - - [27/Mar/2023:09:05:48 +0800] "GET /eHR/css/jqueryui/themes/redmond/jquery.ui.tabs.css HTTP/1.1" 304 - "http://192.168.1.81:8088/eHR/ess/redirect.php" "Mozilla/5.0 (Windows NT 10.0; WOW64; Trident/7.0; rv:11.0) like Gecko"
192.168.11.67 - - [27/Mar/2023:09:05:48 +0800] "GET /eHR/css/jqueryui/themes/redmond/jquery.ui.tabs.css HTTP/1.1" 304 -
192.168.11.67 - - [27/Mar/2023:09:05:48 +0800] "GET /eHR/css/jqueryui/themes/redmond/jquery.ui.datepicker.css HTTP/1.1" 304 - "http://192.168.1.81:8088/eHR/ess/redirect.php" "Mozilla/5.0 (Windows NT 10.0; WOW64; Trident/7.0; rv:11.0) like Gecko"
192.168.11.67 - - [27/Mar/2023:09:05:48 +0800] "GET /eHR/css/jqueryui/themes/redmond/jquery.ui.datepicker.css HTTP/1.1" 304 -
192.168.11.67 - - [27/Mar/2023:09:05:48 +0800] "GET /eHR/css/jqueryui/themes/redmond/jquery.ui.progressbar.css HTTP/1.1" 304 - "http://192.168.1.81:8088/eHR/ess/redirect.php" "Mozilla/5.0 (Windows NT 10.0; WOW64; Trident/7.0; rv:11.0) like Gecko"
192.168.11.67 - - [27/Mar/2023:09:05:48 +0800] "GET /eHR/css/jqueryui/themes/redmond/jquery.ui.progressbar.css HTTP/1.1" 304 -
192.168.11.67 - - [27/Mar/2023:09:05:48 +0800] "GET /eHR/css/layout/layout.min.css HTTP/1.1" 304 - "http://192.168.1.81:8088/eHR/ess/redirect.php" "Mozilla/5.0 (Windows NT 10.0; WOW64; Trident/7.0; rv:11.0) like Gecko"
192.168.11.67 - - [27/Mar/2023:09:05:48 +0800] "GET /eHR/css/layout/layout.min.css HTTP/1.1" 304 -
192.168.11.67 - - [27/Mar/2023:09:05:48 +0800] "GET /eHR/img/logo.gif HTTP/1.1" 304 - "http://192.168.1.81:8088/eHR/ess/redirect.php" "Mozilla/5.0 (Windows NT 10.0; WOW64; Trident/7.0; rv:11.0) like Gecko"
192.168.11.67 - - [27/Mar/2023:09:05:48 +0800] "GET /eHR/img/logo.gif HTTP/1.1" 304 -
192.168.11.67 - - [27/Mar/2023:09:05:48 +0800] "GET /eHR/img/icon_obj.png HTTP/1.1" 304 - "http://192.168.1.81:8088/eHR/ess/redirect.php" "Mozilla/5.0 (Windows NT 10.0; WOW64; Trident/7.0; rv:11.0) like Gecko"
192.168.11.67 - - [27/Mar/2023:09:05:48 +0800] "GET /eHR/img/icon_obj.png HTTP/1.1" 304 -
192.168.11.67 - - [27/Mar/2023:09:05:48 +0800] "GET /eHR/img/icon_jd.png HTTP/1.1" 304 - "http://192.168.1.81:8088/eHR/ess/redirect.php" "Mozilla/5.0 (Windows NT 10.0; WOW64; Trident/7.0; rv:11.0) like Gecko"
192.168.11.67 - - [27/Mar/2023:09:05:48 +0800] "GET /eHR/img/icon_jd.png HTTP/1.1" 304 -
192.168.11.67 - - [27/Mar/2023:09:05:48 +0800] "GET /eHR/img/icon_about.png HTTP/1.1" 304 - "http://192.168.1.81:8088/eHR/ess/redirect.php" "Mozilla/5.0 (Windows NT 10.0; WOW64; Trident/7.0; rv:11.0) like Gecko"
192.168.11.67 - - [27/Mar/2023:09:05:48 +0800] "GET /eHR/img/icon_about.png HTTP/1.1" 304 -
192.168.11.67 - - [27/Mar/2023:09:05:48 +0800] "GET /eHR/img/icon_help.png HTTP/1.1" 304 - "http://192.168.1.81:8088/eHR/ess/redirect.php" "Mozilla/5.0 (Windows NT 10.0; WOW64; Trident/7.0; rv:11.0) like Gecko"
192.168.11.67 - - [27/Mar/2023:09:05:48 +0800] "GET /eHR/img/icon_help.png HTTP/1.1" 304 -
192.168.11.67 - - [27/Mar/2023:09:05:48 +0800] "GET /eHR/img/icon_exit.png HTTP/1.1" 304 - "http://192.168.1.81:8088/eHR/ess/redirect.php" "Mozilla/5.0 (Windows NT 10.0; WOW64; Trident/7.0; rv:11.0) like Gecko"
192.168.11.67 - - [27/Mar/2023:09:05:48 +0800] "GET /eHR/img/icon_exit.png HTTP/1.1" 304 -
192.168.11.67 - - [27/Mar/2023:09:05:48 +0800] "GET /eHR/js/jqueryui/jquery-1.4.4.min.js HTTP/1.1" 304 - "http://192.168.1.81:8088/eHR/ess/redirect.php" "Mozilla/5.0 (Windows NT 10.0; WOW64; Trident/7.0; rv:11.0) like Gecko"
192.168.11.67 - - [27/Mar/2023:09:05:48 +0800] "GET /eHR/js/jqueryui/jquery-1.4.4.min.js HTTP/1.1" 304 -
192.168.11.67 - - [27/Mar/2023:09:05:48 +0800] "GET /eHR/img/human.png HTTP/1.1" 304 - "http://192.168.1.81:8088/eHR/ess/redirect.php" "Mozilla/5.0 (Windows NT 10.0; WOW64; Trident/7.0; rv:11.0) like Gecko"
192.168.11.67 - - [27/Mar/2023:09:05:48 +0800] "GET /eHR/img/human.png HTTP/1.1" 304 -
192.168.11.67 - - [27/Mar/2023:09:05:48 +0800] "GET /eHR/img/ess-logo.png HTTP/1.1" 304 - "http://192.168.1.81:8088/eHR/ess/redirect.php" "Mozilla/5.0 (Windows NT 10.0; WOW64; Trident/7.0; rv:11.0) like Gecko"
192.168.11.67 - - [27/Mar/2023:09:05:48 +0800] "GET /eHR/img/ess-logo.png HTTP/1.1" 304 -
192.168.11.67 - - [27/Mar/2023:09:05:48 +0800] "GET /eHR/js/jqueryui/jquery-ui-1.8.11.custom.min.js HTTP/1.1" 304 - "http://192.168.1.81:8088/eHR/ess/redirect.php" "Mozilla/5.0 (Windows NT 10.0; WOW64; Trident/7.0; rv:11.0) like Gecko"
192.168.11.67 - - [27/Mar/2023:09:05:48 +0800] "GET /eHR/js/jqueryui/jquery-ui-1.8.11.custom.min.js HTTP/1.1" 304 -
192.168.11.67 - - [27/Mar/2023:09:05:48 +0800] "GET /eHR/js/jquery.layout.min-1.2.0.js HTTP/1.1" 304 - "http://192.168.1.81:8088/eHR/ess/redirect.php" "Mozilla/5.0 (Windows NT 10.0; WOW64; Trident/7.0; rv:11.0) like Gecko"
192.168.11.67 - - [27/Mar/2023:09:05:48 +0800] "GET /eHR/js/jquery.layout.min-1.2.0.js HTTP/1.1" 304 -
192.168.11.67 - - [27/Mar/2023:09:05:48 +0800] "GET /eHR/js/jquery.cookie.min.js HTTP/1.1" 304 - "http://192.168.1.81:8088/eHR/ess/redirect.php" "Mozilla/5.0 (Windows NT 10.0; WOW64; Trident/7.0; rv:11.0) like Gecko"
192.168.11.67 - - [27/Mar/2023:09:05:48 +0800] "GET /eHR/js/jquery.cookie.min.js HTTP/1.1" 304 -
192.168.11.67 - - [27/Mar/2023:09:05:48 +0800] "GET /eHR/img/Person.png HTTP/1.1" 304 - "http://192.168.1.81:8088/eHR/ess/redirect.php" "Mozilla/5.0 (Windows NT 10.0; WOW64; Trident/7.0; rv:11.0) like Gecko"
192.168.11.67 - - [27/Mar/2023:09:05:48 +0800] "GET /eHR/img/Person.png HTTP/1.1" 304 -
192.168.11.67 - - [27/Mar/2023:09:05:48 +0800] "GET /eHR/css/jqueryui/themes/redmond/images/ui-bg_glass_85_dfeffc_1x400.png HTTP/1.1" 304 - "http://192.168.1.81:8088/eHR/ess/redirect.php" "Mozilla/5.0 (Windows NT 10.0; WOW64; Trident/7.0; rv:11.0) like Gecko"
192.168.11.67 - - [27/Mar/2023:09:05:48 +0800] "GET /eHR/css/jqueryui/themes/redmond/images/ui-bg_glass_85_dfeffc_1x400.png HTTP/1.1" 304 -
192.168.11.67 - - [27/Mar/2023:09:05:48 +0800] "GET /eHR/img/layout/toggle-lt.gif HTTP/1.1" 304 - "http://192.168.1.81:8088/eHR/ess/redirect.php" "Mozilla/5.0 (Windows NT 10.0; WOW64; Trident/7.0; rv:11.0) like Gecko"
192.168.11.67 - - [27/Mar/2023:09:05:48 +0800] "GET /eHR/img/layout/toggle-lt.gif HTTP/1.1" 304 -
