192.168.11.67 - - [22/Mar/2023:10:28:13 +0800] "GET /Apache%20Software%20Foundation/emphoto/X230191.jpg HTTP/1.1" 404 244 "http://192.168.1.81:8088/idcard/ess/redirect.php?scriptname=idcard_preview&previewall=1" "Mozilla/4.0 (compatible; MSIE 7.0; Windows NT 10.0; WOW64; Trident/7.0; .NET4.0C; .NET4.0E)"
192.168.11.67 - - [22/Mar/2023:10:28:13 +0800] "GET /Apache%20Software%20Foundation/emphoto/X230191.jpg HTTP/1.1" 404 244
192.168.11.67 - - [22/Mar/2023:10:28:13 +0800] "GET /Apache%20Software%20Foundation/emphoto/X230192.jpg HTTP/1.1" 404 244 "http://192.168.1.81:8088/idcard/ess/redirect.php?scriptname=idcard_preview&previewall=1" "Mozilla/4.0 (compatible; MSIE 7.0; Windows NT 10.0; WOW64; Trident/7.0; .NET4.0C; .NET4.0E)"
192.168.11.67 - - [22/Mar/2023:10:28:13 +0800] "GET /Apache%20Software%20Foundation/emphoto/X230192.jpg HTTP/1.1" 404 244
192.168.11.67 - - [22/Mar/2023:10:28:13 +0800] "GET /idcard/css/printidcard.css HTTP/1.1" 200 1715 "http://192.168.1.81:8088/idcard/ess/redirect.php?scriptname=idcard_preview&previewall=1" "Mozilla/4.0 (compatible; MSIE 7.0; Windows NT 10.0; WOW64; Trident/7.0; .NET4.0C; .NET4.0E)"
192.168.11.67 - - [22/Mar/2023:10:28:13 +0800] "GET /idcard/css/printidcard.css HTTP/1.1" 200 1715
192.168.11.67 - - [22/Mar/2023:10:28:13 +0800] "GET /idcard/upload/org_pic/idcard_company_log.png HTTP/1.1" 200 26231 "http://192.168.1.81:8088/idcard/ess/redirect.php?scriptname=idcard_preview&previewall=1" "Mozilla/4.0 (compatible; MSIE 7.0; Windows NT 10.0; WOW64; Trident/7.0; .NET4.0C; .NET4.0E)"
192.168.11.67 - - [22/Mar/2023:10:28:13 +0800] "GET /idcard/upload/org_pic/idcard_company_log.png HTTP/1.1" 200 26231
192.168.11.67 - - [22/Mar/2023:10:28:13 +0800] "GET /idcard/js/jquery-barcode-2.0.2.min.js HTTP/1.1" 200 25006 "http://192.168.1.81:8088/idcard/ess/redirect.php?scriptname=idcard_preview&previewall=1" "Mozilla/4.0 (compatible; MSIE 7.0; Windows NT 10.0; WOW64; Trident/7.0; .NET4.0C; .NET4.0E)"
192.168.11.67 - - [22/Mar/2023:10:28:13 +0800] "GET /idcard/js/jquery-barcode-2.0.2.min.js HTTP/1.1" 200 25006
192.168.11.67 - - [22/Mar/2023:10:28:15 +0800] "GET /Apache%20Software%20Foundation/emphoto/X230190.jpg HTTP/1.1" 404 244 "-" "Mozilla/5.0 (Windows NT 10.0; WOW64; Trident/7.0; rv:11.0) like Gecko"
192.168.11.67 - - [22/Mar/2023:10:28:15 +0800] "GET /Apache%20Software%20Foundation/emphoto/X230191.jpg HTTP/1.1" 404 244 "-" "Mozilla/5.0 (Windows NT 10.0; WOW64; Trident/7.0; rv:11.0) like Gecko"
192.168.11.67 - - [22/Mar/2023:10:28:15 +0800] "GET /Apache%20Software%20Foundation/emphoto/X230192.jpg HTTP/1.1" 404 244 "-" "Mozilla/5.0 (Windows NT 10.0; WOW64; Trident/7.0; rv:11.0) like Gecko"
192.168.11.67 - - [22/Mar/2023:10:28:15 +0800] "GET /Apache%20Software%20Foundation/emphoto/X230190.jpg HTTP/1.1" 404 244
192.168.11.67 - - [22/Mar/2023:10:28:15 +0800] "GET /Apache%20Software%20Foundation/emphoto/X230191.jpg HTTP/1.1" 404 244
192.168.11.67 - - [22/Mar/2023:10:28:15 +0800] "GET /Apache%20Software%20Foundation/emphoto/X230192.jpg HTTP/1.1" 404 244
192.168.11.67 - - [22/Mar/2023:10:28:25 +0800] "GET /Apache%20Software%20Foundation/emphoto/X230191.jpg HTTP/1.1" 404 244 "-" "Mozilla/5.0 (Windows NT 10.0; WOW64; Trident/7.0; rv:11.0) like Gecko"
192.168.11.67 - - [22/Mar/2023:10:28:25 +0800] "GET /Apache%20Software%20Foundation/emphoto/X230190.jpg HTTP/1.1" 404 244 "-" "Mozilla/5.0 (Windows NT 10.0; WOW64; Trident/7.0; rv:11.0) like Gecko"
192.168.11.67 - - [22/Mar/2023:10:28:25 +0800] "GET /Apache%20Software%20Foundation/emphoto/X230192.jpg HTTP/1.1" 404 244 "-" "Mozilla/5.0 (Windows NT 10.0; WOW64; Trident/7.0; rv:11.0) like Gecko"
192.168.11.67 - - [22/Mar/2023:10:28:25 +0800] "GET /Apache%20Software%20Foundation/emphoto/X230191.jpg HTTP/1.1" 404 244
192.168.11.67 - - [22/Mar/2023:10:28:25 +0800] "GET /Apache%20Software%20Foundation/emphoto/X230190.jpg HTTP/1.1" 404 244
192.168.11.67 - - [22/Mar/2023:10:28:25 +0800] "GET /Apache%20Software%20Foundation/emphoto/X230192.jpg HTTP/1.1" 404 244
192.168.11.67 - - [22/Mar/2023:10:28:27 +0800] "GET /Apache%20Software%20Foundation/emphoto/X230190.jpg HTTP/1.1" 404 244 "-" "Mozilla/5.0 (Windows NT 10.0; WOW64; Trident/7.0; rv:11.0) like Gecko"
192.168.11.67 - - [22/Mar/2023:10:28:27 +0800] "GET /Apache%20Software%20Foundation/emphoto/X230190.jpg HTTP/1.1" 404 244
192.168.11.67 - - [22/Mar/2023:10:28:27 +0800] "GET /Apache%20Software%20Foundation/emphoto/X230191.jpg HTTP/1.1" 404 244 "-" "Mozilla/5.0 (Windows NT 10.0; WOW64; Trident/7.0; rv:11.0) like Gecko"
192.168.11.67 - - [22/Mar/2023:10:28:27 +0800] "GET /Apache%20Software%20Foundation/emphoto/X230191.jpg HTTP/1.1" 404 244
192.168.11.67 - - [22/Mar/2023:10:28:27 +0800] "GET /Apache%20Software%20Foundation/emphoto/X230192.jpg HTTP/1.1" 404 244
192.168.11.67 - - [22/Mar/2023:10:28:27 +0800] "GET /Apache%20Software%20Foundation/emphoto/X230192.jpg HTTP/1.1" 404 244 "-" "Mozilla/5.0 (Windows NT 10.0; WOW64; Trident/7.0; rv:11.0) like Gecko"
192.168.11.67 - - [22/Mar/2023:10:28:29 +0800] "GET /Apache%20Software%20Foundation/emphoto/X230191.jpg HTTP/1.1" 404 244 "-" "Mozilla/5.0 (Windows NT 10.0; WOW64; Trident/7.0; rv:11.0) like Gecko"
192.168.11.67 - - [22/Mar/2023:10:28:29 +0800] "GET /Apache%20Software%20Foundation/emphoto/X230191.jpg HTTP/1.1" 404 244
192.168.11.67 - - [22/Mar/2023:10:28:29 +0800] "GET /Apache%20Software%20Foundation/emphoto/X230192.jpg HTTP/1.1" 404 244 "-" "Mozilla/5.0 (Windows NT 10.0; WOW64; Trident/7.0; rv:11.0) like Gecko"
192.168.11.67 - - [22/Mar/2023:10:28:29 +0800] "GET /Apache%20Software%20Foundation/emphoto/X230190.jpg HTTP/1.1" 404 244 "-" "Mozilla/5.0 (Windows NT 10.0; WOW64; Trident/7.0; rv:11.0) like Gecko"
192.168.11.67 - - [22/Mar/2023:10:28:29 +0800] "GET /Apache%20Software%20Foundation/emphoto/X230192.jpg HTTP/1.1" 404 244
192.168.11.67 - - [22/Mar/2023:10:28:29 +0800] "GET /Apache%20Software%20Foundation/emphoto/X230190.jpg HTTP/1.1" 404 244
192.168.11.67 - - [22/Mar/2023:10:28:36 +0800] "GET /Apache%20Software%20Foundation/emphoto/X230191.jpg HTTP/1.1" 404 244
192.168.11.67 - - [22/Mar/2023:10:28:36 +0800] "GET /Apache%20Software%20Foundation/emphoto/X230190.jpg HTTP/1.1" 404 244
192.168.11.67 - - [22/Mar/2023:10:28:36 +0800] "GET /Apache%20Software%20Foundation/emphoto/X230191.jpg HTTP/1.1" 404 244 "-" "Mozilla/5.0 (Windows NT 10.0; WOW64; Trident/7.0; rv:11.0) like Gecko"
192.168.11.67 - - [22/Mar/2023:10:28:36 +0800] "GET /Apache%20Software%20Foundation/emphoto/X230192.jpg HTTP/1.1" 404 244
192.168.11.67 - - [22/Mar/2023:10:28:36 +0800] "GET /Apache%20Software%20Foundation/emphoto/X230190.jpg HTTP/1.1" 404 244 "-" "Mozilla/5.0 (Windows NT 10.0; WOW64; Trident/7.0; rv:11.0) like Gecko"
192.168.11.67 - - [22/Mar/2023:10:28:36 +0800] "GET /Apache%20Software%20Foundation/emphoto/X230192.jpg HTTP/1.1" 404 244 "-" "Mozilla/5.0 (Windows NT 10.0; WOW64; Trident/7.0; rv:11.0) like Gecko"
192.168.11.67 - - [22/Mar/2023:10:28:39 +0800] "GET /Apache%20Software%20Foundation/emphoto/X230192.jpg HTTP/1.1" 404 244
192.168.11.67 - - [22/Mar/2023:10:28:39 +0800] "GET /Apache%20Software%20Foundation/emphoto/X230191.jpg HTTP/1.1" 404 244
192.168.11.67 - - [22/Mar/2023:10:28:39 +0800] "GET /Apache%20Software%20Foundation/emphoto/X230192.jpg HTTP/1.1" 404 244 "-" "Mozilla/5.0 (Windows NT 10.0; WOW64; Trident/7.0; rv:11.0) like Gecko"
192.168.11.67 - - [22/Mar/2023:10:28:39 +0800] "GET /Apache%20Software%20Foundation/emphoto/X230190.jpg HTTP/1.1" 404 244
192.168.11.67 - - [22/Mar/2023:10:28:39 +0800] "GET /Apache%20Software%20Foundation/emphoto/X230191.jpg HTTP/1.1" 404 244 "-" "Mozilla/5.0 (Windows NT 10.0; WOW64; Trident/7.0; rv:11.0) like Gecko"
192.168.11.67 - - [22/Mar/2023:10:28:39 +0800] "GET /Apache%20Software%20Foundation/emphoto/X230190.jpg HTTP/1.1" 404 244 "-" "Mozilla/5.0 (Windows NT 10.0; WOW64; Trident/7.0; rv:11.0) like Gecko"
192.168.11.240 - - [22/Mar/2023:10:38:21 +0800] "GET /eHR/ess/redirect.php?scriptname=ESNE007&appdesc=%E5%8A%A0%E7%8F%AD%E7%94%B3%E8%AF%B7%E6%B1%87%E5%85%A5 HTTP/1.1" 302 - "http://192.168.1.81:8088/eHR/ess/redirect.php" "Mozilla/5.0 (Windows NT 10.0; Win64; x64) AppleWebKit/537.36 (KHTML, like Gecko) Chrome/111.0.0.0 Safari/537.36"
192.168.11.240 - - [22/Mar/2023:10:38:21 +0800] "GET /eHR/ess/redirect.php?scriptname=ESNE007&appdesc=%E5%8A%A0%E7%8F%AD%E7%94%B3%E8%AF%B7%E6%B1%87%E5%85%A5 HTTP/1.1" 302 -
192.168.11.240 - - [22/Mar/2023:10:38:24 +0800] "GET /eHR/ess/index.php?action=logout HTTP/1.1" 200 8826
192.168.11.240 - - [22/Mar/2023:10:38:24 +0800] "GET /eHR/ess/index.php?action=logout HTTP/1.1" 200 8826 "http://192.168.1.81:8088/eHR/ess/redirect.php" "Mozilla/5.0 (Windows NT 10.0; Win64; x64) AppleWebKit/537.36 (KHTML, like Gecko) Chrome/111.0.0.0 Safari/537.36"
192.168.11.240 - - [22/Mar/2023:10:38:27 +0800] "GET /eHR/ess/index.php?action=logout HTTP/1.1" 200 8826 "http://192.168.1.81:8088/eHR/ess/index.php?action=logout" "Mozilla/5.0 (Windows NT 10.0; Win64; x64) AppleWebKit/537.36 (KHTML, like Gecko) Chrome/111.0.0.0 Safari/537.36"
192.168.11.240 - - [22/Mar/2023:10:38:27 +0800] "GET /eHR/ess/index.php?action=logout HTTP/1.1" 200 8826
192.168.12.71 - - [22/Mar/2023:10:40:56 +0800] "GET /eHR/upload/userfile/dd594e6d9fdb40d4bf6d1e0944585186.png?&openW=Y&rand=0.2567643407208531 HTTP/1.1" 200 989284
192.168.12.71 - - [22/Mar/2023:10:40:56 +0800] "GET /eHR/upload/userfile/dd594e6d9fdb40d4bf6d1e0944585186.png?&openW=Y&rand=0.2567643407208531 HTTP/1.1" 200 989284 "http://192.168.1.81:8088/eHR/ess/redirect.php?scriptname=ESNE004&appdesc=%E6%89%B9%E9%87%8F%E8%AF%B7%E5%81%87%E6%9F%A5%E8%AF%A2" "Mozilla/5.0 (Windows NT 6.1; Win64; x64) AppleWebKit/537.36 (KHTML, like Gecko) Chrome/111.0.0.0 Safari/537.36 Edg/111.0.1661.44"
192.168.12.71 - - [22/Mar/2023:10:40:58 +0800] "GET /favicon.ico HTTP/1.1" 404 209
192.168.12.71 - - [22/Mar/2023:10:40:58 +0800] "GET /favicon.ico HTTP/1.1" 404 209 "http://192.168.1.81:8088/eHR/upload/userfile/dd594e6d9fdb40d4bf6d1e0944585186.png?&openW=Y&rand=0.2567643407208531" "Mozilla/5.0 (Windows NT 6.1; Win64; x64) AppleWebKit/537.36 (KHTML, like Gecko) Chrome/111.0.0.0 Safari/537.36 Edg/111.0.1661.44"
192.168.12.71 - - [22/Mar/2023:10:41:03 +0800] "GET /eHR/ess/redirect.php?scriptname=ESNE002&appdesc=%E6%89%B9%E9%87%8F%E8%AF%B7%E5%81%87%E7%94%B3%E8%AF%B7 HTTP/1.1" 302 - "http://192.168.1.81:8088/eHR/ess/redirect.php" "Mozilla/5.0 (Windows NT 6.1; Win64; x64) AppleWebKit/537.36 (KHTML, like Gecko) Chrome/111.0.0.0 Safari/537.36 Edg/111.0.1661.44"
192.168.12.71 - - [22/Mar/2023:10:41:03 +0800] "GET /eHR/ess/redirect.php?scriptname=ESNE002&appdesc=%E6%89%B9%E9%87%8F%E8%AF%B7%E5%81%87%E7%94%B3%E8%AF%B7 HTTP/1.1" 302 -
192.168.12.71 - - [22/Mar/2023:10:41:03 +0800] "GET /eHR/ess/index.php?action=logout HTTP/1.1" 200 8826 "http://192.168.1.81:8088/eHR/ess/redirect.php" "Mozilla/5.0 (Windows NT 6.1; Win64; x64) AppleWebKit/537.36 (KHTML, like Gecko) Chrome/111.0.0.0 Safari/537.36 Edg/111.0.1661.44"
192.168.12.71 - - [22/Mar/2023:10:41:03 +0800] "GET /eHR/ess/index.php?action=logout HTTP/1.1" 200 8826
192.168.12.71 - - [22/Mar/2023:10:41:04 +0800] "GET /eHR/ess/index.php?action=logout HTTP/1.1" 200 8826 "http://192.168.1.81:8088/eHR/ess/index.php?action=logout" "Mozilla/5.0 (Windows NT 6.1; Win64; x64) AppleWebKit/537.36 (KHTML, like Gecko) Chrome/111.0.0.0 Safari/537.36 Edg/111.0.1661.44"
192.168.12.71 - - [22/Mar/2023:10:41:04 +0800] "GET /eHR/ess/index.php?action=logout HTTP/1.1" 200 8826
192.168.12.71 - - [22/Mar/2023:10:41:06 +0800] "POST /eHR/ess/includes/login.php HTTP/1.1" 302 -
192.168.12.71 - - [22/Mar/2023:10:41:06 +0800] "POST /eHR/ess/includes/login.php HTTP/1.1" 302 - "http://192.168.1.81:8088/eHR/ess/index.php?action=logout" "Mozilla/5.0 (Windows NT 6.1; Win64; x64) AppleWebKit/537.36 (KHTML, like Gecko) Chrome/111.0.0.0 Safari/537.36 Edg/111.0.1661.44"
192.168.12.71 - - [22/Mar/2023:10:41:25 +0800] "GET /eHR/ess/redirect.php HTTP/1.1" 200 8929
192.168.12.71 - - [22/Mar/2023:10:41:25 +0800] "GET /eHR/ess/redirect.php HTTP/1.1" 200 8929 "http://192.168.1.81:8088/eHR/ess/index.php?action=logout" "Mozilla/5.0 (Windows NT 6.1; Win64; x64) AppleWebKit/537.36 (KHTML, like Gecko) Chrome/111.0.0.0 Safari/537.36 Edg/111.0.1661.44"
192.168.12.71 - - [22/Mar/2023:10:41:28 +0800] "GET /eHR/ess/redirect.php?scriptname=ESNH000 HTTP/1.1" 200 -
192.168.12.71 - - [22/Mar/2023:10:41:28 +0800] "GET /eHR/ess/redirect.php?scriptname=ESNH000 HTTP/1.1" 200 - "http://192.168.1.81:8088/eHR/ess/redirect.php" "Mozilla/5.0 (Windows NT 6.1; Win64; x64) AppleWebKit/537.36 (KHTML, like Gecko) Chrome/111.0.0.0 Safari/537.36 Edg/111.0.1661.44"
192.168.11.171 - - [22/Mar/2023:10:44:11 +0800] "GET /ehr/ess/index.php HTTP/1.1" 200 8826
192.168.11.171 - - [22/Mar/2023:10:44:11 +0800] "GET /ehr/ess/index.php HTTP/1.1" 200 8826 "-" "Mozilla/5.0 (Windows NT 10.0; Win64; x64) AppleWebKit/537.36 (KHTML, like Gecko) Chrome/111.0.0.0 Safari/537.36"
192.168.11.171 - - [22/Mar/2023:10:44:14 +0800] "POST /ehr/ess/includes/login.php HTTP/1.1" 302 - "http://192.168.1.81:8088/ehr/ess/index.php" "Mozilla/5.0 (Windows NT 10.0; Win64; x64) AppleWebKit/537.36 (KHTML, like Gecko) Chrome/111.0.0.0 Safari/537.36"
192.168.11.171 - - [22/Mar/2023:10:44:14 +0800] "POST /ehr/ess/includes/login.php HTTP/1.1" 302 -
192.168.11.171 - - [22/Mar/2023:10:44:29 +0800] "GET /ehr/ess/redirect.php HTTP/1.1" 200 7220
192.168.11.171 - - [22/Mar/2023:10:44:29 +0800] "GET /ehr/ess/redirect.php HTTP/1.1" 200 7220 "http://192.168.1.81:8088/ehr/ess/index.php" "Mozilla/5.0 (Windows NT 10.0; Win64; x64) AppleWebKit/537.36 (KHTML, like Gecko) Chrome/111.0.0.0 Safari/537.36"
192.168.12.71 - - [22/Mar/2023:10:47:27 +0800] "GET /eHR/ess/redirect.php?scriptname=ESNE002&appdesc=%E6%89%B9%E9%87%8F%E8%AF%B7%E5%81%87%E7%94%B3%E8%AF%B7 HTTP/1.1" 200 22066 "http://192.168.1.81:8088/eHR/ess/redirect.php" "Mozilla/5.0 (Windows NT 6.1; Win64; x64) AppleWebKit/537.36 (KHTML, like Gecko) Chrome/111.0.0.0 Safari/537.36 Edg/111.0.1661.44"
192.168.12.71 - - [22/Mar/2023:10:47:27 +0800] "GET /eHR/ess/redirect.php?scriptname=ESNE002&appdesc=%E6%89%B9%E9%87%8F%E8%AF%B7%E5%81%87%E7%94%B3%E8%AF%B7 HTTP/1.1" 200 22066
192.168.12.71 - - [22/Mar/2023:10:48:14 +0800] "GET /eHR/ess/redirect.php?scriptname=emp_lov&openW=Y&rand=0.4899697153948639 HTTP/1.1" 200 14848
192.168.12.71 - - [22/Mar/2023:10:48:14 +0800] "GET /eHR/ess/redirect.php?scriptname=emp_lov&openW=Y&rand=0.4899697153948639 HTTP/1.1" 200 14848 "http://192.168.1.81:8088/eHR/ess/redirect.php?scriptname=ESNE002&appdesc=%E6%89%B9%E9%87%8F%E8%AF%B7%E5%81%87%E7%94%B3%E8%AF%B7" "Mozilla/5.0 (Windows NT 6.1; Win64; x64) AppleWebKit/537.36 (KHTML, like Gecko) Chrome/111.0.0.0 Safari/537.36 Edg/111.0.1661.44"
192.168.12.71 - - [22/Mar/2023:10:48:29 +0800] "POST /eHR/ess/redirect.php?scriptname=emp_lov&openW=Y&rand=0.4899697153948639 HTTP/1.1" 200 17026 "http://192.168.1.81:8088/eHR/ess/redirect.php?scriptname=emp_lov&openW=Y&rand=0.4899697153948639" "Mozilla/5.0 (Windows NT 6.1; Win64; x64) AppleWebKit/537.36 (KHTML, like Gecko) Chrome/111.0.0.0 Safari/537.36 Edg/111.0.1661.44"
192.168.12.71 - - [22/Mar/2023:10:48:29 +0800] "POST /eHR/ess/redirect.php?scriptname=emp_lov&openW=Y&rand=0.4899697153948639 HTTP/1.1" 200 17026
192.168.12.71 - - [22/Mar/2023:10:48:31 +0800] "POST /eHR/ess/redirect.php?scriptname=emp_lov&openW=Y&rand=0.4899697153948639 HTTP/1.1" 200 17026 "http://192.168.1.81:8088/eHR/ess/redirect.php?scriptname=emp_lov&openW=Y&rand=0.4899697153948639" "Mozilla/5.0 (Windows NT 6.1; Win64; x64) AppleWebKit/537.36 (KHTML, like Gecko) Chrome/111.0.0.0 Safari/537.36 Edg/111.0.1661.44"
192.168.12.71 - - [22/Mar/2023:10:48:31 +0800] "POST /eHR/ess/redirect.php?scriptname=emp_lov&openW=Y&rand=0.4899697153948639 HTTP/1.1" 200 17026
192.168.12.71 - - [22/Mar/2023:10:49:29 +0800] "POST /eHR/ess/redirect.php?scriptname=ESNE002&appdesc=%E6%89%B9%E9%87%8F%E8%AF%B7%E5%81%87%E7%94%B3%E8%AF%B7 HTTP/1.1" 200 4194
192.168.12.71 - - [22/Mar/2023:10:49:29 +0800] "POST /eHR/ess/redirect.php?scriptname=ESNE002&appdesc=%E6%89%B9%E9%87%8F%E8%AF%B7%E5%81%87%E7%94%B3%E8%AF%B7 HTTP/1.1" 200 4194 "http://192.168.1.81:8088/eHR/ess/redirect.php?scriptname=ESNE002&appdesc=%E6%89%B9%E9%87%8F%E8%AF%B7%E5%81%87%E7%94%B3%E8%AF%B7" "Mozilla/5.0 (Windows NT 6.1; Win64; x64) AppleWebKit/537.36 (KHTML, like Gecko) Chrome/111.0.0.0 Safari/537.36 Edg/111.0.1661.44"
192.168.11.171 - - [22/Mar/2023:10:44:44 +0800] "GET /ehr/ess/redirect.php?scriptname=ESNH004&appdesc=%E5%8A%A0%E7%8F%AD%E7%AD%BE%E6%A0%B8 HTTP/1.1" 200 139
192.168.11.171 - - [22/Mar/2023:10:47:18 +0800] "GET /ehr/ess/redirect.php?scriptname=ESNH003&appdesc=%E8%AF%B7%E5%81%87%E7%AD%BE%E6%A0%B8 HTTP/1.1" 200 139
192.168.11.171 - - [22/Mar/2023:10:44:32 +0800] "GET /ehr/ess/redirect.php?scriptname=ESNH000 HTTP/1.1" 200 -
192.168.11.171 - - [22/Mar/2023:10:44:44 +0800] "GET /ehr/ess/redirect.php?scriptname=ESNH004&appdesc=%E5%8A%A0%E7%8F%AD%E7%AD%BE%E6%A0%B8 HTTP/1.1" 200 139 "http://192.168.1.81:8088/ehr/ess/redirect.php" "Mozilla/5.0 (Windows NT 10.0; Win64; x64) AppleWebKit/537.36 (KHTML, like Gecko) Chrome/111.0.0.0 Safari/537.36"
192.168.11.171 - - [22/Mar/2023:10:47:18 +0800] "GET /ehr/ess/redirect.php?scriptname=ESNH003&appdesc=%E8%AF%B7%E5%81%87%E7%AD%BE%E6%A0%B8 HTTP/1.1" 200 139 "http://192.168.1.81:8088/ehr/ess/redirect.php" "Mozilla/5.0 (Windows NT 10.0; Win64; x64) AppleWebKit/537.36 (KHTML, like Gecko) Chrome/111.0.0.0 Safari/537.36"
192.168.11.171 - - [22/Mar/2023:10:44:32 +0800] "GET /ehr/ess/redirect.php?scriptname=ESNH000 HTTP/1.1" 200 - "http://192.168.1.81:8088/ehr/ess/redirect.php" "Mozilla/5.0 (Windows NT 10.0; Win64; x64) AppleWebKit/537.36 (KHTML, like Gecko) Chrome/111.0.0.0 Safari/537.36"
192.168.11.171 - - [22/Mar/2023:10:48:13 +0800] "GET /ehr/ess/redirect.php?scriptname=ESNH004&appdesc=%E5%8A%A0%E7%8F%AD%E7%AD%BE%E6%A0%B8 HTTP/1.1" 200 139 "http://192.168.1.81:8088/ehr/ess/redirect.php" "Mozilla/5.0 (Windows NT 10.0; Win64; x64) AppleWebKit/537.36 (KHTML, like Gecko) Chrome/111.0.0.0 Safari/537.36"
192.168.11.171 - - [22/Mar/2023:10:48:13 +0800] "GET /ehr/ess/redirect.php?scriptname=ESNH004&appdesc=%E5%8A%A0%E7%8F%AD%E7%AD%BE%E6%A0%B8 HTTP/1.1" 200 139
192.168.12.71 - - [22/Mar/2023:10:50:38 +0800] "GET /eHR/ess/redirect.php?scriptname=ESNE004&appdesc=%E6%89%B9%E9%87%8F%E8%AF%B7%E5%81%87%E6%9F%A5%E8%AF%A2 HTTP/1.1" 200 38101 "http://192.168.1.81:8088/eHR/ess/redirect.php" "Mozilla/5.0 (Windows NT 6.1; Win64; x64) AppleWebKit/537.36 (KHTML, like Gecko) Chrome/111.0.0.0 Safari/537.36 Edg/111.0.1661.44"
192.168.12.71 - - [22/Mar/2023:10:50:38 +0800] "GET /eHR/ess/redirect.php?scriptname=ESNE004&appdesc=%E6%89%B9%E9%87%8F%E8%AF%B7%E5%81%87%E6%9F%A5%E8%AF%A2 HTTP/1.1" 200 38101
192.168.12.71 - - [22/Mar/2023:10:50:46 +0800] "POST /eHR/ess/redirect.php?scriptname=ESNE004&appdesc=%E6%89%B9%E9%87%8F%E8%AF%B7%E5%81%87%E6%9F%A5%E8%AF%A2 HTTP/1.1" 200 34772 "http://192.168.1.81:8088/eHR/ess/redirect.php?scriptname=ESNE004&appdesc=%E6%89%B9%E9%87%8F%E8%AF%B7%E5%81%87%E6%9F%A5%E8%AF%A2" "Mozilla/5.0 (Windows NT 6.1; Win64; x64) AppleWebKit/537.36 (KHTML, like Gecko) Chrome/111.0.0.0 Safari/537.36 Edg/111.0.1661.44"
192.168.12.71 - - [22/Mar/2023:10:50:46 +0800] "POST /eHR/ess/redirect.php?scriptname=ESNE004&appdesc=%E6%89%B9%E9%87%8F%E8%AF%B7%E5%81%87%E6%9F%A5%E8%AF%A2 HTTP/1.1" 200 34772
192.168.12.71 - - [22/Mar/2023:10:50:47 +0800] "POST /eHR/ess/redirect.php?scriptname=ESNE004&appdesc=%E6%89%B9%E9%87%8F%E8%AF%B7%E5%81%87%E6%9F%A5%E8%AF%A2 HTTP/1.1" 200 71784 "http://192.168.1.81:8088/eHR/ess/redirect.php?scriptname=ESNE004&appdesc=%E6%89%B9%E9%87%8F%E8%AF%B7%E5%81%87%E6%9F%A5%E8%AF%A2" "Mozilla/5.0 (Windows NT 6.1; Win64; x64) AppleWebKit/537.36 (KHTML, like Gecko) Chrome/111.0.0.0 Safari/537.36 Edg/111.0.1661.44"
192.168.12.71 - - [22/Mar/2023:10:50:47 +0800] "POST /eHR/ess/redirect.php?scriptname=ESNE004&appdesc=%E6%89%B9%E9%87%8F%E8%AF%B7%E5%81%87%E6%9F%A5%E8%AF%A2 HTTP/1.1" 200 71784
45.145.248.20 - - [22/Mar/2023:11:01:50 +0800] "GET /ws/v1/cluster/info HTTP/1.1" 404 216 "-" "axios/1.3.4"
45.145.248.20 - - [22/Mar/2023:11:01:50 +0800] "GET /ws/v1/cluster/info HTTP/1.1" 404 216
192.168.11.240 - - [22/Mar/2023:11:03:30 +0800] "POST /eHR/ess/includes/login.php HTTP/1.1" 200 - "http://192.168.1.81:8088/eHR/ess/index.php?action=logout" "Mozilla/5.0 (Windows NT 10.0; Win64; x64) AppleWebKit/537.36 (KHTML, like Gecko) Chrome/111.0.0.0 Safari/537.36"
192.168.11.240 - - [22/Mar/2023:11:03:30 +0800] "POST /eHR/ess/includes/login.php HTTP/1.1" 200 -
192.168.11.240 - - [22/Mar/2023:11:03:57 +0800] "POST /eHR/ess/includes/login.php HTTP/1.1" 302 - "http://192.168.1.81:8088/eHR/ess/index.php?action=logout" "Mozilla/5.0 (Windows NT 10.0; Win64; x64) AppleWebKit/537.36 (KHTML, like Gecko) Chrome/111.0.0.0 Safari/537.36"
192.168.11.240 - - [22/Mar/2023:11:03:57 +0800] "POST /eHR/ess/includes/login.php HTTP/1.1" 302 -
192.168.11.240 - - [22/Mar/2023:11:04:11 +0800] "GET /eHR/ess/redirect.php HTTP/1.1" 200 8926 "http://192.168.1.81:8088/eHR/ess/index.php?action=logout" "Mozilla/5.0 (Windows NT 10.0; Win64; x64) AppleWebKit/537.36 (KHTML, like Gecko) Chrome/111.0.0.0 Safari/537.36"
192.168.11.240 - - [22/Mar/2023:11:04:11 +0800] "GET /eHR/ess/redirect.php HTTP/1.1" 200 8926
192.168.11.240 - - [22/Mar/2023:11:04:15 +0800] "GET /eHR/ess/redirect.php?scriptname=ESNH000 HTTP/1.1" 200 - "http://192.168.1.81:8088/eHR/ess/redirect.php" "Mozilla/5.0 (Windows NT 10.0; Win64; x64) AppleWebKit/537.36 (KHTML, like Gecko) Chrome/111.0.0.0 Safari/537.36"
192.168.11.240 - - [22/Mar/2023:11:04:15 +0800] "GET /eHR/ess/redirect.php?scriptname=ESNH000 HTTP/1.1" 200 -
192.168.11.8 - - [22/Mar/2023:11:06:27 +0800] "GET /eHR/ess/redirect.php?scriptname=ESNH004&appdesc=%E5%8A%A0%E7%8F%AD%E7%B0%BD%E6%A0%B8 HTTP/1.1" 302 - "http://192.168.1.81:8088/eHR/ess/redirect.php" "Mozilla/5.0 (Windows NT 6.1; Win64; x64) AppleWebKit/537.36 (KHTML, like Gecko) Chrome/111.0.0.0 Safari/537.36 Edg/111.0.1661.44"
192.168.11.8 - - [22/Mar/2023:11:06:27 +0800] "GET /eHR/ess/redirect.php?scriptname=ESNH004&appdesc=%E5%8A%A0%E7%8F%AD%E7%B0%BD%E6%A0%B8 HTTP/1.1" 302 -
192.168.11.8 - - [22/Mar/2023:11:06:27 +0800] "GET /eHR/ess/index.php?action=logout HTTP/1.1" 200 8826
192.168.11.8 - - [22/Mar/2023:11:06:27 +0800] "GET /eHR/ess/index.php?action=logout HTTP/1.1" 200 8826 "http://192.168.1.81:8088/eHR/ess/redirect.php" "Mozilla/5.0 (Windows NT 6.1; Win64; x64) AppleWebKit/537.36 (KHTML, like Gecko) Chrome/111.0.0.0 Safari/537.36 Edg/111.0.1661.44"
192.168.11.8 - - [22/Mar/2023:11:06:27 +0800] "GET /eHR/ess/index.php?action=logout HTTP/1.1" 200 8826 "http://192.168.1.81:8088/eHR/ess/index.php?action=logout" "Mozilla/5.0 (Windows NT 6.1; Win64; x64) AppleWebKit/537.36 (KHTML, like Gecko) Chrome/111.0.0.0 Safari/537.36 Edg/111.0.1661.44"
192.168.11.8 - - [22/Mar/2023:11:06:27 +0800] "GET /eHR/ess/index.php?action=logout HTTP/1.1" 200 8826
192.168.11.8 - - [22/Mar/2023:11:06:37 +0800] "GET /eHR/ess/index.php?lang=ZHT HTTP/1.1" 200 8829
192.168.11.8 - - [22/Mar/2023:11:06:37 +0800] "GET /eHR/ess/index.php?lang=ZHT HTTP/1.1" 200 8829 "http://192.168.1.81:8088/eHR/ess/index.php?action=logout" "Mozilla/5.0 (Windows NT 6.1; Win64; x64) AppleWebKit/537.36 (KHTML, like Gecko) Chrome/111.0.0.0 Safari/537.36 Edg/111.0.1661.44"
192.168.11.8 - - [22/Mar/2023:11:06:52 +0800] "POST /eHR/ess/includes/login.php HTTP/1.1" 302 -
192.168.11.8 - - [22/Mar/2023:11:06:52 +0800] "POST /eHR/ess/includes/login.php HTTP/1.1" 302 - "http://192.168.1.81:8088/eHR/ess/index.php?lang=ZHT" "Mozilla/5.0 (Windows NT 6.1; Win64; x64) AppleWebKit/537.36 (KHTML, like Gecko) Chrome/111.0.0.0 Safari/537.36 Edg/111.0.1661.44"
192.168.11.8 - - [22/Mar/2023:11:06:53 +0800] "GET /eHR/ess/redirect.php HTTP/1.1" 200 9510 "http://192.168.1.81:8088/eHR/ess/index.php?lang=ZHT" "Mozilla/5.0 (Windows NT 6.1; Win64; x64) AppleWebKit/537.36 (KHTML, like Gecko) Chrome/111.0.0.0 Safari/537.36 Edg/111.0.1661.44"
192.168.11.8 - - [22/Mar/2023:11:06:53 +0800] "GET /eHR/ess/redirect.php HTTP/1.1" 200 9510
192.168.11.8 - - [22/Mar/2023:11:06:56 +0800] "GET /eHR/ess/redirect.php?scriptname=ESNH003&appdesc=%E8%AB%8B%E5%81%87%E7%B0%BD%E6%A0%B8 HTTP/1.1" 200 139 "http://192.168.1.81:8088/eHR/ess/redirect.php" "Mozilla/5.0 (Windows NT 6.1; Win64; x64) AppleWebKit/537.36 (KHTML, like Gecko) Chrome/111.0.0.0 Safari/537.36 Edg/111.0.1661.44"
192.168.11.8 - - [22/Mar/2023:11:06:56 +0800] "GET /eHR/ess/redirect.php?scriptname=ESNH003&appdesc=%E8%AB%8B%E5%81%87%E7%B0%BD%E6%A0%B8 HTTP/1.1" 200 139
192.168.11.8 - - [22/Mar/2023:11:06:54 +0800] "GET /eHR/ess/redirect.php?scriptname=ESNH000 HTTP/1.1" 200 -
192.168.11.8 - - [22/Mar/2023:11:06:54 +0800] "GET /eHR/ess/redirect.php?scriptname=ESNH000 HTTP/1.1" 200 - "http://192.168.1.81:8088/eHR/ess/redirect.php" "Mozilla/5.0 (Windows NT 6.1; Win64; x64) AppleWebKit/537.36 (KHTML, like Gecko) Chrome/111.0.0.0 Safari/537.36 Edg/111.0.1661.44"
45.145.248.20 - - [22/Mar/2023:11:10:19 +0800] "GET /ws/v1/cluster/info HTTP/1.1" 404 216 "-" "axios/1.3.4"
45.145.248.20 - - [22/Mar/2023:11:10:19 +0800] "GET /ws/v1/cluster/info HTTP/1.1" 404 216
192.168.11.62 - - [22/Mar/2023:11:13:41 +0800] "GET /favicon.ico HTTP/1.1" 404 209
192.168.11.62 - - [22/Mar/2023:11:13:41 +0800] "GET /favicon.ico HTTP/1.1" 404 209 "-" "Mozilla/5.0 (Windows NT 10.0; WOW64) AppleWebKit/537.36 (KHTML, like Gecko) Chrome/86.0.4240.198 Safari/537.36"
192.168.11.62 - - [22/Mar/2023:11:13:41 +0800] "GET /favicon.ico HTTP/1.1" 404 209
192.168.11.62 - - [22/Mar/2023:11:13:41 +0800] "GET /favicon.ico HTTP/1.1" 404 209 "-" "Mozilla/5.0 (Windows NT 10.0; WOW64) AppleWebKit/537.36 (KHTML, like Gecko) Chrome/86.0.4240.198 Safari/537.36"
45.145.248.20 - - [22/Mar/2023:11:14:30 +0800] "GET /ws/v1/cluster/info HTTP/1.1" 404 216
45.145.248.20 - - [22/Mar/2023:11:14:30 +0800] "GET /ws/v1/cluster/info HTTP/1.1" 404 216 "-" "axios/1.3.4"
192.168.11.84 - - [22/Mar/2023:11:19:31 +0800] "GET /ehr/ess/ HTTP/1.1" 200 8826
192.168.11.84 - - [22/Mar/2023:11:19:31 +0800] "GET /ehr/ess/ HTTP/1.1" 200 8826 "-" "Mozilla/5.0 (Windows NT 10.0; Win64; x64) AppleWebKit/537.36 (KHTML, like Gecko) Chrome/99.0.4844.84 Safari/537.36 HBPC/12.1.2.300"
192.168.11.84 - - [22/Mar/2023:11:19:34 +0800] "POST /ehr/ess/includes/login.php HTTP/1.1" 302 -
192.168.11.84 - - [22/Mar/2023:11:19:34 +0800] "POST /ehr/ess/includes/login.php HTTP/1.1" 302 - "http://192.168.1.81:8088/ehr/ess/" "Mozilla/5.0 (Windows NT 10.0; Win64; x64) AppleWebKit/537.36 (KHTML, like Gecko) Chrome/99.0.4844.84 Safari/537.36 HBPC/12.1.2.300"
192.168.11.84 - - [22/Mar/2023:11:19:40 +0800] "GET /ehr/ess/redirect.php HTTP/1.1" 200 7220 "http://192.168.1.81:8088/ehr/ess/" "Mozilla/5.0 (Windows NT 10.0; Win64; x64) AppleWebKit/537.36 (KHTML, like Gecko) Chrome/99.0.4844.84 Safari/537.36 HBPC/12.1.2.300"
192.168.11.84 - - [22/Mar/2023:11:19:40 +0800] "GET /ehr/ess/redirect.php HTTP/1.1" 200 7220
192.168.11.110 - - [22/Mar/2023:11:21:04 +0800] "GET /eHR/ess/redirect.php HTTP/1.1" 302 121
192.168.11.110 - - [22/Mar/2023:11:21:04 +0800] "GET /eHR/ess/redirect.php HTTP/1.1" 302 121 "-" "Mozilla/5.0 (Windows NT 10.0; WOW64) AppleWebKit/537.36 (KHTML, like Gecko) Chrome/80.0.3987.87 Safari/537.36 SE 2.X MetaSr 1.0"
192.168.11.110 - - [22/Mar/2023:11:21:04 +0800] "GET /eHR/ess/index.php?action=logout HTTP/1.1" 200 8826 "-" "Mozilla/5.0 (Windows NT 10.0; WOW64) AppleWebKit/537.36 (KHTML, like Gecko) Chrome/80.0.3987.87 Safari/537.36 SE 2.X MetaSr 1.0"
192.168.11.110 - - [22/Mar/2023:11:21:04 +0800] "GET /eHR/ess/index.php?action=logout HTTP/1.1" 200 8826
192.168.11.84 - - [22/Mar/2023:11:20:03 +0800] "GET /ehr/ess/redirect.php?scriptname=ESNH003&appdesc=%E8%AF%B7%E5%81%87%E7%AD%BE%E6%A0%B8 HTTP/1.1" 200 139 "http://192.168.1.81:8088/ehr/ess/redirect.php" "Mozilla/5.0 (Windows NT 10.0; Win64; x64) AppleWebKit/537.36 (KHTML, like Gecko) Chrome/99.0.4844.84 Safari/537.36 HBPC/12.1.2.300"
192.168.11.84 - - [22/Mar/2023:11:20:03 +0800] "GET /ehr/ess/redirect.php?scriptname=ESNH003&appdesc=%E8%AF%B7%E5%81%87%E7%AD%BE%E6%A0%B8 HTTP/1.1" 200 139
192.168.11.84 - - [22/Mar/2023:11:19:41 +0800] "GET /ehr/ess/redirect.php?scriptname=ESNH000 HTTP/1.1" 200 - "http://192.168.1.81:8088/ehr/ess/redirect.php" "Mozilla/5.0 (Windows NT 10.0; Win64; x64) AppleWebKit/537.36 (KHTML, like Gecko) Chrome/99.0.4844.84 Safari/537.36 HBPC/12.1.2.300"
192.168.11.84 - - [22/Mar/2023:11:19:41 +0800] "GET /ehr/ess/redirect.php?scriptname=ESNH000 HTTP/1.1" 200 -
192.168.11.110 - - [22/Mar/2023:11:21:08 +0800] "GET /eHR/ess/redirect.php HTTP/1.1" 302 121 "-" "Mozilla/5.0 (Windows NT 10.0; WOW64) AppleWebKit/537.36 (KHTML, like Gecko) Chrome/80.0.3987.87 Safari/537.36 SE 2.X MetaSr 1.0"
192.168.11.110 - - [22/Mar/2023:11:21:08 +0800] "GET /eHR/ess/redirect.php HTTP/1.1" 302 121
192.168.11.110 - - [22/Mar/2023:11:21:08 +0800] "GET /eHR/ess/index.php?action=logout HTTP/1.1" 200 8826 "-" "Mozilla/5.0 (Windows NT 10.0; WOW64) AppleWebKit/537.36 (KHTML, like Gecko) Chrome/80.0.3987.87 Safari/537.36 SE 2.X MetaSr 1.0"
192.168.11.110 - - [22/Mar/2023:11:21:08 +0800] "GET /eHR/ess/index.php?action=logout HTTP/1.1" 200 8826
192.168.11.110 - - [22/Mar/2023:11:21:08 +0800] "GET /eHR/ess/redirect.php HTTP/1.1" 302 121 "-" "Mozilla/5.0 (Windows NT 10.0; WOW64) AppleWebKit/537.36 (KHTML, like Gecko) Chrome/80.0.3987.87 Safari/537.36 SE 2.X MetaSr 1.0"
192.168.11.110 - - [22/Mar/2023:11:21:08 +0800] "GET /eHR/ess/redirect.php HTTP/1.1" 302 121
192.168.11.110 - - [22/Mar/2023:11:21:08 +0800] "GET /eHR/ess/index.php?action=logout HTTP/1.1" 200 8826 "-" "Mozilla/5.0 (Windows NT 10.0; WOW64) AppleWebKit/537.36 (KHTML, like Gecko) Chrome/80.0.3987.87 Safari/537.36 SE 2.X MetaSr 1.0"
192.168.11.110 - - [22/Mar/2023:11:21:08 +0800] "GET /eHR/ess/index.php?action=logout HTTP/1.1" 200 8826
192.168.11.110 - - [22/Mar/2023:11:21:08 +0800] "GET /eHR/img/ares.ico HTTP/1.1" 200 1406
192.168.11.110 - - [22/Mar/2023:11:21:08 +0800] "GET /eHR/img/ares.ico HTTP/1.1" 200 1406 "-" "Mozilla/5.0 (Windows NT 10.0; WOW64) AppleWebKit/537.36 (KHTML, like Gecko) Chrome/80.0.3987.87 Safari/537.36 SE 2.X MetaSr 1.0"
192.168.11.110 - - [22/Mar/2023:11:21:08 +0800] "GET /eHR/img/ares.ico HTTP/1.1" 200 1406
192.168.11.110 - - [22/Mar/2023:11:21:08 +0800] "GET /eHR/img/ares.ico HTTP/1.1" 200 1406 "-" "Mozilla/5.0 (Windows NT 10.0; WOW64) AppleWebKit/537.36 (KHTML, like Gecko) Chrome/80.0.3987.87 Safari/537.36 SE 2.X MetaSr 1.0"
192.168.11.110 - - [22/Mar/2023:11:21:08 +0800] "GET /eHR/img/ares.ico HTTP/1.1" 200 1406
192.168.11.110 - - [22/Mar/2023:11:21:08 +0800] "GET /eHR/img/ares.ico HTTP/1.1" 200 1406 "-" "Mozilla/5.0 (Windows NT 10.0; WOW64) AppleWebKit/537.36 (KHTML, like Gecko) Chrome/80.0.3987.87 Safari/537.36 SE 2.X MetaSr 1.0"
192.168.11.110 - - [22/Mar/2023:11:21:08 +0800] "GET /eHR/img/ares.ico HTTP/1.1" 200 1406 "-" "Mozilla/5.0 (Windows NT 10.0; WOW64) AppleWebKit/537.36 (KHTML, like Gecko) Chrome/80.0.3987.87 Safari/537.36 SE 2.X MetaSr 1.0"
192.168.11.110 - - [22/Mar/2023:11:21:08 +0800] "GET /eHR/img/ares.ico HTTP/1.1" 200 1406
192.168.11.110 - - [22/Mar/2023:11:21:08 +0800] "GET /eHR/img/ares.ico HTTP/1.1" 200 1406 "-" "Mozilla/5.0 (Windows NT 10.0; WOW64) AppleWebKit/537.36 (KHTML, like Gecko) Chrome/80.0.3987.87 Safari/537.36 SE 2.X MetaSr 1.0"
192.168.11.110 - - [22/Mar/2023:11:21:08 +0800] "GET /eHR/img/ares.ico HTTP/1.1" 200 1406
192.168.11.110 - - [22/Mar/2023:11:21:08 +0800] "GET /eHR/img/ares.ico HTTP/1.1" 200 1406
192.168.11.110 - - [22/Mar/2023:11:21:08 +0800] "GET /eHR/img/ares.ico HTTP/1.1" 200 1406 "-" "Mozilla/5.0 (Windows NT 10.0; WOW64) AppleWebKit/537.36 (KHTML, like Gecko) Chrome/80.0.3987.87 Safari/537.36 SE 2.X MetaSr 1.0"
192.168.11.110 - - [22/Mar/2023:11:21:30 +0800] "POST /eHR/ess/includes/login.php HTTP/1.1" 302 -
192.168.11.110 - - [22/Mar/2023:11:21:30 +0800] "POST /eHR/ess/includes/login.php HTTP/1.1" 302 - "http://192.168.1.81:8088/eHR/ess/index.php?action=logout" "Mozilla/5.0 (Windows NT 10.0; WOW64) AppleWebKit/537.36 (KHTML, like Gecko) Chrome/80.0.3987.87 Safari/537.36 SE 2.X MetaSr 1.0"
192.168.11.110 - - [22/Mar/2023:11:21:37 +0800] "GET /eHR/ess/redirect.php HTTP/1.1" 200 8926 "http://192.168.1.81:8088/eHR/ess/index.php?action=logout" "Mozilla/5.0 (Windows NT 10.0; WOW64) AppleWebKit/537.36 (KHTML, like Gecko) Chrome/80.0.3987.87 Safari/537.36 SE 2.X MetaSr 1.0"
192.168.11.110 - - [22/Mar/2023:11:21:37 +0800] "GET /eHR/ess/redirect.php HTTP/1.1" 200 8926
192.168.11.110 - - [22/Mar/2023:11:21:38 +0800] "GET /eHR/img/ares.ico HTTP/1.1" 200 1406
192.168.11.110 - - [22/Mar/2023:11:21:38 +0800] "GET /eHR/img/ares.ico HTTP/1.1" 200 1406 "-" "Mozilla/5.0 (Windows NT 10.0; WOW64) AppleWebKit/537.36 (KHTML, like Gecko) Chrome/80.0.3987.87 Safari/537.36 SE 2.X MetaSr 1.0"
192.168.11.110 - - [22/Mar/2023:11:21:38 +0800] "GET /eHR/img/ares.ico HTTP/1.1" 200 1406
192.168.11.110 - - [22/Mar/2023:11:21:38 +0800] "GET /eHR/img/ares.ico HTTP/1.1" 200 1406 "-" "Mozilla/5.0 (Windows NT 10.0; WOW64) AppleWebKit/537.36 (KHTML, like Gecko) Chrome/80.0.3987.87 Safari/537.36 SE 2.X MetaSr 1.0"
94.102.61.53 - - [22/Mar/2023:11:21:52 +0800] "GET / HTTP/1.1" 200 397
94.102.61.53 - - [22/Mar/2023:11:21:52 +0800] "GET / HTTP/1.1" 200 397 "-" "Mozilla/5.0 (Windows NT 10.0; Win64; x64) AppleWebKit/537.36 (KHTML, like Gecko) Chrome/88.0.4324.190 Safari/537.36"
192.168.11.110 - - [22/Mar/2023:11:21:38 +0800] "GET /eHR/ess/redirect.php?scriptname=ESNH000 HTTP/1.1" 200 - "http://192.168.1.81:8088/eHR/ess/redirect.php" "Mozilla/5.0 (Windows NT 10.0; WOW64) AppleWebKit/537.36 (KHTML, like Gecko) Chrome/80.0.3987.87 Safari/537.36 SE 2.X MetaSr 1.0"
192.168.11.110 - - [22/Mar/2023:11:21:38 +0800] "GET /eHR/ess/redirect.php?scriptname=ESNH000 HTTP/1.1" 200 -
192.168.12.71 - - [22/Mar/2023:11:22:15 +0800] "GET /eHR/ess/redirect.php?scriptname=ESNE008&appdesc=%E8%AF%B7%E5%81%87%E7%94%B3%E8%AF%B7%E6%B1%87%E5%85%A5 HTTP/1.1" 302 - "http://192.168.1.81:8088/eHR/ess/redirect.php" "Mozilla/5.0 (Windows NT 6.1; Win64; x64) AppleWebKit/537.36 (KHTML, like Gecko) Chrome/111.0.0.0 Safari/537.36 Edg/111.0.1661.44"
192.168.12.71 - - [22/Mar/2023:11:22:15 +0800] "GET /eHR/ess/redirect.php?scriptname=ESNE008&appdesc=%E8%AF%B7%E5%81%87%E7%94%B3%E8%AF%B7%E6%B1%87%E5%85%A5 HTTP/1.1" 302 -
192.168.12.71 - - [22/Mar/2023:11:22:15 +0800] "GET /eHR/ess/index.php?action=logout HTTP/1.1" 200 8826 "http://192.168.1.81:8088/eHR/ess/redirect.php" "Mozilla/5.0 (Windows NT 6.1; Win64; x64) AppleWebKit/537.36 (KHTML, like Gecko) Chrome/111.0.0.0 Safari/537.36 Edg/111.0.1661.44"
192.168.12.71 - - [22/Mar/2023:11:22:15 +0800] "GET /eHR/ess/index.php?action=logout HTTP/1.1" 200 8826
192.168.12.71 - - [22/Mar/2023:11:22:16 +0800] "GET /eHR/ess/index.php?action=logout HTTP/1.1" 200 8826 "http://192.168.1.81:8088/eHR/ess/index.php?action=logout" "Mozilla/5.0 (Windows NT 6.1; Win64; x64) AppleWebKit/537.36 (KHTML, like Gecko) Chrome/111.0.0.0 Safari/537.36 Edg/111.0.1661.44"
192.168.12.71 - - [22/Mar/2023:11:22:16 +0800] "GET /eHR/ess/index.php?action=logout HTTP/1.1" 200 8826
192.168.11.110 - - [22/Mar/2023:11:22:03 +0800] "GET /eHR/ess/redirect.php?scriptname=ESNE003&appdesc=%E6%89%B9%E9%87%8F%E5%8A%A0%E7%8F%AD%E6%9F%A5%E8%AF%A2 HTTP/1.1" 200 7933 "http://192.168.1.81:8088/eHR/ess/redirect.php" "Mozilla/5.0 (Windows NT 10.0; WOW64) AppleWebKit/537.36 (KHTML, like Gecko) Chrome/80.0.3987.87 Safari/537.36 SE 2.X MetaSr 1.0"
192.168.11.110 - - [22/Mar/2023:11:22:03 +0800] "GET /eHR/ess/redirect.php?scriptname=ESNE003&appdesc=%E6%89%B9%E9%87%8F%E5%8A%A0%E7%8F%AD%E6%9F%A5%E8%AF%A2 HTTP/1.1" 200 7933
192.168.11.110 - - [22/Mar/2023:11:22:05 +0800] "GET /eHR/ess/redirect.php?scriptname=ESNE003&appdesc=%E6%89%B9%E9%87%8F%E5%8A%A0%E7%8F%AD%E6%9F%A5%E8%AF%A2 HTTP/1.1" 200 7933 "http://192.168.1.81:8088/eHR/ess/redirect.php" "Mozilla/5.0 (Windows NT 10.0; WOW64) AppleWebKit/537.36 (KHTML, like Gecko) Chrome/80.0.3987.87 Safari/537.36 SE 2.X MetaSr 1.0"
192.168.11.110 - - [22/Mar/2023:11:22:05 +0800] "GET /eHR/ess/redirect.php?scriptname=ESNE003&appdesc=%E6%89%B9%E9%87%8F%E5%8A%A0%E7%8F%AD%E6%9F%A5%E8%AF%A2 HTTP/1.1" 200 7933
192.168.11.110 - - [22/Mar/2023:11:22:05 +0800] "GET /eHR/ess/redirect.php?scriptname=ESNE003&appdesc=%E6%89%B9%E9%87%8F%E5%8A%A0%E7%8F%AD%E6%9F%A5%E8%AF%A2 HTTP/1.1" 200 7933 "http://192.168.1.81:8088/eHR/ess/redirect.php" "Mozilla/5.0 (Windows NT 10.0; WOW64) AppleWebKit/537.36 (KHTML, like Gecko) Chrome/80.0.3987.87 Safari/537.36 SE 2.X MetaSr 1.0"
192.168.11.110 - - [22/Mar/2023:11:22:05 +0800] "GET /eHR/ess/redirect.php?scriptname=ESNE003&appdesc=%E6%89%B9%E9%87%8F%E5%8A%A0%E7%8F%AD%E6%9F%A5%E8%AF%A2 HTTP/1.1" 200 7933
192.168.11.110 - - [22/Mar/2023:11:22:17 +0800] "GET /eHR/img/ares.ico HTTP/1.1" 200 1406
192.168.11.110 - - [22/Mar/2023:11:22:17 +0800] "GET /eHR/img/ares.ico HTTP/1.1" 200 1406 "-" "Mozilla/5.0 (Windows NT 10.0; WOW64) AppleWebKit/537.36 (KHTML, like Gecko) Chrome/80.0.3987.87 Safari/537.36 SE 2.X MetaSr 1.0"
192.168.12.71 - - [22/Mar/2023:11:22:19 +0800] "POST /eHR/ess/includes/login.php HTTP/1.1" 302 -
192.168.12.71 - - [22/Mar/2023:11:22:19 +0800] "POST /eHR/ess/includes/login.php HTTP/1.1" 302 - "http://192.168.1.81:8088/eHR/ess/index.php?action=logout" "Mozilla/5.0 (Windows NT 6.1; Win64; x64) AppleWebKit/537.36 (KHTML, like Gecko) Chrome/111.0.0.0 Safari/537.36 Edg/111.0.1661.44"
192.168.12.71 - - [22/Mar/2023:11:22:24 +0800] "GET /eHR/ess/redirect.php HTTP/1.1" 200 8929 "http://192.168.1.81:8088/eHR/ess/index.php?action=logout" "Mozilla/5.0 (Windows NT 6.1; Win64; x64) AppleWebKit/537.36 (KHTML, like Gecko) Chrome/111.0.0.0 Safari/537.36 Edg/111.0.1661.44"
192.168.12.71 - - [22/Mar/2023:11:22:24 +0800] "GET /eHR/ess/redirect.php HTTP/1.1" 200 8929
192.168.12.71 - - [22/Mar/2023:11:22:24 +0800] "GET /eHR/ess/redirect.php?scriptname=ESNH000 HTTP/1.1" 200 9862
192.168.12.71 - - [22/Mar/2023:11:22:24 +0800] "GET /eHR/ess/redirect.php?scriptname=ESNH000 HTTP/1.1" 200 9862 "http://192.168.1.81:8088/eHR/ess/redirect.php" "Mozilla/5.0 (Windows NT 6.1; Win64; x64) AppleWebKit/537.36 (KHTML, like Gecko) Chrome/111.0.0.0 Safari/537.36 Edg/111.0.1661.44"
192.168.12.71 - - [22/Mar/2023:11:22:42 +0800] "GET /eHR/ess/redirect.php?scriptname=ESNE004&appdesc=%E6%89%B9%E9%87%8F%E8%AF%B7%E5%81%87%E6%9F%A5%E8%AF%A2 HTTP/1.1" 200 34772 "http://192.168.1.81:8088/eHR/ess/redirect.php" "Mozilla/5.0 (Windows NT 6.1; Win64; x64) AppleWebKit/537.36 (KHTML, like Gecko) Chrome/111.0.0.0 Safari/537.36 Edg/111.0.1661.44"
192.168.12.71 - - [22/Mar/2023:11:22:42 +0800] "GET /eHR/ess/redirect.php?scriptname=ESNE004&appdesc=%E6%89%B9%E9%87%8F%E8%AF%B7%E5%81%87%E6%9F%A5%E8%AF%A2 HTTP/1.1" 200 34772
192.168.12.71 - - [22/Mar/2023:11:22:43 +0800] "GET /eHR/ess/redirect.php?scriptname=ESNE004&appdesc=%E6%89%B9%E9%87%8F%E8%AF%B7%E5%81%87%E6%9F%A5%E8%AF%A2 HTTP/1.1" 200 38101 "http://192.168.1.81:8088/eHR/ess/redirect.php" "Mozilla/5.0 (Windows NT 6.1; Win64; x64) AppleWebKit/537.36 (KHTML, like Gecko) Chrome/111.0.0.0 Safari/537.36 Edg/111.0.1661.44"
192.168.12.71 - - [22/Mar/2023:11:22:43 +0800] "GET /eHR/ess/redirect.php?scriptname=ESNE004&appdesc=%E6%89%B9%E9%87%8F%E8%AF%B7%E5%81%87%E6%9F%A5%E8%AF%A2 HTTP/1.1" 200 38101
192.168.11.110 - - [22/Mar/2023:11:22:24 +0800] "POST /eHR/ess/redirect.php?scriptname=ESNE003&appdesc=%E6%89%B9%E9%87%8F%E5%8A%A0%E7%8F%AD%E6%9F%A5%E8%AF%A2 HTTP/1.1" 200 - "http://192.168.1.81:8088/eHR/ess/redirect.php?scriptname=ESNE003&appdesc=%E6%89%B9%E9%87%8F%E5%8A%A0%E7%8F%AD%E6%9F%A5%E8%AF%A2" "Mozilla/5.0 (Windows NT 10.0; WOW64) AppleWebKit/537.36 (KHTML, like Gecko) Chrome/80.0.3987.87 Safari/537.36 SE 2.X MetaSr 1.0"
192.168.11.110 - - [22/Mar/2023:11:22:24 +0800] "POST /eHR/ess/redirect.php?scriptname=ESNE003&appdesc=%E6%89%B9%E9%87%8F%E5%8A%A0%E7%8F%AD%E6%9F%A5%E8%AF%A2 HTTP/1.1" 200 -
192.168.11.84 - - [22/Mar/2023:11:23:05 +0800] "GET /ehr/ess/redirect.php?scriptname=ESNH004&appdesc=%E5%8A%A0%E7%8F%AD%E7%AD%BE%E6%A0%B8 HTTP/1.1" 302 - "http://192.168.1.81:8088/ehr/ess/redirect.php" "Mozilla/5.0 (Windows NT 10.0; Win64; x64) AppleWebKit/537.36 (KHTML, like Gecko) Chrome/99.0.4844.84 Safari/537.36 HBPC/12.1.2.300"
192.168.11.84 - - [22/Mar/2023:11:23:05 +0800] "GET /ehr/ess/redirect.php?scriptname=ESNH004&appdesc=%E5%8A%A0%E7%8F%AD%E7%AD%BE%E6%A0%B8 HTTP/1.1" 302 -
192.168.11.110 - - [22/Mar/2023:11:23:09 +0800] "GET /eHR/ess/redirect.php?scriptname=ESNE003&appdesc=%E6%89%B9%E9%87%8F%E5%8A%A0%E7%8F%AD%E6%9F%A5%E8%AF%A2 HTTP/1.1" 200 7933 "http://192.168.1.81:8088/eHR/ess/redirect.php" "Mozilla/5.0 (Windows NT 10.0; WOW64) AppleWebKit/537.36 (KHTML, like Gecko) Chrome/80.0.3987.87 Safari/537.36 SE 2.X MetaSr 1.0"
192.168.11.110 - - [22/Mar/2023:11:23:09 +0800] "GET /eHR/ess/redirect.php?scriptname=ESNE003&appdesc=%E6%89%B9%E9%87%8F%E5%8A%A0%E7%8F%AD%E6%9F%A5%E8%AF%A2 HTTP/1.1" 200 7933
192.168.12.71 - - [22/Mar/2023:11:23:14 +0800] "POST /eHR/ess/redirect.php?scriptname=ESNE004&appdesc=%E6%89%B9%E9%87%8F%E8%AF%B7%E5%81%87%E6%9F%A5%E8%AF%A2 HTTP/1.1" 200 41092 "http://192.168.1.81:8088/eHR/ess/redirect.php?scriptname=ESNE004&appdesc=%E6%89%B9%E9%87%8F%E8%AF%B7%E5%81%87%E6%9F%A5%E8%AF%A2" "Mozilla/5.0 (Windows NT 6.1; Win64; x64) AppleWebKit/537.36 (KHTML, like Gecko) Chrome/111.0.0.0 Safari/537.36 Edg/111.0.1661.44"
192.168.12.71 - - [22/Mar/2023:11:23:14 +0800] "POST /eHR/ess/redirect.php?scriptname=ESNE004&appdesc=%E6%89%B9%E9%87%8F%E8%AF%B7%E5%81%87%E6%9F%A5%E8%AF%A2 HTTP/1.1" 200 41092
192.168.12.71 - - [22/Mar/2023:11:23:23 +0800] "POST /eHR/ess/redirect.php?scriptname=ESNE004&appdesc=%E6%89%B9%E9%87%8F%E8%AF%B7%E5%81%87%E6%9F%A5%E8%AF%A2 HTTP/1.1" 200 39958 "http://192.168.1.81:8088/eHR/ess/redirect.php?scriptname=ESNE004&appdesc=%E6%89%B9%E9%87%8F%E8%AF%B7%E5%81%87%E6%9F%A5%E8%AF%A2" "Mozilla/5.0 (Windows NT 6.1; Win64; x64) AppleWebKit/537.36 (KHTML, like Gecko) Chrome/111.0.0.0 Safari/537.36 Edg/111.0.1661.44"
192.168.12.71 - - [22/Mar/2023:11:23:23 +0800] "POST /eHR/ess/redirect.php?scriptname=ESNE004&appdesc=%E6%89%B9%E9%87%8F%E8%AF%B7%E5%81%87%E6%9F%A5%E8%AF%A2 HTTP/1.1" 200 39958
192.168.12.71 - - [22/Mar/2023:11:23:25 +0800] "POST /eHR/ess/redirect.php?scriptname=ESNE004&appdesc=%E6%89%B9%E9%87%8F%E8%AF%B7%E5%81%87%E6%9F%A5%E8%AF%A2 HTTP/1.1" 200 39958 "http://192.168.1.81:8088/eHR/ess/redirect.php?scriptname=ESNE004&appdesc=%E6%89%B9%E9%87%8F%E8%AF%B7%E5%81%87%E6%9F%A5%E8%AF%A2" "Mozilla/5.0 (Windows NT 6.1; Win64; x64) AppleWebKit/537.36 (KHTML, like Gecko) Chrome/111.0.0.0 Safari/537.36 Edg/111.0.1661.44"
192.168.12.71 - - [22/Mar/2023:11:23:25 +0800] "POST /eHR/ess/redirect.php?scriptname=ESNE004&appdesc=%E6%89%B9%E9%87%8F%E8%AF%B7%E5%81%87%E6%9F%A5%E8%AF%A2 HTTP/1.1" 200 39958
192.168.11.110 - - [22/Mar/2023:11:23:17 +0800] "POST /eHR/ess/redirect.php?scriptname=ESNE003&appdesc=%E6%89%B9%E9%87%8F%E5%8A%A0%E7%8F%AD%E6%9F%A5%E8%AF%A2 HTTP/1.1" 200 33542 "http://192.168.1.81:8088/eHR/ess/redirect.php?scriptname=ESNE003&appdesc=%E6%89%B9%E9%87%8F%E5%8A%A0%E7%8F%AD%E6%9F%A5%E8%AF%A2" "Mozilla/5.0 (Windows NT 10.0; WOW64) AppleWebKit/537.36 (KHTML, like Gecko) Chrome/80.0.3987.87 Safari/537.36 SE 2.X MetaSr 1.0"
192.168.11.110 - - [22/Mar/2023:11:23:17 +0800] "POST /eHR/ess/redirect.php?scriptname=ESNE003&appdesc=%E6%89%B9%E9%87%8F%E5%8A%A0%E7%8F%AD%E6%9F%A5%E8%AF%A2 HTTP/1.1" 200 33542
192.168.12.71 - - [22/Mar/2023:11:23:32 +0800] "POST /eHR/ess/redirect.php?scriptname=ESNE004&appdesc=%E6%89%B9%E9%87%8F%E8%AF%B7%E5%81%87%E6%9F%A5%E8%AF%A2 HTTP/1.1" 200 39958 "http://192.168.1.81:8088/eHR/ess/redirect.php?scriptname=ESNE004&appdesc=%E6%89%B9%E9%87%8F%E8%AF%B7%E5%81%87%E6%9F%A5%E8%AF%A2" "Mozilla/5.0 (Windows NT 6.1; Win64; x64) AppleWebKit/537.36 (KHTML, like Gecko) Chrome/111.0.0.0 Safari/537.36 Edg/111.0.1661.44"
192.168.12.71 - - [22/Mar/2023:11:23:32 +0800] "POST /eHR/ess/redirect.php?scriptname=ESNE004&appdesc=%E6%89%B9%E9%87%8F%E8%AF%B7%E5%81%87%E6%9F%A5%E8%AF%A2 HTTP/1.1" 200 39958
192.168.12.71 - - [22/Mar/2023:11:23:34 +0800] "POST /eHR/ess/redirect.php?scriptname=ESNE004&appdesc=%E6%89%B9%E9%87%8F%E8%AF%B7%E5%81%87%E6%9F%A5%E8%AF%A2 HTTP/1.1" 200 39958
192.168.12.71 - - [22/Mar/2023:11:23:34 +0800] "POST /eHR/ess/redirect.php?scriptname=ESNE004&appdesc=%E6%89%B9%E9%87%8F%E8%AF%B7%E5%81%87%E6%9F%A5%E8%AF%A2 HTTP/1.1" 200 39958 "http://192.168.1.81:8088/eHR/ess/redirect.php?scriptname=ESNE004&appdesc=%E6%89%B9%E9%87%8F%E8%AF%B7%E5%81%87%E6%9F%A5%E8%AF%A2" "Mozilla/5.0 (Windows NT 6.1; Win64; x64) AppleWebKit/537.36 (KHTML, like Gecko) Chrome/111.0.0.0 Safari/537.36 Edg/111.0.1661.44"
192.168.12.71 - - [22/Mar/2023:11:23:38 +0800] "POST /eHR/ess/redirect.php?scriptname=ESNE004&appdesc=%E6%89%B9%E9%87%8F%E8%AF%B7%E5%81%87%E6%9F%A5%E8%AF%A2 HTTP/1.1" 200 39958 "http://192.168.1.81:8088/eHR/ess/redirect.php?scriptname=ESNE004&appdesc=%E6%89%B9%E9%87%8F%E8%AF%B7%E5%81%87%E6%9F%A5%E8%AF%A2" "Mozilla/5.0 (Windows NT 6.1; Win64; x64) AppleWebKit/537.36 (KHTML, like Gecko) Chrome/111.0.0.0 Safari/537.36 Edg/111.0.1661.44"
192.168.12.71 - - [22/Mar/2023:11:23:38 +0800] "POST /eHR/ess/redirect.php?scriptname=ESNE004&appdesc=%E6%89%B9%E9%87%8F%E8%AF%B7%E5%81%87%E6%9F%A5%E8%AF%A2 HTTP/1.1" 200 39958
78.128.114.14 - - [22/Mar/2023:11:23:39 +0800] "POST /ws/v1/cluster/apps/new-application HTTP/1.1" 404 232
78.128.114.14 - - [22/Mar/2023:11:23:39 +0800] "POST /ws/v1/cluster/apps/new-application HTTP/1.1" 404 232 "-" "python-requests/2.27.1"
192.168.11.110 - - [22/Mar/2023:11:23:40 +0800] "POST /eHR/ess/redirect.php?scriptname=ESNE003&appdesc=%E6%89%B9%E9%87%8F%E5%8A%A0%E7%8F%AD%E6%9F%A5%E8%AF%A2 HTTP/1.1" 200 33542 "http://192.168.1.81:8088/eHR/ess/redirect.php?scriptname=ESNE003&appdesc=%E6%89%B9%E9%87%8F%E5%8A%A0%E7%8F%AD%E6%9F%A5%E8%AF%A2" "Mozilla/5.0 (Windows NT 10.0; WOW64) AppleWebKit/537.36 (KHTML, like Gecko) Chrome/80.0.3987.87 Safari/537.36 SE 2.X MetaSr 1.0"
192.168.11.110 - - [22/Mar/2023:11:23:40 +0800] "POST /eHR/ess/redirect.php?scriptname=ESNE003&appdesc=%E6%89%B9%E9%87%8F%E5%8A%A0%E7%8F%AD%E6%9F%A5%E8%AF%A2 HTTP/1.1" 200 33542
192.168.11.84 - - [22/Mar/2023:11:23:12 +0800] "GET /ehr/ess/redirect.php?scriptname=ESNH004&appdesc=%E5%8A%A0%E7%8F%AD%E7%AD%BE%E6%A0%B8 HTTP/1.1" 200 139
192.168.11.84 - - [22/Mar/2023:11:23:12 +0800] "GET /ehr/ess/redirect.php?scriptname=ESNH004&appdesc=%E5%8A%A0%E7%8F%AD%E7%AD%BE%E6%A0%B8 HTTP/1.1" 200 139 "http://192.168.1.81:8088/ehr/ess/redirect.php" "Mozilla/5.0 (Windows NT 10.0; Win64; x64) AppleWebKit/537.36 (KHTML, like Gecko) Chrome/99.0.4844.84 Safari/537.36 HBPC/12.1.2.300"
192.168.11.84 - - [22/Mar/2023:11:23:32 +0800] "GET /ehr/ess/redirect.php?scriptname=ESNH004&appdesc=%E5%8A%A0%E7%8F%AD%E7%AD%BE%E6%A0%B8 HTTP/1.1" 200 139
192.168.11.84 - - [22/Mar/2023:11:23:32 +0800] "GET /ehr/ess/redirect.php?scriptname=ESNH004&appdesc=%E5%8A%A0%E7%8F%AD%E7%AD%BE%E6%A0%B8 HTTP/1.1" 200 139 "http://192.168.1.81:8088/ehr/ess/redirect.php" "Mozilla/5.0 (Windows NT 10.0; Win64; x64) AppleWebKit/537.36 (KHTML, like Gecko) Chrome/99.0.4844.84 Safari/537.36 HBPC/12.1.2.300"
192.168.11.84 - - [22/Mar/2023:11:23:05 +0800] "GET /ehr/mgr/redirect.php?scriptname=MDNH105&appdesc=%E5%8A%A0%E7%8F%AD%E7%AD%BE%E6%A0%B8 HTTP/1.1" 200 16598
192.168.11.84 - - [22/Mar/2023:11:23:05 +0800] "GET /ehr/mgr/redirect.php?scriptname=MDNH105&appdesc=%E5%8A%A0%E7%8F%AD%E7%AD%BE%E6%A0%B8 HTTP/1.1" 200 16598 "http://192.168.1.81:8088/ehr/ess/redirect.php" "Mozilla/5.0 (Windows NT 10.0; Win64; x64) AppleWebKit/537.36 (KHTML, like Gecko) Chrome/99.0.4844.84 Safari/537.36 HBPC/12.1.2.300"
192.168.11.110 - - [22/Mar/2023:11:23:57 +0800] "POST /eHR/ess/redirect.php?scriptname=ESNE003&appdesc=%E6%89%B9%E9%87%8F%E5%8A%A0%E7%8F%AD%E6%9F%A5%E8%AF%A2 HTTP/1.1" 200 -
192.168.11.110 - - [22/Mar/2023:11:23:57 +0800] "POST /eHR/ess/redirect.php?scriptname=ESNE003&appdesc=%E6%89%B9%E9%87%8F%E5%8A%A0%E7%8F%AD%E6%9F%A5%E8%AF%A2 HTTP/1.1" 200 - "http://192.168.1.81:8088/eHR/ess/redirect.php?scriptname=ESNE003&appdesc=%E6%89%B9%E9%87%8F%E5%8A%A0%E7%8F%AD%E6%9F%A5%E8%AF%A2" "Mozilla/5.0 (Windows NT 10.0; WOW64) AppleWebKit/537.36 (KHTML, like Gecko) Chrome/80.0.3987.87 Safari/537.36 SE 2.X MetaSr 1.0"
192.168.11.110 - - [22/Mar/2023:11:24:12 +0800] "POST /eHR/ess/redirect.php?scriptname=ESNE003&appdesc=%E6%89%B9%E9%87%8F%E5%8A%A0%E7%8F%AD%E6%9F%A5%E8%AF%A2 HTTP/1.1" 200 33566 "http://192.168.1.81:8088/eHR/ess/redirect.php?scriptname=ESNE003&appdesc=%E6%89%B9%E9%87%8F%E5%8A%A0%E7%8F%AD%E6%9F%A5%E8%AF%A2" "Mozilla/5.0 (Windows NT 10.0; WOW64) AppleWebKit/537.36 (KHTML, like Gecko) Chrome/80.0.3987.87 Safari/537.36 SE 2.X MetaSr 1.0"
192.168.11.110 - - [22/Mar/2023:11:24:12 +0800] "POST /eHR/ess/redirect.php?scriptname=ESNE003&appdesc=%E6%89%B9%E9%87%8F%E5%8A%A0%E7%8F%AD%E6%9F%A5%E8%AF%A2 HTTP/1.1" 200 33566
192.168.11.110 - - [22/Mar/2023:11:24:43 +0800] "POST /eHR/ess/redirect.php?scriptname=ESNE003&appdesc=%E6%89%B9%E9%87%8F%E5%8A%A0%E7%8F%AD%E6%9F%A5%E8%AF%A2 HTTP/1.1" 200 33542
192.168.11.110 - - [22/Mar/2023:11:24:43 +0800] "POST /eHR/ess/redirect.php?scriptname=ESNE003&appdesc=%E6%89%B9%E9%87%8F%E5%8A%A0%E7%8F%AD%E6%9F%A5%E8%AF%A2 HTTP/1.1" 200 33542 "http://192.168.1.81:8088/eHR/ess/redirect.php?scriptname=ESNE003&appdesc=%E6%89%B9%E9%87%8F%E5%8A%A0%E7%8F%AD%E6%9F%A5%E8%AF%A2" "Mozilla/5.0 (Windows NT 10.0; WOW64) AppleWebKit/537.36 (KHTML, like Gecko) Chrome/80.0.3987.87 Safari/537.36 SE 2.X MetaSr 1.0"
192.168.12.71 - - [22/Mar/2023:11:24:52 +0800] "GET /eHR/ess/redirect.php?scriptname=ESNE003&appdesc=%E6%89%B9%E9%87%8F%E5%8A%A0%E7%8F%AD%E6%9F%A5%E8%AF%A2 HTTP/1.1" 200 37233 "http://192.168.1.81:8088/eHR/ess/redirect.php" "Mozilla/5.0 (Windows NT 6.1; Win64; x64) AppleWebKit/537.36 (KHTML, like Gecko) Chrome/111.0.0.0 Safari/537.36 Edg/111.0.1661.44"
192.168.12.71 - - [22/Mar/2023:11:24:52 +0800] "GET /eHR/ess/redirect.php?scriptname=ESNE003&appdesc=%E6%89%B9%E9%87%8F%E5%8A%A0%E7%8F%AD%E6%9F%A5%E8%AF%A2 HTTP/1.1" 200 37233
