192.168.12.36 - - [23/Mar/2023:14:09:52 +0800] "GET /eHR/css/jqueryui/themes/redmond/images/ui-icons_217bc0_256x240.png HTTP/1.1" 200 4369 "http://192.168.1.81:8088/eHR/css/jqueryui/themes/redmond/jquery.ui.theme.css" "Mozilla/5.0 (Windows NT 6.1; WOW64) AppleWebKit/537.36 (KHTML, like Gecko) Chrome/81.0.4044.138 Safari/537.36 NetType/WIFI MicroMessenger/7.0.20.1781(0x6700143B) WindowsWechat(0x6309001c)"
192.168.12.36 - - [23/Mar/2023:14:09:53 +0800] "GET /eHR/css/jqueryui/themes/redmond/images/ui-bg_inset-hard_100_f5f8f9_1x100.png HTTP/1.1" 200 104 "http://192.168.1.81:8088/eHR/css/jqueryui/themes/redmond/jquery.ui.theme.css" "Mozilla/5.0 (Windows NT 6.1; WOW64) AppleWebKit/537.36 (KHTML, like Gecko) Chrome/81.0.4044.138 Safari/537.36 NetType/WIFI MicroMessenger/7.0.20.1781(0x6700143B) WindowsWechat(0x6309001c)"
192.168.12.36 - - [23/Mar/2023:14:09:53 +0800] "GET /eHR/css/jqueryui/themes/redmond/images/ui-bg_inset-hard_100_f5f8f9_1x100.png HTTP/1.1" 200 104
192.168.12.36 - - [23/Mar/2023:14:09:53 +0800] "GET /eHR/css/jqueryui/themes/redmond/images/ui-icons_f9bd01_256x240.png HTTP/1.1" 200 4369 "http://192.168.1.81:8088/eHR/css/jqueryui/themes/redmond/jquery.ui.theme.css" "Mozilla/5.0 (Windows NT 6.1; WOW64) AppleWebKit/537.36 (KHTML, like Gecko) Chrome/81.0.4044.138 Safari/537.36 NetType/WIFI MicroMessenger/7.0.20.1781(0x6700143B) WindowsWechat(0x6309001c)"
192.168.12.36 - - [23/Mar/2023:14:09:53 +0800] "GET /eHR/css/jqueryui/themes/redmond/images/ui-icons_f9bd01_256x240.png HTTP/1.1" 200 4369
192.168.11.111 - - [23/Mar/2023:14:10:13 +0800] "GET /eHR/ess/redirect.php?scriptname=ESNE001&appdesc=%E6%89%B9%E9%87%8F%E5%8A%A0%E7%8F%AD%E7%94%B3%E8%AF%B7 HTTP/1.1" 200 15271 "http://192.168.1.81:8088/eHR/ess/redirect.php" "Mozilla/5.0 (Windows NT 10.0; Win64; x64) AppleWebKit/537.36 (KHTML, like Gecko) Chrome/111.0.0.0 Safari/537.36"
192.168.11.111 - - [23/Mar/2023:14:10:13 +0800] "GET /eHR/ess/redirect.php?scriptname=ESNE001&appdesc=%E6%89%B9%E9%87%8F%E5%8A%A0%E7%8F%AD%E7%94%B3%E8%AF%B7 HTTP/1.1" 200 15271
192.168.12.36 - - [23/Mar/2023:14:09:40 +0800] "GET /eHR/ess/redirect.php?scriptname=ESNH000 HTTP/1.1" 200 -
192.168.12.36 - - [23/Mar/2023:14:09:40 +0800] "GET /eHR/ess/redirect.php?scriptname=ESNH000 HTTP/1.1" 200 - "http://192.168.1.81:8088/eHR/ess/redirect.php" "Mozilla/5.0 (Windows NT 6.1; WOW64) AppleWebKit/537.36 (KHTML, like Gecko) Chrome/81.0.4044.138 Safari/537.36 NetType/WIFI MicroMessenger/7.0.20.1781(0x6700143B) WindowsWechat(0x6309001c)"
192.168.12.36 - - [23/Mar/2023:14:09:56 +0800] "GET /eHR/ess/redirect.php?scriptname=ESNA015&appdesc=%E5%8A%A0%E7%8F%AD%E7%94%B3%E8%AF%B7%E6%9F%A5%E8%AF%A2 HTTP/1.1" 200 6457 "http://192.168.1.81:8088/eHR/ess/redirect.php" "Mozilla/5.0 (Windows NT 6.1; WOW64) AppleWebKit/537.36 (KHTML, like Gecko) Chrome/81.0.4044.138 Safari/537.36 NetType/WIFI MicroMessenger/7.0.20.1781(0x6700143B) WindowsWechat(0x6309001c)"
192.168.12.36 - - [23/Mar/2023:14:09:56 +0800] "GET /eHR/ess/redirect.php?scriptname=ESNA015&appdesc=%E5%8A%A0%E7%8F%AD%E7%94%B3%E8%AF%B7%E6%9F%A5%E8%AF%A2 HTTP/1.1" 200 6457
192.168.11.111 - - [23/Mar/2023:14:10:26 +0800] "GET /eHR/ess/redirect.php?scriptname=emp_lov&openW=Y&rand=0.4395875013276813 HTTP/1.1" 200 8656 "http://192.168.1.81:8088/eHR/ess/redirect.php?scriptname=ESNE001&appdesc=%E6%89%B9%E9%87%8F%E5%8A%A0%E7%8F%AD%E7%94%B3%E8%AF%B7" "Mozilla/5.0 (Windows NT 10.0; Win64; x64) AppleWebKit/537.36 (KHTML, like Gecko) Chrome/111.0.0.0 Safari/537.36"
192.168.11.111 - - [23/Mar/2023:14:10:26 +0800] "GET /eHR/ess/redirect.php?scriptname=emp_lov&openW=Y&rand=0.4395875013276813 HTTP/1.1" 200 8656
192.168.12.36 - - [23/Mar/2023:14:09:57 +0800] "GET /eHR/ess/redirect.php?scriptname=ESNA015&appdesc=%E5%8A%A0%E7%8F%AD%E7%94%B3%E8%AF%B7%E6%9F%A5%E8%AF%A2 HTTP/1.1" 200 6457 "http://192.168.1.81:8088/eHR/ess/redirect.php" "Mozilla/5.0 (Windows NT 6.1; WOW64) AppleWebKit/537.36 (KHTML, like Gecko) Chrome/81.0.4044.138 Safari/537.36 NetType/WIFI MicroMessenger/7.0.20.1781(0x6700143B) WindowsWechat(0x6309001c)"
192.168.12.36 - - [23/Mar/2023:14:09:57 +0800] "GET /eHR/ess/redirect.php?scriptname=ESNA015&appdesc=%E5%8A%A0%E7%8F%AD%E7%94%B3%E8%AF%B7%E6%9F%A5%E8%AF%A2 HTTP/1.1" 200 6457
192.168.12.36 - - [23/Mar/2023:14:09:58 +0800] "GET /eHR/ess/redirect.php?scriptname=ESNA015&appdesc=%E5%8A%A0%E7%8F%AD%E7%94%B3%E8%AF%B7%E6%9F%A5%E8%AF%A2 HTTP/1.1" 200 6457 "http://192.168.1.81:8088/eHR/ess/redirect.php" "Mozilla/5.0 (Windows NT 6.1; WOW64) AppleWebKit/537.36 (KHTML, like Gecko) Chrome/81.0.4044.138 Safari/537.36 NetType/WIFI MicroMessenger/7.0.20.1781(0x6700143B) WindowsWechat(0x6309001c)"
192.168.12.36 - - [23/Mar/2023:14:09:58 +0800] "GET /eHR/ess/redirect.php?scriptname=ESNA015&appdesc=%E5%8A%A0%E7%8F%AD%E7%94%B3%E8%AF%B7%E6%9F%A5%E8%AF%A2 HTTP/1.1" 200 6457
192.168.12.36 - - [23/Mar/2023:14:09:59 +0800] "GET /eHR/ess/redirect.php?scriptname=ESNA015&appdesc=%E5%8A%A0%E7%8F%AD%E7%94%B3%E8%AF%B7%E6%9F%A5%E8%AF%A2 HTTP/1.1" 200 6457 "http://192.168.1.81:8088/eHR/ess/redirect.php" "Mozilla/5.0 (Windows NT 6.1; WOW64) AppleWebKit/537.36 (KHTML, like Gecko) Chrome/81.0.4044.138 Safari/537.36 NetType/WIFI MicroMessenger/7.0.20.1781(0x6700143B) WindowsWechat(0x6309001c)"
192.168.12.36 - - [23/Mar/2023:14:09:59 +0800] "GET /eHR/ess/redirect.php?scriptname=ESNA015&appdesc=%E5%8A%A0%E7%8F%AD%E7%94%B3%E8%AF%B7%E6%9F%A5%E8%AF%A2 HTTP/1.1" 200 6457
192.168.12.36 - - [23/Mar/2023:14:09:59 +0800] "GET /eHR/ess/redirect.php?scriptname=ESNA015&appdesc=%E5%8A%A0%E7%8F%AD%E7%94%B3%E8%AF%B7%E6%9F%A5%E8%AF%A2 HTTP/1.1" 200 6457 "http://192.168.1.81:8088/eHR/ess/redirect.php" "Mozilla/5.0 (Windows NT 6.1; WOW64) AppleWebKit/537.36 (KHTML, like Gecko) Chrome/81.0.4044.138 Safari/537.36 NetType/WIFI MicroMessenger/7.0.20.1781(0x6700143B) WindowsWechat(0x6309001c)"
192.168.12.36 - - [23/Mar/2023:14:09:59 +0800] "GET /eHR/ess/redirect.php?scriptname=ESNA015&appdesc=%E5%8A%A0%E7%8F%AD%E7%94%B3%E8%AF%B7%E6%9F%A5%E8%AF%A2 HTTP/1.1" 200 6457
192.168.12.36 - - [23/Mar/2023:14:10:09 +0800] "GET /eHR/ess/redirect.php?scriptname=ESNA015&appdesc=%E5%8A%A0%E7%8F%AD%E7%94%B3%E8%AF%B7%E6%9F%A5%E8%AF%A2 HTTP/1.1" 200 6457 "http://192.168.1.81:8088/eHR/ess/redirect.php" "Mozilla/5.0 (Windows NT 6.1; WOW64) AppleWebKit/537.36 (KHTML, like Gecko) Chrome/81.0.4044.138 Safari/537.36 NetType/WIFI MicroMessenger/7.0.20.1781(0x6700143B) WindowsWechat(0x6309001c)"
192.168.12.36 - - [23/Mar/2023:14:10:09 +0800] "GET /eHR/ess/redirect.php?scriptname=ESNA015&appdesc=%E5%8A%A0%E7%8F%AD%E7%94%B3%E8%AF%B7%E6%9F%A5%E8%AF%A2 HTTP/1.1" 200 6457
192.168.11.111 - - [23/Mar/2023:14:10:27 +0800] "POST /eHR/ess/redirect.php?scriptname=emp_lov&openW=Y&rand=0.4395875013276813 HTTP/1.1" 200 21160
192.168.11.111 - - [23/Mar/2023:14:10:27 +0800] "POST /eHR/ess/redirect.php?scriptname=emp_lov&openW=Y&rand=0.4395875013276813 HTTP/1.1" 200 21160 "http://192.168.1.81:8088/eHR/ess/redirect.php?scriptname=emp_lov&openW=Y&rand=0.4395875013276813" "Mozilla/5.0 (Windows NT 10.0; Win64; x64) AppleWebKit/537.36 (KHTML, like Gecko) Chrome/111.0.0.0 Safari/537.36"
192.168.11.111 - - [23/Mar/2023:14:10:44 +0800] "POST /eHR/ess/redirect.php?scriptname=ESNE001&appdesc=%E6%89%B9%E9%87%8F%E5%8A%A0%E7%8F%AD%E7%94%B3%E8%AF%B7 HTTP/1.1" 200 4063 "http://192.168.1.81:8088/eHR/ess/redirect.php?scriptname=ESNE001&appdesc=%E6%89%B9%E9%87%8F%E5%8A%A0%E7%8F%AD%E7%94%B3%E8%AF%B7" "Mozilla/5.0 (Windows NT 10.0; Win64; x64) AppleWebKit/537.36 (KHTML, like Gecko) Chrome/111.0.0.0 Safari/537.36"
192.168.11.111 - - [23/Mar/2023:14:10:44 +0800] "POST /eHR/ess/redirect.php?scriptname=ESNE001&appdesc=%E6%89%B9%E9%87%8F%E5%8A%A0%E7%8F%AD%E7%94%B3%E8%AF%B7 HTTP/1.1" 200 4063
192.168.12.36 - - [23/Mar/2023:14:10:57 +0800] "GET /eHR/css/blueprint/screen.css HTTP/1.1" 200 11552 "http://192.168.1.81:8088/eHR/ess/redirect.php?scriptname=ESNA015&appdesc=%E5%8A%A0%E7%8F%AD%E7%94%B3%E8%AF%B7%E6%9F%A5%E8%AF%A2" "Mozilla/5.0 (Windows NT 6.1; WOW64) AppleWebKit/537.36 (KHTML, like Gecko) Chrome/81.0.4044.138 Safari/537.36 NetType/WIFI MicroMessenger/7.0.20.1781(0x6700143B) WindowsWechat(0x6309001c)"
192.168.12.36 - - [23/Mar/2023:14:10:57 +0800] "GET /eHR/css/blueprint/screen.css HTTP/1.1" 200 11552
192.168.12.36 - - [23/Mar/2023:14:10:57 +0800] "GET /eHR/css/default.css?m=20130917 HTTP/1.1" 200 8445 "http://192.168.1.81:8088/eHR/ess/redirect.php?scriptname=ESNA015&appdesc=%E5%8A%A0%E7%8F%AD%E7%94%B3%E8%AF%B7%E6%9F%A5%E8%AF%A2" "Mozilla/5.0 (Windows NT 6.1; WOW64) AppleWebKit/537.36 (KHTML, like Gecko) Chrome/81.0.4044.138 Safari/537.36 NetType/WIFI MicroMessenger/7.0.20.1781(0x6700143B) WindowsWechat(0x6309001c)"
192.168.12.36 - - [23/Mar/2023:14:10:57 +0800] "GET /eHR/css/default.css?m=20130917 HTTP/1.1" 200 8445
192.168.12.36 - - [23/Mar/2023:14:10:57 +0800] "GET /eHR/js/functions.js HTTP/1.1" 200 11658 "http://192.168.1.81:8088/eHR/ess/redirect.php?scriptname=ESNA015&appdesc=%E5%8A%A0%E7%8F%AD%E7%94%B3%E8%AF%B7%E6%9F%A5%E8%AF%A2" "Mozilla/5.0 (Windows NT 6.1; WOW64) AppleWebKit/537.36 (KHTML, like Gecko) Chrome/81.0.4044.138 Safari/537.36 NetType/WIFI MicroMessenger/7.0.20.1781(0x6700143B) WindowsWechat(0x6309001c)"
192.168.12.36 - - [23/Mar/2023:14:10:57 +0800] "GET /eHR/js/functions.js HTTP/1.1" 200 11658
192.168.12.36 - - [23/Mar/2023:14:10:57 +0800] "GET /eHR/css/jqueryui/themes/redmond/jquery.ui.all.css HTTP/1.1" 200 291 "http://192.168.1.81:8088/eHR/ess/redirect.php?scriptname=ESNA015&appdesc=%E5%8A%A0%E7%8F%AD%E7%94%B3%E8%AF%B7%E6%9F%A5%E8%AF%A2" "Mozilla/5.0 (Windows NT 6.1; WOW64) AppleWebKit/537.36 (KHTML, like Gecko) Chrome/81.0.4044.138 Safari/537.36 NetType/WIFI MicroMessenger/7.0.20.1781(0x6700143B) WindowsWechat(0x6309001c)"
192.168.12.36 - - [23/Mar/2023:14:10:57 +0800] "GET /eHR/css/jqueryui/themes/redmond/jquery.ui.all.css HTTP/1.1" 200 291
192.168.12.36 - - [23/Mar/2023:14:10:57 +0800] "GET /eHR/js/i18n/ui.datepicker-zh-CN.min.js HTTP/1.1" 200 697 "http://192.168.1.81:8088/eHR/ess/redirect.php?scriptname=ESNA015&appdesc=%E5%8A%A0%E7%8F%AD%E7%94%B3%E8%AF%B7%E6%9F%A5%E8%AF%A2" "Mozilla/5.0 (Windows NT 6.1; WOW64) AppleWebKit/537.36 (KHTML, like Gecko) Chrome/81.0.4044.138 Safari/537.36 NetType/WIFI MicroMessenger/7.0.20.1781(0x6700143B) WindowsWechat(0x6309001c)"
192.168.12.36 - - [23/Mar/2023:14:10:57 +0800] "GET /eHR/js/i18n/ui.datepicker-zh-CN.min.js HTTP/1.1" 200 697
192.168.12.36 - - [23/Mar/2023:14:10:57 +0800] "GET /eHR/css/jqueryui/themes/redmond/images/ui-bg_gloss-wave_55_5c9ccc_500x100.png HTTP/1.1" 200 3457 "http://192.168.1.81:8088/eHR/css/jqueryui/themes/redmond/jquery.ui.theme.css" "Mozilla/5.0 (Windows NT 6.1; WOW64) AppleWebKit/537.36 (KHTML, like Gecko) Chrome/81.0.4044.138 Safari/537.36 NetType/WIFI MicroMessenger/7.0.20.1781(0x6700143B) WindowsWechat(0x6309001c)"
192.168.12.36 - - [23/Mar/2023:14:10:57 +0800] "GET /eHR/css/jqueryui/themes/redmond/images/ui-bg_gloss-wave_55_5c9ccc_500x100.png HTTP/1.1" 200 3457
192.168.12.36 - - [23/Mar/2023:14:10:57 +0800] "GET /eHR/img/date.png HTTP/1.1" 200 626 "http://192.168.1.81:8088/eHR/css/default.css?m=20130917" "Mozilla/5.0 (Windows NT 6.1; WOW64) AppleWebKit/537.36 (KHTML, like Gecko) Chrome/81.0.4044.138 Safari/537.36 NetType/WIFI MicroMessenger/7.0.20.1781(0x6700143B) WindowsWechat(0x6309001c)"
192.168.12.36 - - [23/Mar/2023:14:10:57 +0800] "GET /eHR/img/date.png HTTP/1.1" 200 626
192.168.12.36 - - [23/Mar/2023:14:11:02 +0800] "GET /eHR/css/jqueryui/themes/redmond/images/ui-icons_d8e7f3_256x240.png HTTP/1.1" 200 4369 "http://192.168.1.81:8088/eHR/css/jqueryui/themes/redmond/jquery.ui.theme.css" "Mozilla/5.0 (Windows NT 6.1; WOW64) AppleWebKit/537.36 (KHTML, like Gecko) Chrome/81.0.4044.138 Safari/537.36 NetType/WIFI MicroMessenger/7.0.20.1781(0x6700143B) WindowsWechat(0x6309001c)"
192.168.12.36 - - [23/Mar/2023:14:11:02 +0800] "GET /eHR/css/jqueryui/themes/redmond/images/ui-icons_d8e7f3_256x240.png HTTP/1.1" 200 4369
192.168.12.36 - - [23/Mar/2023:14:11:02 +0800] "GET /eHR/css/jqueryui/themes/redmond/images/ui-bg_flat_55_fbec88_40x100.png HTTP/1.1" 200 182 "http://192.168.1.81:8088/eHR/css/jqueryui/themes/redmond/jquery.ui.theme.css" "Mozilla/5.0 (Windows NT 6.1; WOW64) AppleWebKit/537.36 (KHTML, like Gecko) Chrome/81.0.4044.138 Safari/537.36 NetType/WIFI MicroMessenger/7.0.20.1781(0x6700143B) WindowsWechat(0x6309001c)"
192.168.12.36 - - [23/Mar/2023:14:11:02 +0800] "GET /eHR/css/jqueryui/themes/redmond/images/ui-bg_flat_55_fbec88_40x100.png HTTP/1.1" 200 182
192.168.12.36 - - [23/Mar/2023:14:11:12 +0800] "POST /eHR/ess/redirect.php?scriptname=ESNA015&appdesc=%E5%8A%A0%E7%8F%AD%E7%94%B3%E8%AF%B7%E6%9F%A5%E8%AF%A2 HTTP/1.1" 200 17961 "http://192.168.1.81:8088/eHR/ess/redirect.php?scriptname=ESNA015&appdesc=%E5%8A%A0%E7%8F%AD%E7%94%B3%E8%AF%B7%E6%9F%A5%E8%AF%A2" "Mozilla/5.0 (Windows NT 6.1; WOW64) AppleWebKit/537.36 (KHTML, like Gecko) Chrome/81.0.4044.138 Safari/537.36 NetType/WIFI MicroMessenger/7.0.20.1781(0x6700143B) WindowsWechat(0x6309001c)"
192.168.12.36 - - [23/Mar/2023:14:11:12 +0800] "POST /eHR/ess/redirect.php?scriptname=ESNA015&appdesc=%E5%8A%A0%E7%8F%AD%E7%94%B3%E8%AF%B7%E6%9F%A5%E8%AF%A2 HTTP/1.1" 200 17961
192.168.12.36 - - [23/Mar/2023:14:11:13 +0800] "GET /eHR/img/cancel.png HTTP/1.1" 200 1230 "http://192.168.1.81:8088/eHR/ess/redirect.php?scriptname=ESNA015&appdesc=%E5%8A%A0%E7%8F%AD%E7%94%B3%E8%AF%B7%E6%9F%A5%E8%AF%A2" "Mozilla/5.0 (Windows NT 6.1; WOW64) AppleWebKit/537.36 (KHTML, like Gecko) Chrome/81.0.4044.138 Safari/537.36 NetType/WIFI MicroMessenger/7.0.20.1781(0x6700143B) WindowsWechat(0x6309001c)"
192.168.12.36 - - [23/Mar/2023:14:11:13 +0800] "GET /eHR/img/cancel.png HTTP/1.1" 200 1230
192.168.12.36 - - [23/Mar/2023:14:11:13 +0800] "GET /eHR/img/pe.png HTTP/1.1" 200 1268 "http://192.168.1.81:8088/eHR/ess/redirect.php?scriptname=ESNA015&appdesc=%E5%8A%A0%E7%8F%AD%E7%94%B3%E8%AF%B7%E6%9F%A5%E8%AF%A2" "Mozilla/5.0 (Windows NT 6.1; WOW64) AppleWebKit/537.36 (KHTML, like Gecko) Chrome/81.0.4044.138 Safari/537.36 NetType/WIFI MicroMessenger/7.0.20.1781(0x6700143B) WindowsWechat(0x6309001c)"
192.168.12.36 - - [23/Mar/2023:14:11:13 +0800] "GET /eHR/img/pe.png HTTP/1.1" 200 1268
192.168.11.111 - - [23/Mar/2023:14:11:20 +0800] "GET /eHR/ess/redirect.php?scriptname=ESNE001&appdesc=%E6%89%B9%E9%87%8F%E5%8A%A0%E7%8F%AD%E7%94%B3%E8%AF%B7 HTTP/1.1" 200 15271 "http://192.168.1.81:8088/eHR/ess/redirect.php" "Mozilla/5.0 (Windows NT 10.0; Win64; x64) AppleWebKit/537.36 (KHTML, like Gecko) Chrome/111.0.0.0 Safari/537.36"
192.168.11.111 - - [23/Mar/2023:14:11:20 +0800] "GET /eHR/ess/redirect.php?scriptname=ESNE001&appdesc=%E6%89%B9%E9%87%8F%E5%8A%A0%E7%8F%AD%E7%94%B3%E8%AF%B7 HTTP/1.1" 200 15271
192.168.12.36 - - [23/Mar/2023:14:11:37 +0800] "GET /eHR/ess/redirect.php?scriptname=ESNA014&appdesc=%E5%8A%A0%E7%8F%AD%E7%94%B3%E8%AF%B7 HTTP/1.1" 200 12800 "http://192.168.1.81:8088/eHR/ess/redirect.php" "Mozilla/5.0 (Windows NT 6.1; WOW64) AppleWebKit/537.36 (KHTML, like Gecko) Chrome/81.0.4044.138 Safari/537.36 NetType/WIFI MicroMessenger/7.0.20.1781(0x6700143B) WindowsWechat(0x6309001c)"
192.168.12.36 - - [23/Mar/2023:14:11:37 +0800] "GET /eHR/ess/redirect.php?scriptname=ESNA014&appdesc=%E5%8A%A0%E7%8F%AD%E7%94%B3%E8%AF%B7 HTTP/1.1" 200 12800
192.168.12.36 - - [23/Mar/2023:14:11:38 +0800] "GET /eHR/js/date.js HTTP/1.1" 200 12630
192.168.12.36 - - [23/Mar/2023:14:11:38 +0800] "GET /eHR/js/date.js HTTP/1.1" 200 12630 "http://192.168.1.81:8088/eHR/ess/redirect.php?scriptname=ESNA014&appdesc=%E5%8A%A0%E7%8F%AD%E7%94%B3%E8%AF%B7" "Mozilla/5.0 (Windows NT 6.1; WOW64) AppleWebKit/537.36 (KHTML, like Gecko) Chrome/81.0.4044.138 Safari/537.36 NetType/WIFI MicroMessenger/7.0.20.1781(0x6700143B) WindowsWechat(0x6309001c)"
192.168.12.36 - - [23/Mar/2023:14:11:38 +0800] "GET /eHR/js/jquery.maskedinput.min.js HTTP/1.1" 200 3568 "http://192.168.1.81:8088/eHR/ess/redirect.php?scriptname=ESNA014&appdesc=%E5%8A%A0%E7%8F%AD%E7%94%B3%E8%AF%B7" "Mozilla/5.0 (Windows NT 6.1; WOW64) AppleWebKit/537.36 (KHTML, like Gecko) Chrome/81.0.4044.138 Safari/537.36 NetType/WIFI MicroMessenger/7.0.20.1781(0x6700143B) WindowsWechat(0x6309001c)"
192.168.12.36 - - [23/Mar/2023:14:11:38 +0800] "GET /eHR/js/jquery.maskedinput.min.js HTTP/1.1" 200 3568
192.168.12.36 - - [23/Mar/2023:14:11:38 +0800] "POST /eHR/ess/redirect.php?scriptname=ajax_overtime&do=GetOverTime HTTP/1.1" 200 28 "http://192.168.1.81:8088/eHR/ess/redirect.php?scriptname=ESNA014&appdesc=%E5%8A%A0%E7%8F%AD%E7%94%B3%E8%AF%B7" "Mozilla/5.0 (Windows NT 6.1; WOW64) AppleWebKit/537.36 (KHTML, like Gecko) Chrome/81.0.4044.138 Safari/537.36 NetType/WIFI MicroMessenger/7.0.20.1781(0x6700143B) WindowsWechat(0x6309001c)"
192.168.12.36 - - [23/Mar/2023:14:11:38 +0800] "POST /eHR/ess/redirect.php?scriptname=ajax_overtime&do=GetOverTime HTTP/1.1" 200 28
192.168.11.111 - - [23/Mar/2023:14:11:39 +0800] "GET /eHR/ess/redirect.php?scriptname=emp_lov&openW=Y&rand=0.5794802088897812 HTTP/1.1" 200 8656
192.168.11.111 - - [23/Mar/2023:14:11:39 +0800] "GET /eHR/ess/redirect.php?scriptname=emp_lov&openW=Y&rand=0.5794802088897812 HTTP/1.1" 200 8656 "http://192.168.1.81:8088/eHR/ess/redirect.php?scriptname=ESNE001&appdesc=%E6%89%B9%E9%87%8F%E5%8A%A0%E7%8F%AD%E7%94%B3%E8%AF%B7" "Mozilla/5.0 (Windows NT 10.0; Win64; x64) AppleWebKit/537.36 (KHTML, like Gecko) Chrome/111.0.0.0 Safari/537.36"
192.168.11.111 - - [23/Mar/2023:14:11:40 +0800] "POST /eHR/ess/redirect.php?scriptname=emp_lov&openW=Y&rand=0.5794802088897812 HTTP/1.1" 200 21160 "http://192.168.1.81:8088/eHR/ess/redirect.php?scriptname=emp_lov&openW=Y&rand=0.5794802088897812" "Mozilla/5.0 (Windows NT 10.0; Win64; x64) AppleWebKit/537.36 (KHTML, like Gecko) Chrome/111.0.0.0 Safari/537.36"
192.168.11.111 - - [23/Mar/2023:14:11:40 +0800] "POST /eHR/ess/redirect.php?scriptname=emp_lov&openW=Y&rand=0.5794802088897812 HTTP/1.1" 200 21160
192.168.12.36 - - [23/Mar/2023:14:11:45 +0800] "POST /eHR/ess/redirect.php?scriptname=ajax_overtime&do=GetOverTime HTTP/1.1" 200 28 "http://192.168.1.81:8088/eHR/ess/redirect.php?scriptname=ESNA014&appdesc=%E5%8A%A0%E7%8F%AD%E7%94%B3%E8%AF%B7" "Mozilla/5.0 (Windows NT 6.1; WOW64) AppleWebKit/537.36 (KHTML, like Gecko) Chrome/81.0.4044.138 Safari/537.36 NetType/WIFI MicroMessenger/7.0.20.1781(0x6700143B) WindowsWechat(0x6309001c)"
192.168.12.36 - - [23/Mar/2023:14:11:45 +0800] "POST /eHR/ess/redirect.php?scriptname=ajax_overtime&do=GetOverTime HTTP/1.1" 200 28
192.168.12.36 - - [23/Mar/2023:14:11:49 +0800] "POST /eHR/ess/redirect.php?scriptname=ajax_overtime&do=GetOverTime HTTP/1.1" 200 28 "http://192.168.1.81:8088/eHR/ess/redirect.php?scriptname=ESNA014&appdesc=%E5%8A%A0%E7%8F%AD%E7%94%B3%E8%AF%B7" "Mozilla/5.0 (Windows NT 6.1; WOW64) AppleWebKit/537.36 (KHTML, like Gecko) Chrome/81.0.4044.138 Safari/537.36 NetType/WIFI MicroMessenger/7.0.20.1781(0x6700143B) WindowsWechat(0x6309001c)"
192.168.12.36 - - [23/Mar/2023:14:11:49 +0800] "POST /eHR/ess/redirect.php?scriptname=ajax_overtime&do=GetOverTime HTTP/1.1" 200 28
192.168.12.36 - - [23/Mar/2023:14:11:52 +0800] "POST /eHR/ess/redirect.php?scriptname=ajax_overtime&do=GetOverTime HTTP/1.1" 200 28 "http://192.168.1.81:8088/eHR/ess/redirect.php?scriptname=ESNA014&appdesc=%E5%8A%A0%E7%8F%AD%E7%94%B3%E8%AF%B7" "Mozilla/5.0 (Windows NT 6.1; WOW64) AppleWebKit/537.36 (KHTML, like Gecko) Chrome/81.0.4044.138 Safari/537.36 NetType/WIFI MicroMessenger/7.0.20.1781(0x6700143B) WindowsWechat(0x6309001c)"
192.168.12.36 - - [23/Mar/2023:14:11:52 +0800] "POST /eHR/ess/redirect.php?scriptname=ajax_overtime&do=GetOverTime HTTP/1.1" 200 28
192.168.11.111 - - [23/Mar/2023:14:11:52 +0800] "POST /eHR/ess/redirect.php?scriptname=ESNE001&appdesc=%E6%89%B9%E9%87%8F%E5%8A%A0%E7%8F%AD%E7%94%B3%E8%AF%B7 HTTP/1.1" 200 4081 "http://192.168.1.81:8088/eHR/ess/redirect.php?scriptname=ESNE001&appdesc=%E6%89%B9%E9%87%8F%E5%8A%A0%E7%8F%AD%E7%94%B3%E8%AF%B7" "Mozilla/5.0 (Windows NT 10.0; Win64; x64) AppleWebKit/537.36 (KHTML, like Gecko) Chrome/111.0.0.0 Safari/537.36"
192.168.11.111 - - [23/Mar/2023:14:11:52 +0800] "POST /eHR/ess/redirect.php?scriptname=ESNE001&appdesc=%E6%89%B9%E9%87%8F%E5%8A%A0%E7%8F%AD%E7%94%B3%E8%AF%B7 HTTP/1.1" 200 4081
192.168.12.36 - - [23/Mar/2023:14:11:53 +0800] "POST /eHR/ess/redirect.php?scriptname=ESNA014&appdesc=%E5%8A%A0%E7%8F%AD%E7%94%B3%E8%AF%B7 HTTP/1.1" 302 - "http://192.168.1.81:8088/eHR/ess/redirect.php?scriptname=ESNA014&appdesc=%E5%8A%A0%E7%8F%AD%E7%94%B3%E8%AF%B7" "Mozilla/5.0 (Windows NT 6.1; WOW64) AppleWebKit/537.36 (KHTML, like Gecko) Chrome/81.0.4044.138 Safari/537.36 NetType/WIFI MicroMessenger/7.0.20.1781(0x6700143B) WindowsWechat(0x6309001c)"
192.168.12.36 - - [23/Mar/2023:14:11:53 +0800] "POST /eHR/ess/redirect.php?scriptname=ESNA014&appdesc=%E5%8A%A0%E7%8F%AD%E7%94%B3%E8%AF%B7 HTTP/1.1" 302 -
192.168.12.36 - - [23/Mar/2023:14:11:54 +0800] "GET /eHR/ess/redirect.php?scriptname=page_success&msgtxt=%E5%8A%A0%E7%8F%AD%E7%94%B3%E8%AF%B7%E6%8F%90%E4%BA%A4%E6%88%90%E5%8A%9F%2C%E8%AF%B7%E7%AD%89%E5%BE%85%E4%B8%BB%E7%AE%A1%E7%AD%BE%E6%A0%B8.&target=iframe HTTP/1.1" 200 3112 "http://192.168.1.81:8088/eHR/ess/redirect.php?scriptname=ESNA014&appdesc=%E5%8A%A0%E7%8F%AD%E7%94%B3%E8%AF%B7" "Mozilla/5.0 (Windows NT 6.1; WOW64) AppleWebKit/537.36 (KHTML, like Gecko) Chrome/81.0.4044.138 Safari/537.36 NetType/WIFI MicroMessenger/7.0.20.1781(0x6700143B) WindowsWechat(0x6309001c)"
192.168.12.36 - - [23/Mar/2023:14:11:54 +0800] "GET /eHR/ess/redirect.php?scriptname=page_success&msgtxt=%E5%8A%A0%E7%8F%AD%E7%94%B3%E8%AF%B7%E6%8F%90%E4%BA%A4%E6%88%90%E5%8A%9F%2C%E8%AF%B7%E7%AD%89%E5%BE%85%E4%B8%BB%E7%AE%A1%E7%AD%BE%E6%A0%B8.&target=iframe HTTP/1.1" 200 3112
192.168.12.36 - - [23/Mar/2023:14:11:55 +0800] "GET /eHR/img/success.png HTTP/1.1" 200 1084 "http://192.168.1.81:8088/eHR/ess/redirect.php?scriptname=page_success&msgtxt=%E5%8A%A0%E7%8F%AD%E7%94%B3%E8%AF%B7%E6%8F%90%E4%BA%A4%E6%88%90%E5%8A%9F%2C%E8%AF%B7%E7%AD%89%E5%BE%85%E4%B8%BB%E7%AE%A1%E7%AD%BE%E6%A0%B8.&target=iframe" "Mozilla/5.0 (Windows NT 6.1; WOW64) AppleWebKit/537.36 (KHTML, like Gecko) Chrome/81.0.4044.138 Safari/537.36 NetType/WIFI MicroMessenger/7.0.20.1781(0x6700143B) WindowsWechat(0x6309001c)"
192.168.12.36 - - [23/Mar/2023:14:11:55 +0800] "GET /eHR/img/success.png HTTP/1.1" 200 1084
192.168.12.36 - - [23/Mar/2023:14:11:57 +0800] "GET /eHR/ess/redirect.php?scriptname=ESNA014&appdesc=%E5%8A%A0%E7%8F%AD%E7%94%B3%E8%AF%B7 HTTP/1.1" 200 12800 "http://192.168.1.81:8088/eHR/ess/redirect.php" "Mozilla/5.0 (Windows NT 6.1; WOW64) AppleWebKit/537.36 (KHTML, like Gecko) Chrome/81.0.4044.138 Safari/537.36 NetType/WIFI MicroMessenger/7.0.20.1781(0x6700143B) WindowsWechat(0x6309001c)"
192.168.12.36 - - [23/Mar/2023:14:11:57 +0800] "GET /eHR/ess/redirect.php?scriptname=ESNA014&appdesc=%E5%8A%A0%E7%8F%AD%E7%94%B3%E8%AF%B7 HTTP/1.1" 200 12800
192.168.12.36 - - [23/Mar/2023:14:11:58 +0800] "POST /eHR/ess/redirect.php?scriptname=ajax_overtime&do=GetOverTime HTTP/1.1" 200 28 "http://192.168.1.81:8088/eHR/ess/redirect.php?scriptname=ESNA014&appdesc=%E5%8A%A0%E7%8F%AD%E7%94%B3%E8%AF%B7" "Mozilla/5.0 (Windows NT 6.1; WOW64) AppleWebKit/537.36 (KHTML, like Gecko) Chrome/81.0.4044.138 Safari/537.36 NetType/WIFI MicroMessenger/7.0.20.1781(0x6700143B) WindowsWechat(0x6309001c)"
192.168.12.36 - - [23/Mar/2023:14:11:58 +0800] "POST /eHR/ess/redirect.php?scriptname=ajax_overtime&do=GetOverTime HTTP/1.1" 200 28
192.168.12.36 - - [23/Mar/2023:14:12:02 +0800] "POST /eHR/ess/redirect.php?scriptname=ajax_overtime&do=GetOverTime HTTP/1.1" 200 28
192.168.12.36 - - [23/Mar/2023:14:12:02 +0800] "POST /eHR/ess/redirect.php?scriptname=ajax_overtime&do=GetOverTime HTTP/1.1" 200 28 "http://192.168.1.81:8088/eHR/ess/redirect.php?scriptname=ESNA014&appdesc=%E5%8A%A0%E7%8F%AD%E7%94%B3%E8%AF%B7" "Mozilla/5.0 (Windows NT 6.1; WOW64) AppleWebKit/537.36 (KHTML, like Gecko) Chrome/81.0.4044.138 Safari/537.36 NetType/WIFI MicroMessenger/7.0.20.1781(0x6700143B) WindowsWechat(0x6309001c)"
192.168.12.36 - - [23/Mar/2023:14:12:06 +0800] "POST /eHR/ess/redirect.php?scriptname=ajax_overtime&do=GetOverTime HTTP/1.1" 200 28
192.168.12.36 - - [23/Mar/2023:14:12:06 +0800] "POST /eHR/ess/redirect.php?scriptname=ajax_overtime&do=GetOverTime HTTP/1.1" 200 28 "http://192.168.1.81:8088/eHR/ess/redirect.php?scriptname=ESNA014&appdesc=%E5%8A%A0%E7%8F%AD%E7%94%B3%E8%AF%B7" "Mozilla/5.0 (Windows NT 6.1; WOW64) AppleWebKit/537.36 (KHTML, like Gecko) Chrome/81.0.4044.138 Safari/537.36 NetType/WIFI MicroMessenger/7.0.20.1781(0x6700143B) WindowsWechat(0x6309001c)"
192.168.12.36 - - [23/Mar/2023:14:12:09 +0800] "POST /eHR/ess/redirect.php?scriptname=ajax_overtime&do=GetOverTime HTTP/1.1" 200 28
192.168.12.36 - - [23/Mar/2023:14:12:09 +0800] "POST /eHR/ess/redirect.php?scriptname=ajax_overtime&do=GetOverTime HTTP/1.1" 200 28 "http://192.168.1.81:8088/eHR/ess/redirect.php?scriptname=ESNA014&appdesc=%E5%8A%A0%E7%8F%AD%E7%94%B3%E8%AF%B7" "Mozilla/5.0 (Windows NT 6.1; WOW64) AppleWebKit/537.36 (KHTML, like Gecko) Chrome/81.0.4044.138 Safari/537.36 NetType/WIFI MicroMessenger/7.0.20.1781(0x6700143B) WindowsWechat(0x6309001c)"
192.168.12.36 - - [23/Mar/2023:14:12:10 +0800] "POST /eHR/ess/redirect.php?scriptname=ESNA014&appdesc=%E5%8A%A0%E7%8F%AD%E7%94%B3%E8%AF%B7 HTTP/1.1" 302 -
192.168.12.36 - - [23/Mar/2023:14:12:10 +0800] "POST /eHR/ess/redirect.php?scriptname=ESNA014&appdesc=%E5%8A%A0%E7%8F%AD%E7%94%B3%E8%AF%B7 HTTP/1.1" 302 - "http://192.168.1.81:8088/eHR/ess/redirect.php?scriptname=ESNA014&appdesc=%E5%8A%A0%E7%8F%AD%E7%94%B3%E8%AF%B7" "Mozilla/5.0 (Windows NT 6.1; WOW64) AppleWebKit/537.36 (KHTML, like Gecko) Chrome/81.0.4044.138 Safari/537.36 NetType/WIFI MicroMessenger/7.0.20.1781(0x6700143B) WindowsWechat(0x6309001c)"
192.168.12.36 - - [23/Mar/2023:14:12:11 +0800] "GET /eHR/ess/redirect.php?scriptname=page_success&msgtxt=%E5%8A%A0%E7%8F%AD%E7%94%B3%E8%AF%B7%E6%8F%90%E4%BA%A4%E6%88%90%E5%8A%9F%2C%E8%AF%B7%E7%AD%89%E5%BE%85%E4%B8%BB%E7%AE%A1%E7%AD%BE%E6%A0%B8.&target=iframe HTTP/1.1" 200 3112 "http://192.168.1.81:8088/eHR/ess/redirect.php?scriptname=ESNA014&appdesc=%E5%8A%A0%E7%8F%AD%E7%94%B3%E8%AF%B7" "Mozilla/5.0 (Windows NT 6.1; WOW64) AppleWebKit/537.36 (KHTML, like Gecko) Chrome/81.0.4044.138 Safari/537.36 NetType/WIFI MicroMessenger/7.0.20.1781(0x6700143B) WindowsWechat(0x6309001c)"
192.168.12.36 - - [23/Mar/2023:14:12:11 +0800] "GET /eHR/ess/redirect.php?scriptname=page_success&msgtxt=%E5%8A%A0%E7%8F%AD%E7%94%B3%E8%AF%B7%E6%8F%90%E4%BA%A4%E6%88%90%E5%8A%9F%2C%E8%AF%B7%E7%AD%89%E5%BE%85%E4%B8%BB%E7%AE%A1%E7%AD%BE%E6%A0%B8.&target=iframe HTTP/1.1" 200 3112
192.168.12.36 - - [23/Mar/2023:14:12:11 +0800] "GET /eHR/css/jqueryui/themes/redmond/jquery.ui.all.css HTTP/1.1" 200 291 "http://192.168.1.81:8088/eHR/ess/redirect.php?scriptname=page_success&msgtxt=%E5%8A%A0%E7%8F%AD%E7%94%B3%E8%AF%B7%E6%8F%90%E4%BA%A4%E6%88%90%E5%8A%9F%2C%E8%AF%B7%E7%AD%89%E5%BE%85%E4%B8%BB%E7%AE%A1%E7%AD%BE%E6%A0%B8.&target=iframe" "Mozilla/5.0 (Windows NT 6.1; WOW64) AppleWebKit/537.36 (KHTML, like Gecko) Chrome/81.0.4044.138 Safari/537.36 NetType/WIFI MicroMessenger/7.0.20.1781(0x6700143B) WindowsWechat(0x6309001c)"
192.168.12.36 - - [23/Mar/2023:14:12:11 +0800] "GET /eHR/css/jqueryui/themes/redmond/jquery.ui.all.css HTTP/1.1" 200 291
192.168.12.36 - - [23/Mar/2023:14:12:11 +0800] "GET /eHR/img/success.png HTTP/1.1" 200 1084 "http://192.168.1.81:8088/eHR/ess/redirect.php?scriptname=page_success&msgtxt=%E5%8A%A0%E7%8F%AD%E7%94%B3%E8%AF%B7%E6%8F%90%E4%BA%A4%E6%88%90%E5%8A%9F%2C%E8%AF%B7%E7%AD%89%E5%BE%85%E4%B8%BB%E7%AE%A1%E7%AD%BE%E6%A0%B8.&target=iframe" "Mozilla/5.0 (Windows NT 6.1; WOW64) AppleWebKit/537.36 (KHTML, like Gecko) Chrome/81.0.4044.138 Safari/537.36 NetType/WIFI MicroMessenger/7.0.20.1781(0x6700143B) WindowsWechat(0x6309001c)"
192.168.12.36 - - [23/Mar/2023:14:12:11 +0800] "GET /eHR/img/success.png HTTP/1.1" 200 1084
192.168.12.36 - - [23/Mar/2023:14:12:20 +0800] "GET /eHR/ess/redirect.php?scriptname=ESNA014&appdesc=%E5%8A%A0%E7%8F%AD%E7%94%B3%E8%AF%B7 HTTP/1.1" 200 12800 "http://192.168.1.81:8088/eHR/ess/redirect.php" "Mozilla/5.0 (Windows NT 6.1; WOW64) AppleWebKit/537.36 (KHTML, like Gecko) Chrome/81.0.4044.138 Safari/537.36 NetType/WIFI MicroMessenger/7.0.20.1781(0x6700143B) WindowsWechat(0x6309001c)"
192.168.12.36 - - [23/Mar/2023:14:12:20 +0800] "GET /eHR/ess/redirect.php?scriptname=ESNA014&appdesc=%E5%8A%A0%E7%8F%AD%E7%94%B3%E8%AF%B7 HTTP/1.1" 200 12800
192.168.12.36 - - [23/Mar/2023:14:12:21 +0800] "POST /eHR/ess/redirect.php?scriptname=ajax_overtime&do=GetOverTime HTTP/1.1" 200 28 "http://192.168.1.81:8088/eHR/ess/redirect.php?scriptname=ESNA014&appdesc=%E5%8A%A0%E7%8F%AD%E7%94%B3%E8%AF%B7" "Mozilla/5.0 (Windows NT 6.1; WOW64) AppleWebKit/537.36 (KHTML, like Gecko) Chrome/81.0.4044.138 Safari/537.36 NetType/WIFI MicroMessenger/7.0.20.1781(0x6700143B) WindowsWechat(0x6309001c)"
192.168.12.36 - - [23/Mar/2023:14:12:21 +0800] "POST /eHR/ess/redirect.php?scriptname=ajax_overtime&do=GetOverTime HTTP/1.1" 200 28
192.168.12.36 - - [23/Mar/2023:14:12:27 +0800] "POST /eHR/ess/redirect.php?scriptname=ajax_overtime&do=GetOverTime HTTP/1.1" 200 28 "http://192.168.1.81:8088/eHR/ess/redirect.php?scriptname=ESNA014&appdesc=%E5%8A%A0%E7%8F%AD%E7%94%B3%E8%AF%B7" "Mozilla/5.0 (Windows NT 6.1; WOW64) AppleWebKit/537.36 (KHTML, like Gecko) Chrome/81.0.4044.138 Safari/537.36 NetType/WIFI MicroMessenger/7.0.20.1781(0x6700143B) WindowsWechat(0x6309001c)"
192.168.12.36 - - [23/Mar/2023:14:12:27 +0800] "POST /eHR/ess/redirect.php?scriptname=ajax_overtime&do=GetOverTime HTTP/1.1" 200 28
192.168.12.36 - - [23/Mar/2023:14:12:33 +0800] "POST /eHR/ess/redirect.php?scriptname=ajax_overtime&do=GetOverTime HTTP/1.1" 200 28 "http://192.168.1.81:8088/eHR/ess/redirect.php?scriptname=ESNA014&appdesc=%E5%8A%A0%E7%8F%AD%E7%94%B3%E8%AF%B7" "Mozilla/5.0 (Windows NT 6.1; WOW64) AppleWebKit/537.36 (KHTML, like Gecko) Chrome/81.0.4044.138 Safari/537.36 NetType/WIFI MicroMessenger/7.0.20.1781(0x6700143B) WindowsWechat(0x6309001c)"
192.168.12.36 - - [23/Mar/2023:14:12:33 +0800] "POST /eHR/ess/redirect.php?scriptname=ajax_overtime&do=GetOverTime HTTP/1.1" 200 28
192.168.11.111 - - [23/Mar/2023:14:12:37 +0800] "GET /eHR/ess/redirect.php?scriptname=ESNE003&appdesc=%E6%89%B9%E9%87%8F%E5%8A%A0%E7%8F%AD%E6%9F%A5%E8%AF%A2 HTTP/1.1" 200 7589 "http://192.168.1.81:8088/eHR/ess/redirect.php" "Mozilla/5.0 (Windows NT 10.0; Win64; x64) AppleWebKit/537.36 (KHTML, like Gecko) Chrome/111.0.0.0 Safari/537.36"
192.168.11.111 - - [23/Mar/2023:14:12:37 +0800] "GET /eHR/ess/redirect.php?scriptname=ESNE003&appdesc=%E6%89%B9%E9%87%8F%E5%8A%A0%E7%8F%AD%E6%9F%A5%E8%AF%A2 HTTP/1.1" 200 7589
192.168.12.36 - - [23/Mar/2023:14:12:41 +0800] "POST /eHR/ess/redirect.php?scriptname=ajax_overtime&do=GetOverTime HTTP/1.1" 200 28 "http://192.168.1.81:8088/eHR/ess/redirect.php?scriptname=ESNA014&appdesc=%E5%8A%A0%E7%8F%AD%E7%94%B3%E8%AF%B7" "Mozilla/5.0 (Windows NT 6.1; WOW64) AppleWebKit/537.36 (KHTML, like Gecko) Chrome/81.0.4044.138 Safari/537.36 NetType/WIFI MicroMessenger/7.0.20.1781(0x6700143B) WindowsWechat(0x6309001c)"
192.168.12.36 - - [23/Mar/2023:14:12:41 +0800] "POST /eHR/ess/redirect.php?scriptname=ajax_overtime&do=GetOverTime HTTP/1.1" 200 28
192.168.12.36 - - [23/Mar/2023:14:12:42 +0800] "POST /eHR/ess/redirect.php?scriptname=ESNA014&appdesc=%E5%8A%A0%E7%8F%AD%E7%94%B3%E8%AF%B7 HTTP/1.1" 302 - "http://192.168.1.81:8088/eHR/ess/redirect.php?scriptname=ESNA014&appdesc=%E5%8A%A0%E7%8F%AD%E7%94%B3%E8%AF%B7" "Mozilla/5.0 (Windows NT 6.1; WOW64) AppleWebKit/537.36 (KHTML, like Gecko) Chrome/81.0.4044.138 Safari/537.36 NetType/WIFI MicroMessenger/7.0.20.1781(0x6700143B) WindowsWechat(0x6309001c)"
192.168.12.36 - - [23/Mar/2023:14:12:42 +0800] "POST /eHR/ess/redirect.php?scriptname=ESNA014&appdesc=%E5%8A%A0%E7%8F%AD%E7%94%B3%E8%AF%B7 HTTP/1.1" 302 -
192.168.12.36 - - [23/Mar/2023:14:12:43 +0800] "GET /eHR/ess/redirect.php?scriptname=page_success&msgtxt=%E5%8A%A0%E7%8F%AD%E7%94%B3%E8%AF%B7%E6%8F%90%E4%BA%A4%E6%88%90%E5%8A%9F%2C%E8%AF%B7%E7%AD%89%E5%BE%85%E4%B8%BB%E7%AE%A1%E7%AD%BE%E6%A0%B8.&target=iframe HTTP/1.1" 200 3112 "http://192.168.1.81:8088/eHR/ess/redirect.php?scriptname=ESNA014&appdesc=%E5%8A%A0%E7%8F%AD%E7%94%B3%E8%AF%B7" "Mozilla/5.0 (Windows NT 6.1; WOW64) AppleWebKit/537.36 (KHTML, like Gecko) Chrome/81.0.4044.138 Safari/537.36 NetType/WIFI MicroMessenger/7.0.20.1781(0x6700143B) WindowsWechat(0x6309001c)"
192.168.12.36 - - [23/Mar/2023:14:12:43 +0800] "GET /eHR/ess/redirect.php?scriptname=page_success&msgtxt=%E5%8A%A0%E7%8F%AD%E7%94%B3%E8%AF%B7%E6%8F%90%E4%BA%A4%E6%88%90%E5%8A%9F%2C%E8%AF%B7%E7%AD%89%E5%BE%85%E4%B8%BB%E7%AE%A1%E7%AD%BE%E6%A0%B8.&target=iframe HTTP/1.1" 200 3112
192.168.12.36 - - [23/Mar/2023:14:12:50 +0800] "GET /eHR/ess/redirect.php?scriptname=ESNA014&appdesc=%E5%8A%A0%E7%8F%AD%E7%94%B3%E8%AF%B7 HTTP/1.1" 200 12800 "http://192.168.1.81:8088/eHR/ess/redirect.php" "Mozilla/5.0 (Windows NT 6.1; WOW64) AppleWebKit/537.36 (KHTML, like Gecko) Chrome/81.0.4044.138 Safari/537.36 NetType/WIFI MicroMessenger/7.0.20.1781(0x6700143B) WindowsWechat(0x6309001c)"
192.168.12.36 - - [23/Mar/2023:14:12:50 +0800] "GET /eHR/ess/redirect.php?scriptname=ESNA014&appdesc=%E5%8A%A0%E7%8F%AD%E7%94%B3%E8%AF%B7 HTTP/1.1" 200 12800
192.168.12.36 - - [23/Mar/2023:14:12:51 +0800] "POST /eHR/ess/redirect.php?scriptname=ajax_overtime&do=GetOverTime HTTP/1.1" 200 28 "http://192.168.1.81:8088/eHR/ess/redirect.php?scriptname=ESNA014&appdesc=%E5%8A%A0%E7%8F%AD%E7%94%B3%E8%AF%B7" "Mozilla/5.0 (Windows NT 6.1; WOW64) AppleWebKit/537.36 (KHTML, like Gecko) Chrome/81.0.4044.138 Safari/537.36 NetType/WIFI MicroMessenger/7.0.20.1781(0x6700143B) WindowsWechat(0x6309001c)"
192.168.12.36 - - [23/Mar/2023:14:12:51 +0800] "POST /eHR/ess/redirect.php?scriptname=ajax_overtime&do=GetOverTime HTTP/1.1" 200 28
192.168.12.36 - - [23/Mar/2023:14:12:59 +0800] "POST /eHR/ess/redirect.php?scriptname=ajax_overtime&do=GetOverTime HTTP/1.1" 200 28
192.168.12.36 - - [23/Mar/2023:14:12:59 +0800] "POST /eHR/ess/redirect.php?scriptname=ajax_overtime&do=GetOverTime HTTP/1.1" 200 28 "http://192.168.1.81:8088/eHR/ess/redirect.php?scriptname=ESNA014&appdesc=%E5%8A%A0%E7%8F%AD%E7%94%B3%E8%AF%B7" "Mozilla/5.0 (Windows NT 6.1; WOW64) AppleWebKit/537.36 (KHTML, like Gecko) Chrome/81.0.4044.138 Safari/537.36 NetType/WIFI MicroMessenger/7.0.20.1781(0x6700143B) WindowsWechat(0x6309001c)"
192.168.12.36 - - [23/Mar/2023:14:13:07 +0800] "POST /eHR/ess/redirect.php?scriptname=ajax_overtime&do=GetOverTime HTTP/1.1" 200 28 "http://192.168.1.81:8088/eHR/ess/redirect.php?scriptname=ESNA014&appdesc=%E5%8A%A0%E7%8F%AD%E7%94%B3%E8%AF%B7" "Mozilla/5.0 (Windows NT 6.1; WOW64) AppleWebKit/537.36 (KHTML, like Gecko) Chrome/81.0.4044.138 Safari/537.36 NetType/WIFI MicroMessenger/7.0.20.1781(0x6700143B) WindowsWechat(0x6309001c)"
192.168.12.36 - - [23/Mar/2023:14:13:07 +0800] "POST /eHR/ess/redirect.php?scriptname=ajax_overtime&do=GetOverTime HTTP/1.1" 200 28
192.168.12.36 - - [23/Mar/2023:14:13:10 +0800] "POST /eHR/ess/redirect.php?scriptname=ajax_overtime&do=GetOverTime HTTP/1.1" 200 28 "http://192.168.1.81:8088/eHR/ess/redirect.php?scriptname=ESNA014&appdesc=%E5%8A%A0%E7%8F%AD%E7%94%B3%E8%AF%B7" "Mozilla/5.0 (Windows NT 6.1; WOW64) AppleWebKit/537.36 (KHTML, like Gecko) Chrome/81.0.4044.138 Safari/537.36 NetType/WIFI MicroMessenger/7.0.20.1781(0x6700143B) WindowsWechat(0x6309001c)"
192.168.12.36 - - [23/Mar/2023:14:13:10 +0800] "POST /eHR/ess/redirect.php?scriptname=ajax_overtime&do=GetOverTime HTTP/1.1" 200 28
192.168.11.111 - - [23/Mar/2023:14:12:49 +0800] "POST /eHR/ess/redirect.php?scriptname=ESNE003&appdesc=%E6%89%B9%E9%87%8F%E5%8A%A0%E7%8F%AD%E6%9F%A5%E8%AF%A2 HTTP/1.1" 200 19905 "http://192.168.1.81:8088/eHR/ess/redirect.php?scriptname=ESNE003&appdesc=%E6%89%B9%E9%87%8F%E5%8A%A0%E7%8F%AD%E6%9F%A5%E8%AF%A2" "Mozilla/5.0 (Windows NT 10.0; Win64; x64) AppleWebKit/537.36 (KHTML, like Gecko) Chrome/111.0.0.0 Safari/537.36"
192.168.11.111 - - [23/Mar/2023:14:12:49 +0800] "POST /eHR/ess/redirect.php?scriptname=ESNE003&appdesc=%E6%89%B9%E9%87%8F%E5%8A%A0%E7%8F%AD%E6%9F%A5%E8%AF%A2 HTTP/1.1" 200 19905
192.168.12.36 - - [23/Mar/2023:14:13:17 +0800] "POST /eHR/ess/redirect.php?scriptname=ESNA014&appdesc=%E5%8A%A0%E7%8F%AD%E7%94%B3%E8%AF%B7 HTTP/1.1" 302 - "http://192.168.1.81:8088/eHR/ess/redirect.php?scriptname=ESNA014&appdesc=%E5%8A%A0%E7%8F%AD%E7%94%B3%E8%AF%B7" "Mozilla/5.0 (Windows NT 6.1; WOW64) AppleWebKit/537.36 (KHTML, like Gecko) Chrome/81.0.4044.138 Safari/537.36 NetType/WIFI MicroMessenger/7.0.20.1781(0x6700143B) WindowsWechat(0x6309001c)"
192.168.12.36 - - [23/Mar/2023:14:13:17 +0800] "POST /eHR/ess/redirect.php?scriptname=ESNA014&appdesc=%E5%8A%A0%E7%8F%AD%E7%94%B3%E8%AF%B7 HTTP/1.1" 302 -
192.168.12.36 - - [23/Mar/2023:14:13:24 +0800] "GET /eHR/ess/redirect.php?scriptname=page_success&msgtxt=%E5%8A%A0%E7%8F%AD%E7%94%B3%E8%AF%B7%E6%8F%90%E4%BA%A4%E6%88%90%E5%8A%9F%2C%E8%AF%B7%E7%AD%89%E5%BE%85%E4%B8%BB%E7%AE%A1%E7%AD%BE%E6%A0%B8.&target=iframe HTTP/1.1" 200 3112 "http://192.168.1.81:8088/eHR/ess/redirect.php?scriptname=ESNA014&appdesc=%E5%8A%A0%E7%8F%AD%E7%94%B3%E8%AF%B7" "Mozilla/5.0 (Windows NT 6.1; WOW64) AppleWebKit/537.36 (KHTML, like Gecko) Chrome/81.0.4044.138 Safari/537.36 NetType/WIFI MicroMessenger/7.0.20.1781(0x6700143B) WindowsWechat(0x6309001c)"
192.168.12.36 - - [23/Mar/2023:14:13:24 +0800] "GET /eHR/ess/redirect.php?scriptname=page_success&msgtxt=%E5%8A%A0%E7%8F%AD%E7%94%B3%E8%AF%B7%E6%8F%90%E4%BA%A4%E6%88%90%E5%8A%9F%2C%E8%AF%B7%E7%AD%89%E5%BE%85%E4%B8%BB%E7%AE%A1%E7%AD%BE%E6%A0%B8.&target=iframe HTTP/1.1" 200 3112
192.168.12.36 - - [23/Mar/2023:14:13:37 +0800] "GET /eHR/ess/redirect.php?scriptname=ESNA014&appdesc=%E5%8A%A0%E7%8F%AD%E7%94%B3%E8%AF%B7 HTTP/1.1" 200 12800 "http://192.168.1.81:8088/eHR/ess/redirect.php" "Mozilla/5.0 (Windows NT 6.1; WOW64) AppleWebKit/537.36 (KHTML, like Gecko) Chrome/81.0.4044.138 Safari/537.36 NetType/WIFI MicroMessenger/7.0.20.1781(0x6700143B) WindowsWechat(0x6309001c)"
192.168.12.36 - - [23/Mar/2023:14:13:37 +0800] "GET /eHR/ess/redirect.php?scriptname=ESNA014&appdesc=%E5%8A%A0%E7%8F%AD%E7%94%B3%E8%AF%B7 HTTP/1.1" 200 12800
192.168.12.36 - - [23/Mar/2023:14:13:37 +0800] "POST /eHR/ess/redirect.php?scriptname=ajax_overtime&do=GetOverTime HTTP/1.1" 200 28 "http://192.168.1.81:8088/eHR/ess/redirect.php?scriptname=ESNA014&appdesc=%E5%8A%A0%E7%8F%AD%E7%94%B3%E8%AF%B7" "Mozilla/5.0 (Windows NT 6.1; WOW64) AppleWebKit/537.36 (KHTML, like Gecko) Chrome/81.0.4044.138 Safari/537.36 NetType/WIFI MicroMessenger/7.0.20.1781(0x6700143B) WindowsWechat(0x6309001c)"
192.168.12.36 - - [23/Mar/2023:14:13:37 +0800] "POST /eHR/ess/redirect.php?scriptname=ajax_overtime&do=GetOverTime HTTP/1.1" 200 28
192.168.12.36 - - [23/Mar/2023:14:13:41 +0800] "POST /eHR/ess/redirect.php?scriptname=ajax_overtime&do=GetOverTime HTTP/1.1" 200 28 "http://192.168.1.81:8088/eHR/ess/redirect.php?scriptname=ESNA014&appdesc=%E5%8A%A0%E7%8F%AD%E7%94%B3%E8%AF%B7" "Mozilla/5.0 (Windows NT 6.1; WOW64) AppleWebKit/537.36 (KHTML, like Gecko) Chrome/81.0.4044.138 Safari/537.36 NetType/WIFI MicroMessenger/7.0.20.1781(0x6700143B) WindowsWechat(0x6309001c)"
192.168.12.36 - - [23/Mar/2023:14:13:41 +0800] "POST /eHR/ess/redirect.php?scriptname=ajax_overtime&do=GetOverTime HTTP/1.1" 200 28
192.168.12.36 - - [23/Mar/2023:14:13:46 +0800] "POST /eHR/ess/redirect.php?scriptname=ajax_overtime&do=GetOverTime HTTP/1.1" 200 28 "http://192.168.1.81:8088/eHR/ess/redirect.php?scriptname=ESNA014&appdesc=%E5%8A%A0%E7%8F%AD%E7%94%B3%E8%AF%B7" "Mozilla/5.0 (Windows NT 6.1; WOW64) AppleWebKit/537.36 (KHTML, like Gecko) Chrome/81.0.4044.138 Safari/537.36 NetType/WIFI MicroMessenger/7.0.20.1781(0x6700143B) WindowsWechat(0x6309001c)"
192.168.12.36 - - [23/Mar/2023:14:13:46 +0800] "POST /eHR/ess/redirect.php?scriptname=ajax_overtime&do=GetOverTime HTTP/1.1" 200 28
192.168.12.36 - - [23/Mar/2023:14:13:52 +0800] "POST /eHR/ess/redirect.php?scriptname=ajax_overtime&do=GetOverTime HTTP/1.1" 200 28 "http://192.168.1.81:8088/eHR/ess/redirect.php?scriptname=ESNA014&appdesc=%E5%8A%A0%E7%8F%AD%E7%94%B3%E8%AF%B7" "Mozilla/5.0 (Windows NT 6.1; WOW64) AppleWebKit/537.36 (KHTML, like Gecko) Chrome/81.0.4044.138 Safari/537.36 NetType/WIFI MicroMessenger/7.0.20.1781(0x6700143B) WindowsWechat(0x6309001c)"
192.168.12.36 - - [23/Mar/2023:14:13:52 +0800] "POST /eHR/ess/redirect.php?scriptname=ajax_overtime&do=GetOverTime HTTP/1.1" 200 28
192.168.11.111 - - [23/Mar/2023:14:13:52 +0800] "POST /eHR/ess/redirect.php?scriptname=view_flowchart&action=view_flowchart&apply_type=overtime&flow_seqno=908798 HTTP/1.1" 200 5617 "http://192.168.1.81:8088/eHR/ess/redirect.php" "Mozilla/5.0 (Windows NT 10.0; Win64; x64) AppleWebKit/537.36 (KHTML, like Gecko) Chrome/111.0.0.0 Safari/537.36"
192.168.11.111 - - [23/Mar/2023:14:13:52 +0800] "POST /eHR/ess/redirect.php?scriptname=view_flowchart&action=view_flowchart&apply_type=overtime&flow_seqno=908798 HTTP/1.1" 200 5617
192.168.12.36 - - [23/Mar/2023:14:13:54 +0800] "POST /eHR/ess/redirect.php?scriptname=ESNA014&appdesc=%E5%8A%A0%E7%8F%AD%E7%94%B3%E8%AF%B7 HTTP/1.1" 302 -
192.168.12.36 - - [23/Mar/2023:14:13:54 +0800] "POST /eHR/ess/redirect.php?scriptname=ESNA014&appdesc=%E5%8A%A0%E7%8F%AD%E7%94%B3%E8%AF%B7 HTTP/1.1" 302 - "http://192.168.1.81:8088/eHR/ess/redirect.php?scriptname=ESNA014&appdesc=%E5%8A%A0%E7%8F%AD%E7%94%B3%E8%AF%B7" "Mozilla/5.0 (Windows NT 6.1; WOW64) AppleWebKit/537.36 (KHTML, like Gecko) Chrome/81.0.4044.138 Safari/537.36 NetType/WIFI MicroMessenger/7.0.20.1781(0x6700143B) WindowsWechat(0x6309001c)"
192.168.12.36 - - [23/Mar/2023:14:13:55 +0800] "GET /eHR/ess/redirect.php?scriptname=page_success&msgtxt=%E5%8A%A0%E7%8F%AD%E7%94%B3%E8%AF%B7%E6%8F%90%E4%BA%A4%E6%88%90%E5%8A%9F%2C%E8%AF%B7%E7%AD%89%E5%BE%85%E4%B8%BB%E7%AE%A1%E7%AD%BE%E6%A0%B8.&target=iframe HTTP/1.1" 200 3112 "http://192.168.1.81:8088/eHR/ess/redirect.php?scriptname=ESNA014&appdesc=%E5%8A%A0%E7%8F%AD%E7%94%B3%E8%AF%B7" "Mozilla/5.0 (Windows NT 6.1; WOW64) AppleWebKit/537.36 (KHTML, like Gecko) Chrome/81.0.4044.138 Safari/537.36 NetType/WIFI MicroMessenger/7.0.20.1781(0x6700143B) WindowsWechat(0x6309001c)"
192.168.12.36 - - [23/Mar/2023:14:13:55 +0800] "GET /eHR/ess/redirect.php?scriptname=page_success&msgtxt=%E5%8A%A0%E7%8F%AD%E7%94%B3%E8%AF%B7%E6%8F%90%E4%BA%A4%E6%88%90%E5%8A%9F%2C%E8%AF%B7%E7%AD%89%E5%BE%85%E4%B8%BB%E7%AE%A1%E7%AD%BE%E6%A0%B8.&target=iframe HTTP/1.1" 200 3112
192.168.12.36 - - [23/Mar/2023:14:14:04 +0800] "GET /eHR/ess/redirect.php?scriptname=ESNA014&appdesc=%E5%8A%A0%E7%8F%AD%E7%94%B3%E8%AF%B7 HTTP/1.1" 200 12800 "http://192.168.1.81:8088/eHR/ess/redirect.php" "Mozilla/5.0 (Windows NT 6.1; WOW64) AppleWebKit/537.36 (KHTML, like Gecko) Chrome/81.0.4044.138 Safari/537.36 NetType/WIFI MicroMessenger/7.0.20.1781(0x6700143B) WindowsWechat(0x6309001c)"
192.168.12.36 - - [23/Mar/2023:14:14:04 +0800] "GET /eHR/ess/redirect.php?scriptname=ESNA014&appdesc=%E5%8A%A0%E7%8F%AD%E7%94%B3%E8%AF%B7 HTTP/1.1" 200 12800
192.168.12.36 - - [23/Mar/2023:14:14:04 +0800] "POST /eHR/ess/redirect.php?scriptname=ajax_overtime&do=GetOverTime HTTP/1.1" 200 28 "http://192.168.1.81:8088/eHR/ess/redirect.php?scriptname=ESNA014&appdesc=%E5%8A%A0%E7%8F%AD%E7%94%B3%E8%AF%B7" "Mozilla/5.0 (Windows NT 6.1; WOW64) AppleWebKit/537.36 (KHTML, like Gecko) Chrome/81.0.4044.138 Safari/537.36 NetType/WIFI MicroMessenger/7.0.20.1781(0x6700143B) WindowsWechat(0x6309001c)"
192.168.12.36 - - [23/Mar/2023:14:14:04 +0800] "POST /eHR/ess/redirect.php?scriptname=ajax_overtime&do=GetOverTime HTTP/1.1" 200 28
192.168.11.111 - - [23/Mar/2023:14:14:06 +0800] "POST /eHR/ess/redirect.php?scriptname=view_flowchart&action=view_flowchart&apply_type=overtime&flow_seqno=908800 HTTP/1.1" 200 5602 "http://192.168.1.81:8088/eHR/ess/redirect.php" "Mozilla/5.0 (Windows NT 10.0; Win64; x64) AppleWebKit/537.36 (KHTML, like Gecko) Chrome/111.0.0.0 Safari/537.36"
192.168.11.111 - - [23/Mar/2023:14:14:06 +0800] "POST /eHR/ess/redirect.php?scriptname=view_flowchart&action=view_flowchart&apply_type=overtime&flow_seqno=908800 HTTP/1.1" 200 5602
192.168.12.36 - - [23/Mar/2023:14:14:08 +0800] "GET /eHR/css/jqueryui/themes/redmond/images/ui-icons_d8e7f3_256x240.png HTTP/1.1" 200 4369 "http://192.168.1.81:8088/eHR/css/jqueryui/themes/redmond/jquery.ui.theme.css" "Mozilla/5.0 (Windows NT 6.1; WOW64) AppleWebKit/537.36 (KHTML, like Gecko) Chrome/81.0.4044.138 Safari/537.36 NetType/WIFI MicroMessenger/7.0.20.1781(0x6700143B) WindowsWechat(0x6309001c)"
192.168.12.36 - - [23/Mar/2023:14:14:08 +0800] "GET /eHR/css/jqueryui/themes/redmond/images/ui-icons_d8e7f3_256x240.png HTTP/1.1" 200 4369
192.168.12.36 - - [23/Mar/2023:14:14:08 +0800] "GET /eHR/css/jqueryui/themes/redmond/images/ui-bg_flat_55_fbec88_40x100.png HTTP/1.1" 200 182 "http://192.168.1.81:8088/eHR/css/jqueryui/themes/redmond/jquery.ui.theme.css" "Mozilla/5.0 (Windows NT 6.1; WOW64) AppleWebKit/537.36 (KHTML, like Gecko) Chrome/81.0.4044.138 Safari/537.36 NetType/WIFI MicroMessenger/7.0.20.1781(0x6700143B) WindowsWechat(0x6309001c)"
192.168.12.36 - - [23/Mar/2023:14:14:08 +0800] "GET /eHR/css/jqueryui/themes/redmond/images/ui-bg_flat_55_fbec88_40x100.png HTTP/1.1" 200 182
192.168.12.36 - - [23/Mar/2023:14:14:12 +0800] "POST /eHR/ess/redirect.php?scriptname=ajax_overtime&do=GetOverTime HTTP/1.1" 200 28
192.168.12.36 - - [23/Mar/2023:14:14:12 +0800] "POST /eHR/ess/redirect.php?scriptname=ajax_overtime&do=GetOverTime HTTP/1.1" 200 28 "http://192.168.1.81:8088/eHR/ess/redirect.php?scriptname=ESNA014&appdesc=%E5%8A%A0%E7%8F%AD%E7%94%B3%E8%AF%B7" "Mozilla/5.0 (Windows NT 6.1; WOW64) AppleWebKit/537.36 (KHTML, like Gecko) Chrome/81.0.4044.138 Safari/537.36 NetType/WIFI MicroMessenger/7.0.20.1781(0x6700143B) WindowsWechat(0x6309001c)"
192.168.12.36 - - [23/Mar/2023:14:14:22 +0800] "POST /eHR/ess/redirect.php?scriptname=ajax_overtime&do=GetOverTime HTTP/1.1" 200 28
192.168.12.36 - - [23/Mar/2023:14:14:22 +0800] "POST /eHR/ess/redirect.php?scriptname=ajax_overtime&do=GetOverTime HTTP/1.1" 200 28 "http://192.168.1.81:8088/eHR/ess/redirect.php?scriptname=ESNA014&appdesc=%E5%8A%A0%E7%8F%AD%E7%94%B3%E8%AF%B7" "Mozilla/5.0 (Windows NT 6.1; WOW64) AppleWebKit/537.36 (KHTML, like Gecko) Chrome/81.0.4044.138 Safari/537.36 NetType/WIFI MicroMessenger/7.0.20.1781(0x6700143B) WindowsWechat(0x6309001c)"
192.168.12.36 - - [23/Mar/2023:14:14:25 +0800] "POST /eHR/ess/redirect.php?scriptname=ajax_overtime&do=GetOverTime HTTP/1.1" 200 28 "http://192.168.1.81:8088/eHR/ess/redirect.php?scriptname=ESNA014&appdesc=%E5%8A%A0%E7%8F%AD%E7%94%B3%E8%AF%B7" "Mozilla/5.0 (Windows NT 6.1; WOW64) AppleWebKit/537.36 (KHTML, like Gecko) Chrome/81.0.4044.138 Safari/537.36 NetType/WIFI MicroMessenger/7.0.20.1781(0x6700143B) WindowsWechat(0x6309001c)"
192.168.12.36 - - [23/Mar/2023:14:14:25 +0800] "POST /eHR/ess/redirect.php?scriptname=ajax_overtime&do=GetOverTime HTTP/1.1" 200 28
192.168.12.36 - - [23/Mar/2023:14:14:27 +0800] "POST /eHR/ess/redirect.php?scriptname=ESNA014&appdesc=%E5%8A%A0%E7%8F%AD%E7%94%B3%E8%AF%B7 HTTP/1.1" 302 - "http://192.168.1.81:8088/eHR/ess/redirect.php?scriptname=ESNA014&appdesc=%E5%8A%A0%E7%8F%AD%E7%94%B3%E8%AF%B7" "Mozilla/5.0 (Windows NT 6.1; WOW64) AppleWebKit/537.36 (KHTML, like Gecko) Chrome/81.0.4044.138 Safari/537.36 NetType/WIFI MicroMessenger/7.0.20.1781(0x6700143B) WindowsWechat(0x6309001c)"
192.168.12.36 - - [23/Mar/2023:14:14:27 +0800] "POST /eHR/ess/redirect.php?scriptname=ESNA014&appdesc=%E5%8A%A0%E7%8F%AD%E7%94%B3%E8%AF%B7 HTTP/1.1" 302 -
192.168.12.36 - - [23/Mar/2023:14:14:27 +0800] "GET /eHR/ess/redirect.php?scriptname=page_error&msgtxt=%E5%8A%A0%E7%8F%AD%E5%8C%BA%E9%97%B4%E5%87%BA%E7%8E%B0%E4%B8%8E%E6%AD%A3%E5%9C%A8%E6%B5%81%E7%A8%8B%E4%B8%AD%E7%9A%84%E5%8A%A0%E7%8F%AD%E7%94%B3%E8%AF%B7%E8%B5%84%E6%96%99%E9%87%8D%E5%8F%A0.&target=iframe HTTP/1.1" 200 3114 "http://192.168.1.81:8088/eHR/ess/redirect.php?scriptname=ESNA014&appdesc=%E5%8A%A0%E7%8F%AD%E7%94%B3%E8%AF%B7" "Mozilla/5.0 (Windows NT 6.1; WOW64) AppleWebKit/537.36 (KHTML, like Gecko) Chrome/81.0.4044.138 Safari/537.36 NetType/WIFI MicroMessenger/7.0.20.1781(0x6700143B) WindowsWechat(0x6309001c)"
192.168.12.36 - - [23/Mar/2023:14:14:27 +0800] "GET /eHR/ess/redirect.php?scriptname=page_error&msgtxt=%E5%8A%A0%E7%8F%AD%E5%8C%BA%E9%97%B4%E5%87%BA%E7%8E%B0%E4%B8%8E%E6%AD%A3%E5%9C%A8%E6%B5%81%E7%A8%8B%E4%B8%AD%E7%9A%84%E5%8A%A0%E7%8F%AD%E7%94%B3%E8%AF%B7%E8%B5%84%E6%96%99%E9%87%8D%E5%8F%A0.&target=iframe HTTP/1.1" 200 3114
192.168.12.36 - - [23/Mar/2023:14:14:28 +0800] "GET /eHR/css/jqueryui/themes/redmond/jquery.ui.all.css HTTP/1.1" 200 291
192.168.12.36 - - [23/Mar/2023:14:14:28 +0800] "GET /eHR/css/jqueryui/themes/redmond/jquery.ui.all.css HTTP/1.1" 200 291 "http://192.168.1.81:8088/eHR/ess/redirect.php?scriptname=page_error&msgtxt=%E5%8A%A0%E7%8F%AD%E5%8C%BA%E9%97%B4%E5%87%BA%E7%8E%B0%E4%B8%8E%E6%AD%A3%E5%9C%A8%E6%B5%81%E7%A8%8B%E4%B8%AD%E7%9A%84%E5%8A%A0%E7%8F%AD%E7%94%B3%E8%AF%B7%E8%B5%84%E6%96%99%E9%87%8D%E5%8F%A0.&target=iframe" "Mozilla/5.0 (Windows NT 6.1; WOW64) AppleWebKit/537.36 (KHTML, like Gecko) Chrome/81.0.4044.138 Safari/537.36 NetType/WIFI MicroMessenger/7.0.20.1781(0x6700143B) WindowsWechat(0x6309001c)"
192.168.12.36 - - [23/Mar/2023:14:14:28 +0800] "GET /eHR/img/error.png HTTP/1.1" 200 701 "http://192.168.1.81:8088/eHR/ess/redirect.php?scriptname=page_error&msgtxt=%E5%8A%A0%E7%8F%AD%E5%8C%BA%E9%97%B4%E5%87%BA%E7%8E%B0%E4%B8%8E%E6%AD%A3%E5%9C%A8%E6%B5%81%E7%A8%8B%E4%B8%AD%E7%9A%84%E5%8A%A0%E7%8F%AD%E7%94%B3%E8%AF%B7%E8%B5%84%E6%96%99%E9%87%8D%E5%8F%A0.&target=iframe" "Mozilla/5.0 (Windows NT 6.1; WOW64) AppleWebKit/537.36 (KHTML, like Gecko) Chrome/81.0.4044.138 Safari/537.36 NetType/WIFI MicroMessenger/7.0.20.1781(0x6700143B) WindowsWechat(0x6309001c)"
192.168.12.36 - - [23/Mar/2023:14:14:28 +0800] "GET /eHR/img/error.png HTTP/1.1" 200 701
185.86.76.222 - - [23/Mar/2023:14:14:30 +0800] "\x03" 501 203 "-" "-"
185.86.76.222 - - [23/Mar/2023:14:14:30 +0800] "\x03" 501 203
