192.168.11.236 - - [22/Mar/2023:09:25:03 +0800] "GET /eHR/ess/redirect.php?scriptname=ESNE001&appdesc=%E6%89%B9%E9%87%8F%E5%8A%A0%E7%8F%AD%E7%94%B3%E8%AF%B7 HTTP/1.1" 200 15271 "http://192.168.1.81:8088/eHR/ess/redirect.php" "Mozilla/5.0 (Windows NT 6.1; Win64; x64) AppleWebKit/537.36 (KHTML, like Gecko) Chrome/111.0.0.0 Safari/537.36 Edg/111.0.1661.44"
192.168.11.236 - - [22/Mar/2023:09:25:03 +0800] "GET /eHR/ess/redirect.php?scriptname=ESNE001&appdesc=%E6%89%B9%E9%87%8F%E5%8A%A0%E7%8F%AD%E7%94%B3%E8%AF%B7 HTTP/1.1" 200 15271
192.168.11.236 - - [22/Mar/2023:09:25:06 +0800] "GET /eHR/ess/redirect.php?scriptname=ESNE003&appdesc=%E6%89%B9%E9%87%8F%E5%8A%A0%E7%8F%AD%E6%9F%A5%E8%AF%A2 HTTP/1.1" 200 12373 "http://192.168.1.81:8088/eHR/ess/redirect.php" "Mozilla/5.0 (Windows NT 6.1; Win64; x64) AppleWebKit/537.36 (KHTML, like Gecko) Chrome/111.0.0.0 Safari/537.36 Edg/111.0.1661.44"
192.168.11.236 - - [22/Mar/2023:09:25:06 +0800] "GET /eHR/ess/redirect.php?scriptname=ESNE003&appdesc=%E6%89%B9%E9%87%8F%E5%8A%A0%E7%8F%AD%E6%9F%A5%E8%AF%A2 HTTP/1.1" 200 12373
192.168.11.111 - - [22/Mar/2023:09:25:17 +0800] "GET /eHR/ess/index.php?action=logout HTTP/1.1" 200 8826 "-" "Mozilla/5.0 (Windows NT 10.0; Win64; x64) AppleWebKit/537.36 (KHTML, like Gecko) Chrome/111.0.0.0 Safari/537.36"
192.168.11.111 - - [22/Mar/2023:09:25:17 +0800] "GET /eHR/ess/index.php?action=logout HTTP/1.1" 200 8826
192.168.11.180 - - [22/Mar/2023:09:25:48 +0800] "GET /eHR/ess/index.php?action=logout HTTP/1.1" 200 8826 "-" "Mozilla/5.0 (Windows NT 10.0; WOW64; Trident/7.0; rv:11.0) like Gecko"
192.168.11.180 - - [22/Mar/2023:09:25:48 +0800] "GET /eHR/ess/index.php?action=logout HTTP/1.1" 200 8826
192.168.11.180 - - [22/Mar/2023:09:25:50 +0800] "GET /eHR/css/blueprint/screen.css HTTP/1.1" 200 11552
192.168.11.180 - - [22/Mar/2023:09:25:50 +0800] "GET /eHR/css/blueprint/screen.css HTTP/1.1" 200 11552 "http://192.168.1.81:8088/eHR/ess/index.php?action=logout" "Mozilla/5.0 (Windows NT 10.0; WOW64; Trident/7.0; rv:11.0) like Gecko"
192.168.11.180 - - [22/Mar/2023:09:25:50 +0800] "GET /eHR/js/i18n/ui.datepicker-zh-TW.min.js HTTP/1.1" 200 697
192.168.11.180 - - [22/Mar/2023:09:25:50 +0800] "GET /eHR/js/i18n/ui.datepicker-zh-TW.min.js HTTP/1.1" 200 697 "http://192.168.1.81:8088/eHR/ess/index.php?action=logout" "Mozilla/5.0 (Windows NT 10.0; WOW64; Trident/7.0; rv:11.0) like Gecko"
192.168.11.180 - - [22/Mar/2023:09:25:50 +0800] "GET /eHR/css/jqueryui/themes/redmond/jquery.ui.all.css HTTP/1.1" 200 291
192.168.11.180 - - [22/Mar/2023:09:25:50 +0800] "GET /eHR/css/jqueryui/themes/redmond/jquery.ui.all.css HTTP/1.1" 200 291 "http://192.168.1.81:8088/eHR/ess/index.php?action=logout" "Mozilla/5.0 (Windows NT 10.0; WOW64; Trident/7.0; rv:11.0) like Gecko"
192.168.11.180 - - [22/Mar/2023:09:25:50 +0800] "GET /eHR/js/flash_detect_min.js HTTP/1.1" 200 2477 "http://192.168.1.81:8088/eHR/ess/index.php?action=logout" "Mozilla/5.0 (Windows NT 10.0; WOW64; Trident/7.0; rv:11.0) like Gecko"
192.168.11.180 - - [22/Mar/2023:09:25:50 +0800] "GET /eHR/js/flash_detect_min.js HTTP/1.1" 200 2477
192.168.11.180 - - [22/Mar/2023:09:25:50 +0800] "GET /eHR/css/default.css?m=20130917 HTTP/1.1" 200 8445 "http://192.168.1.81:8088/eHR/ess/index.php?action=logout" "Mozilla/5.0 (Windows NT 10.0; WOW64; Trident/7.0; rv:11.0) like Gecko"
192.168.11.180 - - [22/Mar/2023:09:25:50 +0800] "GET /eHR/css/default.css?m=20130917 HTTP/1.1" 200 8445
192.168.11.180 - - [22/Mar/2023:09:25:50 +0800] "GET /eHR/img/logo.gif HTTP/1.1" 200 3837 "http://192.168.1.81:8088/eHR/ess/index.php?action=logout" "Mozilla/5.0 (Windows NT 10.0; WOW64; Trident/7.0; rv:11.0) like Gecko"
192.168.11.180 - - [22/Mar/2023:09:25:50 +0800] "GET /eHR/img/logo.gif HTTP/1.1" 200 3837
192.168.11.180 - - [22/Mar/2023:09:25:50 +0800] "GET /eHR/js/jqueryui/jquery-1.4.4.min.js HTTP/1.1" 200 78601 "http://192.168.1.81:8088/eHR/ess/index.php?action=logout" "Mozilla/5.0 (Windows NT 10.0; WOW64; Trident/7.0; rv:11.0) like Gecko"
192.168.11.180 - - [22/Mar/2023:09:25:50 +0800] "GET /eHR/js/jqueryui/jquery-1.4.4.min.js HTTP/1.1" 200 78601
192.168.11.180 - - [22/Mar/2023:09:25:50 +0800] "GET /eHR/js/jqueryui/jquery-ui-1.8.11.custom.min.js HTTP/1.1" 200 208229
192.168.11.180 - - [22/Mar/2023:09:25:50 +0800] "GET /eHR/js/jqueryui/jquery-ui-1.8.11.custom.min.js HTTP/1.1" 200 208229 "http://192.168.1.81:8088/eHR/ess/index.php?action=logout" "Mozilla/5.0 (Windows NT 10.0; WOW64; Trident/7.0; rv:11.0) like Gecko"
192.168.11.180 - - [22/Mar/2023:09:25:50 +0800] "GET /eHR/css/jqueryui/themes/redmond/jquery.ui.base.css HTTP/1.1" 200 427 "http://192.168.1.81:8088/eHR/ess/index.php?action=logout" "Mozilla/5.0 (Windows NT 10.0; WOW64; Trident/7.0; rv:11.0) like Gecko"
192.168.11.180 - - [22/Mar/2023:09:25:50 +0800] "GET /eHR/css/jqueryui/themes/redmond/jquery.ui.base.css HTTP/1.1" 200 427
192.168.11.180 - - [22/Mar/2023:09:25:50 +0800] "GET /eHR/css/jqueryui/themes/redmond/jquery.ui.theme.css HTTP/1.1" 200 18198 "http://192.168.1.81:8088/eHR/ess/index.php?action=logout" "Mozilla/5.0 (Windows NT 10.0; WOW64; Trident/7.0; rv:11.0) like Gecko"
192.168.11.180 - - [22/Mar/2023:09:25:50 +0800] "GET /eHR/css/jqueryui/themes/redmond/jquery.ui.theme.css HTTP/1.1" 200 18198
192.168.11.180 - - [22/Mar/2023:09:25:50 +0800] "GET /eHR/css/jqueryui/themes/redmond/jquery.ui.core.css HTTP/1.1" 200 1459 "http://192.168.1.81:8088/eHR/ess/index.php?action=logout" "Mozilla/5.0 (Windows NT 10.0; WOW64; Trident/7.0; rv:11.0) like Gecko"
192.168.11.180 - - [22/Mar/2023:09:25:50 +0800] "GET /eHR/css/jqueryui/themes/redmond/jquery.ui.resizable.css HTTP/1.1" 200 1171 "http://192.168.1.81:8088/eHR/ess/index.php?action=logout" "Mozilla/5.0 (Windows NT 10.0; WOW64; Trident/7.0; rv:11.0) like Gecko"
192.168.11.180 - - [22/Mar/2023:09:25:50 +0800] "GET /eHR/css/jqueryui/themes/redmond/jquery.ui.core.css HTTP/1.1" 200 1459
192.168.11.180 - - [22/Mar/2023:09:25:50 +0800] "GET /eHR/css/jqueryui/themes/redmond/jquery.ui.resizable.css HTTP/1.1" 200 1171
192.168.11.180 - - [22/Mar/2023:09:25:50 +0800] "GET /eHR/css/jqueryui/themes/redmond/jquery.ui.selectable.css HTTP/1.1" 200 323
192.168.11.180 - - [22/Mar/2023:09:25:50 +0800] "GET /eHR/css/jqueryui/themes/redmond/jquery.ui.selectable.css HTTP/1.1" 200 323 "http://192.168.1.81:8088/eHR/ess/index.php?action=logout" "Mozilla/5.0 (Windows NT 10.0; WOW64; Trident/7.0; rv:11.0) like Gecko"
192.168.11.180 - - [22/Mar/2023:09:25:50 +0800] "GET /eHR/css/jqueryui/themes/redmond/jquery.ui.accordion.css HTTP/1.1" 200 1066 "http://192.168.1.81:8088/eHR/ess/index.php?action=logout" "Mozilla/5.0 (Windows NT 10.0; WOW64; Trident/7.0; rv:11.0) like Gecko"
192.168.11.180 - - [22/Mar/2023:09:25:50 +0800] "GET /eHR/css/jqueryui/themes/redmond/jquery.ui.accordion.css HTTP/1.1" 200 1066
192.168.11.180 - - [22/Mar/2023:09:25:50 +0800] "GET /eHR/css/jqueryui/themes/redmond/jquery.ui.button.css HTTP/1.1" 200 2471 "http://192.168.1.81:8088/eHR/ess/index.php?action=logout" "Mozilla/5.0 (Windows NT 10.0; WOW64; Trident/7.0; rv:11.0) like Gecko"
192.168.11.180 - - [22/Mar/2023:09:25:50 +0800] "GET /eHR/css/jqueryui/themes/redmond/jquery.ui.button.css HTTP/1.1" 200 2471
192.168.11.180 - - [22/Mar/2023:09:25:50 +0800] "GET /eHR/css/jqueryui/themes/redmond/jquery.ui.tabs.css HTTP/1.1" 200 1383
192.168.11.180 - - [22/Mar/2023:09:25:50 +0800] "GET /eHR/css/jqueryui/themes/redmond/jquery.ui.tabs.css HTTP/1.1" 200 1383 "http://192.168.1.81:8088/eHR/ess/index.php?action=logout" "Mozilla/5.0 (Windows NT 10.0; WOW64; Trident/7.0; rv:11.0) like Gecko"
192.168.11.180 - - [22/Mar/2023:09:25:50 +0800] "GET /eHR/css/jqueryui/themes/redmond/jquery.ui.dialog.css HTTP/1.1" 200 1358 "http://192.168.1.81:8088/eHR/ess/index.php?action=logout" "Mozilla/5.0 (Windows NT 10.0; WOW64; Trident/7.0; rv:11.0) like Gecko"
192.168.11.180 - - [22/Mar/2023:09:25:50 +0800] "GET /eHR/css/jqueryui/themes/redmond/jquery.ui.autocomplete.css HTTP/1.1" 200 1108 "http://192.168.1.81:8088/eHR/ess/index.php?action=logout" "Mozilla/5.0 (Windows NT 10.0; WOW64; Trident/7.0; rv:11.0) like Gecko"
192.168.11.180 - - [22/Mar/2023:09:25:50 +0800] "GET /eHR/css/jqueryui/themes/redmond/jquery.ui.slider.css HTTP/1.1" 200 1140 "http://192.168.1.81:8088/eHR/ess/index.php?action=logout" "Mozilla/5.0 (Windows NT 10.0; WOW64; Trident/7.0; rv:11.0) like Gecko"
192.168.11.180 - - [22/Mar/2023:09:25:50 +0800] "GET /eHR/css/jqueryui/themes/redmond/jquery.ui.dialog.css HTTP/1.1" 200 1358
192.168.11.180 - - [22/Mar/2023:09:25:50 +0800] "GET /eHR/css/jqueryui/themes/redmond/jquery.ui.autocomplete.css HTTP/1.1" 200 1108
192.168.11.180 - - [22/Mar/2023:09:25:50 +0800] "GET /eHR/css/jqueryui/themes/redmond/jquery.ui.slider.css HTTP/1.1" 200 1140
192.168.11.180 - - [22/Mar/2023:09:25:50 +0800] "GET /eHR/css/jqueryui/themes/redmond/jquery.ui.datepicker.css HTTP/1.1" 200 4046 "http://192.168.1.81:8088/eHR/ess/index.php?action=logout" "Mozilla/5.0 (Windows NT 10.0; WOW64; Trident/7.0; rv:11.0) like Gecko"
192.168.11.180 - - [22/Mar/2023:09:25:50 +0800] "GET /eHR/css/jqueryui/themes/redmond/jquery.ui.datepicker.css HTTP/1.1" 200 4046
192.168.11.180 - - [22/Mar/2023:09:25:50 +0800] "GET /eHR/css/jqueryui/themes/redmond/jquery.ui.progressbar.css HTTP/1.1" 200 357 "http://192.168.1.81:8088/eHR/ess/index.php?action=logout" "Mozilla/5.0 (Windows NT 10.0; WOW64; Trident/7.0; rv:11.0) like Gecko"
192.168.11.180 - - [22/Mar/2023:09:25:50 +0800] "GET /eHR/css/jqueryui/themes/redmond/jquery.ui.progressbar.css HTTP/1.1" 200 357
192.168.11.180 - - [22/Mar/2023:09:25:50 +0800] "GET /eHR/img/img1.jpg HTTP/1.1" 200 33358 "http://192.168.1.81:8088/eHR/ess/index.php?action=logout" "Mozilla/5.0 (Windows NT 10.0; WOW64; Trident/7.0; rv:11.0) like Gecko"
192.168.11.180 - - [22/Mar/2023:09:25:50 +0800] "GET /eHR/img/img1.jpg HTTP/1.1" 200 33358
192.168.11.180 - - [22/Mar/2023:09:25:50 +0800] "GET /eHR/img/index_banner_2.jpg HTTP/1.1" 200 45216 "http://192.168.1.81:8088/eHR/ess/index.php?action=logout" "Mozilla/5.0 (Windows NT 10.0; WOW64; Trident/7.0; rv:11.0) like Gecko"
192.168.11.180 - - [22/Mar/2023:09:25:50 +0800] "GET /eHR/img/index_banner_2.jpg HTTP/1.1" 200 45216
192.168.11.180 - - [22/Mar/2023:09:25:50 +0800] "GET /eHR/img/loginbg.gif HTTP/1.1" 200 7026
192.168.11.180 - - [22/Mar/2023:09:25:50 +0800] "GET /eHR/img/loginbg.gif HTTP/1.1" 200 7026 "http://192.168.1.81:8088/eHR/ess/index.php?action=logout" "Mozilla/5.0 (Windows NT 10.0; WOW64; Trident/7.0; rv:11.0) like Gecko"
192.168.11.180 - - [22/Mar/2023:09:25:50 +0800] "GET /eHR/css/jqueryui/themes/redmond/images/ui-bg_glass_85_dfeffc_1x400.png HTTP/1.1" 200 123
192.168.11.180 - - [22/Mar/2023:09:25:50 +0800] "GET /eHR/css/jqueryui/themes/redmond/images/ui-bg_glass_85_dfeffc_1x400.png HTTP/1.1" 200 123 "http://192.168.1.81:8088/eHR/ess/index.php?action=logout" "Mozilla/5.0 (Windows NT 10.0; WOW64; Trident/7.0; rv:11.0) like Gecko"
192.168.11.180 - - [22/Mar/2023:09:25:50 +0800] "GET /eHR/img/ares.ico HTTP/1.1" 200 1406 "-" "Mozilla/5.0 (Windows NT 10.0; WOW64; Trident/7.0; rv:11.0) like Gecko"
192.168.11.180 - - [22/Mar/2023:09:25:50 +0800] "GET /eHR/img/ares.ico HTTP/1.1" 200 1406
192.168.11.236 - - [22/Mar/2023:09:25:10 +0800] "POST /eHR/ess/redirect.php?scriptname=ESNE003&appdesc=%E6%89%B9%E9%87%8F%E5%8A%A0%E7%8F%AD%E6%9F%A5%E8%AF%A2 HTTP/1.1" 200 -
192.168.11.236 - - [22/Mar/2023:09:25:10 +0800] "POST /eHR/ess/redirect.php?scriptname=ESNE003&appdesc=%E6%89%B9%E9%87%8F%E5%8A%A0%E7%8F%AD%E6%9F%A5%E8%AF%A2 HTTP/1.1" 200 - "http://192.168.1.81:8088/eHR/ess/redirect.php?scriptname=ESNE003&appdesc=%E6%89%B9%E9%87%8F%E5%8A%A0%E7%8F%AD%E6%9F%A5%E8%AF%A2" "Mozilla/5.0 (Windows NT 6.1; Win64; x64) AppleWebKit/537.36 (KHTML, like Gecko) Chrome/111.0.0.0 Safari/537.36 Edg/111.0.1661.44"
192.168.11.236 - - [22/Mar/2023:09:25:42 +0800] "POST /eHR/ess/redirect.php?scriptname=ESNE003&appdesc=%E6%89%B9%E9%87%8F%E5%8A%A0%E7%8F%AD%E6%9F%A5%E8%AF%A2 HTTP/1.1" 200 -
192.168.11.236 - - [22/Mar/2023:09:25:42 +0800] "POST /eHR/ess/redirect.php?scriptname=ESNE003&appdesc=%E6%89%B9%E9%87%8F%E5%8A%A0%E7%8F%AD%E6%9F%A5%E8%AF%A2 HTTP/1.1" 200 - "http://192.168.1.81:8088/eHR/ess/redirect.php?scriptname=ESNE003&appdesc=%E6%89%B9%E9%87%8F%E5%8A%A0%E7%8F%AD%E6%9F%A5%E8%AF%A2" "Mozilla/5.0 (Windows NT 6.1; Win64; x64) AppleWebKit/537.36 (KHTML, like Gecko) Chrome/111.0.0.0 Safari/537.36 Edg/111.0.1661.44"
192.168.11.236 - - [22/Mar/2023:09:25:58 +0800] "POST /eHR/ess/redirect.php?scriptname=ESNE003&appdesc=%E6%89%B9%E9%87%8F%E5%8A%A0%E7%8F%AD%E6%9F%A5%E8%AF%A2 HTTP/1.1" 200 139 "http://192.168.1.81:8088/eHR/ess/redirect.php?scriptname=ESNE003&appdesc=%E6%89%B9%E9%87%8F%E5%8A%A0%E7%8F%AD%E6%9F%A5%E8%AF%A2" "Mozilla/5.0 (Windows NT 6.1; Win64; x64) AppleWebKit/537.36 (KHTML, like Gecko) Chrome/111.0.0.0 Safari/537.36 Edg/111.0.1661.44"
192.168.11.236 - - [22/Mar/2023:09:25:58 +0800] "POST /eHR/ess/redirect.php?scriptname=ESNE003&appdesc=%E6%89%B9%E9%87%8F%E5%8A%A0%E7%8F%AD%E6%9F%A5%E8%AF%A2 HTTP/1.1" 200 139
192.168.11.236 - - [22/Mar/2023:09:25:48 +0800] "POST /eHR/ess/redirect.php?scriptname=ESNE003&appdesc=%E6%89%B9%E9%87%8F%E5%8A%A0%E7%8F%AD%E6%9F%A5%E8%AF%A2 HTTP/1.1" 200 - "http://192.168.1.81:8088/eHR/ess/redirect.php?scriptname=ESNE003&appdesc=%E6%89%B9%E9%87%8F%E5%8A%A0%E7%8F%AD%E6%9F%A5%E8%AF%A2" "Mozilla/5.0 (Windows NT 6.1; Win64; x64) AppleWebKit/537.36 (KHTML, like Gecko) Chrome/111.0.0.0 Safari/537.36 Edg/111.0.1661.44"
192.168.11.236 - - [22/Mar/2023:09:25:48 +0800] "POST /eHR/ess/redirect.php?scriptname=ESNE003&appdesc=%E6%89%B9%E9%87%8F%E5%8A%A0%E7%8F%AD%E6%9F%A5%E8%AF%A2 HTTP/1.1" 200 -
192.168.11.236 - - [22/Mar/2023:09:26:11 +0800] "GET /eHR/ess/redirect.php?scriptname=ESNE003&appdesc=%E6%89%B9%E9%87%8F%E5%8A%A0%E7%8F%AD%E6%9F%A5%E8%AF%A2 HTTP/1.1" 200 12373 "http://192.168.1.81:8088/eHR/ess/redirect.php" "Mozilla/5.0 (Windows NT 6.1; Win64; x64) AppleWebKit/537.36 (KHTML, like Gecko) Chrome/111.0.0.0 Safari/537.36 Edg/111.0.1661.44"
192.168.11.236 - - [22/Mar/2023:09:26:11 +0800] "GET /eHR/ess/redirect.php?scriptname=ESNE003&appdesc=%E6%89%B9%E9%87%8F%E5%8A%A0%E7%8F%AD%E6%9F%A5%E8%AF%A2 HTTP/1.1" 200 12373
192.168.11.236 - - [22/Mar/2023:09:26:14 +0800] "GET /eHR/ess/redirect.php?scriptname=ESNE001&appdesc=%E6%89%B9%E9%87%8F%E5%8A%A0%E7%8F%AD%E7%94%B3%E8%AF%B7 HTTP/1.1" 200 15271 "http://192.168.1.81:8088/eHR/ess/redirect.php" "Mozilla/5.0 (Windows NT 6.1; Win64; x64) AppleWebKit/537.36 (KHTML, like Gecko) Chrome/111.0.0.0 Safari/537.36 Edg/111.0.1661.44"
192.168.11.236 - - [22/Mar/2023:09:26:14 +0800] "GET /eHR/ess/redirect.php?scriptname=ESNE001&appdesc=%E6%89%B9%E9%87%8F%E5%8A%A0%E7%8F%AD%E7%94%B3%E8%AF%B7 HTTP/1.1" 200 15271
192.168.11.236 - - [22/Mar/2023:09:26:18 +0800] "GET /eHR/ess/redirect.php?scriptname=ESNE001&appdesc=%E6%89%B9%E9%87%8F%E5%8A%A0%E7%8F%AD%E7%94%B3%E8%AF%B7 HTTP/1.1" 200 15271 "http://192.168.1.81:8088/eHR/ess/redirect.php" "Mozilla/5.0 (Windows NT 6.1; Win64; x64) AppleWebKit/537.36 (KHTML, like Gecko) Chrome/111.0.0.0 Safari/537.36 Edg/111.0.1661.44"
192.168.11.236 - - [22/Mar/2023:09:26:18 +0800] "GET /eHR/ess/redirect.php?scriptname=ESNE001&appdesc=%E6%89%B9%E9%87%8F%E5%8A%A0%E7%8F%AD%E7%94%B3%E8%AF%B7 HTTP/1.1" 200 15271
192.168.11.236 - - [22/Mar/2023:09:26:25 +0800] "GET /eHR/ess/redirect.php?scriptname=ESNE001&appdesc=%E6%89%B9%E9%87%8F%E5%8A%A0%E7%8F%AD%E7%94%B3%E8%AF%B7 HTTP/1.1" 200 15271 "http://192.168.1.81:8088/eHR/ess/redirect.php" "Mozilla/5.0 (Windows NT 6.1; Win64; x64) AppleWebKit/537.36 (KHTML, like Gecko) Chrome/111.0.0.0 Safari/537.36 Edg/111.0.1661.44"
192.168.11.236 - - [22/Mar/2023:09:26:25 +0800] "GET /eHR/ess/redirect.php?scriptname=ESNE001&appdesc=%E6%89%B9%E9%87%8F%E5%8A%A0%E7%8F%AD%E7%94%B3%E8%AF%B7 HTTP/1.1" 200 15271
192.168.11.236 - - [22/Mar/2023:09:26:28 +0800] "GET /eHR/ess/redirect.php?scriptname=ESNE002&appdesc=%E6%89%B9%E9%87%8F%E8%AF%B7%E5%81%87%E7%94%B3%E8%AF%B7 HTTP/1.1" 200 22066 "http://192.168.1.81:8088/eHR/ess/redirect.php" "Mozilla/5.0 (Windows NT 6.1; Win64; x64) AppleWebKit/537.36 (KHTML, like Gecko) Chrome/111.0.0.0 Safari/537.36 Edg/111.0.1661.44"
192.168.11.236 - - [22/Mar/2023:09:26:28 +0800] "GET /eHR/ess/redirect.php?scriptname=ESNE002&appdesc=%E6%89%B9%E9%87%8F%E8%AF%B7%E5%81%87%E7%94%B3%E8%AF%B7 HTTP/1.1" 200 22066
192.168.11.236 - - [22/Mar/2023:09:26:35 +0800] "GET /eHR/ess/redirect.php?scriptname=ESNE003&appdesc=%E6%89%B9%E9%87%8F%E5%8A%A0%E7%8F%AD%E6%9F%A5%E8%AF%A2 HTTP/1.1" 200 12373 "http://192.168.1.81:8088/eHR/ess/redirect.php" "Mozilla/5.0 (Windows NT 6.1; Win64; x64) AppleWebKit/537.36 (KHTML, like Gecko) Chrome/111.0.0.0 Safari/537.36 Edg/111.0.1661.44"
192.168.11.236 - - [22/Mar/2023:09:26:35 +0800] "GET /eHR/ess/redirect.php?scriptname=ESNE003&appdesc=%E6%89%B9%E9%87%8F%E5%8A%A0%E7%8F%AD%E6%9F%A5%E8%AF%A2 HTTP/1.1" 200 12373
192.168.11.180 - - [22/Mar/2023:09:26:37 +0800] "GET /eHR/css/jqueryui/themes/redmond/images/ui-bg_glass_75_d0e5f5_1x400.png HTTP/1.1" 200 124 "http://192.168.1.81:8088/eHR/ess/index.php?action=logout" "Mozilla/5.0 (Windows NT 10.0; WOW64; Trident/7.0; rv:11.0) like Gecko"
192.168.11.180 - - [22/Mar/2023:09:26:37 +0800] "GET /eHR/css/jqueryui/themes/redmond/images/ui-bg_glass_75_d0e5f5_1x400.png HTTP/1.1" 200 124
192.168.11.180 - - [22/Mar/2023:09:26:38 +0800] "GET /eHR/css/jqueryui/themes/redmond/images/ui-bg_inset-hard_100_f5f8f9_1x100.png HTTP/1.1" 200 104 "http://192.168.1.81:8088/eHR/ess/index.php?action=logout" "Mozilla/5.0 (Windows NT 10.0; WOW64; Trident/7.0; rv:11.0) like Gecko"
192.168.11.180 - - [22/Mar/2023:09:26:38 +0800] "GET /eHR/css/jqueryui/themes/redmond/images/ui-bg_inset-hard_100_f5f8f9_1x100.png HTTP/1.1" 200 104
192.168.11.236 - - [22/Mar/2023:09:26:40 +0800] "POST /eHR/ess/redirect.php?scriptname=ESNE003&appdesc=%E6%89%B9%E9%87%8F%E5%8A%A0%E7%8F%AD%E6%9F%A5%E8%AF%A2 HTTP/1.1" 200 172659 "http://192.168.1.81:8088/eHR/ess/redirect.php?scriptname=ESNE003&appdesc=%E6%89%B9%E9%87%8F%E5%8A%A0%E7%8F%AD%E6%9F%A5%E8%AF%A2" "Mozilla/5.0 (Windows NT 6.1; Win64; x64) AppleWebKit/537.36 (KHTML, like Gecko) Chrome/111.0.0.0 Safari/537.36 Edg/111.0.1661.44"
192.168.11.236 - - [22/Mar/2023:09:26:40 +0800] "POST /eHR/ess/redirect.php?scriptname=ESNE003&appdesc=%E6%89%B9%E9%87%8F%E5%8A%A0%E7%8F%AD%E6%9F%A5%E8%AF%A2 HTTP/1.1" 200 172659
192.168.11.180 - - [22/Mar/2023:09:26:38 +0800] "POST /eHR/ess/includes/login.php HTTP/1.1" 302 - "http://192.168.1.81:8088/eHR/ess/index.php?action=logout" "Mozilla/5.0 (Windows NT 10.0; WOW64; Trident/7.0; rv:11.0) like Gecko"
192.168.11.180 - - [22/Mar/2023:09:26:38 +0800] "POST /eHR/ess/includes/login.php HTTP/1.1" 302 -
192.168.11.180 - - [22/Mar/2023:09:26:44 +0800] "GET /eHR/ess/redirect.php HTTP/1.1" 200 7220 "http://192.168.1.81:8088/eHR/ess/index.php?action=logout" "Mozilla/5.0 (Windows NT 10.0; WOW64; Trident/7.0; rv:11.0) like Gecko"
192.168.11.180 - - [22/Mar/2023:09:26:44 +0800] "GET /eHR/ess/redirect.php HTTP/1.1" 200 7220
192.168.11.180 - - [22/Mar/2023:09:26:45 +0800] "GET /eHR/css/layout/layout.min.css HTTP/1.1" 200 3534 "http://192.168.1.81:8088/eHR/ess/redirect.php" "Mozilla/5.0 (Windows NT 10.0; WOW64; Trident/7.0; rv:11.0) like Gecko"
192.168.11.180 - - [22/Mar/2023:09:26:45 +0800] "GET /eHR/css/layout/layout.min.css HTTP/1.1" 200 3534
192.168.11.180 - - [22/Mar/2023:09:26:45 +0800] "GET /eHR/img/icon_obj.png HTTP/1.1" 200 3270 "http://192.168.1.81:8088/eHR/ess/redirect.php" "Mozilla/5.0 (Windows NT 10.0; WOW64; Trident/7.0; rv:11.0) like Gecko"
192.168.11.180 - - [22/Mar/2023:09:26:45 +0800] "GET /eHR/img/icon_obj.png HTTP/1.1" 200 3270
192.168.11.180 - - [22/Mar/2023:09:26:45 +0800] "GET /eHR/img/icon_jd.png HTTP/1.1" 200 3186 "http://192.168.1.81:8088/eHR/ess/redirect.php" "Mozilla/5.0 (Windows NT 10.0; WOW64; Trident/7.0; rv:11.0) like Gecko"
192.168.11.180 - - [22/Mar/2023:09:26:45 +0800] "GET /eHR/img/icon_jd.png HTTP/1.1" 200 3186
192.168.11.180 - - [22/Mar/2023:09:26:45 +0800] "GET /eHR/img/icon_about.png HTTP/1.1" 200 3493
192.168.11.180 - - [22/Mar/2023:09:26:45 +0800] "GET /eHR/img/icon_about.png HTTP/1.1" 200 3493 "http://192.168.1.81:8088/eHR/ess/redirect.php" "Mozilla/5.0 (Windows NT 10.0; WOW64; Trident/7.0; rv:11.0) like Gecko"
192.168.11.180 - - [22/Mar/2023:09:26:45 +0800] "GET /eHR/img/icon_help.png HTTP/1.1" 200 3588 "http://192.168.1.81:8088/eHR/ess/redirect.php" "Mozilla/5.0 (Windows NT 10.0; WOW64; Trident/7.0; rv:11.0) like Gecko"
192.168.11.180 - - [22/Mar/2023:09:26:45 +0800] "GET /eHR/img/icon_exit.png HTTP/1.1" 200 3607 "http://192.168.1.81:8088/eHR/ess/redirect.php" "Mozilla/5.0 (Windows NT 10.0; WOW64; Trident/7.0; rv:11.0) like Gecko"
192.168.11.180 - - [22/Mar/2023:09:26:45 +0800] "GET /eHR/img/icon_help.png HTTP/1.1" 200 3588
192.168.11.180 - - [22/Mar/2023:09:26:45 +0800] "GET /eHR/img/icon_exit.png HTTP/1.1" 200 3607
192.168.11.180 - - [22/Mar/2023:09:26:45 +0800] "GET /eHR/js/jquery.cookie.min.js HTTP/1.1" 200 4339 "http://192.168.1.81:8088/eHR/ess/redirect.php" "Mozilla/5.0 (Windows NT 10.0; WOW64; Trident/7.0; rv:11.0) like Gecko"
192.168.11.180 - - [22/Mar/2023:09:26:45 +0800] "GET /eHR/js/jquery.cookie.min.js HTTP/1.1" 200 4339
192.168.11.180 - - [22/Mar/2023:09:26:45 +0800] "GET /eHR/js/jquery.layout.min-1.2.0.js HTTP/1.1" 200 34635
192.168.11.180 - - [22/Mar/2023:09:26:45 +0800] "GET /eHR/js/jquery.layout.min-1.2.0.js HTTP/1.1" 200 34635 "http://192.168.1.81:8088/eHR/ess/redirect.php" "Mozilla/5.0 (Windows NT 10.0; WOW64; Trident/7.0; rv:11.0) like Gecko"
192.168.11.180 - - [22/Mar/2023:09:26:45 +0800] "GET /eHR/css/jqueryui/themes/redmond/images/ui-icons_6da8d5_256x240.png HTTP/1.1" 200 4369 "http://192.168.1.81:8088/eHR/ess/redirect.php" "Mozilla/5.0 (Windows NT 10.0; WOW64; Trident/7.0; rv:11.0) like Gecko"
192.168.11.180 - - [22/Mar/2023:09:26:45 +0800] "GET /eHR/css/jqueryui/themes/redmond/images/ui-icons_6da8d5_256x240.png HTTP/1.1" 200 4369
192.168.11.180 - - [22/Mar/2023:09:26:45 +0800] "GET /eHR/img/layout/toggle-lt.gif HTTP/1.1" 200 871 "http://192.168.1.81:8088/eHR/ess/redirect.php" "Mozilla/5.0 (Windows NT 10.0; WOW64; Trident/7.0; rv:11.0) like Gecko"
192.168.11.180 - - [22/Mar/2023:09:26:45 +0800] "GET /eHR/img/layout/toggle-lt.gif HTTP/1.1" 200 871
192.168.11.180 - - [22/Mar/2023:09:26:45 +0800] "GET /eHR/img/Person.png HTTP/1.1" 200 960 "http://192.168.1.81:8088/eHR/ess/redirect.php" "Mozilla/5.0 (Windows NT 10.0; WOW64; Trident/7.0; rv:11.0) like Gecko"
192.168.11.180 - - [22/Mar/2023:09:26:45 +0800] "GET /eHR/img/Person.png HTTP/1.1" 200 960
192.168.11.180 - - [22/Mar/2023:09:26:45 +0800] "GET /eHR/css/jqueryui/themes/redmond/images/ui-bg_inset-hard_100_fcfdfd_1x100.png HTTP/1.1" 200 88
192.168.11.180 - - [22/Mar/2023:09:26:45 +0800] "GET /eHR/css/jqueryui/themes/redmond/images/ui-bg_inset-hard_100_fcfdfd_1x100.png HTTP/1.1" 200 88 "http://192.168.1.81:8088/eHR/ess/redirect.php" "Mozilla/5.0 (Windows NT 10.0; WOW64; Trident/7.0; rv:11.0) like Gecko"
192.168.11.180 - - [22/Mar/2023:09:26:45 +0800] "GET /eHR/img/human.png HTTP/1.1" 200 26107
192.168.11.180 - - [22/Mar/2023:09:26:45 +0800] "GET /eHR/img/ess-logo.png HTTP/1.1" 200 9030
192.168.11.180 - - [22/Mar/2023:09:26:45 +0800] "GET /eHR/img/ess-logo.png HTTP/1.1" 200 9030 "http://192.168.1.81:8088/eHR/ess/redirect.php" "Mozilla/5.0 (Windows NT 10.0; WOW64; Trident/7.0; rv:11.0) like Gecko"
192.168.11.180 - - [22/Mar/2023:09:26:45 +0800] "GET /eHR/img/human.png HTTP/1.1" 200 26107 "http://192.168.1.81:8088/eHR/ess/redirect.php" "Mozilla/5.0 (Windows NT 10.0; WOW64; Trident/7.0; rv:11.0) like Gecko"
192.168.11.180 - - [22/Mar/2023:09:26:49 +0800] "GET /eHR/img/layout/resizable-w.gif HTTP/1.1" 200 368
192.168.11.180 - - [22/Mar/2023:09:26:49 +0800] "GET /eHR/img/layout/resizable-w.gif HTTP/1.1" 200 368 "http://192.168.1.81:8088/eHR/ess/redirect.php" "Mozilla/5.0 (Windows NT 10.0; WOW64; Trident/7.0; rv:11.0) like Gecko"
192.168.11.180 - - [22/Mar/2023:09:26:49 +0800] "GET /eHR/css/jqueryui/themes/redmond/images/ui-icons_217bc0_256x240.png HTTP/1.1" 200 4369
192.168.11.180 - - [22/Mar/2023:09:26:49 +0800] "GET /eHR/css/jqueryui/themes/redmond/images/ui-icons_217bc0_256x240.png HTTP/1.1" 200 4369 "http://192.168.1.81:8088/eHR/ess/redirect.php" "Mozilla/5.0 (Windows NT 10.0; WOW64; Trident/7.0; rv:11.0) like Gecko"
192.168.11.180 - - [22/Mar/2023:09:26:51 +0800] "GET /eHR/css/jqueryui/themes/redmond/images/ui-icons_f9bd01_256x240.png HTTP/1.1" 200 4369 "http://192.168.1.81:8088/eHR/ess/redirect.php" "Mozilla/5.0 (Windows NT 10.0; WOW64; Trident/7.0; rv:11.0) like Gecko"
192.168.11.180 - - [22/Mar/2023:09:26:51 +0800] "GET /eHR/css/jqueryui/themes/redmond/images/ui-icons_f9bd01_256x240.png HTTP/1.1" 200 4369
192.168.11.113 - - [22/Mar/2023:09:27:09 +0800] "GET /eHR/ess/redirect.php HTTP/1.1" 302 121 "-" "Mozilla/5.0 (Windows NT 10.0; Win64; x64) AppleWebKit/537.36 (KHTML, like Gecko) Chrome/111.0.0.0 Safari/537.36"
192.168.11.113 - - [22/Mar/2023:09:27:09 +0800] "GET /eHR/ess/redirect.php HTTP/1.1" 302 121
192.168.11.113 - - [22/Mar/2023:09:27:10 +0800] "GET /eHR/ess/index.php?action=logout HTTP/1.1" 200 8826 "-" "Mozilla/5.0 (Windows NT 10.0; Win64; x64) AppleWebKit/537.36 (KHTML, like Gecko) Chrome/111.0.0.0 Safari/537.36"
192.168.11.113 - - [22/Mar/2023:09:27:10 +0800] "GET /eHR/ess/index.php?action=logout HTTP/1.1" 200 8826
192.168.11.113 - - [22/Mar/2023:09:27:31 +0800] "POST /eHR/ess/includes/login.php HTTP/1.1" 302 -
192.168.11.113 - - [22/Mar/2023:09:27:31 +0800] "POST /eHR/ess/includes/login.php HTTP/1.1" 302 - "http://192.168.1.81:8088/eHR/ess/index.php?action=logout" "Mozilla/5.0 (Windows NT 10.0; Win64; x64) AppleWebKit/537.36 (KHTML, like Gecko) Chrome/111.0.0.0 Safari/537.36"
192.168.11.113 - - [22/Mar/2023:09:27:36 +0800] "GET /eHR/ess/redirect.php HTTP/1.1" 200 8929
192.168.11.113 - - [22/Mar/2023:09:27:36 +0800] "GET /eHR/ess/redirect.php HTTP/1.1" 200 8929 "http://192.168.1.81:8088/eHR/ess/index.php?action=logout" "Mozilla/5.0 (Windows NT 10.0; Win64; x64) AppleWebKit/537.36 (KHTML, like Gecko) Chrome/111.0.0.0 Safari/537.36"
192.168.11.236 - - [22/Mar/2023:09:27:36 +0800] "POST /eHR/ess/redirect.php?scriptname=ESNE003&appdesc=%E6%89%B9%E9%87%8F%E5%8A%A0%E7%8F%AD%E6%9F%A5%E8%AF%A2 HTTP/1.1" 200 172505 "http://192.168.1.81:8088/eHR/ess/redirect.php?scriptname=ESNE003&appdesc=%E6%89%B9%E9%87%8F%E5%8A%A0%E7%8F%AD%E6%9F%A5%E8%AF%A2" "Mozilla/5.0 (Windows NT 6.1; Win64; x64) AppleWebKit/537.36 (KHTML, like Gecko) Chrome/111.0.0.0 Safari/537.36 Edg/111.0.1661.44"
192.168.11.236 - - [22/Mar/2023:09:27:36 +0800] "POST /eHR/ess/redirect.php?scriptname=ESNE003&appdesc=%E6%89%B9%E9%87%8F%E5%8A%A0%E7%8F%AD%E6%9F%A5%E8%AF%A2 HTTP/1.1" 200 172505
192.168.11.236 - - [22/Mar/2023:09:27:52 +0800] "GET /eHR/ess/redirect.php?scriptname=ESNE001&appdesc=%E6%89%B9%E9%87%8F%E5%8A%A0%E7%8F%AD%E7%94%B3%E8%AF%B7 HTTP/1.1" 200 15271
192.168.11.236 - - [22/Mar/2023:09:27:52 +0800] "GET /eHR/ess/redirect.php?scriptname=ESNE001&appdesc=%E6%89%B9%E9%87%8F%E5%8A%A0%E7%8F%AD%E7%94%B3%E8%AF%B7 HTTP/1.1" 200 15271 "http://192.168.1.81:8088/eHR/ess/redirect.php" "Mozilla/5.0 (Windows NT 6.1; Win64; x64) AppleWebKit/537.36 (KHTML, like Gecko) Chrome/111.0.0.0 Safari/537.36 Edg/111.0.1661.44"
192.168.11.180 - - [22/Mar/2023:09:26:45 +0800] "GET /eHR/ess/redirect.php?scriptname=ESNH000 HTTP/1.1" 200 - "http://192.168.1.81:8088/eHR/ess/redirect.php" "Mozilla/5.0 (Windows NT 10.0; WOW64; Trident/7.0; rv:11.0) like Gecko"
192.168.11.180 - - [22/Mar/2023:09:26:45 +0800] "GET /eHR/ess/redirect.php?scriptname=ESNH000 HTTP/1.1" 200 -
192.168.11.180 - - [22/Mar/2023:09:27:04 +0800] "GET /eHR/ess/redirect.php?scriptname=ESNA012&appdesc=%E8%AF%B7%E5%81%87%E7%94%B3%E8%AF%B7 HTTP/1.1" 200 139 "http://192.168.1.81:8088/eHR/ess/redirect.php" "Mozilla/5.0 (Windows NT 10.0; WOW64; Trident/7.0; rv:11.0) like Gecko"
192.168.11.180 - - [22/Mar/2023:09:27:04 +0800] "GET /eHR/ess/redirect.php?scriptname=ESNA012&appdesc=%E8%AF%B7%E5%81%87%E7%94%B3%E8%AF%B7 HTTP/1.1" 200 139
192.168.11.180 - - [22/Mar/2023:09:27:42 +0800] "GET /eHR/ess/redirect.php?scriptname=ESNH003&appdesc=%E8%AF%B7%E5%81%87%E7%AD%BE%E6%A0%B8 HTTP/1.1" 302 - "http://192.168.1.81:8088/eHR/ess/redirect.php" "Mozilla/5.0 (Windows NT 10.0; WOW64; Trident/7.0; rv:11.0) like Gecko"
192.168.11.180 - - [22/Mar/2023:09:27:42 +0800] "GET /eHR/ess/redirect.php?scriptname=ESNH003&appdesc=%E8%AF%B7%E5%81%87%E7%AD%BE%E6%A0%B8 HTTP/1.1" 302 -
192.168.11.236 - - [22/Mar/2023:09:28:04 +0800] "GET /eHR/ess/redirect.php?scriptname=emp_lov&openW=Y&rand=0.32074054232803473 HTTP/1.1" 200 13440 "http://192.168.1.81:8088/eHR/ess/redirect.php?scriptname=ESNE001&appdesc=%E6%89%B9%E9%87%8F%E5%8A%A0%E7%8F%AD%E7%94%B3%E8%AF%B7" "Mozilla/5.0 (Windows NT 6.1; Win64; x64) AppleWebKit/537.36 (KHTML, like Gecko) Chrome/111.0.0.0 Safari/537.36 Edg/111.0.1661.44"
192.168.11.236 - - [22/Mar/2023:09:28:04 +0800] "GET /eHR/ess/redirect.php?scriptname=emp_lov&openW=Y&rand=0.32074054232803473 HTTP/1.1" 200 13440
192.168.11.113 - - [22/Mar/2023:09:27:37 +0800] "GET /eHR/ess/redirect.php?scriptname=ESNH000 HTTP/1.1" 200 -
192.168.11.113 - - [22/Mar/2023:09:27:37 +0800] "GET /eHR/ess/redirect.php?scriptname=ESNH000 HTTP/1.1" 200 - "http://192.168.1.81:8088/eHR/ess/redirect.php" "Mozilla/5.0 (Windows NT 10.0; Win64; x64) AppleWebKit/537.36 (KHTML, like Gecko) Chrome/111.0.0.0 Safari/537.36"
192.168.11.113 - - [22/Mar/2023:09:28:01 +0800] "GET /eHR/ess/redirect.php?scriptname=ESNE001&appdesc=%E6%89%B9%E9%87%8F%E5%8A%A0%E7%8F%AD%E7%94%B3%E8%AF%B7 HTTP/1.1" 200 15271 "http://192.168.1.81:8088/eHR/ess/redirect.php" "Mozilla/5.0 (Windows NT 10.0; Win64; x64) AppleWebKit/537.36 (KHTML, like Gecko) Chrome/111.0.0.0 Safari/537.36"
192.168.11.113 - - [22/Mar/2023:09:28:01 +0800] "GET /eHR/ess/redirect.php?scriptname=ESNE001&appdesc=%E6%89%B9%E9%87%8F%E5%8A%A0%E7%8F%AD%E7%94%B3%E8%AF%B7 HTTP/1.1" 200 15271
192.168.11.236 - - [22/Mar/2023:09:28:09 +0800] "POST /eHR/ess/redirect.php?scriptname=emp_lov&openW=Y&rand=0.32074054232803473 HTTP/1.1" 200 15622 "http://192.168.1.81:8088/eHR/ess/redirect.php?scriptname=emp_lov&openW=Y&rand=0.32074054232803473" "Mozilla/5.0 (Windows NT 6.1; Win64; x64) AppleWebKit/537.36 (KHTML, like Gecko) Chrome/111.0.0.0 Safari/537.36 Edg/111.0.1661.44"
192.168.11.236 - - [22/Mar/2023:09:28:09 +0800] "POST /eHR/ess/redirect.php?scriptname=emp_lov&openW=Y&rand=0.32074054232803473 HTTP/1.1" 200 15622
192.168.11.180 - - [22/Mar/2023:09:28:02 +0800] "GET /eHR/mgr/redirect.php?scriptname=MDNH104&appdesc=%E8%AF%B7%E5%81%87%E7%AD%BE%E6%A0%B8 HTTP/1.1" 200 25520 "http://192.168.1.81:8088/eHR/ess/redirect.php" "Mozilla/5.0 (Windows NT 10.0; WOW64; Trident/7.0; rv:11.0) like Gecko"
192.168.11.180 - - [22/Mar/2023:09:28:02 +0800] "GET /eHR/mgr/redirect.php?scriptname=MDNH104&appdesc=%E8%AF%B7%E5%81%87%E7%AD%BE%E6%A0%B8 HTTP/1.1" 200 25520
192.168.11.180 - - [22/Mar/2023:09:28:13 +0800] "GET /eHR/css/default.css HTTP/1.1" 200 8445 "http://192.168.1.81:8088/eHR/mgr/redirect.php?scriptname=MDNH104&appdesc=%E8%AF%B7%E5%81%87%E7%AD%BE%E6%A0%B8" "Mozilla/5.0 (Windows NT 10.0; WOW64; Trident/7.0; rv:11.0) like Gecko"
192.168.11.180 - - [22/Mar/2023:09:28:13 +0800] "GET /eHR/css/default.css HTTP/1.1" 200 8445
192.168.11.180 - - [22/Mar/2023:09:28:13 +0800] "GET /eHR/js/i18n/ui.datepicker-zh-CN.min.js HTTP/1.1" 200 697 "http://192.168.1.81:8088/eHR/mgr/redirect.php?scriptname=MDNH104&appdesc=%E8%AF%B7%E5%81%87%E7%AD%BE%E6%A0%B8" "Mozilla/5.0 (Windows NT 10.0; WOW64; Trident/7.0; rv:11.0) like Gecko"
192.168.11.180 - - [22/Mar/2023:09:28:13 +0800] "GET /eHR/js/i18n/ui.datepicker-zh-CN.min.js HTTP/1.1" 200 697
192.168.11.180 - - [22/Mar/2023:09:28:13 +0800] "GET /eHR/img/pe.png HTTP/1.1" 200 1268 "http://192.168.1.81:8088/eHR/mgr/redirect.php?scriptname=MDNH104&appdesc=%E8%AF%B7%E5%81%87%E7%AD%BE%E6%A0%B8" "Mozilla/5.0 (Windows NT 10.0; WOW64; Trident/7.0; rv:11.0) like Gecko"
192.168.11.180 - - [22/Mar/2023:09:28:13 +0800] "GET /eHR/img/pe.png HTTP/1.1" 200 1268
192.168.11.180 - - [22/Mar/2023:09:28:13 +0800] "GET /eHR/js/functions.js HTTP/1.1" 200 11658 "http://192.168.1.81:8088/eHR/mgr/redirect.php?scriptname=MDNH104&appdesc=%E8%AF%B7%E5%81%87%E7%AD%BE%E6%A0%B8" "Mozilla/5.0 (Windows NT 10.0; WOW64; Trident/7.0; rv:11.0) like Gecko"
192.168.11.180 - - [22/Mar/2023:09:28:13 +0800] "GET /eHR/js/functions.js HTTP/1.1" 200 11658
192.168.11.180 - - [22/Mar/2023:09:28:13 +0800] "GET /eHR/img/date.png HTTP/1.1" 200 626 "http://192.168.1.81:8088/eHR/mgr/redirect.php?scriptname=MDNH104&appdesc=%E8%AF%B7%E5%81%87%E7%AD%BE%E6%A0%B8" "Mozilla/5.0 (Windows NT 10.0; WOW64; Trident/7.0; rv:11.0) like Gecko"
192.168.11.180 - - [22/Mar/2023:09:28:13 +0800] "GET /eHR/img/date.png HTTP/1.1" 200 626
192.168.11.180 - - [22/Mar/2023:09:28:13 +0800] "GET /eHR/css/jqueryui/themes/redmond/images/ui-bg_gloss-wave_55_5c9ccc_500x100.png HTTP/1.1" 200 3457 "http://192.168.1.81:8088/eHR/mgr/redirect.php?scriptname=MDNH104&appdesc=%E8%AF%B7%E5%81%87%E7%AD%BE%E6%A0%B8" "Mozilla/5.0 (Windows NT 10.0; WOW64; Trident/7.0; rv:11.0) like Gecko"
192.168.11.180 - - [22/Mar/2023:09:28:13 +0800] "GET /eHR/css/jqueryui/themes/redmond/images/ui-bg_gloss-wave_55_5c9ccc_500x100.png HTTP/1.1" 200 3457
192.168.11.113 - - [22/Mar/2023:09:28:26 +0800] "GET /eHR/ess/redirect.php?scriptname=emp_lov&openW=Y&rand=0.8673983713284963 HTTP/1.1" 200 8640 "http://192.168.1.81:8088/eHR/ess/redirect.php?scriptname=ESNE001&appdesc=%E6%89%B9%E9%87%8F%E5%8A%A0%E7%8F%AD%E7%94%B3%E8%AF%B7" "Mozilla/5.0 (Windows NT 10.0; Win64; x64) AppleWebKit/537.36 (KHTML, like Gecko) Chrome/111.0.0.0 Safari/537.36"
192.168.11.113 - - [22/Mar/2023:09:28:26 +0800] "GET /eHR/ess/redirect.php?scriptname=emp_lov&openW=Y&rand=0.8673983713284963 HTTP/1.1" 200 8640
192.168.11.113 - - [22/Mar/2023:09:28:28 +0800] "POST /eHR/ess/redirect.php?scriptname=emp_lov&openW=Y&rand=0.8673983713284963 HTTP/1.1" 200 14688
192.168.11.113 - - [22/Mar/2023:09:28:28 +0800] "POST /eHR/ess/redirect.php?scriptname=emp_lov&openW=Y&rand=0.8673983713284963 HTTP/1.1" 200 14688 "http://192.168.1.81:8088/eHR/ess/redirect.php?scriptname=emp_lov&openW=Y&rand=0.8673983713284963" "Mozilla/5.0 (Windows NT 10.0; Win64; x64) AppleWebKit/537.36 (KHTML, like Gecko) Chrome/111.0.0.0 Safari/537.36"
192.168.11.236 - - [22/Mar/2023:09:28:15 +0800] "POST /eHR/ess/redirect.php?scriptname=ESNE001&appdesc=%E6%89%B9%E9%87%8F%E5%8A%A0%E7%8F%AD%E7%94%B3%E8%AF%B7 HTTP/1.1" 200 4072 "http://192.168.1.81:8088/eHR/ess/redirect.php?scriptname=ESNE001&appdesc=%E6%89%B9%E9%87%8F%E5%8A%A0%E7%8F%AD%E7%94%B3%E8%AF%B7" "Mozilla/5.0 (Windows NT 6.1; Win64; x64) AppleWebKit/537.36 (KHTML, like Gecko) Chrome/111.0.0.0 Safari/537.36 Edg/111.0.1661.44"
192.168.11.236 - - [22/Mar/2023:09:28:15 +0800] "POST /eHR/ess/redirect.php?scriptname=ESNE001&appdesc=%E6%89%B9%E9%87%8F%E5%8A%A0%E7%8F%AD%E7%94%B3%E8%AF%B7 HTTP/1.1" 200 4072
192.168.12.67 - - [22/Mar/2023:09:28:44 +0800] "GET /eHR/ess/index.php HTTP/1.1" 200 8826 "-" "Mozilla/5.0 (Windows NT 10.0; Win64; x64) AppleWebKit/537.36 (KHTML, like Gecko) Chrome/111.0.0.0 Safari/537.36"
192.168.12.67 - - [22/Mar/2023:09:28:44 +0800] "GET /eHR/ess/index.php HTTP/1.1" 200 8826
192.168.11.236 - - [22/Mar/2023:09:28:47 +0800] "GET /eHR/ess/redirect.php?scriptname=ESNE001&appdesc=%E6%89%B9%E9%87%8F%E5%8A%A0%E7%8F%AD%E7%94%B3%E8%AF%B7 HTTP/1.1" 200 15271 "http://192.168.1.81:8088/eHR/ess/redirect.php" "Mozilla/5.0 (Windows NT 6.1; Win64; x64) AppleWebKit/537.36 (KHTML, like Gecko) Chrome/111.0.0.0 Safari/537.36 Edg/111.0.1661.44"
192.168.11.236 - - [22/Mar/2023:09:28:47 +0800] "GET /eHR/ess/redirect.php?scriptname=ESNE001&appdesc=%E6%89%B9%E9%87%8F%E5%8A%A0%E7%8F%AD%E7%94%B3%E8%AF%B7 HTTP/1.1" 200 15271
192.168.11.180 - - [22/Mar/2023:09:28:26 +0800] "POST /eHR/mgr/redirect.php?scriptname=MDNH104&appdesc=%E8%AF%B7%E5%81%87%E7%AD%BE%E6%A0%B8 HTTP/1.1" 200 7152 "http://192.168.1.81:8088/eHR/mgr/redirect.php?scriptname=MDNH104&appdesc=%E8%AF%B7%E5%81%87%E7%AD%BE%E6%A0%B8" "Mozilla/5.0 (Windows NT 10.0; WOW64; Trident/7.0; rv:11.0) like Gecko"
192.168.11.180 - - [22/Mar/2023:09:28:26 +0800] "POST /eHR/mgr/redirect.php?scriptname=MDNH104&appdesc=%E8%AF%B7%E5%81%87%E7%AD%BE%E6%A0%B8 HTTP/1.1" 200 7152
192.168.11.180 - - [22/Mar/2023:09:28:35 +0800] "POST /eHR/mgr/redirect.php?scriptname=MDNH104&appdesc=%E8%AF%B7%E5%81%87%E7%AD%BE%E6%A0%B8 HTTP/1.1" 200 7803
192.168.11.180 - - [22/Mar/2023:09:28:35 +0800] "POST /eHR/mgr/redirect.php?scriptname=MDNH104&appdesc=%E8%AF%B7%E5%81%87%E7%AD%BE%E6%A0%B8 HTTP/1.1" 200 7803 "http://192.168.1.81:8088/eHR/mgr/redirect.php?scriptname=MDNH104&appdesc=%E8%AF%B7%E5%81%87%E7%AD%BE%E6%A0%B8" "Mozilla/5.0 (Windows NT 10.0; WOW64; Trident/7.0; rv:11.0) like Gecko"
192.168.11.180 - - [22/Mar/2023:09:28:48 +0800] "GET /eHR/img/N.png HTTP/1.1" 200 1041 "http://192.168.1.81:8088/eHR/mgr/redirect.php?scriptname=MDNH104&appdesc=%E8%AF%B7%E5%81%87%E7%AD%BE%E6%A0%B8" "Mozilla/5.0 (Windows NT 10.0; WOW64; Trident/7.0; rv:11.0) like Gecko"
192.168.11.180 - - [22/Mar/2023:09:28:48 +0800] "GET /eHR/img/N.png HTTP/1.1" 200 1041
192.168.11.236 - - [22/Mar/2023:09:28:49 +0800] "GET /eHR/ess/redirect.php?scriptname=ESNE001&appdesc=%E6%89%B9%E9%87%8F%E5%8A%A0%E7%8F%AD%E7%94%B3%E8%AF%B7 HTTP/1.1" 200 15271 "http://192.168.1.81:8088/eHR/ess/redirect.php" "Mozilla/5.0 (Windows NT 6.1; Win64; x64) AppleWebKit/537.36 (KHTML, like Gecko) Chrome/111.0.0.0 Safari/537.36 Edg/111.0.1661.44"
192.168.11.236 - - [22/Mar/2023:09:28:49 +0800] "GET /eHR/ess/redirect.php?scriptname=ESNE001&appdesc=%E6%89%B9%E9%87%8F%E5%8A%A0%E7%8F%AD%E7%94%B3%E8%AF%B7 HTTP/1.1" 200 15271
192.168.11.240 - - [22/Mar/2023:09:28:49 +0800] "GET /eHR/ess/redirect.php?scriptname=ESNE002&appdesc=%E6%89%B9%E9%87%8F%E8%AF%B7%E5%81%87%E7%94%B3%E8%AF%B7 HTTP/1.1" 200 22066 "http://192.168.1.81:8088/eHR/ess/redirect.php" "Mozilla/5.0 (Windows NT 10.0; Win64; x64) AppleWebKit/537.36 (KHTML, like Gecko) Chrome/111.0.0.0 Safari/537.36"
192.168.11.240 - - [22/Mar/2023:09:28:49 +0800] "GET /eHR/ess/redirect.php?scriptname=ESNE002&appdesc=%E6%89%B9%E9%87%8F%E8%AF%B7%E5%81%87%E7%94%B3%E8%AF%B7 HTTP/1.1" 200 22066
192.168.12.67 - - [22/Mar/2023:09:28:47 +0800] "POST /eHR/ess/includes/login.php HTTP/1.1" 302 -
192.168.12.67 - - [22/Mar/2023:09:28:47 +0800] "POST /eHR/ess/includes/login.php HTTP/1.1" 302 - "http://192.168.1.81:8088/eHR/ess/index.php" "Mozilla/5.0 (Windows NT 10.0; Win64; x64) AppleWebKit/537.36 (KHTML, like Gecko) Chrome/111.0.0.0 Safari/537.36"
192.168.12.67 - - [22/Mar/2023:09:28:50 +0800] "GET /eHR/ess/redirect.php HTTP/1.1" 200 7220 "http://192.168.1.81:8088/eHR/ess/index.php" "Mozilla/5.0 (Windows NT 10.0; Win64; x64) AppleWebKit/537.36 (KHTML, like Gecko) Chrome/111.0.0.0 Safari/537.36"
192.168.12.67 - - [22/Mar/2023:09:28:50 +0800] "GET /eHR/ess/redirect.php HTTP/1.1" 200 7220
192.168.11.180 - - [22/Mar/2023:09:28:55 +0800] "GET /eHR/ess/redirect.php?scriptname=ESNH004&appdesc=%E5%8A%A0%E7%8F%AD%E7%AD%BE%E6%A0%B8 HTTP/1.1" 302 -
192.168.11.180 - - [22/Mar/2023:09:28:55 +0800] "GET /eHR/ess/redirect.php?scriptname=ESNH004&appdesc=%E5%8A%A0%E7%8F%AD%E7%AD%BE%E6%A0%B8 HTTP/1.1" 302 - "http://192.168.1.81:8088/eHR/ess/redirect.php" "Mozilla/5.0 (Windows NT 10.0; WOW64; Trident/7.0; rv:11.0) like Gecko"
192.168.11.236 - - [22/Mar/2023:09:29:13 +0800] "GET /eHR/ess/redirect.php?scriptname=emp_lov&openW=Y&rand=0.7751438931693402 HTTP/1.1" 200 13440 "http://192.168.1.81:8088/eHR/ess/redirect.php?scriptname=ESNE001&appdesc=%E6%89%B9%E9%87%8F%E5%8A%A0%E7%8F%AD%E7%94%B3%E8%AF%B7" "Mozilla/5.0 (Windows NT 6.1; Win64; x64) AppleWebKit/537.36 (KHTML, like Gecko) Chrome/111.0.0.0 Safari/537.36 Edg/111.0.1661.44"
192.168.11.236 - - [22/Mar/2023:09:29:13 +0800] "GET /eHR/ess/redirect.php?scriptname=emp_lov&openW=Y&rand=0.7751438931693402 HTTP/1.1" 200 13440
192.168.11.236 - - [22/Mar/2023:09:29:20 +0800] "POST /eHR/ess/redirect.php?scriptname=emp_lov&openW=Y&rand=0.7751438931693402 HTTP/1.1" 200 15619
192.168.11.236 - - [22/Mar/2023:09:29:20 +0800] "POST /eHR/ess/redirect.php?scriptname=emp_lov&openW=Y&rand=0.7751438931693402 HTTP/1.1" 200 15619 "http://192.168.1.81:8088/eHR/ess/redirect.php?scriptname=emp_lov&openW=Y&rand=0.7751438931693402" "Mozilla/5.0 (Windows NT 6.1; Win64; x64) AppleWebKit/537.36 (KHTML, like Gecko) Chrome/111.0.0.0 Safari/537.36 Edg/111.0.1661.44"
192.168.11.113 - - [22/Mar/2023:09:29:24 +0800] "POST /eHR/ess/redirect.php?scriptname=ESNE001&appdesc=%E6%89%B9%E9%87%8F%E5%8A%A0%E7%8F%AD%E7%94%B3%E8%AF%B7 HTTP/1.1" 200 - "http://192.168.1.81:8088/eHR/ess/redirect.php?scriptname=ESNE001&appdesc=%E6%89%B9%E9%87%8F%E5%8A%A0%E7%8F%AD%E7%94%B3%E8%AF%B7" "Mozilla/5.0 (Windows NT 10.0; Win64; x64) AppleWebKit/537.36 (KHTML, like Gecko) Chrome/111.0.0.0 Safari/537.36"
192.168.11.113 - - [22/Mar/2023:09:29:24 +0800] "POST /eHR/ess/redirect.php?scriptname=ESNE001&appdesc=%E6%89%B9%E9%87%8F%E5%8A%A0%E7%8F%AD%E7%94%B3%E8%AF%B7 HTTP/1.1" 200 -
192.168.11.236 - - [22/Mar/2023:09:29:26 +0800] "POST /eHR/ess/redirect.php?scriptname=ESNE001&appdesc=%E6%89%B9%E9%87%8F%E5%8A%A0%E7%8F%AD%E7%94%B3%E8%AF%B7 HTTP/1.1" 200 4069
192.168.11.236 - - [22/Mar/2023:09:29:26 +0800] "POST /eHR/ess/redirect.php?scriptname=ESNE001&appdesc=%E6%89%B9%E9%87%8F%E5%8A%A0%E7%8F%AD%E7%94%B3%E8%AF%B7 HTTP/1.1" 200 4069 "http://192.168.1.81:8088/eHR/ess/redirect.php?scriptname=ESNE001&appdesc=%E6%89%B9%E9%87%8F%E5%8A%A0%E7%8F%AD%E7%94%B3%E8%AF%B7" "Mozilla/5.0 (Windows NT 6.1; Win64; x64) AppleWebKit/537.36 (KHTML, like Gecko) Chrome/111.0.0.0 Safari/537.36 Edg/111.0.1661.44"
192.168.11.236 - - [22/Mar/2023:09:30:00 +0800] "GET /eHR/ess/redirect.php?scriptname=ESNE001&appdesc=%E6%89%B9%E9%87%8F%E5%8A%A0%E7%8F%AD%E7%94%B3%E8%AF%B7 HTTP/1.1" 200 15271 "http://192.168.1.81:8088/eHR/ess/redirect.php" "Mozilla/5.0 (Windows NT 6.1; Win64; x64) AppleWebKit/537.36 (KHTML, like Gecko) Chrome/111.0.0.0 Safari/537.36 Edg/111.0.1661.44"
192.168.11.236 - - [22/Mar/2023:09:30:00 +0800] "GET /eHR/ess/redirect.php?scriptname=ESNE001&appdesc=%E6%89%B9%E9%87%8F%E5%8A%A0%E7%8F%AD%E7%94%B3%E8%AF%B7 HTTP/1.1" 200 15271
192.168.11.240 - - [22/Mar/2023:09:30:01 +0800] "GET /eHR/ess/redirect.php?scriptname=emp_lov&openW=Y&rand=0.8373686980206874 HTTP/1.1" 200 9748 "http://192.168.1.81:8088/eHR/ess/redirect.php?scriptname=ESNE002&appdesc=%E6%89%B9%E9%87%8F%E8%AF%B7%E5%81%87%E7%94%B3%E8%AF%B7" "Mozilla/5.0 (Windows NT 10.0; Win64; x64) AppleWebKit/537.36 (KHTML, like Gecko) Chrome/111.0.0.0 Safari/537.36"
192.168.11.240 - - [22/Mar/2023:09:30:01 +0800] "GET /eHR/ess/redirect.php?scriptname=emp_lov&openW=Y&rand=0.8373686980206874 HTTP/1.1" 200 9748
192.168.11.236 - - [22/Mar/2023:09:30:03 +0800] "GET /eHR/ess/redirect.php?scriptname=ESNE001&appdesc=%E6%89%B9%E9%87%8F%E5%8A%A0%E7%8F%AD%E7%94%B3%E8%AF%B7 HTTP/1.1" 200 15271 "http://192.168.1.81:8088/eHR/ess/redirect.php" "Mozilla/5.0 (Windows NT 6.1; Win64; x64) AppleWebKit/537.36 (KHTML, like Gecko) Chrome/111.0.0.0 Safari/537.36 Edg/111.0.1661.44"
192.168.11.236 - - [22/Mar/2023:09:30:03 +0800] "GET /eHR/ess/redirect.php?scriptname=ESNE001&appdesc=%E6%89%B9%E9%87%8F%E5%8A%A0%E7%8F%AD%E7%94%B3%E8%AF%B7 HTTP/1.1" 200 15271
192.168.11.111 - - [22/Mar/2023:09:30:06 +0800] "GET /eHR/ess/index.php?action=logout HTTP/1.1" 200 8826 "-" "Mozilla/5.0 (Windows NT 10.0; Win64; x64) AppleWebKit/537.36 (KHTML, like Gecko) Chrome/111.0.0.0 Safari/537.36"
192.168.11.111 - - [22/Mar/2023:09:30:06 +0800] "GET /eHR/ess/index.php?action=logout HTTP/1.1" 200 8826
192.168.12.67 - - [22/Mar/2023:09:28:50 +0800] "GET /eHR/ess/redirect.php?scriptname=ESNH000 HTTP/1.1" 200 - "http://192.168.1.81:8088/eHR/ess/redirect.php" "Mozilla/5.0 (Windows NT 10.0; Win64; x64) AppleWebKit/537.36 (KHTML, like Gecko) Chrome/111.0.0.0 Safari/537.36"
192.168.12.67 - - [22/Mar/2023:09:28:50 +0800] "GET /eHR/ess/redirect.php?scriptname=ESNH000 HTTP/1.1" 200 -
192.168.11.180 - - [22/Mar/2023:09:29:06 +0800] "GET /eHR/ess/redirect.php?scriptname=ESNH004&appdesc=%E5%8A%A0%E7%8F%AD%E7%AD%BE%E6%A0%B8 HTTP/1.1" 200 139 "http://192.168.1.81:8088/eHR/ess/redirect.php" "Mozilla/5.0 (Windows NT 10.0; WOW64; Trident/7.0; rv:11.0) like Gecko"
192.168.11.180 - - [22/Mar/2023:09:29:06 +0800] "GET /eHR/ess/redirect.php?scriptname=ESNH004&appdesc=%E5%8A%A0%E7%8F%AD%E7%AD%BE%E6%A0%B8 HTTP/1.1" 200 139
192.168.11.180 - - [22/Mar/2023:09:28:56 +0800] "GET /eHR/mgr/redirect.php?scriptname=MDNH105&appdesc=%E5%8A%A0%E7%8F%AD%E7%AD%BE%E6%A0%B8 HTTP/1.1" 200 8395 "http://192.168.1.81:8088/eHR/ess/redirect.php" "Mozilla/5.0 (Windows NT 10.0; WOW64; Trident/7.0; rv:11.0) like Gecko"
192.168.11.180 - - [22/Mar/2023:09:28:56 +0800] "GET /eHR/mgr/redirect.php?scriptname=MDNH105&appdesc=%E5%8A%A0%E7%8F%AD%E7%AD%BE%E6%A0%B8 HTTP/1.1" 200 8395
192.168.11.236 - - [22/Mar/2023:09:30:29 +0800] "GET /eHR/ess/redirect.php?scriptname=ESNE001&appdesc=%E6%89%B9%E9%87%8F%E5%8A%A0%E7%8F%AD%E7%94%B3%E8%AF%B7 HTTP/1.1" 200 15271 "http://192.168.1.81:8088/eHR/ess/redirect.php" "Mozilla/5.0 (Windows NT 6.1; Win64; x64) AppleWebKit/537.36 (KHTML, like Gecko) Chrome/111.0.0.0 Safari/537.36 Edg/111.0.1661.44"
192.168.11.236 - - [22/Mar/2023:09:30:29 +0800] "GET /eHR/ess/redirect.php?scriptname=ESNE001&appdesc=%E6%89%B9%E9%87%8F%E5%8A%A0%E7%8F%AD%E7%94%B3%E8%AF%B7 HTTP/1.1" 200 15271
192.168.11.111 - - [22/Mar/2023:09:30:14 +0800] "POST /eHR/ess/includes/login.php HTTP/1.1" 302 - "http://192.168.1.81:8088/eHR/ess/index.php?action=logout" "Mozilla/5.0 (Windows NT 10.0; Win64; x64) AppleWebKit/537.36 (KHTML, like Gecko) Chrome/111.0.0.0 Safari/537.36"
192.168.11.111 - - [22/Mar/2023:09:30:14 +0800] "POST /eHR/ess/includes/login.php HTTP/1.1" 302 -
192.168.11.111 - - [22/Mar/2023:09:30:42 +0800] "GET /eHR/ess/redirect.php HTTP/1.1" 200 8926 "http://192.168.1.81:8088/eHR/ess/index.php?action=logout" "Mozilla/5.0 (Windows NT 10.0; Win64; x64) AppleWebKit/537.36 (KHTML, like Gecko) Chrome/111.0.0.0 Safari/537.36"
192.168.11.111 - - [22/Mar/2023:09:30:42 +0800] "GET /eHR/ess/redirect.php HTTP/1.1" 200 8926
192.168.11.240 - - [22/Mar/2023:09:30:07 +0800] "POST /eHR/ess/redirect.php?scriptname=emp_lov&openW=Y&rand=0.8373686980206874 HTTP/1.1" 200 - "http://192.168.1.81:8088/eHR/ess/redirect.php?scriptname=emp_lov&openW=Y&rand=0.8373686980206874" "Mozilla/5.0 (Windows NT 10.0; Win64; x64) AppleWebKit/537.36 (KHTML, like Gecko) Chrome/111.0.0.0 Safari/537.36"
192.168.11.240 - - [22/Mar/2023:09:30:07 +0800] "POST /eHR/ess/redirect.php?scriptname=emp_lov&openW=Y&rand=0.8373686980206874 HTTP/1.1" 200 -
192.168.11.240 - - [22/Mar/2023:09:30:13 +0800] "POST /eHR/ess/redirect.php?scriptname=emp_lov&openW=Y&rand=0.8373686980206874 HTTP/1.1" 200 139
192.168.11.240 - - [22/Mar/2023:09:30:13 +0800] "POST /eHR/ess/redirect.php?scriptname=emp_lov&openW=Y&rand=0.8373686980206874 HTTP/1.1" 200 139 "http://192.168.1.81:8088/eHR/ess/redirect.php?scriptname=emp_lov&openW=Y&rand=0.8373686980206874" "Mozilla/5.0 (Windows NT 10.0; Win64; x64) AppleWebKit/537.36 (KHTML, like Gecko) Chrome/111.0.0.0 Safari/537.36"
192.168.11.236 - - [22/Mar/2023:09:30:52 +0800] "GET /eHR/ess/redirect.php?scriptname=user_excel_upload&used_program=emp_import&openW=Y&rand=0.5055493078826652 HTTP/1.1" 200 5264
192.168.11.236 - - [22/Mar/2023:09:30:52 +0800] "GET /eHR/ess/redirect.php?scriptname=user_excel_upload&used_program=emp_import&openW=Y&rand=0.5055493078826652 HTTP/1.1" 200 5264 "http://192.168.1.81:8088/eHR/ess/redirect.php?scriptname=ESNE001&appdesc=%E6%89%B9%E9%87%8F%E5%8A%A0%E7%8F%AD%E7%94%B3%E8%AF%B7" "Mozilla/5.0 (Windows NT 6.1; Win64; x64) AppleWebKit/537.36 (KHTML, like Gecko) Chrome/111.0.0.0 Safari/537.36 Edg/111.0.1661.44"
192.168.11.240 - - [22/Mar/2023:09:30:49 +0800] "GET /eHR/ess/redirect.php?scriptname=emp_lov&openW=Y&rand=0.2498598784457613 HTTP/1.1" 200 9748 "http://192.168.1.81:8088/eHR/ess/redirect.php?scriptname=ESNE002&appdesc=%E6%89%B9%E9%87%8F%E8%AF%B7%E5%81%87%E7%94%B3%E8%AF%B7" "Mozilla/5.0 (Windows NT 10.0; Win64; x64) AppleWebKit/537.36 (KHTML, like Gecko) Chrome/111.0.0.0 Safari/537.36"
192.168.11.240 - - [22/Mar/2023:09:30:49 +0800] "GET /eHR/ess/redirect.php?scriptname=emp_lov&openW=Y&rand=0.2498598784457613 HTTP/1.1" 200 9748
192.168.11.236 - - [22/Mar/2023:09:30:59 +0800] "POST /eHR/ess/redirect.php?scriptname=user_excel_upload&used_program=emp_import&openW=Y&rand=0.5055493078826652 HTTP/1.1" 302 - "http://192.168.1.81:8088/eHR/ess/redirect.php?scriptname=user_excel_upload&used_program=emp_import&openW=Y&rand=0.5055493078826652" "Mozilla/5.0 (Windows NT 6.1; Win64; x64) AppleWebKit/537.36 (KHTML, like Gecko) Chrome/111.0.0.0 Safari/537.36 Edg/111.0.1661.44"
192.168.11.236 - - [22/Mar/2023:09:30:59 +0800] "POST /eHR/ess/redirect.php?scriptname=user_excel_upload&used_program=emp_import&openW=Y&rand=0.5055493078826652 HTTP/1.1" 302 -
192.168.11.180 - - [22/Mar/2023:09:30:59 +0800] "GET /eHR/ess/redirect.php HTTP/1.1" 200 7220 "http://192.168.1.81:8088/eHR/ess/index.php?action=logout" "Mozilla/5.0 (Windows NT 10.0; WOW64; Trident/7.0; rv:11.0) like Gecko"
192.168.11.180 - - [22/Mar/2023:09:30:59 +0800] "GET /eHR/ess/redirect.php HTTP/1.1" 200 7220
192.168.11.180 - - [22/Mar/2023:09:31:00 +0800] "GET /eHR/css/jqueryui/themes/redmond/jquery.ui.all.css HTTP/1.1" 304 - "http://192.168.1.81:8088/eHR/ess/redirect.php" "Mozilla/5.0 (Windows NT 10.0; WOW64; Trident/7.0; rv:11.0) like Gecko"
192.168.11.180 - - [22/Mar/2023:09:31:00 +0800] "GET /eHR/css/jqueryui/themes/redmond/jquery.ui.all.css HTTP/1.1" 304 -
192.168.11.180 - - [22/Mar/2023:09:31:00 +0800] "GET /eHR/css/jqueryui/themes/redmond/jquery.ui.base.css HTTP/1.1" 304 -
192.168.11.180 - - [22/Mar/2023:09:31:00 +0800] "GET /eHR/css/jqueryui/themes/redmond/jquery.ui.base.css HTTP/1.1" 304 - "http://192.168.1.81:8088/eHR/ess/redirect.php" "Mozilla/5.0 (Windows NT 10.0; WOW64; Trident/7.0; rv:11.0) like Gecko"
192.168.11.180 - - [22/Mar/2023:09:31:00 +0800] "GET /eHR/css/jqueryui/themes/redmond/jquery.ui.theme.css HTTP/1.1" 304 - "http://192.168.1.81:8088/eHR/ess/redirect.php" "Mozilla/5.0 (Windows NT 10.0; WOW64; Trident/7.0; rv:11.0) like Gecko"
192.168.11.180 - - [22/Mar/2023:09:31:00 +0800] "GET /eHR/css/jqueryui/themes/redmond/jquery.ui.theme.css HTTP/1.1" 304 -
